111.85.200.78 - - [08/Jun/2022:09:40:24 +0800] "GET /forum.php?mod=attachment&aid=MzAwNHxjNjVmMWI0MXwxNjU0NjUyNDEzfDB8OTMzOQ%3D%3D&nothumb=yes HTTP/1.1" 200 98044 "http://www.lszmn.org/forum.php?mod=viewthread&tid=9339" "Scrapy/1.7.3 (+https://scrapy.org)" "-"
27.227.187.239 - - [08/Jun/2022:09:40:25 +0800] "GET /forum.php?mod=attachment&aid=MzAwMXw2MjYyZjhhNnwxNjU0NjUyNDEzfDB8OTMzOQ%3D%3D&nothumb=yes HTTP/1.1" 200 71121 "http://www.lszmn.org/forum.php?mod=viewthread&tid=9339" "Scrapy/1.7.3 (+https://scrapy.org)" "-"
111.224.235.60 - - [08/Jun/2022:09:40:25 +0800] "GET /forum.php?mod=attachment&aid=MzAwMHw3ODMzZTdhMXwxNjU0NjUyNDEzfDB8OTMzOQ%3D%3D&nothumb=yes HTTP/1.1" 200 88115 "http://www.lszmn.org/forum.php?mod=viewthread&tid=9339" "Scrapy/1.7.3 (+https://scrapy.org)" "-"
124.117.195.223 - - [08/Jun/2022:09:40:26 +0800] "GET /forum.php?mod=attachment&aid=Mjk5OXwxN2UzZGVmMXwxNjU0NjUyNDEzfDB8OTMzOQ%3D%3D&nothumb=yes HTTP/1.1" 200 103221 "http://www.lszmn.org/forum.php?mod=viewthread&tid=9339" "Scrapy/1.7.3 (+https://scrapy.org)" "-"
111.224.248.134 - - [08/Jun/2022:09:40:27 +0800] "GET /forum.php?mod=attachment&aid=Mjk5N3wyZGI4M2QwMXwxNjU0NjUyNDEzfDB8OTMzOQ%3D%3D&nothumb=yes HTTP/1.1" 200 120213 "http://www.lszmn.org/forum.php?mod=viewthread&tid=9339" "Scrapy/1.7.3 (+https://scrapy.org)" "-"
111.224.235.60 - - [08/Jun/2022:09:40:27 +0800] "GET /forum.php?mod=attachment&aid=Mjk5NXwzN2VhNTgxZHwxNjU0NjUyNDEzfDB8OTMzOQ%3D%3D&nothumb=yes HTTP/1.1" 200 83911 "http://www.lszmn.org/forum.php?mod=viewthread&tid=9339" "Scrapy/1.7.3 (+https://scrapy.org)" "-"
58.244.32.251 - - [08/Jun/2022:09:40:27 +0800] "GET /forum.php?mod=attachment&aid=Mjk5OHxhZThiYmQ1NXwxNjU0NjUyNDEzfDB8OTMzOQ%3D%3D&nothumb=yes HTTP/1.1" 200 83022 "http://www.lszmn.org/forum.php?mod=viewthread&tid=9339" "Scrapy/1.7.3 (+https://scrapy.org)" "-"
58.18.161.22 - - [08/Jun/2022:09:40:28 +0800] "GET /forum.php?mod=attachment&aid=Mjk5Nnw4ZTI0M2Y1OHwxNjU0NjUyNDEzfDB8OTMzOQ%3D%3D&nothumb=yes HTTP/1.1" 200 68360 "http://www.lszmn.org/forum.php?mod=viewthread&tid=9339" "Scrapy/1.7.3 (+https://scrapy.org)" "-"
111.85.200.78 - - [08/Jun/2022:09:40:29 +0800] "GET /forum.php?mod=attachment&aid=Mjk5NHwyZWNiY2UzYnwxNjU0NjUyNDEzfDB8OTMzOQ%3D%3D&nothumb=yes HTTP/1.1" 200 61957 "http://www.lszmn.org/forum.php?mod=viewthread&tid=9339" "Scrapy/1.7.3 (+https://scrapy.org)" "-"
111.224.235.60 - - [08/Jun/2022:09:40:30 +0800] "GET /forum.php?mod=attachment&aid=Mjk5M3xiYTMxZmYzN3wxNjU0NjUyNDEzfDB8OTMzOQ%3D%3D&nothumb=yes HTTP/1.1" 200 103270 "http://www.lszmn.org/forum.php?mod=viewthread&tid=9339" "Scrapy/1.7.3 (+https://scrapy.org)" "-"
111.85.200.78 - - [08/Jun/2022:09:40:30 +0800] "GET /forum.php?mod=attachment&aid=Mjk5MnwxMTQwOWFlZnwxNjU0NjUyNDEzfDB8OTMzOQ%3D%3D&nothumb=yes HTTP/1.1" 200 92916 "http://www.lszmn.org/forum.php?mod=viewthread&tid=9339" "Scrapy/1.7.3 (+https://scrapy.org)" "-"
58.244.32.251 - - [08/Jun/2022:09:40:32 +0800] "GET /forum.php?mod=attachment&aid=Mjk5MXw0Mzg0NGUwYnwxNjU0NjUyNDEzfDB8OTMzOQ%3D%3D&nothumb=yes HTTP/1.1" 200 53970 "http://www.lszmn.org/forum.php?mod=viewthread&tid=9339" "Scrapy/1.7.3 (+https://scrapy.org)" "-"
106.11.159.80 - - [08/Jun/2022:09:40:32 +0800] "GET /forum.php?fid=4&filter=dateline&mod=forumdisplay&mod=forumdisplay&orderby=views&orderby=views&page=4 HTTP/1.1" 200 10410 "-" "Mozilla/5.0 (Windows NT 6.1; Win64; x64) AppleWebKit/537.36 (KHTML, like Gecko) Chrome/69.0.3497.81 YisouSpider/5.0 Safari/537.36" "-"
106.11.159.80 - - [08/Jun/2022:09:40:32 +0800] "GET /data/cache/style_24_forum_forumdisplay.css?kp9 HTTP/1.1" 200 49943 "http://lszmn.org/forum.php?fid=4&filter=dateline&mod=forumdisplay&mod=forumdisplay&orderby=views&orderby=views&page=4" "Mozilla/5.0 (Windows NT 6.1; Win64; x64) AppleWebKit/537.36 (KHTML, like Gecko) Chrome/69.0.3497.81 YisouSpider/5.0 Safari/537.36" "-"
111.85.200.78 - - [08/Jun/2022:09:40:33 +0800] "GET /forum.php?mod=attachment&aid=Mjk4OHxjNmYzYTJiZXwxNjU0NjUyNDEzfDB8OTMzOQ%3D%3D&nothumb=yes HTTP/1.1" 200 131177 "http://www.lszmn.org/forum.php?mod=viewthread&tid=9339" "Scrapy/1.7.3 (+https://scrapy.org)" "-"
111.224.248.134 - - [08/Jun/2022:09:40:33 +0800] "GET /forum.php?mod=attachment&aid=Mjk4N3xlN2M5NDYwYnwxNjU0NjUyNDEzfDB8OTMzOQ%3D%3D&nothumb=yes HTTP/1.1" 200 54410 "http://www.lszmn.org/forum.php?mod=viewthread&tid=9339" "Scrapy/1.7.3 (+https://scrapy.org)" "-"
120.0.52.21 - - [08/Jun/2022:09:40:33 +0800] "GET /forum.php?mod=attachment&aid=Mjk5MHwxNjlhN2VlMnwxNjU0NjUyNDEzfDB8OTMzOQ%3D%3D&nothumb=yes HTTP/1.1" 200 99272 "http://www.lszmn.org/forum.php?mod=viewthread&tid=9339" "Scrapy/1.7.3 (+https://scrapy.org)" "-"
106.11.154.21 - - [08/Jun/2022:09:40:33 +0800] "GET /forum.php?fid=4&filter=reply&mod=forumdisplay&mod=forumdisplay&orderby=views&orderby=views&page=2 HTTP/1.1" 200 10766 "-" "Mozilla/5.0 (Windows NT 6.1; Win64; x64) AppleWebKit/537.36 (KHTML, like Gecko) Chrome/69.0.3497.81 YisouSpider/5.0 Safari/537.36" "-"
124.117.195.223 - - [08/Jun/2022:09:40:35 +0800] "GET /forum.php?mod=attachment&aid=Mjk4NnxlMDIwNGFmZXwxNjU0NjUyNDEzfDB8OTMzOQ%3D%3D&nothumb=yes HTTP/1.1" 200 101009 "http://www.lszmn.org/forum.php?mod=viewthread&tid=9339" "Scrapy/1.7.3 (+https://scrapy.org)" "-"
106.11.156.12 - - [08/Jun/2022:09:40:35 +0800] "GET /data/cache/style_24_common.css?kp9 HTTP/1.1" 200 96034 "http://lszmn.org/forum.php?fid=4&filter=reply&mod=forumdisplay&mod=forumdisplay&orderby=views&orderby=views&page=2" "Mozilla/5.0 (Windows NT 6.1; Win64; x64) AppleWebKit/537.36 (KHTML, like Gecko) Chrome/69.0.3497.81 YisouSpider/5.0 Safari/537.36" "-"
58.244.32.251 - - [08/Jun/2022:09:40:36 +0800] "GET /forum.php?mod=attachment&aid=Mjk4NHxhOWVlYjBhYXwxNjU0NjUyNDEzfDB8OTMzOQ%3D%3D&nothumb=yes HTTP/1.1" 200 94676 "http://www.lszmn.org/forum.php?mod=viewthread&tid=9339" "Scrapy/1.7.3 (+https://scrapy.org)" "-"
120.0.52.21 - - [08/Jun/2022:09:40:36 +0800] "GET /forum.php?mod=attachment&aid=Mjk4NXxlMTM0MDg1NHwxNjU0NjUyNDEzfDB8OTMzOQ%3D%3D&nothumb=yes HTTP/1.1" 200 117957 "http://www.lszmn.org/forum.php?mod=viewthread&tid=9339" "Scrapy/1.7.3 (+https://scrapy.org)" "-"
58.18.161.22 - - [08/Jun/2022:09:40:37 +0800] "GET /forum.php?mod=attachment&aid=Mjk4OXw4MGRhZmY2NXwxNjU0NjUyNDEzfDB8OTMzOQ%3D%3D&nothumb=yes HTTP/1.1" 200 131177 "http://www.lszmn.org/forum.php?mod=viewthread&tid=9339" "Scrapy/1.7.3 (+https://scrapy.org)" "-"
111.224.235.60 - - [08/Jun/2022:09:40:37 +0800] "GET /forum.php?mod=attachment&aid=Mjk4M3wyYjI4MzgzM3wxNjU0NjUyNDEzfDB8OTMzOQ%3D%3D&nothumb=yes HTTP/1.1" 200 56823 "http://www.lszmn.org/forum.php?mod=viewthread&tid=9339" "Scrapy/1.7.3 (+https://scrapy.org)" "-"
111.224.248.134 - - [08/Jun/2022:09:40:38 +0800] "GET /forum.php?mod=attachment&aid=Mjk4Mnw5YmNhZDVkYnwxNjU0NjUyNDEzfDB8OTMzOQ%3D%3D&nothumb=yes HTTP/1.1" 200 111409 "http://www.lszmn.org/forum.php?mod=viewthread&tid=9339" "Scrapy/1.7.3 (+https://scrapy.org)" "-"
106.11.156.85 - - [08/Jun/2022:09:40:38 +0800] "GET /data/cache/style_24_common.css?kp9 HTTP/1.1" 200 96034 "http://lszmn.org/forum.php?fid=4&filter=dateline&mod=forumdisplay&mod=forumdisplay&orderby=views&orderby=views&page=4" "Mozilla/5.0 (Windows NT 6.1; Win64; x64) AppleWebKit/537.36 (KHTML, like Gecko) Chrome/69.0.3497.81 YisouSpider/5.0 Safari/537.36" "-"
111.224.235.60 - - [08/Jun/2022:09:40:39 +0800] "GET /forum.php?mod=attachment&aid=Mjk4MXwyOTZjOTBmMHwxNjU0NjUyNDEzfDB8OTMzOQ%3D%3D&nothumb=yes HTTP/1.1" 200 87094 "http://www.lszmn.org/forum.php?mod=viewthread&tid=9339" "Scrapy/1.7.3 (+https://scrapy.org)" "-"
124.31.107.36 - - [08/Jun/2022:09:40:40 +0800] "GET /connect.php?mod=login&op=init&referer=forum.php%3Fmod%3Dviewthread%26tid%3D9339%26page%3D1%26authorid%3D1&statfrom=login HTTP/1.1" 302 5 "http://www.lszmn.org/forum.php?mod=viewthread&tid=9339&page=1&authorid=1" "Scrapy/1.7.3 (+https://scrapy.org)" "-"
58.18.161.22 - - [08/Jun/2022:09:40:40 +0800] "GET /forum.php?mod=attachment&aid=MzAxMnw3OGNhNzBhYXwxNjU0NjUyNDExfDB8OTMzOQ%3D%3D&nothumb=yes HTTP/1.1" 200 105471 "http://www.lszmn.org/forum.php?mod=viewthread&tid=9339&page=1&authorid=1" "Scrapy/1.7.3 (+https://scrapy.org)" "-"
111.85.200.78 - - [08/Jun/2022:09:40:40 +0800] "GET /forum.php?mod=attachment&aid=Mjk4MHwxZWM2NDVmM3wxNjU0NjUyNDEzfDB8OTMzOQ%3D%3D&nothumb=yes HTTP/1.1" 200 124649 "http://www.lszmn.org/forum.php?mod=viewthread&tid=9339" "Scrapy/1.7.3 (+https://scrapy.org)" "-"
124.31.107.36 - - [08/Jun/2022:09:40:41 +0800] "GET /forum.php?mod=attachment&aid=MzAxMXwyYWQwN2I4YnwxNjU0NjUyNDExfDB8OTMzOQ%3D%3D&nothumb=yes HTTP/1.1" 200 79424 "http://www.lszmn.org/forum.php?mod=viewthread&tid=9339&page=1&authorid=1" "Scrapy/1.7.3 (+https://scrapy.org)" "-"
120.0.52.21 - - [08/Jun/2022:09:40:42 +0800] "GET /forum.php?mod=attachment&aid=MzAxMHwxYmMyYmI0ZXwxNjU0NjUyNDExfDB8OTMzOQ%3D%3D&nothumb=yes HTTP/1.1" 200 87727 "http://www.lszmn.org/forum.php?mod=viewthread&tid=9339&page=1&authorid=1" "Scrapy/1.7.3 (+https://scrapy.org)" "-"
58.18.161.22 - - [08/Jun/2022:09:40:43 +0800] "GET /forum.php?mod=attachment&aid=MzAwOXw1NWFlOTFjYXwxNjU0NjUyNDExfDB8OTMzOQ%3D%3D&nothumb=yes HTTP/1.1" 200 106065 "http://www.lszmn.org/forum.php?mod=viewthread&tid=9339&page=1&authorid=1" "Scrapy/1.7.3 (+https://scrapy.org)" "-"
58.244.32.251 - - [08/Jun/2022:09:40:45 +0800] "GET /forum.php?mod=attachment&aid=MzAwN3w3MGFmOGRlY3wxNjU0NjUyNDExfDB8OTMzOQ%3D%3D&nothumb=yes HTTP/1.1" 200 50164 "http://www.lszmn.org/forum.php?mod=viewthread&tid=9339&page=1&authorid=1" "Scrapy/1.7.3 (+https://scrapy.org)" "-"
111.224.248.134 - - [08/Jun/2022:09:40:45 +0800] "GET /forum.php?mod=attachment&aid=MzAwNXxkNThmNzJlMnwxNjU0NjUyNDExfDB8OTMzOQ%3D%3D&nothumb=yes HTTP/1.1" 200 52681 "http://www.lszmn.org/forum.php?mod=viewthread&tid=9339&page=1&authorid=1" "Scrapy/1.7.3 (+https://scrapy.org)" "-"
124.31.107.36 - - [08/Jun/2022:09:40:45 +0800] "GET /forum.php?mod=attachment&aid=MzAwNnw3NDYzMGU2YnwxNjU0NjUyNDExfDB8OTMzOQ%3D%3D&nothumb=yes HTTP/1.1" 200 59861 "http://www.lszmn.org/forum.php?mod=viewthread&tid=9339&page=1&authorid=1" "Scrapy/1.7.3 (+https://scrapy.org)" "-"
111.224.235.60 - - [08/Jun/2022:09:40:46 +0800] "GET /forum.php?mod=attachment&aid=MzAwOHxhNTgyMDhkZHwxNjU0NjUyNDExfDB8OTMzOQ%3D%3D&nothumb=yes HTTP/1.1" 200 81537 "http://www.lszmn.org/forum.php?mod=viewthread&tid=9339&page=1&authorid=1" "Scrapy/1.7.3 (+https://scrapy.org)" "-"
58.18.161.22 - - [08/Jun/2022:09:40:47 +0800] "GET /forum.php?mod=attachment&aid=MzAwNHw4M2FiMDdiMXwxNjU0NjUyNDExfDB8OTMzOQ%3D%3D&nothumb=yes HTTP/1.1" 200 98044 "http://www.lszmn.org/forum.php?mod=viewthread&tid=9339&page=1&authorid=1" "Scrapy/1.7.3 (+https://scrapy.org)" "-"
185.191.171.21 - - [08/Jun/2022:09:40:47 +0800] "GET /forum.php?action=postreview&do=support&hash=7f860b79&mod=misc&pid=6123221&tid=245 HTTP/1.1" 200 4796 "-" "Mozilla/5.0 (compatible; SemrushBot/7~bl; +http://www.semrush.com/bot.html)" "-"
124.31.107.36 - - [08/Jun/2022:09:40:47 +0800] "GET /forum.php?mod=attachment&aid=MzAwMnxkNGQzZGI0MHwxNjU0NjUyNDExfDB8OTMzOQ%3D%3D&nothumb=yes HTTP/1.1" 200 101898 "http://www.lszmn.org/forum.php?mod=viewthread&tid=9339&page=1&authorid=1" "Scrapy/1.7.3 (+https://scrapy.org)" "-"
124.117.195.223 - - [08/Jun/2022:09:40:48 +0800] "GET /forum.php?mod=attachment&aid=MzAwMXw1MGFkMmRlM3wxNjU0NjUyNDExfDB8OTMzOQ%3D%3D&nothumb=yes HTTP/1.1" 200 71121 "http://www.lszmn.org/forum.php?mod=viewthread&tid=9339&page=1&authorid=1" "Scrapy/1.7.3 (+https://scrapy.org)" "-"
58.244.32.251 - - [08/Jun/2022:09:40:48 +0800] "GET /forum.php?mod=attachment&aid=MzAwM3xkMWI1YmFkOHwxNjU0NjUyNDExfDB8OTMzOQ%3D%3D&nothumb=yes HTTP/1.1" 200 66820 "http://www.lszmn.org/forum.php?mod=viewthread&tid=9339&page=1&authorid=1" "Scrapy/1.7.3 (+https://scrapy.org)" "-"
120.0.52.21 - - [08/Jun/2022:09:40:48 +0800] "GET /forum.php?mod=attachment&aid=MzAwMHxiOTRkZjM2YXwxNjU0NjUyNDExfDB8OTMzOQ%3D%3D&nothumb=yes HTTP/1.1" 200 88115 "http://www.lszmn.org/forum.php?mod=viewthread&tid=9339&page=1&authorid=1" "Scrapy/1.7.3 (+https://scrapy.org)" "-"
111.224.248.134 - - [08/Jun/2022:09:40:48 +0800] "GET /forum.php?mod=attachment&aid=Mjk5OXw5Y2ZkNGMwY3wxNjU0NjUyNDExfDB8OTMzOQ%3D%3D&nothumb=yes HTTP/1.1" 200 103221 "http://www.lszmn.org/forum.php?mod=viewthread&tid=9339&page=1&authorid=1" "Scrapy/1.7.3 (+https://scrapy.org)" "-"
111.85.200.78 - - [08/Jun/2022:09:40:49 +0800] "GET /forum.php?mod=attachment&aid=Mjk5OHwwODI2YWVjZnwxNjU0NjUyNDExfDB8OTMzOQ%3D%3D&nothumb=yes HTTP/1.1" 200 83022 "http://www.lszmn.org/forum.php?mod=viewthread&tid=9339&page=1&authorid=1" "Scrapy/1.7.3 (+https://scrapy.org)" "-"
58.18.161.22 - - [08/Jun/2022:09:40:52 +0800] "GET /forum.php?mod=attachment&aid=Mjk5N3xhY2U3MjllY3wxNjU0NjUyNDExfDB8OTMzOQ%3D%3D&nothumb=yes HTTP/1.1" 200 120213 "http://www.lszmn.org/forum.php?mod=viewthread&tid=9339&page=1&authorid=1" "Scrapy/1.7.3 (+https://scrapy.org)" "-"
120.0.52.21 - - [08/Jun/2022:09:40:52 +0800] "GET /forum.php?mod=attachment&aid=Mjk5NnwyY2JiOTY2ZXwxNjU0NjUyNDExfDB8OTMzOQ%3D%3D&nothumb=yes HTTP/1.1" 200 68360 "http://www.lszmn.org/forum.php?mod=viewthread&tid=9339&page=1&authorid=1" "Scrapy/1.7.3 (+https://scrapy.org)" "-"
124.31.107.36 - - [08/Jun/2022:09:40:52 +0800] "GET /forum.php?mod=attachment&aid=Mjk5NHw3ZDIzZWFlMXwxNjU0NjUyNDExfDB8OTMzOQ%3D%3D&nothumb=yes HTTP/1.1" 200 61957 "http://www.lszmn.org/forum.php?mod=viewthread&tid=9339&page=1&authorid=1" "Scrapy/1.7.3 (+https://scrapy.org)" "-"
111.224.248.134 - - [08/Jun/2022:09:40:52 +0800] "GET /forum.php?mod=attachment&aid=Mjk5M3w2YTc3YjVlMHwxNjU0NjUyNDExfDB8OTMzOQ%3D%3D&nothumb=yes HTTP/1.1" 200 103270 "http://www.lszmn.org/forum.php?mod=viewthread&tid=9339&page=1&authorid=1" "Scrapy/1.7.3 (+https://scrapy.org)" "-"
124.117.195.223 - - [08/Jun/2022:09:40:53 +0800] "GET /forum.php?mod=attachment&aid=Mjk5MXxjYjE4ZjA5MnwxNjU0NjUyNDExfDB8OTMzOQ%3D%3D&nothumb=yes HTTP/1.1" 200 53970 "http://www.lszmn.org/forum.php?mod=viewthread&tid=9339&page=1&authorid=1" "Scrapy/1.7.3 (+https://scrapy.org)" "-"
111.85.200.78 - - [08/Jun/2022:09:40:54 +0800] "GET /forum.php?mod=attachment&aid=Mjk5Mnw2MDZhMWYyNnwxNjU0NjUyNDExfDB8OTMzOQ%3D%3D&nothumb=yes HTTP/1.1" 200 92916 "http://www.lszmn.org/forum.php?mod=viewthread&tid=9339&page=1&authorid=1" "Scrapy/1.7.3 (+https://scrapy.org)" "-"
111.224.235.60 - - [08/Jun/2022:09:40:54 +0800] "GET /forum.php?mod=attachment&aid=Mjk5NXxkN2U0YWMwOHwxNjU0NjUyNDExfDB8OTMzOQ%3D%3D&nothumb=yes HTTP/1.1" 200 83911 "http://www.lszmn.org/forum.php?mod=viewthread&tid=9339&page=1&authorid=1" "Scrapy/1.7.3 (+https://scrapy.org)" "-"
124.117.195.223 - - [08/Jun/2022:09:40:55 +0800] "GET /forum.php?mod=attachment&aid=Mjk5MHxjYzg0ZjQyZnwxNjU0NjUyNDExfDB8OTMzOQ%3D%3D&nothumb=yes HTTP/1.1" 200 99272 "http://www.lszmn.org/forum.php?mod=viewthread&tid=9339&page=1&authorid=1" "Scrapy/1.7.3 (+https://scrapy.org)" "-"
120.0.52.21 - - [08/Jun/2022:09:40:56 +0800] "GET /forum.php?mod=attachment&aid=Mjk4OXw2MGVkYjQ2ZXwxNjU0NjUyNDExfDB8OTMzOQ%3D%3D&nothumb=yes HTTP/1.1" 200 131177 "http://www.lszmn.org/forum.php?mod=viewthread&tid=9339&page=1&authorid=1" "Scrapy/1.7.3 (+https://scrapy.org)" "-"
124.31.107.36 - - [08/Jun/2022:09:40:56 +0800] "GET /forum.php?mod=attachment&aid=Mjk4N3xmZDdkYzU0OHwxNjU0NjUyNDExfDB8OTMzOQ%3D%3D&nothumb=yes HTTP/1.1" 200 54410 "http://www.lszmn.org/forum.php?mod=viewthread&tid=9339&page=1&authorid=1" "Scrapy/1.7.3 (+https://scrapy.org)" "-"
124.117.195.223 - - [08/Jun/2022:09:40:57 +0800] "GET /forum.php?mod=attachment&aid=Mjk4NnxhMjkxZGQzY3wxNjU0NjUyNDExfDB8OTMzOQ%3D%3D&nothumb=yes HTTP/1.1" 200 101009 "http://www.lszmn.org/forum.php?mod=viewthread&tid=9339&page=1&authorid=1" "Scrapy/1.7.3 (+https://scrapy.org)" "-"
142.44.203.5 - - [08/Jun/2022:09:40:58 +0800] "GET /home.php?mod=space&uid=22887&do=profile HTTP/1.1" 200 4743 "http://www.lszmn.org/" "Mozilla/5.0 (Macintosh; Intel Mac OS X 10_13_2) AppleWebKit/537.36 (KHTML, like Gecko) Chrome/66.0.3359.181 Safari/537.36" "-"
111.224.248.134 - - [08/Jun/2022:09:40:58 +0800] "GET /forum.php?mod=attachment&aid=Mjk4OHxiYzkwYjIwZHwxNjU0NjUyNDExfDB8OTMzOQ%3D%3D&nothumb=yes HTTP/1.1" 200 131177 "http://www.lszmn.org/forum.php?mod=viewthread&tid=9339&page=1&authorid=1" "Scrapy/1.7.3 (+https://scrapy.org)" "-"
124.31.107.36 - - [08/Jun/2022:09:40:58 +0800] "GET /forum.php?mod=attachment&aid=Mjk4NXwzNWU2MDliM3wxNjU0NjUyNDExfDB8OTMzOQ%3D%3D&nothumb=yes HTTP/1.1" 200 117957 "http://www.lszmn.org/forum.php?mod=viewthread&tid=9339&page=1&authorid=1" "Scrapy/1.7.3 (+https://scrapy.org)" "-"
111.85.200.78 - - [08/Jun/2022:09:41:00 +0800] "GET /forum.php?mod=attachment&aid=Mjk4NHw3NDYxNDg3M3wxNjU0NjUyNDExfDB8OTMzOQ%3D%3D&nothumb=yes HTTP/1.1" 200 94676 "http://www.lszmn.org/forum.php?mod=viewthread&tid=9339&page=1&authorid=1" "Scrapy/1.7.3 (+https://scrapy.org)" "-"
120.0.52.21 - - [08/Jun/2022:09:41:00 +0800] "GET /forum.php?mod=attachment&aid=Mjk4M3w3ZTAwMTg4M3wxNjU0NjUyNDExfDB8OTMzOQ%3D%3D&nothumb=yes HTTP/1.1" 200 56823 "http://www.lszmn.org/forum.php?mod=viewthread&tid=9339&page=1&authorid=1" "Scrapy/1.7.3 (+https://scrapy.org)" "-"
111.224.235.60 - - [08/Jun/2022:09:41:00 +0800] "GET /forum.php?mod=attachment&aid=Mjk4MnxmNWY1ZGZhNHwxNjU0NjUyNDExfDB8OTMzOQ%3D%3D&nothumb=yes HTTP/1.1" 200 111409 "http://www.lszmn.org/forum.php?mod=viewthread&tid=9339&page=1&authorid=1" "Scrapy/1.7.3 (+https://scrapy.org)" "-"
124.117.195.223 - - [08/Jun/2022:09:41:02 +0800] "GET /forum.php?mod=attachment&aid=Mjk4MXxmMzVlNjMwMXwxNjU0NjUyNDExfDB8OTMzOQ%3D%3D&nothumb=yes HTTP/1.1" 200 87094 "http://www.lszmn.org/forum.php?mod=viewthread&tid=9339&page=1&authorid=1" "Scrapy/1.7.3 (+https://scrapy.org)" "-"
144.255.17.85 - - [08/Jun/2022:09:41:02 +0800] "GET /forum.php?mod=attachment&aid=Mjk4MHw0YWYzYjkyYnwxNjU0NjUyNDExfDB8OTMzOQ%3D%3D&nothumb=yes HTTP/1.1" 200 124649 "http://www.lszmn.org/forum.php?mod=viewthread&tid=9339&page=1&authorid=1" "Scrapy/1.7.3 (+https://scrapy.org)" "-"
111.85.200.78 - - [08/Jun/2022:09:41:03 +0800] "GET /forum.php?mod=viewthread&tid=9339&page=1 HTTP/1.1" 200 15136 "http://www.lszmn.org/forum.php?mod=viewthread&tid=9339&page=1&authorid=1" "Scrapy/1.7.3 (+https://scrapy.org)" "-"
111.224.235.60 - - [08/Jun/2022:09:41:03 +0800] "GET /forum.php?mod=attachment&aid=MzAwNXwyMDY1OGE3MXwxNjU0NjUyNDEwfDB8OTMzOQ%3D%3D&nothumb=yes HTTP/1.1" 200 52681 "http://www.lszmn.org/forum.php?mod=viewthread&tid=9339&extra=&ordertype=1" "Scrapy/1.7.3 (+https://scrapy.org)" "-"
58.18.161.22 - - [08/Jun/2022:09:41:03 +0800] "GET /forum.php?mod=attachment&aid=MzAwNnxkNDJiYjNiZHwxNjU0NjUyNDEwfDB8OTMzOQ%3D%3D&nothumb=yes HTTP/1.1" 200 59861 "http://www.lszmn.org/forum.php?mod=viewthread&tid=9339&extra=&ordertype=1" "Scrapy/1.7.3 (+https://scrapy.org)" "-"
111.85.200.78 - - [08/Jun/2022:09:41:03 +0800] "GET /forum.php?mod=attachment&aid=MzAwNHwzNDQ2ZjY1N3wxNjU0NjUyNDEwfDB8OTMzOQ%3D%3D&nothumb=yes HTTP/1.1" 200 98044 "http://www.lszmn.org/forum.php?mod=viewthread&tid=9339&extra=&ordertype=1" "Scrapy/1.7.3 (+https://scrapy.org)" "-"
58.18.161.22 - - [08/Jun/2022:09:41:05 +0800] "GET /forum.php?mod=attachment&aid=MzAwM3w0OWE5MzM3YnwxNjU0NjUyNDEwfDB8OTMzOQ%3D%3D&nothumb=yes HTTP/1.1" 200 66820 "http://www.lszmn.org/forum.php?mod=viewthread&tid=9339&extra=&ordertype=1" "Scrapy/1.7.3 (+https://scrapy.org)" "-"
111.224.235.60 - - [08/Jun/2022:09:41:05 +0800] "GET /forum.php?mod=attachment&aid=MzAwMnw3Zjc1ZDIxN3wxNjU0NjUyNDEwfDB8OTMzOQ%3D%3D&nothumb=yes HTTP/1.1" 200 101898 "http://www.lszmn.org/forum.php?mod=viewthread&tid=9339&extra=&ordertype=1" "Scrapy/1.7.3 (+https://scrapy.org)" "-"
142.44.203.5 - - [08/Jun/2022:09:41:06 +0800] "GET /member.php?mod=register HTTP/1.1" 302 5 "http://www.lszmn.org/" "Mozilla/5.0 (Macintosh; Intel Mac OS X 10_13_2) AppleWebKit/537.36 (KHTML, like Gecko) Chrome/66.0.3359.181 Safari/537.36" "-"
120.0.52.21 - - [08/Jun/2022:09:41:06 +0800] "GET /forum.php?mod=attachment&aid=MzAwMXxlMGU4ZjBhZHwxNjU0NjUyNDEwfDB8OTMzOQ%3D%3D&nothumb=yes HTTP/1.1" 200 71121 "http://www.lszmn.org/forum.php?mod=viewthread&tid=9339&extra=&ordertype=1" "Scrapy/1.7.3 (+https://scrapy.org)" "-"
142.44.203.5 - - [08/Jun/2022:09:41:06 +0800] "GET /connect.php?mod=login&op=init&referer=forum.php&statfrom=login_simple HTTP/1.1" 302 5 "http://www.lszmn.org/member.php?mod=register" "Mozilla/5.0 (Macintosh; Intel Mac OS X 10_13_2) AppleWebKit/537.36 (KHTML, like Gecko) Chrome/66.0.3359.181 Safari/537.36" "-"
144.255.17.85 - - [08/Jun/2022:09:41:07 +0800] "GET /forum.php?mod=attachment&aid=Mjk5OXw3MDQ5NTIwMnwxNjU0NjUyNDEwfDB8OTMzOQ%3D%3D&nothumb=yes HTTP/1.1" 200 103221 "http://www.lszmn.org/forum.php?mod=viewthread&tid=9339&extra=&ordertype=1" "Scrapy/1.7.3 (+https://scrapy.org)" "-"
111.224.235.60 - - [08/Jun/2022:09:41:08 +0800] "GET /forum.php?mod=attachment&aid=Mjk5OHw0NjZhNzBlMHwxNjU0NjUyNDEwfDB8OTMzOQ%3D%3D&nothumb=yes HTTP/1.1" 200 83022 "http://www.lszmn.org/forum.php?mod=viewthread&tid=9339&extra=&ordertype=1" "Scrapy/1.7.3 (+https://scrapy.org)" "-"
111.224.248.134 - - [08/Jun/2022:09:41:08 +0800] "GET /forum.php?mod=attachment&aid=MzAwMHxjZjQ1ZGZhY3wxNjU0NjUyNDEwfDB8OTMzOQ%3D%3D&nothumb=yes HTTP/1.1" 200 88115 "http://www.lszmn.org/forum.php?mod=viewthread&tid=9339&extra=&ordertype=1" "Scrapy/1.7.3 (+https://scrapy.org)" "-"
207.46.13.36 - - [08/Jun/2022:09:41:09 +0800] "GET /forum.php?mod=viewthread&tid=8325 HTTP/1.1" 200 13842 "-" "Mozilla/5.0 (compatible; bingbot/2.0; +http://www.bing.com/bingbot.htm)" "-"
40.77.167.60 - - [08/Jun/2022:09:41:09 +0800] "GET /forum.php?mod=viewthread&tid=968 HTTP/1.1" 200 12040 "-" "Mozilla/5.0 (compatible; bingbot/2.0; +http://www.bing.com/bingbot.htm)" "-"
120.0.52.21 - - [08/Jun/2022:09:41:09 +0800] "GET /forum.php?mod=attachment&aid=Mjk5NXwxMDAwMWQyYXwxNjU0NjUyNDEwfDB8OTMzOQ%3D%3D&nothumb=yes HTTP/1.1" 200 83911 "http://www.lszmn.org/forum.php?mod=viewthread&tid=9339&extra=&ordertype=1" "Scrapy/1.7.3 (+https://scrapy.org)" "-"
124.117.195.223 - - [08/Jun/2022:09:41:09 +0800] "GET /forum.php?mod=attachment&aid=Mjk5N3w2NzllYzc5MHwxNjU0NjUyNDEwfDB8OTMzOQ%3D%3D&nothumb=yes HTTP/1.1" 200 120213 "http://www.lszmn.org/forum.php?mod=viewthread&tid=9339&extra=&ordertype=1" "Scrapy/1.7.3 (+https://scrapy.org)" "-"
207.46.13.27 - - [08/Jun/2022:09:41:10 +0800] "GET /forum.php?mod=viewthread&tid=8321 HTTP/1.1" 200 10958 "-" "Mozilla/5.0 (compatible; bingbot/2.0; +http://www.bing.com/bingbot.htm)" "-"
111.224.248.134 - - [08/Jun/2022:09:41:10 +0800] "GET /forum.php?mod=attachment&aid=Mjk5Nnw3ZGU1YmM2MnwxNjU0NjUyNDEwfDB8OTMzOQ%3D%3D&nothumb=yes HTTP/1.1" 200 68360 "http://www.lszmn.org/forum.php?mod=viewthread&tid=9339&extra=&ordertype=1" "Scrapy/1.7.3 (+https://scrapy.org)" "-"
58.18.161.22 - - [08/Jun/2022:09:41:11 +0800] "GET /forum.php?mod=attachment&aid=Mjk5M3wyYmIxMmZlOXwxNjU0NjUyNDEwfDB8OTMzOQ%3D%3D&nothumb=yes HTTP/1.1" 200 103270 "http://www.lszmn.org/forum.php?mod=viewthread&tid=9339&extra=&ordertype=1" "Scrapy/1.7.3 (+https://scrapy.org)" "-"
207.46.13.36 - - [08/Jun/2022:09:41:11 +0800] "GET /forum.php?mod=viewthread&tid=6863 HTTP/1.1" 200 8411 "-" "Mozilla/5.0 (compatible; bingbot/2.0; +http://www.bing.com/bingbot.htm)" "-"
40.77.167.60 - - [08/Jun/2022:09:41:11 +0800] "GET /forum.php?mod=viewthread&tid=968 HTTP/1.1" 200 12039 "-" "Mozilla/5.0 (compatible; bingbot/2.0; +http://www.bing.com/bingbot.htm)" "-"
144.255.17.85 - - [08/Jun/2022:09:41:11 +0800] "GET /forum.php?mod=attachment&aid=Mjk5MnxlYzM0MjkyY3wxNjU0NjUyNDEwfDB8OTMzOQ%3D%3D&nothumb=yes HTTP/1.1" 200 92916 "http://www.lszmn.org/forum.php?mod=viewthread&tid=9339&extra=&ordertype=1" "Scrapy/1.7.3 (+https://scrapy.org)" "-"
111.85.200.78 - - [08/Jun/2022:09:41:12 +0800] "GET /forum.php?mod=attachment&aid=Mjk5MXxhYmQ1OGRmNXwxNjU0NjUyNDEwfDB8OTMzOQ%3D%3D&nothumb=yes HTTP/1.1" 200 53970 "http://www.lszmn.org/forum.php?mod=viewthread&tid=9339&extra=&ordertype=1" "Scrapy/1.7.3 (+https://scrapy.org)" "-"
207.46.13.27 - - [08/Jun/2022:09:41:12 +0800] "GET /forum.php?mod=viewthread&tid=70 HTTP/1.1" 200 10831 "-" "Mozilla/5.0 (compatible; bingbot/2.0; +http://www.bing.com/bingbot.htm)" "-"
124.31.107.36 - - [08/Jun/2022:09:41:12 +0800] "GET /forum.php?mod=attachment&aid=Mjk5NHwxMDlkMzEzYnwxNjU0NjUyNDEwfDB8OTMzOQ%3D%3D&nothumb=yes HTTP/1.1" 200 61957 "http://www.lszmn.org/forum.php?mod=viewthread&tid=9339&extra=&ordertype=1" "Scrapy/1.7.3 (+https://scrapy.org)" "-"
111.85.200.78 - - [08/Jun/2022:09:41:14 +0800] "GET /forum.php?mod=attachment&aid=Mjk5MHw1YzhiMzkxZnwxNjU0NjUyNDEwfDB8OTMzOQ%3D%3D&nothumb=yes HTTP/1.1" 200 99272 "http://www.lszmn.org/forum.php?mod=viewthread&tid=9339&extra=&ordertype=1" "Scrapy/1.7.3 (+https://scrapy.org)" "-"
207.46.13.36 - - [08/Jun/2022:09:41:14 +0800] "GET /forum.php?mod=viewthread&tid=99 HTTP/1.1" 200 10251 "-" "Mozilla/5.0 (compatible; bingbot/2.0; +http://www.bing.com/bingbot.htm)" "-"
111.224.235.60 - - [08/Jun/2022:09:41:15 +0800] "GET /forum.php?mod=attachment&aid=Mjk4N3wyOWRkNzc3M3wxNjU0NjUyNDEwfDB8OTMzOQ%3D%3D&nothumb=yes HTTP/1.1" 200 54410 "http://www.lszmn.org/forum.php?mod=viewthread&tid=9339&extra=&ordertype=1" "Scrapy/1.7.3 (+https://scrapy.org)" "-"
58.18.161.22 - - [08/Jun/2022:09:41:15 +0800] "GET /forum.php?mod=attachment&aid=Mjk4OHxkYTI0YTNhZHwxNjU0NjUyNDEwfDB8OTMzOQ%3D%3D&nothumb=yes HTTP/1.1" 200 131177 "http://www.lszmn.org/forum.php?mod=viewthread&tid=9339&extra=&ordertype=1" "Scrapy/1.7.3 (+https://scrapy.org)" "-"
111.224.248.134 - - [08/Jun/2022:09:41:15 +0800] "GET /forum.php?mod=attachment&aid=Mjk4OXw1OTdlMDE2M3wxNjU0NjUyNDEwfDB8OTMzOQ%3D%3D&nothumb=yes HTTP/1.1" 200 131177 "http://www.lszmn.org/forum.php?mod=viewthread&tid=9339&extra=&ordertype=1" "Scrapy/1.7.3 (+https://scrapy.org)" "-"
207.46.13.27 - - [08/Jun/2022:09:41:15 +0800] "GET /forum.php?mod=viewthread&tid=1053 HTTP/1.1" 200 14729 "-" "Mozilla/5.0 (compatible; bingbot/2.0; +http://www.bing.com/bingbot.htm)" "-"
216.244.66.201 - - [08/Jun/2022:09:41:15 +0800] "GET /robots.txt HTTP/1.1" 200 705 "-" "Mozilla/5.0 (compatible; DotBot/1.2; +https://opensiteexplorer.org/dotbot; help@moz.com)" "-"
216.244.66.201 - - [08/Jun/2022:09:41:16 +0800] "GET /robots.txt HTTP/1.1" 200 705 "-" "Mozilla/5.0 (compatible; DotBot/1.2; +https://opensiteexplorer.org/dotbot; help@moz.com)" "-"
207.46.13.129 - - [08/Jun/2022:09:41:16 +0800] "GET /forum.php?mod=viewthread&tid=6856 HTTP/1.1" 200 9635 "-" "Mozilla/5.0 (compatible; bingbot/2.0; +http://www.bing.com/bingbot.htm)" "-"
40.77.167.60 - - [08/Jun/2022:09:41:16 +0800] "GET /forum.php?mod=viewthread&tid=91 HTTP/1.1" 200 10260 "-" "Mozilla/5.0 (compatible; bingbot/2.0; +http://www.bing.com/bingbot.htm)" "-"
157.55.39.124 - - [08/Jun/2022:09:41:17 +0800] "GET /forum.php?mod=viewthread&tid=6881 HTTP/1.1" 200 8024 "-" "Mozilla/5.0 (compatible; bingbot/2.0; +http://www.bing.com/bingbot.htm)" "-"
58.18.161.22 - - [08/Jun/2022:09:41:17 +0800] "GET /forum.php?mod=attachment&aid=Mjk4Nnw5NjgwYzQ0NnwxNjU0NjUyNDEwfDB8OTMzOQ%3D%3D&nothumb=yes HTTP/1.1" 200 101009 "http://www.lszmn.org/forum.php?mod=viewthread&tid=9339&extra=&ordertype=1" "Scrapy/1.7.3 (+https://scrapy.org)" "-"
207.46.13.129 - - [08/Jun/2022:09:41:17 +0800] "GET /forum.php?mod=viewthread&tid=6847 HTTP/1.1" 200 11604 "-" "Mozilla/5.0 (compatible; bingbot/2.0; +http://www.bing.com/bingbot.htm)" "-"
124.117.195.223 - - [08/Jun/2022:09:41:18 +0800] "GET /forum.php?mod=attachment&aid=Mjk4NHxiYjEwMDZmOHwxNjU0NjUyNDEwfDB8OTMzOQ%3D%3D&nothumb=yes HTTP/1.1" 200 94676 "http://www.lszmn.org/forum.php?mod=viewthread&tid=9339&extra=&ordertype=1" "Scrapy/1.7.3 (+https://scrapy.org)" "-"
124.31.107.36 - - [08/Jun/2022:09:41:18 +0800] "GET /forum.php?mod=attachment&aid=Mjk4NXwzMWFlODYyNnwxNjU0NjUyNDEwfDB8OTMzOQ%3D%3D&nothumb=yes HTTP/1.1" 200 117957 "http://www.lszmn.org/forum.php?mod=viewthread&tid=9339&extra=&ordertype=1" "Scrapy/1.7.3 (+https://scrapy.org)" "-"
144.255.17.85 - - [08/Jun/2022:09:41:18 +0800] "GET /forum.php?mod=attachment&aid=Mjk4M3xhZGNmODlhN3wxNjU0NjUyNDEwfDB8OTMzOQ%3D%3D&nothumb=yes HTTP/1.1" 200 56823 "http://www.lszmn.org/forum.php?mod=viewthread&tid=9339&extra=&ordertype=1" "Scrapy/1.7.3 (+https://scrapy.org)" "-"
207.46.13.27 - - [08/Jun/2022:09:41:19 +0800] "GET /forum.php?mod=viewthread&tid=105 HTTP/1.1" 200 9786 "-" "Mozilla/5.0 (compatible; bingbot/2.0; +http://www.bing.com/bingbot.htm)" "-"
111.224.235.60 - - [08/Jun/2022:09:41:19 +0800] "GET /forum.php?mod=attachment&aid=Mjk4MnwyOGQzMDkxY3wxNjU0NjUyNDEwfDB8OTMzOQ%3D%3D&nothumb=yes HTTP/1.1" 200 111409 "http://www.lszmn.org/forum.php?mod=viewthread&tid=9339&extra=&ordertype=1" "Scrapy/1.7.3 (+https://scrapy.org)" "-"
144.255.17.85 - - [08/Jun/2022:09:41:19 +0800] "GET /forum.php?mod=attachment&aid=Mjk4MXw3ZTU0ODAzY3wxNjU0NjUyNDEwfDB8OTMzOQ%3D%3D&nothumb=yes HTTP/1.1" 200 87094 "http://www.lszmn.org/forum.php?mod=viewthread&tid=9339&extra=&ordertype=1" "Scrapy/1.7.3 (+https://scrapy.org)" "-"
157.55.39.124 - - [08/Jun/2022:09:41:20 +0800] "GET /forum.php?mod=viewthread&tid=1058 HTTP/1.1" 200 13490 "-" "Mozilla/5.0 (compatible; bingbot/2.0; +http://www.bing.com/bingbot.htm)" "-"
120.0.52.21 - - [08/Jun/2022:09:41:21 +0800] "GET /forum.php?mod=attachment&aid=Mjk4MHw3MjI5MmY5MnwxNjU0NjUyNDEwfDB8OTMzOQ%3D%3D&nothumb=yes HTTP/1.1" 200 124649 "http://www.lszmn.org/forum.php?mod=viewthread&tid=9339&extra=&ordertype=1" "Scrapy/1.7.3 (+https://scrapy.org)" "-"
207.46.13.129 - - [08/Jun/2022:09:41:21 +0800] "GET /forum.php?mod=viewthread&tid=1046 HTTP/1.1" 200 10455 "-" "Mozilla/5.0 (compatible; bingbot/2.0; +http://www.bing.com/bingbot.htm)" "-"
144.255.17.85 - - [08/Jun/2022:09:41:22 +0800] "GET /forum.php?mod=viewthread&tid=9339&extra=&ordertype=2 HTTP/1.1" 200 15171 "http://www.lszmn.org/forum.php?mod=viewthread&tid=9339&extra=&ordertype=1" "Scrapy/1.7.3 (+https://scrapy.org)" "-"
207.46.13.27 - - [08/Jun/2022:09:41:22 +0800] "GET /forum.php?mod=viewthread&tid=96 HTTP/1.1" 200 9519 "-" "Mozilla/5.0 (compatible; bingbot/2.0; +http://www.bing.com/bingbot.htm)" "-"
111.85.200.78 - - [08/Jun/2022:09:41:22 +0800] "GET /forum.php?mod=post&action=reply&fid=20&tid=9333 HTTP/1.1" 200 4971 "http://www.lszmn.org/forum.php?mod=viewthread&tid=9333" "Scrapy/1.7.3 (+https://scrapy.org)" "-"
111.85.200.78 - - [08/Jun/2022:09:41:22 +0800] "GET /forum.php?mod=post&action=reply&fid=20&tid=9333&reppost=6879886&extra=&page=1 HTTP/1.1" 200 5033 "http://www.lszmn.org/forum.php?mod=viewthread&tid=9333" "Scrapy/1.7.3 (+https://scrapy.org)" "-"
144.255.17.85 - - [08/Jun/2022:09:41:23 +0800] "GET /home.php?mod=spacecp&ac=share&type=thread&id=9333 HTTP/1.1" 200 4866 "http://www.lszmn.org/forum.php?mod=viewthread&tid=9333" "Scrapy/1.7.3 (+https://scrapy.org)" "-"
157.55.39.124 - - [08/Jun/2022:09:41:23 +0800] "GET /forum.php?mod=viewthread&tid=1058 HTTP/1.1" 200 13506 "-" "Mozilla/5.0 (compatible; bingbot/2.0; +http://www.bing.com/bingbot.htm)" "-"
58.18.161.22 - - [08/Jun/2022:09:41:23 +0800] "GET /forum.php?mod=redirect&goto=nextoldset&tid=9345 HTTP/1.1" 302 5 "http://www.lszmn.org/forum.php?mod=viewthread&tid=9345" "Scrapy/1.7.3 (+https://scrapy.org)" "-"
144.255.17.85 - - [08/Jun/2022:09:41:23 +0800] "GET /forum.php?mod=redirect&goto=nextnewset&tid=9345 HTTP/1.1" 302 5 "http://www.lszmn.org/forum.php?mod=viewthread&tid=9345" "Scrapy/1.7.3 (+https://scrapy.org)" "-"
111.85.200.78 - - [08/Jun/2022:09:41:23 +0800] "GET /forum.php?mod=post&action=reply&fid=20&tid=9345&extra=&page=1 HTTP/1.1" 200 4999 "http://www.lszmn.org/forum.php?mod=viewthread&tid=9345" "Scrapy/1.7.3 (+https://scrapy.org)" "-"
58.18.161.22 - - [08/Jun/2022:09:41:23 +0800] "GET /connect.php?mod=login&op=init&referer=forum.php%3Fmod%3Dviewthread%26tid%3D9345&statfrom=login HTTP/1.1" 302 5 "http://www.lszmn.org/forum.php?mod=viewthread&tid=9345" "Scrapy/1.7.3 (+https://scrapy.org)" "-"
144.255.17.85 - - [08/Jun/2022:09:41:23 +0800] "GET /forum.php?mod=post&action=reply&fid=20&tid=9345 HTTP/1.1" 200 4972 "http://www.lszmn.org/forum.php?mod=viewthread&tid=9345" "Scrapy/1.7.3 (+https://scrapy.org)" "-"
111.85.200.78 - - [08/Jun/2022:09:41:23 +0800] "GET /forum.php?mod=post&action=reply&fid=20&tid=9345&reppost=6879899&extra=&page=1 HTTP/1.1" 200 5034 "http://www.lszmn.org/forum.php?mod=viewthread&tid=9345" "Scrapy/1.7.3 (+https://scrapy.org)" "-"
144.255.17.85 - - [08/Jun/2022:09:41:24 +0800] "GET /home.php?mod=spacecp&ac=share&type=thread&id=9345 HTTP/1.1" 200 4866 "http://www.lszmn.org/forum.php?mod=viewthread&tid=9345" "Scrapy/1.7.3 (+https://scrapy.org)" "-"
207.46.13.129 - - [08/Jun/2022:09:41:24 +0800] "GET /forum.php?mod=viewthread&tid=1015 HTTP/1.1" 200 17013 "-" "Mozilla/5.0 (compatible; bingbot/2.0; +http://www.bing.com/bingbot.htm)" "-"
58.18.161.22 - - [08/Jun/2022:09:41:24 +0800] "GET /connect.php?mod=login&op=init&referer=forum.php%3Fmod%3Dpost%26action%3Dreply%26fid%3D20%26tid%3D9333&statfrom=login_simple HTTP/1.1" 302 5 "http://www.lszmn.org/forum.php?mod=post&action=reply&fid=20&tid=9333" "Scrapy/1.7.3 (+https://scrapy.org)" "-"
124.117.195.223 - - [08/Jun/2022:09:41:24 +0800] "GET /connect.php?mod=login&op=init&referer=forum.php%3Fmod%3Dviewthread%26tid%3D9339&statfrom=login_simple HTTP/1.1" 302 5 "http://www.lszmn.org/forum.php?mod=viewthread&tid=9339" "Scrapy/1.7.3 (+https://scrapy.org)" "-"
58.18.161.22 - - [08/Jun/2022:09:41:24 +0800] "GET /connect.php?mod=login&op=init&referer=forum.php%3Fmod%3Dpost%26action%3Dreply%26fid%3D20%26tid%3D9359%26extra%3D%26page%3D1&statfrom=login_simple HTTP/1.1" 302 5 "http://www.lszmn.org/forum.php?mod=post&action=reply&fid=20&tid=9359&extra=&page=1" "Scrapy/1.7.3 (+https://scrapy.org)" "-"
124.117.195.223 - - [08/Jun/2022:09:41:24 +0800] "GET /connect.php?mod=login&op=init&referer=home.php%3Fmod%3Dspacecp%26ac%3Dfavorite%26type%3Dthread%26id%3D9359&statfrom=login_simple HTTP/1.1" 302 5 "http://www.lszmn.org/home.php?mod=spacecp&ac=favorite&type=thread&id=9359" "Scrapy/1.7.3 (+https://scrapy.org)" "-"
111.85.200.78 - - [08/Jun/2022:09:41:24 +0800] "GET /forum.php?mod=viewthread&tid=9339 HTTP/1.1" 200 15119 "http://www.lszmn.org/forum.php?mod=viewthread&tid=9345" "Scrapy/1.7.3 (+https://scrapy.org)" "-"
58.18.161.22 - - [08/Jun/2022:09:41:25 +0800] "GET /connect.php?mod=login&op=init&referer=home.php%3Fmod%3Dspacecp%26ac%3Dshare%26type%3Dthread%26id%3D9333&statfrom=login_simple HTTP/1.1" 302 5 "http://www.lszmn.org/home.php?mod=spacecp&ac=share&type=thread&id=9333" "Scrapy/1.7.3 (+https://scrapy.org)" "-"
124.117.195.223 - - [08/Jun/2022:09:41:25 +0800] "GET /forum.php?mod=viewthread&tid=9354 HTTP/1.1" 200 14160 "http://www.lszmn.org/forum.php?mod=viewthread&tid=9345" "Scrapy/1.7.3 (+https://scrapy.org)" "-"
111.224.235.60 - - [08/Jun/2022:09:41:25 +0800] "GET /connect.php?mod=login&op=init&referer=forum.php%3Fmod%3Dpost%26action%3Dreply%26fid%3D20%26tid%3D9345%26extra%3D%26page%3D1&statfrom=login_simple HTTP/1.1" 302 5 "http://www.lszmn.org/forum.php?mod=post&action=reply&fid=20&tid=9345&extra=&page=1" "Scrapy/1.7.3 (+https://scrapy.org)" "-"
144.255.17.85 - - [08/Jun/2022:09:41:25 +0800] "GET /connect.php?mod=login&op=init&referer=forum.php%3Fmod%3Dpost%26action%3Dreply%26fid%3D20%26tid%3D9345&statfrom=login_simple HTTP/1.1" 302 5 "http://www.lszmn.org/forum.php?mod=post&action=reply&fid=20&tid=9345" "Scrapy/1.7.3 (+https://scrapy.org)" "-"
111.224.235.60 - - [08/Jun/2022:09:41:25 +0800] "GET /connect.php?mod=login&op=init&referer=forum.php%3Fmod%3Dpost%26action%3Dreply%26fid%3D20%26tid%3D9333%26reppost%3D6879886%26extra%3D%26page%3D1&statfrom=login_simple HTTP/1.1" 302 5 "http://www.lszmn.org/forum.php?mod=post&action=reply&fid=20&tid=9333&reppost=6879886&extra=&page=1" "Scrapy/1.7.3 (+https://scrapy.org)" "-"
58.18.161.22 - - [08/Jun/2022:09:41:25 +0800] "GET /connect.php?mod=login&op=init&referer=forum.php%3Fmod%3Dpost%26action%3Dreply%26fid%3D20%26tid%3D9345%26reppost%3D6879899%26extra%3D%26page%3D1&statfrom=login_simple HTTP/1.1" 302 5 "http://www.lszmn.org/forum.php?mod=post&action=reply&fid=20&tid=9345&reppost=6879899&extra=&page=1" "Scrapy/1.7.3 (+https://scrapy.org)" "-"
111.224.248.134 - - [08/Jun/2022:09:41:25 +0800] "GET /connect.php?mod=login&op=init&referer=home.php%3Fmod%3Dspacecp%26ac%3Dfollow%26op%3Drelay%26tid%3D9359%26from%3Dforum&statfrom=login_simple HTTP/1.1" 302 5 "http://www.lszmn.org/home.php?mod=spacecp&ac=follow&op=relay&tid=9359&from=forum" "Scrapy/1.7.3 (+https://scrapy.org)" "-"
111.85.200.78 - - [08/Jun/2022:09:41:25 +0800] "GET /connect.php?mod=login&op=init&referer=home.php%3Fmod%3Dspacecp%26ac%3Dshare%26type%3Dthread%26id%3D9345&statfrom=login_simple HTTP/1.1" 302 5 "http://www.lszmn.org/home.php?mod=spacecp&ac=share&type=thread&id=9345" "Scrapy/1.7.3 (+https://scrapy.org)" "-"
124.31.107.36 - - [08/Jun/2022:09:41:25 +0800] "GET /connect.php?mod=login&op=init&referer=forum.php%3Fmod%3Dpost%26action%3Dreply%26fid%3D17%26tid%3D9389&statfrom=login_simple HTTP/1.1" 302 5 "http://www.lszmn.org/forum.php?mod=post&action=reply&fid=17&tid=9389" "Scrapy/1.7.3 (+https://scrapy.org)" "-"
144.255.17.85 - - [08/Jun/2022:09:41:26 +0800] "GET /home.php?mod=spacecp&ac=follow&op=relay&tid=9333&from=forum HTTP/1.1" 200 4883 "http://www.lszmn.org/forum.php?mod=viewthread&tid=9333" "Scrapy/1.7.3 (+https://scrapy.org)" "-"
111.224.235.60 - - [08/Jun/2022:09:41:26 +0800] "GET /forum.php?mod=attachment&aid=MzAxMnxhNzNkZTBjZHwxNjU0NjUyNDg0fDB8OTMzOQ%3D%3D&nothumb=yes HTTP/1.1" 200 105471 "http://www.lszmn.org/forum.php?mod=viewthread&tid=9339" "Scrapy/1.7.3 (+https://scrapy.org)" "-"
157.55.39.124 - - [08/Jun/2022:09:41:26 +0800] "GET /forum.php?mod=viewthread&tid=1044 HTTP/1.1" 200 16548 "-" "Mozilla/5.0 (compatible; bingbot/2.0; +http://www.bing.com/bingbot.htm)" "-"
111.224.248.134 - - [08/Jun/2022:09:41:26 +0800] "GET /forum.php?mod=attachment&aid=MzAxMXw5ZTU4NzUzOXwxNjU0NjUyNDg0fDB8OTMzOQ%3D%3D&nothumb=yes HTTP/1.1" 200 79424 "http://www.lszmn.org/forum.php?mod=viewthread&tid=9339" "Scrapy/1.7.3 (+https://scrapy.org)" "-"
58.18.161.22 - - [08/Jun/2022:09:41:26 +0800] "GET /forum.php?mod=attachment&aid=MzAxMHwzMDYwYmYxOHwxNjU0NjUyNDg0fDB8OTMzOQ%3D%3D&nothumb=yes HTTP/1.1" 200 87727 "http://www.lszmn.org/forum.php?mod=viewthread&tid=9339" "Scrapy/1.7.3 (+https://scrapy.org)" "-"
111.85.200.78 - - [08/Jun/2022:09:41:27 +0800] "GET /forum.php?mod=attachment&aid=MzAwOXw5OWYwN2IzNnwxNjU0NjUyNDg0fDB8OTMzOQ%3D%3D&nothumb=yes HTTP/1.1" 200 106065 "http://www.lszmn.org/forum.php?mod=viewthread&tid=9339" "Scrapy/1.7.3 (+https://scrapy.org)" "-"
124.31.107.36 - - [08/Jun/2022:09:41:27 +0800] "GET /forum.php?mod=attachment&aid=MzAwOHxlOGRlMTc2Y3wxNjU0NjUyNDg0fDB8OTMzOQ%3D%3D&nothumb=yes HTTP/1.1" 200 81537 "http://www.lszmn.org/forum.php?mod=viewthread&tid=9339" "Scrapy/1.7.3 (+https://scrapy.org)" "-"
144.255.17.85 - - [08/Jun/2022:09:41:28 +0800] "GET /connect.php?mod=login&op=init&referer=home.php%3Fmod%3Dspacecp%26ac%3Dfollow%26op%3Drelay%26tid%3D9333%26from%3Dforum&statfrom=login_simple HTTP/1.1" 302 5 "http://www.lszmn.org/home.php?mod=spacecp&ac=follow&op=relay&tid=9333&from=forum" "Scrapy/1.7.3 (+https://scrapy.org)" "-"
124.117.195.223 - - [08/Jun/2022:09:41:28 +0800] "GET /forum.php?mod=attachment&aid=MzEwMnxkNmRkZTk0ZHwxNjU0NjUyNDg0fDB8OTM1NA%3D%3D&nothumb=yes HTTP/1.1" 200 58456 "http://www.lszmn.org/forum.php?mod=viewthread&tid=9354" "Scrapy/1.7.3 (+https://scrapy.org)" "-"
114.119.141.53 - - [08/Jun/2022:09:41:28 +0800] "GET /robots.txt HTTP/1.1" 200 705 "-" "Mozilla/5.0 (Linux; Android 7.0;) AppleWebKit/537.36 (KHTML, like Gecko) Mobile Safari/537.36 (compatible; PetalBot;+https://webmaster.petalsearch.com/site/petalbot)" "-"
120.0.52.21 - - [08/Jun/2022:09:41:28 +0800] "GET /forum.php?mod=post&action=reply&fid=20&tid=9354&extra=&page=1 HTTP/1.1" 200 5000 "http://www.lszmn.org/forum.php?mod=viewthread&tid=9354" "Scrapy/1.7.3 (+https://scrapy.org)" "-"
144.255.17.85 - - [08/Jun/2022:09:41:29 +0800] "GET /forum.php?mod=redirect&goto=nextnewset&tid=9354 HTTP/1.1" 302 5 "http://www.lszmn.org/forum.php?mod=viewthread&tid=9354" "Scrapy/1.7.3 (+https://scrapy.org)" "-"
120.0.52.21 - - [08/Jun/2022:09:41:29 +0800] "GET /forum.php?mod=redirect&goto=nextoldset&tid=9354 HTTP/1.1" 302 5 "http://www.lszmn.org/forum.php?mod=viewthread&tid=9354" "Scrapy/1.7.3 (+https://scrapy.org)" "-"
58.18.161.22 - - [08/Jun/2022:09:41:29 +0800] "GET /connect.php?mod=login&op=init&referer=forum.php%3Fmod%3Dviewthread%26tid%3D9354&statfrom=login HTTP/1.1" 302 5 "http://www.lszmn.org/forum.php?mod=viewthread&tid=9354" "Scrapy/1.7.3 (+https://scrapy.org)" "-"
144.255.17.85 - - [08/Jun/2022:09:41:29 +0800] "GET /forum.php?mod=post&action=reply&fid=20&tid=9354 HTTP/1.1" 200 4971 "http://www.lszmn.org/forum.php?mod=viewthread&tid=9354" "Scrapy/1.7.3 (+https://scrapy.org)" "-"
120.0.52.21 - - [08/Jun/2022:09:41:29 +0800] "GET /forum.php?mod=post&action=reply&fid=20&tid=9354&reppost=6879908&extra=&page=1 HTTP/1.1" 200 5034 "http://www.lszmn.org/forum.php?mod=viewthread&tid=9354" "Scrapy/1.7.3 (+https://scrapy.org)" "-"
58.18.161.22 - - [08/Jun/2022:09:41:29 +0800] "GET /home.php?mod=spacecp&ac=share&type=thread&id=9354 HTTP/1.1" 200 4866 "http://www.lszmn.org/forum.php?mod=viewthread&tid=9354" "Scrapy/1.7.3 (+https://scrapy.org)" "-"
157.55.39.124 - - [08/Jun/2022:09:41:29 +0800] "GET /forum.php?mod=viewthread&tid=1044 HTTP/1.1" 200 16563 "-" "Mozilla/5.0 (compatible; bingbot/2.0; +http://www.bing.com/bingbot.htm)" "-"
120.0.52.21 - - [08/Jun/2022:09:41:29 +0800] "GET /home.php?mod=spacecp&ac=favorite&type=thread&id=9354 HTTP/1.1" 200 4871 "http://www.lszmn.org/forum.php?mod=viewthread&tid=9354" "Scrapy/1.7.3 (+https://scrapy.org)" "-"
124.117.195.223 - - [08/Jun/2022:09:41:29 +0800] "GET /home.php?mod=spacecp&ac=follow&op=relay&tid=9354&from=forum HTTP/1.1" 200 4884 "http://www.lszmn.org/forum.php?mod=viewthread&tid=9354" "Scrapy/1.7.3 (+https://scrapy.org)" "-"
144.255.17.85 - - [08/Jun/2022:09:41:29 +0800] "GET /home.php?mod=spacecp&ac=plugin&id=qqconnect:spacecp&pluginop=share&sh_type=4&thread_id=9354 HTTP/1.1" 200 4948 "http://www.lszmn.org/forum.php?mod=viewthread&tid=9354" "Scrapy/1.7.3 (+https://scrapy.org)" "-"
111.85.200.78 - - [08/Jun/2022:09:41:30 +0800] "GET /forum.php?mod=viewthread&tid=9345 HTTP/1.1" 200 11398 "http://www.lszmn.org/forum.php?mod=viewthread&tid=9354" "Scrapy/1.7.3 (+https://scrapy.org)" "-"
58.18.161.22 - - [08/Jun/2022:09:41:30 +0800] "GET /forum.php?mod=viewthread&tid=9357 HTTP/1.1" 200 14751 "http://www.lszmn.org/forum.php?mod=viewthread&tid=9354" "Scrapy/1.7.3 (+https://scrapy.org)" "-"
120.0.52.21 - - [08/Jun/2022:09:41:30 +0800] "GET /forum.php?mod=attachment&aid=MzA5OHw0NmEwYTg3ZXwxNjU0NjUyNDg0fDB8OTM1NA%3D%3D&nothumb=yes HTTP/1.1" 200 62083 "http://www.lszmn.org/forum.php?mod=viewthread&tid=9354" "Scrapy/1.7.3 (+https://scrapy.org)" "-"
124.117.195.223 - - [08/Jun/2022:09:41:30 +0800] "GET /forum.php?mod=attachment&aid=MzExN3w2ZTk4NmZmY3wxNjU0NjUyNDg0fDB8OTM1NA%3D%3D&nothumb=yes HTTP/1.1" 200 73389 "http://www.lszmn.org/forum.php?mod=viewthread&tid=9354" "Scrapy/1.7.3 (+https://scrapy.org)" "-"
144.255.17.85 - - [08/Jun/2022:09:41:30 +0800] "GET /forum.php?mod=attachment&aid=MzExNnw4MmUzMDFiY3wxNjU0NjUyNDg0fDB8OTM1NA%3D%3D&nothumb=yes HTTP/1.1" 200 69615 "http://www.lszmn.org/forum.php?mod=viewthread&tid=9354" "Scrapy/1.7.3 (+https://scrapy.org)" "-"
58.18.161.22 - - [08/Jun/2022:09:41:31 +0800] "GET /forum.php?mod=attachment&aid=MzEwMXxmY2Y3N2Q0MHwxNjU0NjUyNDg0fDB8OTM1NA%3D%3D&nothumb=yes HTTP/1.1" 200 76673 "http://www.lszmn.org/forum.php?mod=viewthread&tid=9354" "Scrapy/1.7.3 (+https://scrapy.org)" "-"
111.224.248.134 - - [08/Jun/2022:09:41:31 +0800] "GET /forum.php?mod=attachment&aid=MzExNXxhMzc0OTk4ZnwxNjU0NjUyNDg0fDB8OTM1NA%3D%3D&nothumb=yes HTTP/1.1" 200 51819 "http://www.lszmn.org/forum.php?mod=viewthread&tid=9354" "Scrapy/1.7.3 (+https://scrapy.org)" "-"
111.85.200.78 - - [08/Jun/2022:09:41:32 +0800] "GET /forum.php?mod=attachment&aid=MzExNHwzMGI0YzlmZnwxNjU0NjUyNDg0fDB8OTM1NA%3D%3D&nothumb=yes HTTP/1.1" 200 61376 "http://www.lszmn.org/forum.php?mod=viewthread&tid=9354" "Scrapy/1.7.3 (+https://scrapy.org)" "-"
124.31.107.36 - - [08/Jun/2022:09:41:32 +0800] "GET /forum.php?mod=attachment&aid=MzExM3w3MmNiOTY4ZXwxNjU0NjUyNDg0fDB8OTM1NA%3D%3D&nothumb=yes HTTP/1.1" 200 45954 "http://www.lszmn.org/forum.php?mod=viewthread&tid=9354" "Scrapy/1.7.3 (+https://scrapy.org)" "-"
157.55.39.124 - - [08/Jun/2022:09:41:32 +0800] "GET /forum.php?mod=viewthread&tid=1039 HTTP/1.1" 200 16342 "-" "Mozilla/5.0 (compatible; bingbot/2.0; +http://www.bing.com/bingbot.htm)" "-"
144.255.17.85 - - [08/Jun/2022:09:41:33 +0800] "GET /forum.php?mod=attachment&aid=MzExMXxhZDgzYTQ2OXwxNjU0NjUyNDg0fDB8OTM1NA%3D%3D&nothumb=yes HTTP/1.1" 200 39758 "http://www.lszmn.org/forum.php?mod=viewthread&tid=9354" "Scrapy/1.7.3 (+https://scrapy.org)" "-"
111.224.235.60 - - [08/Jun/2022:09:41:33 +0800] "GET /forum.php?mod=attachment&aid=MzExMHxkMmY2MzkwYnwxNjU0NjUyNDg0fDB8OTM1NA%3D%3D&nothumb=yes HTTP/1.1" 200 50505 "http://www.lszmn.org/forum.php?mod=viewthread&tid=9354" "Scrapy/1.7.3 (+https://scrapy.org)" "-"
111.224.248.134 - - [08/Jun/2022:09:41:34 +0800] "GET /forum.php?mod=attachment&aid=MzEwOHxlM2UyNjViOHwxNjU0NjUyNDg0fDB8OTM1NA%3D%3D&nothumb=yes HTTP/1.1" 200 49491 "http://www.lszmn.org/forum.php?mod=viewthread&tid=9354" "Scrapy/1.7.3 (+https://scrapy.org)" "-"
185.191.171.39 - - [08/Jun/2022:09:41:34 +0800] "GET /forum.php?action=postreview&do=support&hash=1d79dfb6&mod=misc&pid=18631&tid=1002 HTTP/1.1" 200 4790 "-" "Mozilla/5.0 (compatible; SemrushBot/7~bl; +http://www.semrush.com/bot.html)" "-"
58.18.161.22 - - [08/Jun/2022:09:41:34 +0800] "GET /forum.php?mod=attachment&aid=MzEwN3w5Y2ViMDIyOHwxNjU0NjUyNDg0fDB8OTM1NA%3D%3D&nothumb=yes HTTP/1.1" 200 50090 "http://www.lszmn.org/forum.php?mod=viewthread&tid=9354" "Scrapy/1.7.3 (+https://scrapy.org)" "-"
120.0.52.21 - - [08/Jun/2022:09:41:35 +0800] "GET /forum.php?mod=attachment&aid=MzExMnxkMjI0MDJlM3wxNjU0NjUyNDg0fDB8OTM1NA%3D%3D&nothumb=yes HTTP/1.1" 200 42419 "http://www.lszmn.org/forum.php?mod=viewthread&tid=9354" "Scrapy/1.7.3 (+https://scrapy.org)" "-"
111.85.200.78 - - [08/Jun/2022:09:41:35 +0800] "GET /forum.php?mod=attachment&aid=MzEwNXxkYWY1ZTVkMXwxNjU0NjUyNDg0fDB8OTM1NA%3D%3D&nothumb=yes HTTP/1.1" 200 50553 "http://www.lszmn.org/forum.php?mod=viewthread&tid=9354" "Scrapy/1.7.3 (+https://scrapy.org)" "-"
124.117.195.223 - - [08/Jun/2022:09:41:35 +0800] "GET /forum.php?mod=attachment&aid=MzEwNnw5NWE3ZTBiMHwxNjU0NjUyNDg0fDB8OTM1NA%3D%3D&nothumb=yes HTTP/1.1" 200 60841 "http://www.lszmn.org/forum.php?mod=viewthread&tid=9354" "Scrapy/1.7.3 (+https://scrapy.org)" "-"
58.18.161.22 - - [08/Jun/2022:09:41:35 +0800] "GET /forum.php?mod=attachment&aid=MzEwNHxlZGI2N2Q1Y3wxNjU0NjUyNDg0fDB8OTM1NA%3D%3D&nothumb=yes HTTP/1.1" 200 51170 "http://www.lszmn.org/forum.php?mod=viewthread&tid=9354" "Scrapy/1.7.3 (+https://scrapy.org)" "-"
144.255.17.85 - - [08/Jun/2022:09:41:36 +0800] "GET /forum.php?mod=attachment&aid=MzEwOXwzNzU3NTc0NHwxNjU0NjUyNDg0fDB8OTM1NA%3D%3D&nothumb=yes HTTP/1.1" 200 82094 "http://www.lszmn.org/forum.php?mod=viewthread&tid=9354" "Scrapy/1.7.3 (+https://scrapy.org)" "-"
120.0.52.21 - - [08/Jun/2022:09:41:36 +0800] "GET /forum.php?mod=attachment&aid=MzEwM3w5ZWU0ODcwZHwxNjU0NjUyNDg0fDB8OTM1NA%3D%3D&nothumb=yes HTTP/1.1" 200 48693 "http://www.lszmn.org/forum.php?mod=viewthread&tid=9354" "Scrapy/1.7.3 (+https://scrapy.org)" "-"
111.85.200.78 - - [08/Jun/2022:09:41:37 +0800] "GET /forum.php?mod=attachment&aid=MzEwMHw0YzQyMGU5M3wxNjU0NjUyNDg0fDB8OTM1NA%3D%3D&nothumb=yes HTTP/1.1" 200 57938 "http://www.lszmn.org/forum.php?mod=viewthread&tid=9354" "Scrapy/1.7.3 (+https://scrapy.org)" "-"
124.31.107.36 - - [08/Jun/2022:09:41:37 +0800] "GET /forum.php?mod=attachment&aid=MzA5N3xlYzYwMzBjNnwxNjU0NjUyNDg0fDB8OTM1NA%3D%3D&nothumb=yes HTTP/1.1" 200 41073 "http://www.lszmn.org/forum.php?mod=viewthread&tid=9354" "Scrapy/1.7.3 (+https://scrapy.org)" "-"
111.224.248.134 - - [08/Jun/2022:09:41:37 +0800] "GET /forum.php?mod=attachment&aid=MzA5NXwwNTdhMTE1ZHwxNjU0NjUyNDg0fDB8OTM1NA%3D%3D&nothumb=yes HTTP/1.1" 200 40462 "http://www.lszmn.org/forum.php?mod=viewthread&tid=9354" "Scrapy/1.7.3 (+https://scrapy.org)" "-"
58.18.161.22 - - [08/Jun/2022:09:41:38 +0800] "GET /forum.php?mod=attachment&aid=MzA5Nnw4YWUzYWY0N3wxNjU0NjUyNDg0fDB8OTM1NA%3D%3D&nothumb=yes HTTP/1.1" 200 63682 "http://www.lszmn.org/forum.php?mod=viewthread&tid=9354" "Scrapy/1.7.3 (+https://scrapy.org)" "-"
111.224.235.60 - - [08/Jun/2022:09:41:38 +0800] "GET /forum.php?mod=attachment&aid=MzA5NHxiYzdiMzY2Y3wxNjU0NjUyNDg0fDB8OTM1NA%3D%3D&nothumb=yes HTTP/1.1" 200 58656 "http://www.lszmn.org/forum.php?mod=viewthread&tid=9354" "Scrapy/1.7.3 (+https://scrapy.org)" "-"
124.117.195.223 - - [08/Jun/2022:09:41:38 +0800] "GET /forum.php?mod=attachment&aid=MzA5M3xkOTM3Zjk1NHwxNjU0NjUyNDg0fDB8OTM1NA%3D%3D&nothumb=yes HTTP/1.1" 200 89844 "http://www.lszmn.org/forum.php?mod=viewthread&tid=9354" "Scrapy/1.7.3 (+https://scrapy.org)" "-"
185.191.171.35 - - [08/Jun/2022:09:41:39 +0800] "GET /forum.php?action=postreview&do=support&hash=4404bb17&mod=misc&pid=2646&tid=970 HTTP/1.1" 200 4786 "-" "Mozilla/5.0 (compatible; SemrushBot/7~bl; +http://www.semrush.com/bot.html)" "-"
111.224.248.134 - - [08/Jun/2022:09:41:39 +0800] "GET /forum.php?mod=attachment&aid=MzA5Mnw1MWMxODgxZnwxNjU0NjUyNDg0fDB8OTM1NA%3D%3D&nothumb=yes HTTP/1.1" 200 85087 "http://www.lszmn.org/forum.php?mod=viewthread&tid=9354" "Scrapy/1.7.3 (+https://scrapy.org)" "-"
111.85.200.78 - - [08/Jun/2022:09:41:39 +0800] "GET /forum.php?mod=attachment&aid=MzA5OXw3OTUwNzY0ZXwxNjU0NjUyNDg0fDB8OTM1NA%3D%3D&nothumb=yes HTTP/1.1" 200 80103 "http://www.lszmn.org/forum.php?mod=viewthread&tid=9354" "Scrapy/1.7.3 (+https://scrapy.org)" "-"
120.0.52.21 - - [08/Jun/2022:09:41:39 +0800] "GET /forum.php?mod=attachment&aid=MzA5MXxiYmFjZmUxNXwxNjU0NjUyNDg0fDB8OTM1NA%3D%3D&nothumb=yes HTTP/1.1" 200 89254 "http://www.lszmn.org/forum.php?mod=viewthread&tid=9354" "Scrapy/1.7.3 (+https://scrapy.org)" "-"
58.18.161.22 - - [08/Jun/2022:09:41:41 +0800] "GET /forum.php?mod=viewthread&tid=9354&extra=&ordertype=1 HTTP/1.1" 200 14065 "http://www.lszmn.org/forum.php?mod=viewthread&tid=9354" "Scrapy/1.7.3 (+https://scrapy.org)" "-"
