1.85.216.106 - - [08/Jun/2022:09:21:35 +0800] "GET /forum.php?mod=post&action=reply&fid=7&tid=9336 HTTP/1.1" 200 4965 "http://www.lszmn.org/forum.php?mod=viewthread&tid=9336" "Scrapy/1.7.3 (+https://scrapy.org)" "-"
125.84.238.245 - - [08/Jun/2022:09:21:35 +0800] "GET /forum.php?mod=post&action=reply&fid=7&tid=9336&reppost=6879889&extra=&page=1 HTTP/1.1" 200 5020 "http://www.lszmn.org/forum.php?mod=viewthread&tid=9336" "Scrapy/1.7.3 (+https://scrapy.org)" "-"
1.85.216.106 - - [08/Jun/2022:09:21:35 +0800] "GET /home.php?mod=spacecp&ac=share&type=thread&id=9336 HTTP/1.1" 200 4866 "http://www.lszmn.org/forum.php?mod=viewthread&tid=9336" "Scrapy/1.7.3 (+https://scrapy.org)" "-"
1.85.216.106 - - [08/Jun/2022:09:21:35 +0800] "GET /home.php?mod=spacecp&ac=follow&op=relay&tid=9336&from=forum HTTP/1.1" 200 4884 "http://www.lszmn.org/forum.php?mod=viewthread&tid=9336" "Scrapy/1.7.3 (+https://scrapy.org)" "-"
125.84.238.245 - - [08/Jun/2022:09:21:35 +0800] "GET /home.php?mod=spacecp&ac=favorite&type=thread&id=9336 HTTP/1.1" 200 4871 "http://www.lszmn.org/forum.php?mod=viewthread&tid=9336" "Scrapy/1.7.3 (+https://scrapy.org)" "-"
144.255.16.103 - - [08/Jun/2022:09:21:35 +0800] "GET /forum.php?mod=attachment&aid=Mjk1N3w3ZDM5MjA2Y3wxNjU0NjUxMjc4fDB8OTMzNg%3D%3D&nothumb=yes HTTP/1.1" 200 78049 "http://www.lszmn.org/forum.php?mod=viewthread&tid=9336" "Scrapy/1.7.3 (+https://scrapy.org)" "-"
1.85.216.106 - - [08/Jun/2022:09:21:36 +0800] "GET /home.php?mod=spacecp&ac=plugin&id=qqconnect:spacecp&pluginop=share&sh_type=4&thread_id=9336 HTTP/1.1" 200 4947 "http://www.lszmn.org/forum.php?mod=viewthread&tid=9336" "Scrapy/1.7.3 (+https://scrapy.org)" "-"
125.84.238.245 - - [08/Jun/2022:09:21:36 +0800] "GET /connect.php?mod=login&op=init&referer=forum.php%3Fmod%3Dpost%26action%3Dreply%26fid%3D7%26tid%3D9336&statfrom=login_simple HTTP/1.1" 302 5 "http://www.lszmn.org/forum.php?mod=post&action=reply&fid=7&tid=9336" "Scrapy/1.7.3 (+https://scrapy.org)" "-"
175.152.31.70 - - [08/Jun/2022:09:21:36 +0800] "GET /forum.php?mod=attachment&aid=Mjk1OXxkYzk4ZTI1NnwxNjU0NjUxMTYxfDB8OTMzNg%3D%3D&nothumb=yes HTTP/1.1" 200 46303 "http://www.lszmn.org/forum.php?mod=viewthread&tid=9336" "Scrapy/1.7.3 (+https://scrapy.org)" "-"
1.85.216.106 - - [08/Jun/2022:09:21:36 +0800] "GET /forum.php?mod=attachment&aid=Mjk1NXxmMzFmMDJhY3wxNjU0NjUxMTYxfDB8OTMzNg%3D%3D&nothumb=yes HTTP/1.1" 200 45859 "http://www.lszmn.org/forum.php?mod=viewthread&tid=9336" "Scrapy/1.7.3 (+https://scrapy.org)" "-"
125.84.238.245 - - [08/Jun/2022:09:21:38 +0800] "GET /connect.php?mod=login&op=init&referer=home.php%3Fmod%3Dspacecp%26ac%3Dshare%26type%3Dthread%26id%3D9336&statfrom=login_simple HTTP/1.1" 302 5 "http://www.lszmn.org/home.php?mod=spacecp&ac=share&type=thread&id=9336" "Scrapy/1.7.3 (+https://scrapy.org)" "-"
111.175.6.62 - - [08/Jun/2022:09:21:38 +0800] "GET /forum.php?mod=attachment&aid=MzM2OXwzNzdmM2Q3ZnwxNjU0NjUxMjc3fDB8OTM4Nw%3D%3D&nothumb=yes HTTP/1.1" 200 177726 "http://www.lszmn.org/forum.php?mod=viewthread&tid=9387" "Scrapy/1.7.3 (+https://scrapy.org)" "-"
58.19.47.150 - - [08/Jun/2022:09:21:39 +0800] "GET /forum.php?mod=attachment&aid=Mjk1OHxiYWVmNjEwYXwxNjU0NjUxMTYxfDB8OTMzNg%3D%3D&nothumb=yes HTTP/1.1" 200 41350 "http://www.lszmn.org/forum.php?mod=viewthread&tid=9336" "Scrapy/1.7.3 (+https://scrapy.org)" "-"
1.85.216.106 - - [08/Jun/2022:09:21:39 +0800] "GET /connect.php?mod=login&op=init&referer=forum.php%3Fmod%3Dpost%26action%3Dreply%26fid%3D7%26tid%3D9336%26reppost%3D6879889%26extra%3D%26page%3D1&statfrom=login_simple HTTP/1.1" 302 5 "http://www.lszmn.org/forum.php?mod=post&action=reply&fid=7&tid=9336&reppost=6879889&extra=&page=1" "Scrapy/1.7.3 (+https://scrapy.org)" "-"
125.84.238.245 - - [08/Jun/2022:09:21:39 +0800] "GET /connect.php?mod=login&op=init&referer=home.php%3Fmod%3Dspacecp%26ac%3Dfollow%26op%3Drelay%26tid%3D9336%26from%3Dforum&statfrom=login_simple HTTP/1.1" 302 5 "http://www.lszmn.org/home.php?mod=spacecp&ac=follow&op=relay&tid=9336&from=forum" "Scrapy/1.7.3 (+https://scrapy.org)" "-"
123.158.61.18 - - [08/Jun/2022:09:21:40 +0800] "GET /connect.php?mod=login&op=init&referer=home.php%3Fmod%3Dspacecp%26ac%3Dfavorite%26type%3Dthread%26id%3D9336&statfrom=login_simple HTTP/1.1" 302 5 "http://www.lszmn.org/home.php?mod=spacecp&ac=favorite&type=thread&id=9336" "Scrapy/1.7.3 (+https://scrapy.org)" "-"
1.85.216.106 - - [08/Jun/2022:09:21:40 +0800] "GET /connect.php?mod=login&op=init&referer=home.php%3Fmod%3Dspacecp%26ac%3Dplugin%26id%3Dqqconnect%3Aspacecp%26pluginop%3Dshare%26sh_type%3D4%26thread_id%3D9336&statfrom=login_simple HTTP/1.1" 302 5 "http://www.lszmn.org/home.php?mod=spacecp&ac=plugin&id=qqconnect:spacecp&pluginop=share&sh_type=4&thread_id=9336" "Scrapy/1.7.3 (+https://scrapy.org)" "-"
125.84.238.245 - - [08/Jun/2022:09:21:40 +0800] "GET /forum.php?mod=attachment&aid=Mjk1M3xiNWUxMGY3NnwxNjU0NjUxMTYxfDB8OTMzNg%3D%3D&nothumb=yes HTTP/1.1" 200 65055 "http://www.lszmn.org/forum.php?mod=viewthread&tid=9336" "Scrapy/1.7.3 (+https://scrapy.org)" "-"
123.158.61.18 - - [08/Jun/2022:09:21:40 +0800] "GET /forum.php?mod=attachment&aid=Mjk1NHxkZTA5ZTFjNnwxNjU0NjUxMTYxfDB8OTMzNg%3D%3D&nothumb=yes HTTP/1.1" 200 120493 "http://www.lszmn.org/forum.php?mod=viewthread&tid=9336" "Scrapy/1.7.3 (+https://scrapy.org)" "-"
175.152.31.70 - - [08/Jun/2022:09:21:40 +0800] "GET /forum.php?mod=viewthread&tid=9336&extra=&ordertype=1 HTTP/1.1" 200 11078 "http://www.lszmn.org/forum.php?mod=viewthread&tid=9336" "Scrapy/1.7.3 (+https://scrapy.org)" "-"
58.19.47.150 - - [08/Jun/2022:09:21:41 +0800] "GET /forum.php?mod=viewthread&tid=9336&from=album HTTP/1.1" 200 8306 "http://www.lszmn.org/forum.php?mod=viewthread&tid=9336" "Scrapy/1.7.3 (+https://scrapy.org)" "-"
1.85.216.106 - - [08/Jun/2022:09:21:41 +0800] "GET /forum.php?mod=attachment&aid=Mjk1N3wyMzM4MTA3ZnwxNjU0NjUxMTYxfDB8OTMzNg%3D%3D&nothumb=yes HTTP/1.1" 200 78049 "http://www.lszmn.org/forum.php?mod=viewthread&tid=9336" "Scrapy/1.7.3 (+https://scrapy.org)" "-"
175.152.31.70 - - [08/Jun/2022:09:21:42 +0800] "GET /forum.php?mod=viewthread&tid=9336&page=1&authorid=1 HTTP/1.1" 200 11207 "http://www.lszmn.org/forum.php?mod=viewthread&tid=9336" "Scrapy/1.7.3 (+https://scrapy.org)" "-"
58.19.47.150 - - [08/Jun/2022:09:21:42 +0800] "GET /forum.php?mod=redirect&goto=nextoldset&tid=6653 HTTP/1.1" 302 5 "http://www.lszmn.org/forum.php?mod=viewthread&tid=6653" "Scrapy/1.7.3 (+https://scrapy.org)" "-"
185.191.171.26 - - [08/Jun/2022:09:21:42 +0800] "GET /forum.php?action=postreview&do=against&hash=666a8722&mod=misc&pid=6457437&tid=6860 HTTP/1.1" 200 4791 "-" "Mozilla/5.0 (compatible; SemrushBot/7~bl; +http://www.semrush.com/bot.html)" "-"
175.152.31.70 - - [08/Jun/2022:09:21:43 +0800] "GET /home.php?mod=spacecp&ac=favorite&type=forum&id=11&handlekey=favoriteforum HTTP/1.1" 200 4888 "http://www.lszmn.org/forum.php?mod=viewthread&tid=6653" "Scrapy/1.7.3 (+https://scrapy.org)" "-"
58.19.47.150 - - [08/Jun/2022:09:21:43 +0800] "GET /home.php?mod=spacecp&ac=credit&op=rule&fid=11 HTTP/1.1" 200 4855 "http://www.lszmn.org/forum.php?mod=viewthread&tid=6653" "Scrapy/1.7.3 (+https://scrapy.org)" "-"
175.184.164.207 - - [08/Jun/2022:09:21:43 +0800] "GET /forum.php?mod=attachment&aid=MzM2N3wyZmY4NzJiZXwxNjU0NjUxMjc3fDB8OTM4Nw%3D%3D&nothumb=yes HTTP/1.1" 200 422863 "http://www.lszmn.org/forum.php?mod=viewthread&tid=9387" "Scrapy/1.7.3 (+https://scrapy.org)" "-"
175.152.31.70 - - [08/Jun/2022:09:21:44 +0800] "GET /connect.php?mod=login&op=init&referer=forum.php%3Fmod%3Dviewthread%26tid%3D9336%26extra%3D%26ordertype%3D1&statfrom=login HTTP/1.1" 302 5 "http://www.lszmn.org/forum.php?mod=viewthread&tid=9336&extra=&ordertype=1" "Scrapy/1.7.3 (+https://scrapy.org)" "-"
58.19.47.150 - - [08/Jun/2022:09:21:44 +0800] "GET /forum.php?mod=attachment&aid=Mjk1OXw4MTE1OWU1OHwxNjU0NjUxMzAwfDB8OTMzNg%3D%3D&nothumb=yes HTTP/1.1" 200 46303 "http://www.lszmn.org/forum.php?mod=viewthread&tid=9336&extra=&ordertype=1" "Scrapy/1.7.3 (+https://scrapy.org)" "-"
175.152.31.70 - - [08/Jun/2022:09:21:44 +0800] "GET /forum.php?mod=post&action=reply&fid=7&tid=9336&extra=&page=1&from=album HTTP/1.1" 200 5009 "http://www.lszmn.org/forum.php?mod=viewthread&tid=9336&from=album" "Scrapy/1.7.3 (+https://scrapy.org)" "-"
175.152.31.70 - - [08/Jun/2022:09:21:44 +0800] "GET /connect.php?mod=login&op=init&referer=forum.php%3Fmod%3Dviewthread%26tid%3D9336%26page%3D1%26authorid%3D1&statfrom=login_simple HTTP/1.1" 302 5 "http://www.lszmn.org/forum.php?mod=viewthread&tid=9336&page=1&authorid=1" "Scrapy/1.7.3 (+https://scrapy.org)" "-"
175.152.31.70 - - [08/Jun/2022:09:21:45 +0800] "GET /forum.php?mod=viewthread&tid=48 HTTP/1.1" 200 13557 "http://www.lszmn.org/forum.php?mod=viewthread&tid=6653" "Scrapy/1.7.3 (+https://scrapy.org)" "-"
125.84.238.245 - - [08/Jun/2022:09:21:45 +0800] "GET /connect.php?mod=login&op=init&referer=forum.php%3Fmod%3Dviewthread%26tid%3D9336%26page%3D1%26authorid%3D1&statfrom=login HTTP/1.1" 302 5 "http://www.lszmn.org/forum.php?mod=viewthread&tid=9336&page=1&authorid=1" "Scrapy/1.7.3 (+https://scrapy.org)" "-"
66.249.70.42 - - [08/Jun/2022:09:21:45 +0800] "GET /template/mobanbus_maxy/maxy_st/css/mobanbus_maxy_st.css HTTP/1.1" 200 36644 "http://www.lszmn.org/forum.php?mod=viewthread&tid=1027&extra=&page=276752&mobile=2" "Mozilla/5.0 (Linux; Android 6.0.1; Nexus 5X Build/MMB29P) AppleWebKit/537.36 (KHTML, like Gecko) Chrome/101.0.4951.64 Mobile Safari/537.36 (compatible; Googlebot/2.1; +http://www.google.com/bot.html)" "-"
111.175.6.62 - - [08/Jun/2022:09:21:45 +0800] "GET /connect.php?mod=login&op=init&referer=home.php%3Fmod%3Dspacecp%26ac%3Dfavorite%26type%3Dforum%26id%3D11%26handlekey%3Dfavoriteforum&statfrom=login_simple HTTP/1.1" 302 5 "http://www.lszmn.org/home.php?mod=spacecp&ac=favorite&type=forum&id=11&handlekey=favoriteforum" "Scrapy/1.7.3 (+https://scrapy.org)" "-"
125.84.238.245 - - [08/Jun/2022:09:21:46 +0800] "GET /forum.php?mod=attachment&aid=Mjk1OXw5OTk4Zjc1M3wxNjU0NjUxMzAyfDB8OTMzNg%3D%3D&nothumb=yes HTTP/1.1" 200 46303 "http://www.lszmn.org/forum.php?mod=viewthread&tid=9336&page=1&authorid=1" "Scrapy/1.7.3 (+https://scrapy.org)" "-"
111.175.6.62 - - [08/Jun/2022:09:21:46 +0800] "GET /connect.php?mod=login&op=init&referer=home.php%3Fmod%3Dspacecp%26ac%3Dcredit%26op%3Drule%26fid%3D11&statfrom=login_simple HTTP/1.1" 302 5 "http://www.lszmn.org/home.php?mod=spacecp&ac=credit&op=rule&fid=11" "Scrapy/1.7.3 (+https://scrapy.org)" "-"
175.152.31.70 - - [08/Jun/2022:09:21:46 +0800] "GET /forum.php?mod=attachment&aid=Mjk1NXwyYjQ3ZTIwZHwxNjU0NjUxMzAyfDB8OTMzNg%3D%3D&nothumb=yes HTTP/1.1" 200 45859 "http://www.lszmn.org/forum.php?mod=viewthread&tid=9336&page=1&authorid=1" "Scrapy/1.7.3 (+https://scrapy.org)" "-"
111.175.6.62 - - [08/Jun/2022:09:21:46 +0800] "GET /forum.php?mod=attachment&aid=Mjk1M3xjMjI3NTMxMHwxNjU0NjUxMzAyfDB8OTMzNg%3D%3D&nothumb=yes HTTP/1.1" 200 65055 "http://www.lszmn.org/forum.php?mod=viewthread&tid=9336&page=1&authorid=1" "Scrapy/1.7.3 (+https://scrapy.org)" "-"
144.255.16.103 - - [08/Jun/2022:09:21:47 +0800] "GET /forum.php?mod=attachment&aid=Mjk1OHw2YzU3YmIxOXwxNjU0NjUxMzAyfDB8OTMzNg%3D%3D&nothumb=yes HTTP/1.1" 200 41350 "http://www.lszmn.org/forum.php?mod=viewthread&tid=9336&page=1&authorid=1" "Scrapy/1.7.3 (+https://scrapy.org)" "-"
125.84.238.245 - - [08/Jun/2022:09:21:48 +0800] "GET /forum.php?mod=attachment&aid=Mjk1NHwwYjE1ZDZmNHwxNjU0NjUxMzAyfDB8OTMzNg%3D%3D&nothumb=yes HTTP/1.1" 200 120493 "http://www.lszmn.org/forum.php?mod=viewthread&tid=9336&page=1&authorid=1" "Scrapy/1.7.3 (+https://scrapy.org)" "-"
144.255.16.103 - - [08/Jun/2022:09:21:48 +0800] "GET /forum.php?mod=attachment&aid=Mjk1N3xlNzFiNTNhNHwxNjU0NjUxMzAyfDB8OTMzNg%3D%3D&nothumb=yes HTTP/1.1" 200 78049 "http://www.lszmn.org/forum.php?mod=viewthread&tid=9336&page=1&authorid=1" "Scrapy/1.7.3 (+https://scrapy.org)" "-"
1.85.216.106 - - [08/Jun/2022:09:21:49 +0800] "GET /forum.php?mod=viewthread&tid=9336&page=1 HTTP/1.1" 200 11183 "http://www.lszmn.org/forum.php?mod=viewthread&tid=9336&page=1&authorid=1" "Scrapy/1.7.3 (+https://scrapy.org)" "-"
175.152.31.70 - - [08/Jun/2022:09:21:49 +0800] "GET /connect.php?mod=login&op=init&referer=forum.php%3Fmod%3Dviewthread%26tid%3D9336%26from%3Dalbum&statfrom=login_simple HTTP/1.1" 302 5 "http://www.lszmn.org/forum.php?mod=viewthread&tid=9336&from=album" "Scrapy/1.7.3 (+https://scrapy.org)" "-"
1.85.216.106 - - [08/Jun/2022:09:21:50 +0800] "GET /forum.php?mod=attachment&aid=Mjk1M3wwNzhhOWEzMXwxNjU0NjUxMzAwfDB8OTMzNg%3D%3D&nothumb=yes HTTP/1.1" 200 65055 "http://www.lszmn.org/forum.php?mod=viewthread&tid=9336&extra=&ordertype=1" "Scrapy/1.7.3 (+https://scrapy.org)" "-"
66.249.64.222 - - [08/Jun/2022:09:21:50 +0800] "GET /forum.php?mod=viewthread&tid=1027&extra=&page=331749&mobile=no HTTP/1.1" 200 19754 "-" "Mozilla/5.0 (Linux; Android 6.0.1; Nexus 5X Build/MMB29P) AppleWebKit/537.36 (KHTML, like Gecko) Chrome/102.0.5005.61 Mobile Safari/537.36 (compatible; Googlebot/2.1; +http://www.google.com/bot.html)" "-"
58.19.47.250 - - [08/Jun/2022:09:21:50 +0800] "GET /forum.php?mod=attachment&aid=Mjk1N3xjMDZiMTJjYnwxNjU0NjUxMzAwfDB8OTMzNg%3D%3D&nothumb=yes HTTP/1.1" 200 78049 "http://www.lszmn.org/forum.php?mod=viewthread&tid=9336&extra=&ordertype=1" "Scrapy/1.7.3 (+https://scrapy.org)" "-"
123.158.61.18 - - [08/Jun/2022:09:21:51 +0800] "GET /forum.php?mod=viewthread&tid=9336&extra=&ordertype=2 HTTP/1.1" 200 11216 "http://www.lszmn.org/forum.php?mod=viewthread&tid=9336&extra=&ordertype=1" "Scrapy/1.7.3 (+https://scrapy.org)" "-"
116.179.37.26 - - [08/Jun/2022:09:21:51 +0800] "GET /data/attachment/forum/201501/08/131854ymkpl9i89rp78ppj.jpg HTTP/1.1" 200 479789 "http://lszmn.org/forum.php?mod=viewthread&tid=1096&ordertype=1" "Mozilla/5.0 (compatible; Baiduspider-render/2.0; +http://www.baidu.com/search/spider.html)" "-"
175.152.31.70 - - [08/Jun/2022:09:21:51 +0800] "GET /forum.php?mod=attachment&aid=Mjk1NHxiYWNlODAzZHwxNjU0NjUxMzAwfDB8OTMzNg%3D%3D&nothumb=yes HTTP/1.1" 200 120493 "http://www.lszmn.org/forum.php?mod=viewthread&tid=9336&extra=&ordertype=1" "Scrapy/1.7.3 (+https://scrapy.org)" "-"
123.158.61.18 - - [08/Jun/2022:09:21:51 +0800] "GET /connect.php?mod=login&op=init&referer=forum.php%3Fmod%3Dviewthread%26tid%3D9336%26extra%3D%26ordertype%3D1&statfrom=login_simple HTTP/1.1" 302 5 "http://www.lszmn.org/forum.php?mod=viewthread&tid=9336&extra=&ordertype=1" "Scrapy/1.7.3 (+https://scrapy.org)" "-"
58.19.47.150 - - [08/Jun/2022:09:21:52 +0800] "GET /forum.php?mod=attachment&aid=Mjk1OHwxODgyNmFkY3wxNjU0NjUxMzAwfDB8OTMzNg%3D%3D&nothumb=yes HTTP/1.1" 200 41350 "http://www.lszmn.org/forum.php?mod=viewthread&tid=9336&extra=&ordertype=1" "Scrapy/1.7.3 (+https://scrapy.org)" "-"
144.255.16.103 - - [08/Jun/2022:09:21:52 +0800] "GET /connect.php?mod=login&op=init&referer=forum.php%3Fmod%3Dviewthread%26tid%3D6653&statfrom=login HTTP/1.1" 302 5 "http://www.lszmn.org/forum.php?mod=viewthread&tid=6653" "Scrapy/1.7.3 (+https://scrapy.org)" "-"
111.175.6.62 - - [08/Jun/2022:09:21:52 +0800] "GET /forum.php?mod=attachment&aid=Mjk1NXxhN2E3MTg4YnwxNjU0NjUxMzAwfDB8OTMzNg%3D%3D&nothumb=yes HTTP/1.1" 200 45859 "http://www.lszmn.org/forum.php?mod=viewthread&tid=9336&extra=&ordertype=1" "Scrapy/1.7.3 (+https://scrapy.org)" "-"
144.255.16.103 - - [08/Jun/2022:09:21:52 +0800] "GET /forum.php?mod=post&action=reply&fid=11&tid=6653 HTTP/1.1" 200 4969 "http://www.lszmn.org/forum.php?mod=viewthread&tid=6653" "Scrapy/1.7.3 (+https://scrapy.org)" "-"
123.158.61.18 - - [08/Jun/2022:09:21:53 +0800] "GET /forum.php?mod=post&action=reply&fid=11&tid=6653&reppost=135158&extra=&page=1 HTTP/1.1" 200 5027 "http://www.lszmn.org/forum.php?mod=viewthread&tid=6653" "Scrapy/1.7.3 (+https://scrapy.org)" "-"
111.175.6.62 - - [08/Jun/2022:09:21:53 +0800] "GET /home.php?mod=spacecp&ac=share&type=thread&id=6653 HTTP/1.1" 200 4865 "http://www.lszmn.org/forum.php?mod=viewthread&tid=6653" "Scrapy/1.7.3 (+https://scrapy.org)" "-"
1.85.216.106 - - [08/Jun/2022:09:21:53 +0800] "GET /home.php?mod=spacecp&ac=follow&op=relay&tid=6653&from=forum HTTP/1.1" 200 4884 "http://www.lszmn.org/forum.php?mod=viewthread&tid=6653" "Scrapy/1.7.3 (+https://scrapy.org)" "-"
1.85.216.106 - - [08/Jun/2022:09:21:53 +0800] "GET /home.php?mod=spacecp&ac=favorite&type=thread&id=6653 HTTP/1.1" 200 4870 "http://www.lszmn.org/forum.php?mod=viewthread&tid=6653" "Scrapy/1.7.3 (+https://scrapy.org)" "-"
144.255.16.103 - - [08/Jun/2022:09:21:53 +0800] "GET /home.php?mod=spacecp&ac=plugin&id=qqconnect:spacecp&pluginop=share&sh_type=4&thread_id=6653 HTTP/1.1" 200 4947 "http://www.lszmn.org/forum.php?mod=viewthread&tid=6653" "Scrapy/1.7.3 (+https://scrapy.org)" "-"
1.85.216.106 - - [08/Jun/2022:09:21:53 +0800] "GET /forum.php?mod=viewthread&tid=6653&extra=&ordertype=1 HTTP/1.1" 200 10666 "http://www.lszmn.org/forum.php?mod=viewthread&tid=6653" "Scrapy/1.7.3 (+https://scrapy.org)" "-"
144.255.16.103 - - [08/Jun/2022:09:21:53 +0800] "GET /forum.php?mod=viewthread&tid=6653&page=1&authorid=1513 HTTP/1.1" 200 10774 "http://www.lszmn.org/forum.php?mod=viewthread&tid=6653" "Scrapy/1.7.3 (+https://scrapy.org)" "-"
123.158.61.18 - - [08/Jun/2022:09:21:54 +0800] "GET /home.php?mod=space&uid=1513&do=profile HTTP/1.1" 200 4258 "http://www.lszmn.org/forum.php?mod=viewthread&tid=6653" "Scrapy/1.7.3 (+https://scrapy.org)" "-"
1.85.216.106 - - [08/Jun/2022:09:21:54 +0800] "GET /connect.php?mod=login&op=init&referer=forum.php%3Fmod%3Dviewthread%26tid%3D9387&statfrom=login HTTP/1.1" 302 5 "http://www.lszmn.org/forum.php?mod=viewthread&tid=9387" "Scrapy/1.7.3 (+https://scrapy.org)" "-"
66.249.70.44 - - [08/Jun/2022:09:21:54 +0800] "GET /static/js/mobile/jquery-1.8.3.min.js?YI5 HTTP/1.1" 404 561 "http://www.lszmn.org/forum.php?mod=viewthread&tid=1027&extra=&page=276752&mobile=2" "Mozilla/5.0 (Linux; Android 6.0.1; Nexus 5X Build/MMB29P) AppleWebKit/537.36 (KHTML, like Gecko) Chrome/101.0.4951.64 Mobile Safari/537.36 (compatible; Googlebot/2.1; +http://www.google.com/bot.html)" "-"
1.85.216.106 - - [08/Jun/2022:09:21:54 +0800] "GET /connect.php?mod=login&op=init&referer=home.php%3Fmod%3Dspacecp%26ac%3Dfollow%26op%3Drelay%26tid%3D6653%26from%3Dforum&statfrom=login_simple HTTP/1.1" 302 5 "http://www.lszmn.org/home.php?mod=spacecp&ac=follow&op=relay&tid=6653&from=forum" "Scrapy/1.7.3 (+https://scrapy.org)" "-"
58.19.47.150 - - [08/Jun/2022:09:21:54 +0800] "GET /forum.php?mod=post&action=reply&fid=7&tid=9387 HTTP/1.1" 200 4965 "http://www.lszmn.org/forum.php?mod=viewthread&tid=9387" "Scrapy/1.7.3 (+https://scrapy.org)" "-"
1.85.216.106 - - [08/Jun/2022:09:21:54 +0800] "GET /connect.php?mod=login&op=init&referer=forum.php%3Fmod%3Dpost%26action%3Dreply%26fid%3D11%26tid%3D6653&statfrom=login_simple HTTP/1.1" 302 5 "http://www.lszmn.org/forum.php?mod=post&action=reply&fid=11&tid=6653" "Scrapy/1.7.3 (+https://scrapy.org)" "-"
123.158.61.18 - - [08/Jun/2022:09:21:54 +0800] "GET /connect.php?mod=login&op=init&referer=home.php%3Fmod%3Dspacecp%26ac%3Dfavorite%26type%3Dthread%26id%3D6653&statfrom=login_simple HTTP/1.1" 302 5 "http://www.lszmn.org/home.php?mod=spacecp&ac=favorite&type=thread&id=6653" "Scrapy/1.7.3 (+https://scrapy.org)" "-"
58.19.47.150 - - [08/Jun/2022:09:21:55 +0800] "GET /connect.php?mod=login&op=init&referer=forum.php%3Fmod%3Dpost%26action%3Dreply%26fid%3D11%26tid%3D6653%26reppost%3D135158%26extra%3D%26page%3D1&statfrom=login_simple HTTP/1.1" 302 5 "http://www.lszmn.org/forum.php?mod=post&action=reply&fid=11&tid=6653&reppost=135158&extra=&page=1" "Scrapy/1.7.3 (+https://scrapy.org)" "-"
1.85.216.106 - - [08/Jun/2022:09:21:55 +0800] "GET /connect.php?mod=login&op=init&referer=home.php%3Fmod%3Dspacecp%26ac%3Dplugin%26id%3Dqqconnect%3Aspacecp%26pluginop%3Dshare%26sh_type%3D4%26thread_id%3D6653&statfrom=login_simple HTTP/1.1" 302 5 "http://www.lszmn.org/home.php?mod=spacecp&ac=plugin&id=qqconnect:spacecp&pluginop=share&sh_type=4&thread_id=6653" "Scrapy/1.7.3 (+https://scrapy.org)" "-"
111.175.6.62 - - [08/Jun/2022:09:21:55 +0800] "GET /connect.php?mod=login&op=init&referer=forum.php%3Fmod%3Dviewthread%26tid%3D6653%26extra%3D%26ordertype%3D1&statfrom=login_simple HTTP/1.1" 302 5 "http://www.lszmn.org/forum.php?mod=viewthread&tid=6653&extra=&ordertype=1" "Scrapy/1.7.3 (+https://scrapy.org)" "-"
175.152.31.70 - - [08/Jun/2022:09:21:55 +0800] "GET /connect.php?mod=login&op=init&referer=forum.php%3Fmod%3Dviewthread%26tid%3D6653%26extra%3D%26ordertype%3D1&statfrom=login HTTP/1.1" 302 5 "http://www.lszmn.org/forum.php?mod=viewthread&tid=6653&extra=&ordertype=1" "Scrapy/1.7.3 (+https://scrapy.org)" "-"
58.19.47.150 - - [08/Jun/2022:09:21:55 +0800] "GET /forum.php?mod=viewthread&tid=6653&extra=&ordertype=2 HTTP/1.1" 200 10787 "http://www.lszmn.org/forum.php?mod=viewthread&tid=6653&extra=&ordertype=1" "Scrapy/1.7.3 (+https://scrapy.org)" "-"
144.255.16.103 - - [08/Jun/2022:09:21:55 +0800] "GET /home.php?mod=spacecp&ac=poke&op=send&uid=1513&handlekey=propokehk_1513 HTTP/1.1" 200 4904 "http://www.lszmn.org/home.php?mod=space&uid=1513&do=profile" "Scrapy/1.7.3 (+https://scrapy.org)" "-"
1.85.216.106 - - [08/Jun/2022:09:21:55 +0800] "GET /home.php?mod=spacecp&ac=pm&op=showmsg&handlekey=showmsg_1513&touid=1513&pmid=0&daterange=2 HTTP/1.1" 200 4933 "http://www.lszmn.org/home.php?mod=space&uid=1513&do=profile" "Scrapy/1.7.3 (+https://scrapy.org)" "-"
185.191.171.38 - - [08/Jun/2022:09:21:55 +0800] "GET /forum.php?action=postreview&do=against&hash=935df0d2&mod=misc&pid=6174114&tid=984 HTTP/1.1" 200 4791 "-" "Mozilla/5.0 (compatible; SemrushBot/7~bl; +http://www.semrush.com/bot.html)" "-"
111.175.6.62 - - [08/Jun/2022:09:21:55 +0800] "GET /home.php?mod=spacecp&ac=friend&op=add&uid=1513&handlekey=addfriendhk_1513 HTTP/1.1" 200 4901 "http://www.lszmn.org/home.php?mod=space&uid=1513&do=profile" "Scrapy/1.7.3 (+https://scrapy.org)" "-"
175.152.31.70 - - [08/Jun/2022:09:21:55 +0800] "GET /connect.php?mod=login&op=init&referer=home.php%3Fmod%3Dspacecp%26ac%3Dshare%26type%3Dthread%26id%3D6653&statfrom=login_simple HTTP/1.1" 302 5 "http://www.lszmn.org/home.php?mod=spacecp&ac=share&type=thread&id=6653" "Scrapy/1.7.3 (+https://scrapy.org)" "-"
58.19.47.150 - - [08/Jun/2022:09:21:56 +0800] "GET /connect.php?mod=login&op=init&referer=forum.php%3Fmod%3Dviewthread%26tid%3D6653%26page%3D1%26authorid%3D1513&statfrom=login HTTP/1.1" 302 5 "http://www.lszmn.org/forum.php?mod=viewthread&tid=6653&page=1&authorid=1513" "Scrapy/1.7.3 (+https://scrapy.org)" "-"
1.85.216.106 - - [08/Jun/2022:09:21:56 +0800] "GET /connect.php?mod=login&op=init&referer=forum.php%3Fmod%3Dviewthread%26tid%3D6653%26page%3D1%26authorid%3D1513&statfrom=login_simple HTTP/1.1" 302 5 "http://www.lszmn.org/forum.php?mod=viewthread&tid=6653&page=1&authorid=1513" "Scrapy/1.7.3 (+https://scrapy.org)" "-"
58.19.47.250 - - [08/Jun/2022:09:21:56 +0800] "GET /forum.php?mod=viewthread&tid=6653&page=1 HTTP/1.1" 200 10752 "http://www.lszmn.org/forum.php?mod=viewthread&tid=6653&page=1&authorid=1513" "Scrapy/1.7.3 (+https://scrapy.org)" "-"
144.255.16.103 - - [08/Jun/2022:09:21:56 +0800] "GET /connect.php?mod=login&op=init&referer=forum.php%3Fmod%3Dpost%26action%3Dreply%26fid%3D7%26tid%3D9387&statfrom=login_simple HTTP/1.1" 302 5 "http://www.lszmn.org/forum.php?mod=post&action=reply&fid=7&tid=9387" "Scrapy/1.7.3 (+https://scrapy.org)" "-"
175.152.31.70 - - [08/Jun/2022:09:21:56 +0800] "GET /home.php?mod=spacecp&ac=follow&op=add&hash=df2537e5&fuid=1513 HTTP/1.1" 200 4890 "http://www.lszmn.org/home.php?mod=space&uid=1513&do=profile" "Scrapy/1.7.3 (+https://scrapy.org)" "-"
111.175.6.62 - - [08/Jun/2022:09:21:56 +0800] "GET /home.php?mod=spacecp&ac=usergroup&gid=3 HTTP/1.1" 200 4841 "http://www.lszmn.org/home.php?mod=space&uid=1513&do=profile" "Scrapy/1.7.3 (+https://scrapy.org)" "-"
123.158.61.18 - - [08/Jun/2022:09:21:56 +0800] "GET /home.php?mod=space&uid=1513&do=thread&view=me&type=reply&from=space HTTP/1.1" 200 4890 "http://www.lszmn.org/home.php?mod=space&uid=1513&do=profile" "Scrapy/1.7.3 (+https://scrapy.org)" "-"
58.19.47.150 - - [08/Jun/2022:09:21:56 +0800] "GET /home.php?mod=space&uid=1513&do=thread&view=me&type=thread&from=space HTTP/1.1" 200 4887 "http://www.lszmn.org/home.php?mod=space&uid=1513&do=profile" "Scrapy/1.7.3 (+https://scrapy.org)" "-"
1.85.216.106 - - [08/Jun/2022:09:21:57 +0800] "GET /home.php?mod=space&uid=1513&do=friend&view=me&from=space HTTP/1.1" 200 4080 "http://www.lszmn.org/home.php?mod=space&uid=1513&do=profile" "Scrapy/1.7.3 (+https://scrapy.org)" "-"
58.19.47.250 - - [08/Jun/2022:09:21:57 +0800] "GET /home.php?mod=space&uid=1513&do=wall HTTP/1.1" 200 4493 "http://www.lszmn.org/home.php?mod=space&uid=1513&do=profile" "Scrapy/1.7.3 (+https://scrapy.org)" "-"
144.255.16.103 - - [08/Jun/2022:09:21:57 +0800] "GET /home.php?mod=space&uid=1513&do=share&view=me&from=space HTTP/1.1" 200 3891 "http://www.lszmn.org/home.php?mod=space&uid=1513&do=profile" "Scrapy/1.7.3 (+https://scrapy.org)" "-"
175.152.31.70 - - [08/Jun/2022:09:21:57 +0800] "GET /home.php?mod=space&uid=1513&do=thread&view=me&from=space HTTP/1.1" 200 4868 "http://www.lszmn.org/home.php?mod=space&uid=1513&do=profile" "Scrapy/1.7.3 (+https://scrapy.org)" "-"
111.175.6.62 - - [08/Jun/2022:09:21:57 +0800] "GET /home.php?mod=follow&uid=1513&do=view HTTP/1.1" 200 4831 "http://www.lszmn.org/home.php?mod=space&uid=1513&do=profile" "Scrapy/1.7.3 (+https://scrapy.org)" "-"
58.19.47.150 - - [08/Jun/2022:09:21:57 +0800] "GET /home.php?mod=space&uid=1513&do=album&view=me&from=space HTTP/1.1" 200 3747 "http://www.lszmn.org/home.php?mod=space&uid=1513&do=profile" "Scrapy/1.7.3 (+https://scrapy.org)" "-"
1.85.216.106 - - [08/Jun/2022:09:21:57 +0800] "GET /home.php?mod=space&uid=1513&do=blog&view=me&from=space HTTP/1.1" 200 3709 "http://www.lszmn.org/home.php?mod=space&uid=1513&do=profile" "Scrapy/1.7.3 (+https://scrapy.org)" "-"
58.19.47.250 - - [08/Jun/2022:09:21:57 +0800] "GET /home.php?mod=space&uid=1513&do=doing&view=me&from=space HTTP/1.1" 200 3657 "http://www.lszmn.org/home.php?mod=space&uid=1513&do=profile" "Scrapy/1.7.3 (+https://scrapy.org)" "-"
175.152.31.70 - - [08/Jun/2022:09:21:57 +0800] "GET /home.php?mod=space&uid=1513&do=home&view=me&from=space HTTP/1.1" 200 4099 "http://www.lszmn.org/home.php?mod=space&uid=1513&do=profile" "Scrapy/1.7.3 (+https://scrapy.org)" "-"
66.249.70.44 - - [08/Jun/2022:09:21:57 +0800] "GET /static/js/mobile/jquery-1.8.3.min.js?YI5 HTTP/1.1" 404 561 "http://www.lszmn.org/forum.php?mod=viewthread&tid=1027&extra=&page=276752&mobile=2" "Mozilla/5.0 (Linux; Android 6.0.1; Nexus 5X Build/MMB29P) AppleWebKit/537.36 (KHTML, like Gecko) Chrome/101.0.4951.64 Mobile Safari/537.36 (compatible; Googlebot/2.1; +http://www.google.com/bot.html)" "-"
58.19.47.150 - - [08/Jun/2022:09:21:57 +0800] "GET /home.php?mod=spacecp&ac=share&type=space&id=1513 HTTP/1.1" 200 4858 "http://www.lszmn.org/home.php?mod=space&uid=1513&do=profile" "Scrapy/1.7.3 (+https://scrapy.org)" "-"
144.255.16.103 - - [08/Jun/2022:09:21:57 +0800] "GET /home.php?mod=rss&uid=1513 HTTP/1.1" 200 637 "http://www.lszmn.org/home.php?mod=space&uid=1513&do=profile" "Scrapy/1.7.3 (+https://scrapy.org)" "-"
185.191.171.13 - - [08/Jun/2022:09:21:57 +0800] "GET /forum.php?action=postreview&do=against&hash=8e5b9fcd&mod=misc&pid=16518&tid=31 HTTP/1.1" 200 4789 "-" "Mozilla/5.0 (compatible; SemrushBot/7~bl; +http://www.semrush.com/bot.html)" "-"
111.175.6.62 - - [08/Jun/2022:09:21:57 +0800] "GET /home.php?mod=space&uid=1513&do=index HTTP/1.1" 200 4954 "http://www.lszmn.org/home.php?mod=space&uid=1513&do=profile" "Scrapy/1.7.3 (+https://scrapy.org)" "-"
1.85.216.106 - - [08/Jun/2022:09:21:58 +0800] "GET /?1513 HTTP/1.1" 200 4770 "http://www.lszmn.org/home.php?mod=space&uid=1513&do=profile" "Scrapy/1.7.3 (+https://scrapy.org)" "-"
58.19.47.250 - - [08/Jun/2022:09:21:58 +0800] "GET /forum.php?mod=post&action=reply&fid=7&tid=9387&reppost=6879941&extra=&page=1 HTTP/1.1" 200 5018 "http://www.lszmn.org/forum.php?mod=viewthread&tid=9387" "Scrapy/1.7.3 (+https://scrapy.org)" "-"
125.84.238.245 - - [08/Jun/2022:09:21:58 +0800] "GET /home.php?mod=spacecp&ac=share&type=thread&id=9387 HTTP/1.1" 200 4865 "http://www.lszmn.org/forum.php?mod=viewthread&tid=9387" "Scrapy/1.7.3 (+https://scrapy.org)" "-"
58.19.47.150 - - [08/Jun/2022:09:21:58 +0800] "GET /home.php?mod=spacecp&ac=plugin&id=qqconnect:spacecp&pluginop=share&sh_type=4&thread_id=9387 HTTP/1.1" 200 4947 "http://www.lszmn.org/forum.php?mod=viewthread&tid=9387" "Scrapy/1.7.3 (+https://scrapy.org)" "-"
175.152.31.70 - - [08/Jun/2022:09:21:58 +0800] "GET /home.php?mod=spacecp&ac=follow&op=relay&tid=9387&from=forum HTTP/1.1" 200 4881 "http://www.lszmn.org/forum.php?mod=viewthread&tid=9387" "Scrapy/1.7.3 (+https://scrapy.org)" "-"
144.255.16.103 - - [08/Jun/2022:09:21:58 +0800] "GET /home.php?mod=spacecp&ac=favorite&type=thread&id=9387 HTTP/1.1" 200 4870 "http://www.lszmn.org/forum.php?mod=viewthread&tid=9387" "Scrapy/1.7.3 (+https://scrapy.org)" "-"
125.84.238.245 - - [08/Jun/2022:09:21:58 +0800] "GET /forum.php?mod=viewthread&tid=9387&extra=&ordertype=1 HTTP/1.1" 200 12200 "http://www.lszmn.org/forum.php?mod=viewthread&tid=9387" "Scrapy/1.7.3 (+https://scrapy.org)" "-"
125.84.238.245 - - [08/Jun/2022:09:21:59 +0800] "GET /forum.php?mod=viewthread&tid=9387&from=album HTTP/1.1" 200 8269 "http://www.lszmn.org/forum.php?mod=viewthread&tid=9387" "Scrapy/1.7.3 (+https://scrapy.org)" "-"
123.158.61.18 - - [08/Jun/2022:09:22:00 +0800] "GET /forum.php?mod=viewthread&tid=9387&page=1&authorid=1 HTTP/1.1" 200 12319 "http://www.lszmn.org/forum.php?mod=viewthread&tid=9387" "Scrapy/1.7.3 (+https://scrapy.org)" "-"
185.191.171.39 - - [08/Jun/2022:09:22:01 +0800] "GET /forum.php?action=postreview&do=against&hash=76eebfdd&mod=misc&pid=37343&tid=1027 HTTP/1.1" 200 4790 "-" "Mozilla/5.0 (compatible; SemrushBot/7~bl; +http://www.semrush.com/bot.html)" "-"
125.84.238.245 - - [08/Jun/2022:09:22:01 +0800] "GET /connect.php?mod=login&op=init&referer=forum.php%3Fmod%3Dviewthread%26tid%3D6724&statfrom=login HTTP/1.1" 302 5 "http://www.lszmn.org/forum.php?mod=viewthread&tid=6724" "Scrapy/1.7.3 (+https://scrapy.org)" "-"
125.84.238.245 - - [08/Jun/2022:09:22:01 +0800] "GET /forum.php?mod=post&action=reply&fid=11&tid=6724 HTTP/1.1" 200 4968 "http://www.lszmn.org/forum.php?mod=viewthread&tid=6724" "Scrapy/1.7.3 (+https://scrapy.org)" "-"
123.158.61.18 - - [08/Jun/2022:09:22:01 +0800] "GET /forum.php?mod=post&action=reply&fid=11&tid=6724&reppost=135278&extra=&page=1 HTTP/1.1" 200 5027 "http://www.lszmn.org/forum.php?mod=viewthread&tid=6724" "Scrapy/1.7.3 (+https://scrapy.org)" "-"
125.84.238.245 - - [08/Jun/2022:09:22:03 +0800] "GET /home.php?mod=spacecp&ac=share&type=thread&id=6724 HTTP/1.1" 200 4865 "http://www.lszmn.org/forum.php?mod=viewthread&tid=6724" "Scrapy/1.7.3 (+https://scrapy.org)" "-"
125.84.238.245 - - [08/Jun/2022:09:22:03 +0800] "GET /connect.php?mod=login&op=init&referer=forum.php%3Fmod%3Dpost%26action%3Dreply%26fid%3D7%26tid%3D9387%26reppost%3D6879941%26extra%3D%26page%3D1&statfrom=login_simple HTTP/1.1" 302 5 "http://www.lszmn.org/forum.php?mod=post&action=reply&fid=7&tid=9387&reppost=6879941&extra=&page=1" "Scrapy/1.7.3 (+https://scrapy.org)" "-"
125.84.238.245 - - [08/Jun/2022:09:22:03 +0800] "GET /home.php?mod=spacecp&ac=follow&op=relay&tid=6724&from=forum HTTP/1.1" 200 4883 "http://www.lszmn.org/forum.php?mod=viewthread&tid=6724" "Scrapy/1.7.3 (+https://scrapy.org)" "-"
125.84.238.245 - - [08/Jun/2022:09:22:04 +0800] "GET /connect.php?mod=login&op=init&referer=home.php%3Fmod%3Dspacecp%26ac%3Dshare%26type%3Dthread%26id%3D9387&statfrom=login_simple HTTP/1.1" 302 5 "http://www.lszmn.org/home.php?mod=spacecp&ac=share&type=thread&id=9387" "Scrapy/1.7.3 (+https://scrapy.org)" "-"
125.84.238.245 - - [08/Jun/2022:09:22:04 +0800] "GET /connect.php?mod=login&op=init&referer=forum.php%3Fmod%3Dviewthread%26tid%3D9387%26extra%3D%26ordertype%3D1&statfrom=login HTTP/1.1" 302 5 "http://www.lszmn.org/forum.php?mod=viewthread&tid=9387&extra=&ordertype=1" "Scrapy/1.7.3 (+https://scrapy.org)" "-"
58.19.47.150 - - [08/Jun/2022:09:22:04 +0800] "GET /forum.php?mod=attachment&aid=MzM2OXw0NDc4MjA3YXwxNjU0NjUxMTYxfDB8OTM4Nw%3D%3D&nothumb=yes HTTP/1.1" 200 177726 "http://www.lszmn.org/forum.php?mod=viewthread&tid=9387" "Scrapy/1.7.3 (+https://scrapy.org)" "-"
1.85.216.106 - - [08/Jun/2022:09:22:06 +0800] "GET /forum.php?mod=attachment&aid=MzM3MHxhMmQzNDU5MnwxNjU0NjUxMTYxfDB8OTM4Nw%3D%3D&nothumb=yes HTTP/1.1" 200 311385 "http://www.lszmn.org/forum.php?mod=viewthread&tid=9387" "Scrapy/1.7.3 (+https://scrapy.org)" "-"
111.175.6.62 - - [08/Jun/2022:09:22:08 +0800] "GET /forum.php?mod=attachment&aid=MzM3MXw5MjI1OTE2OXwxNjU0NjUxMTYxfDB8OTM4Nw%3D%3D&nothumb=yes HTTP/1.1" 200 507559 "http://www.lszmn.org/forum.php?mod=viewthread&tid=9387" "Scrapy/1.7.3 (+https://scrapy.org)" "-"
58.19.47.150 - - [08/Jun/2022:09:22:10 +0800] "GET /forum.php?mod=post&action=reply&fid=7&tid=9387&extra=&page=1&from=album HTTP/1.1" 200 5007 "http://www.lszmn.org/forum.php?mod=viewthread&tid=9387&from=album" "Scrapy/1.7.3 (+https://scrapy.org)" "-"
123.158.61.18 - - [08/Jun/2022:09:22:10 +0800] "GET /connect.php?mod=login&op=init&referer=forum.php%3Fmod%3Dviewthread%26tid%3D9387%26page%3D1%26authorid%3D1&statfrom=login HTTP/1.1" 302 5 "http://www.lszmn.org/forum.php?mod=viewthread&tid=9387&page=1&authorid=1" "Scrapy/1.7.3 (+https://scrapy.org)" "-"
58.19.47.150 - - [08/Jun/2022:09:22:10 +0800] "GET /connect.php?mod=login&op=init&referer=forum.php%3Fmod%3Dpost%26action%3Dreply%26fid%3D11%26tid%3D6724&statfrom=login_simple HTTP/1.1" 302 5 "http://www.lszmn.org/forum.php?mod=post&action=reply&fid=11&tid=6724" "Scrapy/1.7.3 (+https://scrapy.org)" "-"
123.158.61.18 - - [08/Jun/2022:09:22:10 +0800] "GET /connect.php?mod=login&op=init&referer=home.php%3Fmod%3Dspacecp%26ac%3Dshare%26type%3Dthread%26id%3D6724&statfrom=login_simple HTTP/1.1" 302 5 "http://www.lszmn.org/home.php?mod=spacecp&ac=share&type=thread&id=6724" "Scrapy/1.7.3 (+https://scrapy.org)" "-"
58.19.47.250 - - [08/Jun/2022:09:22:11 +0800] "GET /forum.php?mod=attachment&aid=MzM3Mnw2N2U0NzdhNnwxNjU0NjUxMTYxfDB8OTM4Nw%3D%3D&nothumb=yes HTTP/1.1" 200 441066 "http://www.lszmn.org/forum.php?mod=viewthread&tid=9387" "Scrapy/1.7.3 (+https://scrapy.org)" "-"
58.19.47.150 - - [08/Jun/2022:09:22:11 +0800] "GET /connect.php?mod=login&op=init&referer=home.php%3Fmod%3Dspacecp%26ac%3Dfollow%26op%3Drelay%26tid%3D6724%26from%3Dforum&statfrom=login_simple HTTP/1.1" 302 5 "http://www.lszmn.org/home.php?mod=spacecp&ac=follow&op=relay&tid=6724&from=forum" "Scrapy/1.7.3 (+https://scrapy.org)" "-"
58.19.47.150 - - [08/Jun/2022:09:22:13 +0800] "GET /connect.php?mod=login&op=init&referer=forum.php%3Fmod%3Dpost%26action%3Dreply%26fid%3D11%26tid%3D6724%26reppost%3D135278%26extra%3D%26page%3D1&statfrom=login_simple HTTP/1.1" 302 5 "http://www.lszmn.org/forum.php?mod=post&action=reply&fid=11&tid=6724&reppost=135278&extra=&page=1" "Scrapy/1.7.3 (+https://scrapy.org)" "-"
175.152.31.70 - - [08/Jun/2022:09:22:13 +0800] "GET /forum.php?mod=attachment&aid=MzM2OHw1ZDk0NDFiNnwxNjU0NjUxMTYxfDB8OTM4Nw%3D%3D&nothumb=yes HTTP/1.1" 200 417216 "http://www.lszmn.org/forum.php?mod=viewthread&tid=9387" "Scrapy/1.7.3 (+https://scrapy.org)" "-"
144.255.16.103 - - [08/Jun/2022:09:22:13 +0800] "GET /forum.php?mod=attachment&aid=MzM2N3w0NGI5YWRmMnwxNjU0NjUxMTYxfDB8OTM4Nw%3D%3D&nothumb=yes HTTP/1.1" 200 351680 "http://www.lszmn.org/forum.php?mod=viewthread&tid=9387" "Scrapy/1.7.3 (+https://scrapy.org)" "-"
171.117.20.46 - - [08/Jun/2022:09:22:14 +0800] "GET /forum.php?mod=attachment&aid=MzM2OXwwZTk3MjQ4NnwxNjU0NjUxMzIwfDB8OTM4Nw%3D%3D&nothumb=yes HTTP/1.1" 200 177726 "http://www.lszmn.org/forum.php?mod=viewthread&tid=9387&page=1&authorid=1" "Scrapy/1.7.3 (+https://scrapy.org)" "-"
125.84.238.245 - - [08/Jun/2022:09:22:19 +0800] "GET /forum.php?mod=attachment&aid=MzM3Mnw2NjVkYzBlZXwxNjU0NjUxMzE4fDB8OTM4Nw%3D%3D&nothumb=yes HTTP/1.1" 200 347584 "http://www.lszmn.org/forum.php?mod=viewthread&tid=9387&extra=&ordertype=1" "Scrapy/1.7.3 (+https://scrapy.org)" "-"
124.31.106.62 - - [08/Jun/2022:09:22:19 +0800] "GET /forum.php?mod=viewthread&tid=9387&page=1 HTTP/1.1" 200 12313 "http://www.lszmn.org/forum.php?mod=viewthread&tid=9387&page=1&authorid=1" "Scrapy/1.7.3 (+https://scrapy.org)" "-"
124.31.106.62 - - [08/Jun/2022:09:22:22 +0800] "GET /connect.php?mod=login&op=init&referer=forum.php%3Fmod%3Dviewthread%26tid%3D9387%26page%3D1%26authorid%3D1&statfrom=login_simple HTTP/1.1" 302 5 "http://www.lszmn.org/forum.php?mod=viewthread&tid=9387&page=1&authorid=1" "Scrapy/1.7.3 (+https://scrapy.org)" "-"
124.31.106.62 - - [08/Jun/2022:09:22:22 +0800] "GET /connect.php?mod=login&op=init&referer=forum.php%3Fmod%3Dviewthread%26tid%3D9387%26from%3Dalbum&statfrom=login_simple HTTP/1.1" 302 5 "http://www.lszmn.org/forum.php?mod=viewthread&tid=9387&from=album" "Scrapy/1.7.3 (+https://scrapy.org)" "-"
171.118.61.232 - - [08/Jun/2022:09:22:25 +0800] "GET /forum.php?mod=attachment&aid=MzM2N3w3MDhjNGZhYXwxNjU0NjUxMzIwfDB8OTM4Nw%3D%3D&nothumb=yes HTTP/1.1" 200 422863 "http://www.lszmn.org/forum.php?mod=viewthread&tid=9387&page=1&authorid=1" "Scrapy/1.7.3 (+https://scrapy.org)" "-"
123.158.61.18 - - [08/Jun/2022:09:22:26 +0800] "GET /forum.php?mod=attachment&aid=MzM3Mnw1NTQ1Y2QwNnwxNjU0NjUxMzIwfDB8OTM4Nw%3D%3D&nothumb=yes HTTP/1.1" 200 282144 "http://www.lszmn.org/forum.php?mod=viewthread&tid=9387&page=1&authorid=1" "Scrapy/1.7.3 (+https://scrapy.org)" "-"
1.85.216.106 - - [08/Jun/2022:09:22:26 +0800] "GET /forum.php?mod=attachment&aid=MzM3MXwzYjNkYjhlZXwxNjU0NjUxMzIwfDB8OTM4Nw%3D%3D&nothumb=yes HTTP/1.1" 200 507559 "http://www.lszmn.org/forum.php?mod=viewthread&tid=9387&page=1&authorid=1" "Scrapy/1.7.3 (+https://scrapy.org)" "-"
58.19.47.150 - - [08/Jun/2022:09:22:27 +0800] "GET /forum.php?mod=attachment&aid=MzM3MHxkZGJmYjg4Y3wxNjU0NjUxMzIwfDB8OTM4Nw%3D%3D&nothumb=yes HTTP/1.1" 200 311385 "http://www.lszmn.org/forum.php?mod=viewthread&tid=9387&page=1&authorid=1" "Scrapy/1.7.3 (+https://scrapy.org)" "-"
39.82.208.105 - - [08/Jun/2022:09:22:27 +0800] "GET /forum.php?mod=attachment&aid=MzM2OXwzMmI2NjVkN3wxNjU0NjUxMzE4fDB8OTM4Nw%3D%3D&nothumb=yes HTTP/1.1" 200 177726 "http://www.lszmn.org/forum.php?mod=viewthread&tid=9387&extra=&ordertype=1" "Scrapy/1.7.3 (+https://scrapy.org)" "-"
182.242.161.188 - - [08/Jun/2022:09:22:28 +0800] "GET /forum.php?mod=attachment&aid=MzM2OHxhY2YwM2I2NHwxNjU0NjUxMzIwfDB8OTM4Nw%3D%3D&nothumb=yes HTTP/1.1" 200 552063 "http://www.lszmn.org/forum.php?mod=viewthread&tid=9387&page=1&authorid=1" "Scrapy/1.7.3 (+https://scrapy.org)" "-"
110.177.183.137 - - [08/Jun/2022:09:22:28 +0800] "GET /forum.php?mod=viewthread&tid=9387&extra=&ordertype=2 HTTP/1.1" 200 12329 "http://www.lszmn.org/forum.php?mod=viewthread&tid=9387&extra=&ordertype=1" "Scrapy/1.7.3 (+https://scrapy.org)" "-"
61.181.2.212 - - [08/Jun/2022:09:22:29 +0800] "GET /connect.php?mod=login&op=init&referer=forum.php%3Fmod%3Dviewthread%26tid%3D9387%26extra%3D%26ordertype%3D1&statfrom=login_simple HTTP/1.1" 302 5 "http://www.lszmn.org/forum.php?mod=viewthread&tid=9387&extra=&ordertype=1" "Scrapy/1.7.3 (+https://scrapy.org)" "-"
36.5.157.143 - - [08/Jun/2022:09:22:29 +0800] "GET /connect.php?mod=login&op=init&referer=home.php%3Fmod%3Dspacecp%26ac%3Dfavorite%26type%3Dthread%26id%3D9387&statfrom=login_simple HTTP/1.1" 302 5 "http://www.lszmn.org/home.php?mod=spacecp&ac=favorite&type=thread&id=9387" "Scrapy/1.7.3 (+https://scrapy.org)" "-"
61.181.2.212 - - [08/Jun/2022:09:22:29 +0800] "GET /connect.php?mod=login&op=init&referer=home.php%3Fmod%3Dspacecp%26ac%3Dplugin%26id%3Dqqconnect%3Aspacecp%26pluginop%3Dshare%26sh_type%3D4%26thread_id%3D9387&statfrom=login_simple HTTP/1.1" 302 5 "http://www.lszmn.org/home.php?mod=spacecp&ac=plugin&id=qqconnect:spacecp&pluginop=share&sh_type=4&thread_id=9387" "Scrapy/1.7.3 (+https://scrapy.org)" "-"
36.5.157.143 - - [08/Jun/2022:09:22:29 +0800] "GET /connect.php?mod=login&op=init&referer=home.php%3Fmod%3Dspacecp%26ac%3Dfollow%26op%3Drelay%26tid%3D9387%26from%3Dforum&statfrom=login_simple HTTP/1.1" 302 5 "http://www.lszmn.org/home.php?mod=spacecp&ac=follow&op=relay&tid=9387&from=forum" "Scrapy/1.7.3 (+https://scrapy.org)" "-"
110.177.183.137 - - [08/Jun/2022:09:22:29 +0800] "GET /home.php?mod=spacecp&ac=favorite&type=thread&id=6724 HTTP/1.1" 200 4871 "http://www.lszmn.org/forum.php?mod=viewthread&tid=6724" "Scrapy/1.7.3 (+https://scrapy.org)" "-"
61.181.2.212 - - [08/Jun/2022:09:22:29 +0800] "GET /home.php?mod=spacecp&ac=plugin&id=qqconnect:spacecp&pluginop=share&sh_type=4&thread_id=6724 HTTP/1.1" 200 4948 "http://www.lszmn.org/forum.php?mod=viewthread&tid=6724" "Scrapy/1.7.3 (+https://scrapy.org)" "-"
36.5.157.143 - - [08/Jun/2022:09:22:30 +0800] "GET /forum.php?mod=attachment&aid=MTAzNXw2NDYxNWM4NnwxNjU0NjUxMTYxfDB8NjcyNA%3D%3D&nothumb=yes HTTP/1.1" 200 127952 "http://www.lszmn.org/forum.php?mod=viewthread&tid=6724" "Scrapy/1.7.3 (+https://scrapy.org)" "-"
110.177.183.137 - - [08/Jun/2022:09:22:32 +0800] "GET /forum.php?mod=attachment&aid=MTAzNHwxN2Y5ZDVlZnwxNjU0NjUxMTYxfDB8NjcyNA%3D%3D&nothumb=yes HTTP/1.1" 200 114711 "http://www.lszmn.org/forum.php?mod=viewthread&tid=6724" "Scrapy/1.7.3 (+https://scrapy.org)" "-"
61.181.2.212 - - [08/Jun/2022:09:22:33 +0800] "GET /connect.php?mod=login&op=init&referer=home.php%3Fmod%3Dspacecp%26ac%3Dfavorite%26type%3Dthread%26id%3D6724&statfrom=login_simple HTTP/1.1" 302 5 "http://www.lszmn.org/home.php?mod=spacecp&ac=favorite&type=thread&id=6724" "Scrapy/1.7.3 (+https://scrapy.org)" "-"
39.82.208.105 - - [08/Jun/2022:09:22:33 +0800] "GET /forum.php?mod=attachment&aid=MTAzM3w3ZWRiMjU4NXwxNjU0NjUxMTYxfDB8NjcyNA%3D%3D&nothumb=yes HTTP/1.1" 200 138839 "http://www.lszmn.org/forum.php?mod=viewthread&tid=6724" "Scrapy/1.7.3 (+https://scrapy.org)" "-"
61.181.2.212 - - [08/Jun/2022:09:22:35 +0800] "GET /forum.php?mod=attachment&aid=MTAzMnw5YTZjNWRjNnwxNjU0NjUxMTYxfDB8NjcyNA%3D%3D&nothumb=yes HTTP/1.1" 200 141053 "http://www.lszmn.org/forum.php?mod=viewthread&tid=6724" "Scrapy/1.7.3 (+https://scrapy.org)" "-"
124.31.106.62 - - [08/Jun/2022:09:22:37 +0800] "GET /forum.php?mod=attachment&aid=MzM3MXwzYzY4Nzk3ZXwxNjU0NjUxMzE4fDB8OTM4Nw%3D%3D&nothumb=yes HTTP/1.1" 200 413120 "http://www.lszmn.org/forum.php?mod=viewthread&tid=9387&extra=&ordertype=1" "Scrapy/1.7.3 (+https://scrapy.org)" "-"
36.5.157.143 - - [08/Jun/2022:09:22:38 +0800] "GET /forum.php?mod=attachment&aid=MTAzMXxjNTFiNzAyYXwxNjU0NjUxMTYxfDB8NjcyNA%3D%3D&nothumb=yes HTTP/1.1" 200 187469 "http://www.lszmn.org/forum.php?mod=viewthread&tid=6724" "Scrapy/1.7.3 (+https://scrapy.org)" "-"
39.82.208.105 - - [08/Jun/2022:09:22:38 +0800] "GET /forum.php?mod=viewthread&tid=6724&extra=&ordertype=1 HTTP/1.1" 200 10684 "http://www.lszmn.org/forum.php?mod=viewthread&tid=6724" "Scrapy/1.7.3 (+https://scrapy.org)" "-"
125.36.255.2 - - [08/Jun/2022:09:22:38 +0800] "GET /forum.php?mod=viewthread&tid=6724&from=album HTTP/1.1" 200 8289 "http://www.lszmn.org/forum.php?mod=viewthread&tid=6724" "Scrapy/1.7.3 (+https://scrapy.org)" "-"
171.117.20.46 - - [08/Jun/2022:09:22:38 +0800] "GET /forum.php?mod=attachment&aid=MzM3MHxmYjgwNGI4NXwxNjU0NjUxMzE4fDB8OTM4Nw%3D%3D&nothumb=yes HTTP/1.1" 200 150976 "http://www.lszmn.org/forum.php?mod=viewthread&tid=9387&extra=&ordertype=1" "Scrapy/1.7.3 (+https://scrapy.org)" "-"
39.82.208.105 - - [08/Jun/2022:09:22:38 +0800] "GET /connect.php?mod=login&op=init&referer=home.php%3Fmod%3Dspacecp%26ac%3Dplugin%26id%3Dqqconnect%3Aspacecp%26pluginop%3Dshare%26sh_type%3D4%26thread_id%3D6724&statfrom=login_simple HTTP/1.1" 302 5 "http://www.lszmn.org/home.php?mod=spacecp&ac=plugin&id=qqconnect:spacecp&pluginop=share&sh_type=4&thread_id=6724" "Scrapy/1.7.3 (+https://scrapy.org)" "-"
220.250.10.19 - - [08/Jun/2022:09:22:39 +0800] "GET /forum.php?mod=viewthread&tid=6724&page=1&authorid=1873 HTTP/1.1" 200 10572 "http://www.lszmn.org/forum.php?mod=viewthread&tid=6724" "Scrapy/1.7.3 (+https://scrapy.org)" "-"
39.82.208.105 - - [08/Jun/2022:09:22:39 +0800] "GET /home.php?mod=space&uid=1873&do=profile HTTP/1.1" 200 4334 "http://www.lszmn.org/forum.php?mod=viewthread&tid=6724" "Scrapy/1.7.3 (+https://scrapy.org)" "-"
39.82.208.105 - - [08/Jun/2022:09:22:39 +0800] "GET /connect.php?mod=login&op=init&referer=forum.php%3Fmod%3Dviewthread%26tid%3D6724&statfrom=login_simple HTTP/1.1" 302 5 "http://www.lszmn.org/forum.php?mod=viewthread&tid=6724" "Scrapy/1.7.3 (+https://scrapy.org)" "-"
220.250.10.19 - - [08/Jun/2022:09:22:39 +0800] "GET /connect.php?mod=login&op=init&referer=forum.php%3Fmod%3Dviewthread%26tid%3D188%26extra%3D%26ordertype%3D1&statfrom=login HTTP/1.1" 302 5 "http://www.lszmn.org/forum.php?mod=viewthread&tid=188&extra=&ordertype=1" "Scrapy/1.7.3 (+https://scrapy.org)" "-"
39.82.208.105 - - [08/Jun/2022:09:22:39 +0800] "GET /forum.php?mod=viewthread&tid=188&extra=&ordertype=2 HTTP/1.1" 200 11482 "http://www.lszmn.org/forum.php?mod=viewthread&tid=188&extra=&ordertype=1" "Scrapy/1.7.3 (+https://scrapy.org)" "-"
220.250.10.19 - - [08/Jun/2022:09:22:40 +0800] "GET /forum.php?mod=post&action=reply&fid=7&tid=6890&extra=&page=1 HTTP/1.1" 200 4987 "http://www.lszmn.org/forum.php?mod=viewthread&tid=6890" "Scrapy/1.7.3 (+https://scrapy.org)" "-"
39.82.208.105 - - [08/Jun/2022:09:22:40 +0800] "GET /connect.php?mod=login&op=init&referer=forum.php%3Fmod%3Dviewthread%26tid%3D6724%26extra%3D%26ordertype%3D1&statfrom=login_simple HTTP/1.1" 302 5 "http://www.lszmn.org/forum.php?mod=viewthread&tid=6724&extra=&ordertype=1" "Scrapy/1.7.3 (+https://scrapy.org)" "-"
39.82.208.105 - - [08/Jun/2022:09:22:40 +0800] "GET /forum.php?mod=viewthread&tid=6724&extra=&ordertype=1&page=2 HTTP/1.1" 200 5021 "http://www.lszmn.org/forum.php?mod=viewthread&tid=6724&extra=&ordertype=1" "Scrapy/1.7.3 (+https://scrapy.org)" "-"
220.250.63.243 - - [08/Jun/2022:09:22:40 +0800] "GET /forum.php?mod=attachment&aid=MzM2N3w0ZTZkYjA5ZnwxNjU0NjUxMzE4fDB8OTM4Nw%3D%3D&nothumb=yes HTTP/1.1" 200 422863 "http://www.lszmn.org/forum.php?mod=viewthread&tid=9387&extra=&ordertype=1" "Scrapy/1.7.3 (+https://scrapy.org)" "-"
220.250.10.19 - - [08/Jun/2022:09:22:40 +0800] "GET /connect.php?mod=login&op=init&referer=forum.php%3Fmod%3Dviewthread%26tid%3D6724%26extra%3D%26ordertype%3D1&statfrom=login HTTP/1.1" 302 5 "http://www.lszmn.org/forum.php?mod=viewthread&tid=6724&extra=&ordertype=1" "Scrapy/1.7.3 (+https://scrapy.org)" "-"
125.36.255.2 - - [08/Jun/2022:09:22:40 +0800] "GET /?1873 HTTP/1.1" 200 4773 "http://www.lszmn.org/home.php?mod=space&uid=1873&do=profile" "Scrapy/1.7.3 (+https://scrapy.org)" "-"
220.250.10.19 - - [08/Jun/2022:09:22:41 +0800] "GET /connect.php?mod=login&op=init&referer=forum.php%3Fmod%3Dviewthread%26tid%3D6724%26page%3D1%26authorid%3D1873&statfrom=login HTTP/1.1" 302 5 "http://www.lszmn.org/forum.php?mod=viewthread&tid=6724&page=1&authorid=1873" "Scrapy/1.7.3 (+https://scrapy.org)" "-"
220.250.10.19 - - [08/Jun/2022:09:22:41 +0800] "GET /connect.php?mod=login&op=init&referer=forum.php%3Fmod%3Dpost%26action%3Dreply%26fid%3D7%26tid%3D6890%26extra%3D%26page%3D1&statfrom=login_simple HTTP/1.1" 302 5 "http://www.lszmn.org/forum.php?mod=post&action=reply&fid=7&tid=6890&extra=&page=1" "Scrapy/1.7.3 (+https://scrapy.org)" "-"
120.0.8.68 - - [08/Jun/2022:09:22:41 +0800] "GET /forum.php?mod=attachment&aid=MzM2OHxhMjI2NmJmZHwxNjU0NjUxMzE4fDB8OTM4Nw%3D%3D&nothumb=yes HTTP/1.1" 200 413120 "http://www.lszmn.org/forum.php?mod=viewthread&tid=9387&extra=&ordertype=1" "Scrapy/1.7.3 (+https://scrapy.org)" "-"
39.82.208.105 - - [08/Jun/2022:09:22:41 +0800] "GET /forum.php?mod=attachment&aid=MTAzNXw2MTM1NTY2ZnwxNjU0NjUxMzU5fDB8NjcyNA%3D%3D&nothumb=yes HTTP/1.1" 200 127952 "http://www.lszmn.org/forum.php?mod=viewthread&tid=6724&page=1&authorid=1873" "Scrapy/1.7.3 (+https://scrapy.org)" "-"
36.5.157.143 - - [08/Jun/2022:09:22:42 +0800] "GET /forum.php?mod=post&action=reply&fid=11&tid=6724&extra=&page=1&from=album HTTP/1.1" 200 5016 "http://www.lszmn.org/forum.php?mod=viewthread&tid=6724&from=album" "Scrapy/1.7.3 (+https://scrapy.org)" "-"
36.5.157.143 - - [08/Jun/2022:09:22:42 +0800] "GET /connect.php?mod=login&op=init&referer=forum.php%3Fmod%3Dviewthread%26tid%3D6724%26from%3Dalbum&statfrom=login_simple HTTP/1.1" 302 5 "http://www.lszmn.org/forum.php?mod=viewthread&tid=6724&from=album" "Scrapy/1.7.3 (+https://scrapy.org)" "-"
220.250.10.19 - - [08/Jun/2022:09:22:42 +0800] "GET /forum.php?mod=attachment&aid=MTAzNHw5ZTVhMTdjM3wxNjU0NjUxMzU5fDB8NjcyNA%3D%3D&nothumb=yes HTTP/1.1" 200 114711 "http://www.lszmn.org/forum.php?mod=viewthread&tid=6724&page=1&authorid=1873" "Scrapy/1.7.3 (+https://scrapy.org)" "-"
36.5.157.143 - - [08/Jun/2022:09:22:43 +0800] "GET /forum.php?mod=attachment&aid=MTAzMnxmNGE5YjQ2ZHwxNjU0NjUxMzU5fDB8NjcyNA%3D%3D&nothumb=yes HTTP/1.1" 200 141053 "http://www.lszmn.org/forum.php?mod=viewthread&tid=6724&page=1&authorid=1873" "Scrapy/1.7.3 (+https://scrapy.org)" "-"
110.177.183.137 - - [08/Jun/2022:09:22:43 +0800] "GET /forum.php?mod=viewthread&tid=6724&page=1 HTTP/1.1" 200 10742 "http://www.lszmn.org/forum.php?mod=viewthread&tid=6724&page=1&authorid=1873" "Scrapy/1.7.3 (+https://scrapy.org)" "-"
39.82.208.105 - - [08/Jun/2022:09:22:44 +0800] "GET /connect.php?mod=login&op=init&referer=forum.php%3Fmod%3Dviewthread%26tid%3D6724%26page%3D1%26authorid%3D1873&statfrom=login_simple HTTP/1.1" 302 5 "http://www.lszmn.org/forum.php?mod=viewthread&tid=6724&page=1&authorid=1873" "Scrapy/1.7.3 (+https://scrapy.org)" "-"
39.82.208.105 - - [08/Jun/2022:09:22:44 +0800] "GET /home.php?mod=spacecp&ac=pm&op=showmsg&handlekey=showmsg_1873&touid=1873&pmid=0&daterange=2 HTTP/1.1" 200 4933 "http://www.lszmn.org/home.php?mod=space&uid=1873&do=profile" "Scrapy/1.7.3 (+https://scrapy.org)" "-"
39.82.208.105 - - [08/Jun/2022:09:22:45 +0800] "GET /home.php?mod=spacecp&ac=poke&op=send&uid=1873&handlekey=propokehk_1873 HTTP/1.1" 200 4905 "http://www.lszmn.org/home.php?mod=space&uid=1873&do=profile" "Scrapy/1.7.3 (+https://scrapy.org)" "-"
112.80.139.201 - - [08/Jun/2022:09:22:45 +0800] "GET /forum.php?mod=attachment&aid=MTAzMXxlYTEwMjhlM3wxNjU0NjUxMzU5fDB8NjcyNA%3D%3D&nothumb=yes HTTP/1.1" 200 187469 "http://www.lszmn.org/forum.php?mod=viewthread&tid=6724&page=1&authorid=1873" "Scrapy/1.7.3 (+https://scrapy.org)" "-"
