222.94.163.220 - - [08/Jun/2022:09:35:17 +0800] "GET /forum.php?mod=viewthread&tid=6816 HTTP/1.1" 200 12422 "http://www.lszmn.org/misc.php?mod=tag&id=212" "Scrapy/1.7.3 (+https://scrapy.org)" "-"
222.94.163.220 - - [08/Jun/2022:09:35:19 +0800] "GET /forum.php?mod=viewthread&tid=6817 HTTP/1.1" 200 12673 "http://www.lszmn.org/misc.php?mod=tag&id=212" "Scrapy/1.7.3 (+https://scrapy.org)" "-"
221.11.5.52 - - [08/Jun/2022:09:35:19 +0800] "GET /forum.php?mod=viewthread&tid=6812 HTTP/1.1" 200 11442 "http://www.lszmn.org/misc.php?mod=tag&id=212" "Scrapy/1.7.3 (+https://scrapy.org)" "-"
58.247.217.104 - - [08/Jun/2022:09:35:19 +0800] "GET /forum.php?mod=attachment&aid=Mjk3Nnw4YzE0NjFiNXwxNjU0NjUyMTE2fDB8OTMzOA%3D%3D&nothumb=yes HTTP/1.1" 200 93956 "http://www.lszmn.org/forum.php?mod=viewthread&tid=9338" "Scrapy/1.7.3 (+https://scrapy.org)" "-"
221.11.5.52 - - [08/Jun/2022:09:35:19 +0800] "GET /forum.php?mod=attachment&aid=Mjk3NXwyZTBkMjM2YXwxNjU0NjUyMTE2fDB8OTMzOA%3D%3D&nothumb=yes HTTP/1.1" 200 79100 "http://www.lszmn.org/forum.php?mod=viewthread&tid=9338" "Scrapy/1.7.3 (+https://scrapy.org)" "-"
222.94.163.220 - - [08/Jun/2022:09:35:19 +0800] "GET /forum.php?mod=viewthread&tid=6805 HTTP/1.1" 200 12688 "http://www.lszmn.org/misc.php?mod=tag&id=212" "Scrapy/1.7.3 (+https://scrapy.org)" "-"
59.50.182.37 - - [08/Jun/2022:09:35:20 +0800] "GET /forum.php?mod=viewthread&tid=6804 HTTP/1.1" 302 5 "http://www.lszmn.org/misc.php?mod=tag&id=212" "Scrapy/1.7.3 (+https://scrapy.org)" "-"
59.50.182.37 - - [08/Jun/2022:09:35:20 +0800] "GET /home.php?mod=space&username=dd4wd HTTP/1.1" 200 4798 "http://www.lszmn.org/misc.php?mod=tag&id=212" "Scrapy/1.7.3 (+https://scrapy.org)" "-"
58.247.216.239 - - [08/Jun/2022:09:35:20 +0800] "GET /forum.php?mod=attachment&aid=Mjk3NHwyMTY5ZjlmOHwxNjU0NjUyMTE2fDB8OTMzOA%3D%3D&nothumb=yes HTTP/1.1" 200 65715 "http://www.lszmn.org/forum.php?mod=viewthread&tid=9338" "Scrapy/1.7.3 (+https://scrapy.org)" "-"
59.50.182.37 - - [08/Jun/2022:09:35:20 +0800] "GET /forum.php?mod=redirect&tid=6796&goto=lastpost HTTP/1.1" 302 5 "http://www.lszmn.org/misc.php?mod=tag&id=212" "Scrapy/1.7.3 (+https://scrapy.org)" "-"
222.94.163.220 - - [08/Jun/2022:09:35:20 +0800] "GET /forum.php?mod=viewthread&tid=6796 HTTP/1.1" 200 11531 "http://www.lszmn.org/misc.php?mod=tag&id=212" "Scrapy/1.7.3 (+https://scrapy.org)" "-"
150.255.177.115 - - [08/Jun/2022:09:35:21 +0800] "GET /forum.php?mod=viewthread&tid=6804 HTTP/1.1" 200 14059 "http://www.lszmn.org/misc.php?mod=tag&id=212" "Scrapy/1.7.3 (+https://scrapy.org)" "-"
59.50.182.37 - - [08/Jun/2022:09:35:21 +0800] "GET /forum.php?mod=redirect&goto=nextoldset&tid=6813 HTTP/1.1" 302 5 "http://www.lszmn.org/forum.php?mod=viewthread&tid=6813" "Scrapy/1.7.3 (+https://scrapy.org)" "-"
222.94.163.220 - - [08/Jun/2022:09:35:21 +0800] "GET /connect.php?mod=login&op=init&referer=forum.php%3Fmod%3Dviewthread%26tid%3D6821&statfrom=login_simple HTTP/1.1" 302 5 "http://www.lszmn.org/forum.php?mod=viewthread&tid=6821" "Scrapy/1.7.3 (+https://scrapy.org)" "-"
14.204.44.97 - - [08/Jun/2022:09:35:21 +0800] "GET /forum.php?mod=attachment&aid=Mjk3M3wzNWEzY2FkZnwxNjU0NjUyMTE2fDB8OTMzOA%3D%3D&nothumb=yes HTTP/1.1" 200 74101 "http://www.lszmn.org/forum.php?mod=viewthread&tid=9338" "Scrapy/1.7.3 (+https://scrapy.org)" "-"
112.80.136.2 - - [08/Jun/2022:09:35:21 +0800] "GET /forum.php?mod=viewthread&tid=6804 HTTP/1.1" 200 14059 "http://www.lszmn.org/misc.php?mod=tag&id=212" "Scrapy/1.7.3 (+https://scrapy.org)" "-"
222.94.163.220 - - [08/Jun/2022:09:35:21 +0800] "GET /connect.php?mod=login&op=init&referer=forum.php%3Fmod%3Dviewthread%26tid%3D9338&statfrom=login_simple HTTP/1.1" 302 5 "http://www.lszmn.org/forum.php?mod=viewthread&tid=9338" "Scrapy/1.7.3 (+https://scrapy.org)" "-"
59.50.182.37 - - [08/Jun/2022:09:35:21 +0800] "GET /connect.php?mod=login&op=init&referer=forum.php%3Fmod%3Dviewthread%26tid%3D9346&statfrom=login_simple HTTP/1.1" 302 5 "http://www.lszmn.org/forum.php?mod=viewthread&tid=9346" "Scrapy/1.7.3 (+https://scrapy.org)" "-"
222.94.163.220 - - [08/Jun/2022:09:35:21 +0800] "GET /forum.php?mod=post&action=reply&fid=5&tid=112&repquote=6874317&extra=&page=1 HTTP/1.1" 200 5024 "http://www.lszmn.org/forum.php?mod=viewthread&tid=112" "Scrapy/1.7.3 (+https://scrapy.org)" "-"
221.11.5.52 - - [08/Jun/2022:09:35:21 +0800] "GET /forum.php?mod=viewthread&tid=112&page=1&authorid=1 HTTP/1.1" 200 8395 "http://www.lszmn.org/forum.php?mod=viewthread&tid=112" "Scrapy/1.7.3 (+https://scrapy.org)" "-"
222.94.163.220 - - [08/Jun/2022:09:35:21 +0800] "GET /forum.php?mod=redirect&goto=findpost&ptid=112&pid=6874317 HTTP/1.1" 301 5 "http://www.lszmn.org/forum.php?mod=viewthread&tid=112" "Scrapy/1.7.3 (+https://scrapy.org)" "-"
59.50.182.37 - - [08/Jun/2022:09:35:21 +0800] "GET /forum.php?mod=viewthread&tid=6796 HTTP/1.1" 200 11529 "http://www.lszmn.org/misc.php?mod=tag&id=212" "Scrapy/1.7.3 (+https://scrapy.org)" "-"
222.94.163.220 - - [08/Jun/2022:09:35:22 +0800] "GET /forum.php?mod=misc&action=postreview&do=against&tid=112&pid=139&hash=df2537e5 HTTP/1.1" 200 5012 "http://www.lszmn.org/forum.php?mod=viewthread&tid=112" "Scrapy/1.7.3 (+https://scrapy.org)" "-"
221.11.5.52 - - [08/Jun/2022:09:35:22 +0800] "GET /forum.php?mod=viewthread&tid=6821 HTTP/1.1" 200 11435 "http://www.lszmn.org/forum.php?mod=viewthread&tid=6813" "Scrapy/1.7.3 (+https://scrapy.org)" "-"
222.94.163.220 - - [08/Jun/2022:09:35:22 +0800] "GET /forum.php?mod=misc&action=postreview&do=support&tid=112&pid=139&hash=df2537e5 HTTP/1.1" 200 5011 "http://www.lszmn.org/forum.php?mod=viewthread&tid=112" "Scrapy/1.7.3 (+https://scrapy.org)" "-"
112.80.136.2 - - [08/Jun/2022:09:35:23 +0800] "GET /forum.php?mod=post&action=reply&fid=5&tid=112&repquote=139&extra=&page=1 HTTP/1.1" 200 5010 "http://www.lszmn.org/forum.php?mod=viewthread&tid=112" "Scrapy/1.7.3 (+https://scrapy.org)" "-"
14.204.44.97 - - [08/Jun/2022:09:35:23 +0800] "GET /connect.php?mod=login&op=init&referer=forum.php%3Fmod%3Dpost%26action%3Dreply%26fid%3D5%26tid%3D112%26repquote%3D6874317%26extra%3D%26page%3D1&statfrom=login_simple HTTP/1.1" 302 5 "http://www.lszmn.org/forum.php?mod=post&action=reply&fid=5&tid=112&repquote=6874317&extra=&page=1" "Scrapy/1.7.3 (+https://scrapy.org)" "-"
222.94.163.220 - - [08/Jun/2022:09:35:23 +0800] "GET /forum.php?mod=viewthread&tid=112&page=1 HTTP/1.1" 200 15764 "http://www.lszmn.org/forum.php?mod=viewthread&tid=112" "Scrapy/1.7.3 (+https://scrapy.org)" "-"
14.204.44.97 - - [08/Jun/2022:09:35:23 +0800] "GET /connect.php?mod=login&op=init&referer=forum.php%3Fmod%3Dmisc%26action%3Dpostreview%26do%3Dagainst%26tid%3D112%26pid%3D139%26hash%3Ddf2537e5&statfrom=login_simple HTTP/1.1" 302 5 "http://www.lszmn.org/forum.php?mod=misc&action=postreview&do=against&tid=112&pid=139&hash=df2537e5" "Scrapy/1.7.3 (+https://scrapy.org)" "-"
112.80.136.2 - - [08/Jun/2022:09:35:23 +0800] "GET /connect.php?mod=login&op=init&referer=forum.php%3Fmod%3Dviewthread%26tid%3D112%26page%3D1%26authorid%3D1&statfrom=login HTTP/1.1" 302 5 "http://www.lszmn.org/forum.php?mod=viewthread&tid=112&page=1&authorid=1" "Scrapy/1.7.3 (+https://scrapy.org)" "-"
59.50.182.37 - - [08/Jun/2022:09:35:23 +0800] "GET /connect.php?mod=login&op=init&referer=forum.php%3Fmod%3Dviewthread%26tid%3D112%26page%3D1%26authorid%3D1&statfrom=login_simple HTTP/1.1" 302 5 "http://www.lszmn.org/forum.php?mod=viewthread&tid=112&page=1&authorid=1" "Scrapy/1.7.3 (+https://scrapy.org)" "-"
112.80.136.2 - - [08/Jun/2022:09:35:23 +0800] "GET /connect.php?mod=login&op=init&referer=forum.php%3Fmod%3Dmisc%26action%3Dpostreview%26do%3Dsupport%26tid%3D112%26pid%3D139%26hash%3Ddf2537e5&statfrom=login_simple HTTP/1.1" 302 5 "http://www.lszmn.org/forum.php?mod=misc&action=postreview&do=support&tid=112&pid=139&hash=df2537e5" "Scrapy/1.7.3 (+https://scrapy.org)" "-"
150.255.177.115 - - [08/Jun/2022:09:35:23 +0800] "GET /forum.php?mod=misc&action=postreview&do=against&tid=112&pid=138&hash=df2537e5 HTTP/1.1" 200 5013 "http://www.lszmn.org/forum.php?mod=viewthread&tid=112" "Scrapy/1.7.3 (+https://scrapy.org)" "-"
221.11.5.52 - - [08/Jun/2022:09:35:23 +0800] "GET /forum.php?mod=redirect&goto=findpost&ptid=112&pid=139 HTTP/1.1" 301 5 "http://www.lszmn.org/forum.php?mod=viewthread&tid=112" "Scrapy/1.7.3 (+https://scrapy.org)" "-"
112.80.136.2 - - [08/Jun/2022:09:35:24 +0800] "GET /connect.php?mod=login&op=init&referer=forum.php%3Fmod%3Dpost%26action%3Dreply%26fid%3D5%26tid%3D112%26repquote%3D139%26extra%3D%26page%3D1&statfrom=login_simple HTTP/1.1" 302 5 "http://www.lszmn.org/forum.php?mod=post&action=reply&fid=5&tid=112&repquote=139&extra=&page=1" "Scrapy/1.7.3 (+https://scrapy.org)" "-"
58.247.216.239 - - [08/Jun/2022:09:35:24 +0800] "GET /forum.php?mod=post&action=reply&fid=5&tid=112&repquote=138&extra=&page=1 HTTP/1.1" 200 5011 "http://www.lszmn.org/forum.php?mod=viewthread&tid=112" "Scrapy/1.7.3 (+https://scrapy.org)" "-"
14.204.44.97 - - [08/Jun/2022:09:35:24 +0800] "GET /forum.php?mod=misc&action=postreview&do=support&tid=112&pid=138&hash=df2537e5 HTTP/1.1" 200 5011 "http://www.lszmn.org/forum.php?mod=viewthread&tid=112" "Scrapy/1.7.3 (+https://scrapy.org)" "-"
222.94.163.220 - - [08/Jun/2022:09:35:24 +0800] "GET /forum.php?mod=attachment&aid=MTc2MHxiZmQ1ODZkN3wxNjU0NjUyMTIyfDB8NjgyMQ%3D%3D&nothumb=yes HTTP/1.1" 200 60754 "http://www.lszmn.org/forum.php?mod=viewthread&tid=6821" "Scrapy/1.7.3 (+https://scrapy.org)" "-"
58.247.217.104 - - [08/Jun/2022:09:35:24 +0800] "GET /forum.php?mod=attachment&aid=Mjc0MXwyMTA5YmQ0NXwxNjU0NjUxNzY5fDB8MTEy&nothumb=yes HTTP/1.1" 200 200968 "http://www.lszmn.org/forum.php?mod=viewthread&tid=112" "Scrapy/1.7.3 (+https://scrapy.org)" "-"
150.255.177.115 - - [08/Jun/2022:09:35:24 +0800] "GET /forum.php?mod=viewthread&tid=112&page=1 HTTP/1.1" 200 15762 "http://www.lszmn.org/forum.php?mod=viewthread&tid=112" "Scrapy/1.7.3 (+https://scrapy.org)" "-"
59.50.182.37 - - [08/Jun/2022:09:35:24 +0800] "GET /forum.php?mod=attachment&aid=MTc2OHwxMTRmZmQ2NXwxNjU0NjUyMTIyfDB8NjgyMQ%3D%3D&nothumb=yes HTTP/1.1" 200 58227 "http://www.lszmn.org/forum.php?mod=viewthread&tid=6821" "Scrapy/1.7.3 (+https://scrapy.org)" "-"
221.11.5.52 - - [08/Jun/2022:09:35:25 +0800] "GET /forum.php?mod=attachment&aid=MTc2N3xjNjUxZDhlNnwxNjU0NjUyMTIyfDB8NjgyMQ%3D%3D&nothumb=yes HTTP/1.1" 200 183256 "http://www.lszmn.org/forum.php?mod=viewthread&tid=6821" "Scrapy/1.7.3 (+https://scrapy.org)" "-"
58.247.216.239 - - [08/Jun/2022:09:35:25 +0800] "GET /forum.php?mod=attachment&aid=MTc2NXwxZjk2NmI5Y3wxNjU0NjUyMTIyfDB8NjgyMQ%3D%3D&nothumb=yes HTTP/1.1" 200 59433 "http://www.lszmn.org/forum.php?mod=viewthread&tid=6821" "Scrapy/1.7.3 (+https://scrapy.org)" "-"
150.255.177.115 - - [08/Jun/2022:09:35:26 +0800] "GET /forum.php?mod=attachment&aid=MTc2NHw1NzIwYTk4OXwxNjU0NjUyMTIyfDB8NjgyMQ%3D%3D&nothumb=yes HTTP/1.1" 200 73894 "http://www.lszmn.org/forum.php?mod=viewthread&tid=6821" "Scrapy/1.7.3 (+https://scrapy.org)" "-"
112.80.136.2 - - [08/Jun/2022:09:35:26 +0800] "GET /forum.php?mod=attachment&aid=MTc2NnwyOWI5ZmZiYXwxNjU0NjUyMTIyfDB8NjgyMQ%3D%3D&nothumb=yes HTTP/1.1" 200 123647 "http://www.lszmn.org/forum.php?mod=viewthread&tid=6821" "Scrapy/1.7.3 (+https://scrapy.org)" "-"
14.204.44.97 - - [08/Jun/2022:09:35:26 +0800] "GET /forum.php?mod=attachment&aid=MzczfDgwMjZkMTdhfDE2NTQ2NTIxMjJ8MHwxMTI%3D&nothumb=yes HTTP/1.1" 200 69933 "http://www.lszmn.org/forum.php?mod=viewthread&tid=112&page=1" "Scrapy/1.7.3 (+https://scrapy.org)" "-"
59.50.182.37 - - [08/Jun/2022:09:35:26 +0800] "GET /connect.php?mod=login&op=init&referer=forum.php%3Fmod%3Dmisc%26action%3Dpostreview%26do%3Dsupport%26tid%3D112%26pid%3D138%26hash%3Ddf2537e5&statfrom=login_simple HTTP/1.1" 302 5 "http://www.lszmn.org/forum.php?mod=misc&action=postreview&do=support&tid=112&pid=138&hash=df2537e5" "Scrapy/1.7.3 (+https://scrapy.org)" "-"
59.50.182.37 - - [08/Jun/2022:09:35:26 +0800] "GET /connect.php?mod=login&op=init&referer=forum.php%3Fmod%3Dpost%26action%3Dreply%26fid%3D5%26tid%3D112%26repquote%3D138%26extra%3D%26page%3D1&statfrom=login_simple HTTP/1.1" 302 5 "http://www.lszmn.org/forum.php?mod=post&action=reply&fid=5&tid=112&repquote=138&extra=&page=1" "Scrapy/1.7.3 (+https://scrapy.org)" "-"
59.50.182.37 - - [08/Jun/2022:09:35:26 +0800] "GET /connect.php?mod=login&op=init&referer=forum.php%3Fmod%3Dmisc%26action%3Dpostreview%26do%3Dagainst%26tid%3D112%26pid%3D138%26hash%3Ddf2537e5&statfrom=login_simple HTTP/1.1" 302 5 "http://www.lszmn.org/forum.php?mod=misc&action=postreview&do=against&tid=112&pid=138&hash=df2537e5" "Scrapy/1.7.3 (+https://scrapy.org)" "-"
59.50.182.37 - - [08/Jun/2022:09:35:27 +0800] "GET /forum.php?mod=attachment&aid=MjczNnxmZGI5YmM2NHwxNjU0NjUyMTIyfDB8MTEy&nothumb=yes HTTP/1.1" 200 71507 "http://www.lszmn.org/forum.php?mod=viewthread&tid=112&page=1" "Scrapy/1.7.3 (+https://scrapy.org)" "-"
221.11.5.52 - - [08/Jun/2022:09:35:30 +0800] "GET /forum.php?mod=attachment&aid=MjczNnw0YWQ2NjE5MXwxNjU0NjUyMTI0fDB8MTEy&nothumb=yes HTTP/1.1" 200 71507 "http://www.lszmn.org/forum.php?mod=viewthread&tid=112&page=1" "Scrapy/1.7.3 (+https://scrapy.org)" "-"
58.247.217.104 - - [08/Jun/2022:09:35:31 +0800] "GET /forum.php?mod=attachment&aid=MjczM3xjM2ZkMTAyMXwxNjU0NjUyMTI0fDB8MTEy&nothumb=yes HTTP/1.1" 200 84703 "http://www.lszmn.org/forum.php?mod=viewthread&tid=112&page=1" "Scrapy/1.7.3 (+https://scrapy.org)" "-"
150.255.177.115 - - [08/Jun/2022:09:35:31 +0800] "GET /forum.php?mod=attachment&aid=Mjc0MHw1OGQ3YTRhYXwxNjU0NjUyMTI0fDB8MTEy&nothumb=yes HTTP/1.1" 200 118313 "http://www.lszmn.org/forum.php?mod=viewthread&tid=112&page=1" "Scrapy/1.7.3 (+https://scrapy.org)" "-"
14.204.44.97 - - [08/Jun/2022:09:35:31 +0800] "GET /forum.php?mod=attachment&aid=MjczOXxiZDIwNDU2N3wxNjU0NjUyMTI0fDB8MTEy&nothumb=yes HTTP/1.1" 200 103100 "http://www.lszmn.org/forum.php?mod=viewthread&tid=112&page=1" "Scrapy/1.7.3 (+https://scrapy.org)" "-"
221.11.5.52 - - [08/Jun/2022:09:35:31 +0800] "GET /forum.php?mod=attachment&aid=MjczN3xiZjcwZDljN3wxNjU0NjUyMTI0fDB8MTEy&nothumb=yes HTTP/1.1" 200 92756 "http://www.lszmn.org/forum.php?mod=viewthread&tid=112&page=1" "Scrapy/1.7.3 (+https://scrapy.org)" "-"
59.50.182.37 - - [08/Jun/2022:09:35:32 +0800] "GET /forum.php?mod=attachment&aid=MjczNHw3MzY0NDY1NnwxNjU0NjUyMTI0fDB8MTEy&nothumb=yes HTTP/1.1" 200 71272 "http://www.lszmn.org/forum.php?mod=viewthread&tid=112&page=1" "Scrapy/1.7.3 (+https://scrapy.org)" "-"
112.80.136.2 - - [08/Jun/2022:09:35:32 +0800] "GET /forum.php?mod=attachment&aid=MjczOHwyZDBjZGU0NHwxNjU0NjUyMTI0fDB8MTEy&nothumb=yes HTTP/1.1" 200 94367 "http://www.lszmn.org/forum.php?mod=viewthread&tid=112&page=1" "Scrapy/1.7.3 (+https://scrapy.org)" "-"
142.44.203.5 - - [08/Jun/2022:09:35:33 +0800] "GET /home.php?mod=space&uid=22887&do=profile HTTP/1.1" 200 4743 "http://www.lszmn.org/" "Mozilla/5.0 (Macintosh; Intel Mac OS X 10_13_2) AppleWebKit/537.36 (KHTML, like Gecko) Chrome/66.0.3359.181 Safari/537.36" "-"
106.11.158.53 - - [08/Jun/2022:09:35:33 +0800] "GET /forum.php?extra=page=5&filter=reply&mod=viewthread&orderby=replies&tid=1032 HTTP/1.1" 200 10729 "-" "Mozilla/5.0 (Windows NT 6.1; Win64; x64) AppleWebKit/537.36 (KHTML, like Gecko) Chrome/69.0.3497.81 YisouSpider/5.0 Safari/537.36" "-"
222.94.163.220 - - [08/Jun/2022:09:35:33 +0800] "GET /forum.php?mod=attachment&aid=Mjc0MXxlZmZhZGE3ZHwxNjU0NjUyMTIyfDB8MTEy&nothumb=yes HTTP/1.1" 200 200968 "http://www.lszmn.org/forum.php?mod=viewthread&tid=112&page=1" "Scrapy/1.7.3 (+https://scrapy.org)" "-"
106.11.158.12 - - [08/Jun/2022:09:35:33 +0800] "GET /forum.php?mod=viewthread&tid=6884 HTTP/1.1" 302 5 "-" "Mozilla/5.0 (Windows NT 6.1; Win64; x64) AppleWebKit/537.36 (KHTML, like Gecko) Chrome/69.0.3497.81 YisouSpider/5.0 Safari/537.36" "-"
106.11.153.30 - - [08/Jun/2022:09:35:34 +0800] "GET /forum.php?mod=viewthread&tid=6884 HTTP/1.1" 200 8677 "-" "Mozilla/5.0 (Windows NT 6.1; Win64; x64) AppleWebKit/537.36 (KHTML, like Gecko) Chrome/69.0.3497.81 YisouSpider/5.0 Safari/537.36" "-"
58.247.216.239 - - [08/Jun/2022:09:35:34 +0800] "GET /forum.php?mod=attachment&aid=Mjc0MXw1MmY3MWJlYnwxNjU0NjUyMTI0fDB8MTEy&nothumb=yes HTTP/1.1" 200 200968 "http://www.lszmn.org/forum.php?mod=viewthread&tid=112&page=1" "Scrapy/1.7.3 (+https://scrapy.org)" "-"
58.247.217.104 - - [08/Jun/2022:09:35:37 +0800] "GET /forum.php?mod=attachment&aid=MjczMHw0NWVmMjJmYXwxNjU0NjUyMTI0fDB8MTEy&nothumb=yes HTTP/1.1" 200 59553 "http://www.lszmn.org/forum.php?mod=viewthread&tid=112&page=1" "Scrapy/1.7.3 (+https://scrapy.org)" "-"
59.50.182.37 - - [08/Jun/2022:09:35:37 +0800] "GET /forum.php?mod=attachment&aid=MjczMnxjNTdhMTNlYXwxNjU0NjUyMTI0fDB8MTEy&nothumb=yes HTTP/1.1" 200 78297 "http://www.lszmn.org/forum.php?mod=viewthread&tid=112&page=1" "Scrapy/1.7.3 (+https://scrapy.org)" "-"
222.94.163.220 - - [08/Jun/2022:09:35:38 +0800] "GET /forum.php?mod=attachment&aid=MjcyNnxkYmI4OGNlOHwxNjU0NjUyMTI0fDB8MTEy&nothumb=yes HTTP/1.1" 200 81422 "http://www.lszmn.org/forum.php?mod=viewthread&tid=112&page=1" "Scrapy/1.7.3 (+https://scrapy.org)" "-"
58.247.216.239 - - [08/Jun/2022:09:35:39 +0800] "GET /forum.php?mod=attachment&aid=MjcyNHwyOWRiZTdiOHwxNjU0NjUyMTI0fDB8MTEy&nothumb=yes HTTP/1.1" 200 101515 "http://www.lszmn.org/forum.php?mod=viewthread&tid=112&page=1" "Scrapy/1.7.3 (+https://scrapy.org)" "-"
112.80.136.2 - - [08/Jun/2022:09:35:39 +0800] "GET /forum.php?mod=attachment&aid=MjcyN3w1YTZjMDU5MXwxNjU0NjUyMTI0fDB8MTEy&nothumb=yes HTTP/1.1" 200 99122 "http://www.lszmn.org/forum.php?mod=viewthread&tid=112&page=1" "Scrapy/1.7.3 (+https://scrapy.org)" "-"
150.255.177.115 - - [08/Jun/2022:09:35:39 +0800] "GET /forum.php?mod=attachment&aid=MjcyNXxhMjJmNDc3MnwxNjU0NjUyMTI0fDB8MTEy&nothumb=yes HTTP/1.1" 200 106923 "http://www.lszmn.org/forum.php?mod=viewthread&tid=112&page=1" "Scrapy/1.7.3 (+https://scrapy.org)" "-"
14.204.44.97 - - [08/Jun/2022:09:35:39 +0800] "GET /forum.php?mod=attachment&aid=MjcyOHxlOGVlZWJkNXwxNjU0NjUyMTI0fDB8MTEy&nothumb=yes HTTP/1.1" 200 74411 "http://www.lszmn.org/forum.php?mod=viewthread&tid=112&page=1" "Scrapy/1.7.3 (+https://scrapy.org)" "-"
58.247.217.104 - - [08/Jun/2022:09:35:40 +0800] "GET /forum.php?mod=attachment&aid=MjcyM3wwZGJiNWRlMnwxNjU0NjUyMTI0fDB8MTEy&nothumb=yes HTTP/1.1" 200 110800 "http://www.lszmn.org/forum.php?mod=viewthread&tid=112&page=1" "Scrapy/1.7.3 (+https://scrapy.org)" "-"
221.11.5.52 - - [08/Jun/2022:09:35:40 +0800] "GET /forum.php?mod=attachment&aid=MjcyOXxjMDQyNjEwOHwxNjU0NjUyMTI0fDB8MTEy&nothumb=yes HTTP/1.1" 200 100075 "http://www.lszmn.org/forum.php?mod=viewthread&tid=112&page=1" "Scrapy/1.7.3 (+https://scrapy.org)" "-"
142.44.203.5 - - [08/Jun/2022:09:35:40 +0800] "GET /member.php?mod=register HTTP/1.1" 302 5 "http://www.lszmn.org/" "Mozilla/5.0 (Macintosh; Intel Mac OS X 10_13_2) AppleWebKit/537.36 (KHTML, like Gecko) Chrome/66.0.3359.181 Safari/537.36" "-"
59.50.182.37 - - [08/Jun/2022:09:35:40 +0800] "GET /forum.php?mod=attachment&aid=MjczMXwzOTE4ZDkzZHwxNjU0NjUyMTI0fDB8MTEy&nothumb=yes HTTP/1.1" 200 59835 "http://www.lszmn.org/forum.php?mod=viewthread&tid=112&page=1" "Scrapy/1.7.3 (+https://scrapy.org)" "-"
142.44.203.5 - - [08/Jun/2022:09:35:41 +0800] "GET /connect.php?mod=login&op=init&referer=forum.php&statfrom=login_simple HTTP/1.1" 302 5 "http://www.lszmn.org/member.php?mod=register" "Mozilla/5.0 (Macintosh; Intel Mac OS X 10_13_2) AppleWebKit/537.36 (KHTML, like Gecko) Chrome/66.0.3359.181 Safari/537.36" "-"
59.50.182.37 - - [08/Jun/2022:09:35:41 +0800] "GET /forum.php?mod=attachment&aid=MzczfDQ5YjQ2YzlkfDE2NTQ2NTIxMjR8MHwxMTI%3D&nothumb=yes HTTP/1.1" 200 69933 "http://www.lszmn.org/forum.php?mod=viewthread&tid=112&page=1" "Scrapy/1.7.3 (+https://scrapy.org)" "-"
222.94.163.220 - - [08/Jun/2022:09:35:43 +0800] "GET /forum.php?mod=attachment&aid=Mjc0MHw2Yzg0OTczMXwxNjU0NjUyMTIyfDB8MTEy&nothumb=yes HTTP/1.1" 200 118313 "http://www.lszmn.org/forum.php?mod=viewthread&tid=112&page=1" "Scrapy/1.7.3 (+https://scrapy.org)" "-"
150.255.177.115 - - [08/Jun/2022:09:35:43 +0800] "GET /forum.php?mod=attachment&aid=MjczOXxhYjk4OGZkOHwxNjU0NjUyMTIyfDB8MTEy&nothumb=yes HTTP/1.1" 200 103100 "http://www.lszmn.org/forum.php?mod=viewthread&tid=112&page=1" "Scrapy/1.7.3 (+https://scrapy.org)" "-"
58.247.216.239 - - [08/Jun/2022:09:35:44 +0800] "GET /forum.php?mod=attachment&aid=MjczM3xjYTA5OGYxOHwxNjU0NjUyMTIyfDB8MTEy&nothumb=yes HTTP/1.1" 200 84703 "http://www.lszmn.org/forum.php?mod=viewthread&tid=112&page=1" "Scrapy/1.7.3 (+https://scrapy.org)" "-"
59.50.182.37 - - [08/Jun/2022:09:35:44 +0800] "GET /forum.php?mod=attachment&aid=MjczOHwzMGFmYmM4YnwxNjU0NjUyMTIyfDB8MTEy&nothumb=yes HTTP/1.1" 200 94367 "http://www.lszmn.org/forum.php?mod=viewthread&tid=112&page=1" "Scrapy/1.7.3 (+https://scrapy.org)" "-"
112.80.136.2 - - [08/Jun/2022:09:35:46 +0800] "GET /forum.php?mod=attachment&aid=MjczN3wyMWEwOGExN3wxNjU0NjUyMTIyfDB8MTEy&nothumb=yes HTTP/1.1" 200 92756 "http://www.lszmn.org/forum.php?mod=viewthread&tid=112&page=1" "Scrapy/1.7.3 (+https://scrapy.org)" "-"
222.94.163.220 - - [08/Jun/2022:09:35:46 +0800] "GET /forum.php?mod=attachment&aid=MjczNHxlNDM0MWNjYXwxNjU0NjUyMTIyfDB8MTEy&nothumb=yes HTTP/1.1" 200 71272 "http://www.lszmn.org/forum.php?mod=viewthread&tid=112&page=1" "Scrapy/1.7.3 (+https://scrapy.org)" "-"
58.247.217.104 - - [08/Jun/2022:09:35:47 +0800] "GET /forum.php?mod=attachment&aid=MjczMHxlYTY1ZjBkOXwxNjU0NjUyMTIyfDB8MTEy&nothumb=yes HTTP/1.1" 200 59553 "http://www.lszmn.org/forum.php?mod=viewthread&tid=112&page=1" "Scrapy/1.7.3 (+https://scrapy.org)" "-"
222.94.163.220 - - [08/Jun/2022:09:35:48 +0800] "GET /forum.php?mod=attachment&aid=MjcyOXw5N2EwMGVmYXwxNjU0NjUyMTIyfDB8MTEy&nothumb=yes HTTP/1.1" 200 100075 "http://www.lszmn.org/forum.php?mod=viewthread&tid=112&page=1" "Scrapy/1.7.3 (+https://scrapy.org)" "-"
58.247.216.239 - - [08/Jun/2022:09:35:48 +0800] "GET /forum.php?mod=attachment&aid=MjcyN3xiNjk1YjdiY3wxNjU0NjUyMTIyfDB8MTEy&nothumb=yes HTTP/1.1" 200 99122 "http://www.lszmn.org/forum.php?mod=viewthread&tid=112&page=1" "Scrapy/1.7.3 (+https://scrapy.org)" "-"
221.11.5.52 - - [08/Jun/2022:09:35:49 +0800] "GET /forum.php?mod=attachment&aid=MjczMnw3MTFlNTAwZXwxNjU0NjUyMTIyfDB8MTEy&nothumb=yes HTTP/1.1" 200 78297 "http://www.lszmn.org/forum.php?mod=viewthread&tid=112&page=1" "Scrapy/1.7.3 (+https://scrapy.org)" "-"
150.255.177.115 - - [08/Jun/2022:09:35:49 +0800] "GET /forum.php?mod=attachment&aid=MjcyOHxiNWU4YzQxYXwxNjU0NjUyMTIyfDB8MTEy&nothumb=yes HTTP/1.1" 200 74411 "http://www.lszmn.org/forum.php?mod=viewthread&tid=112&page=1" "Scrapy/1.7.3 (+https://scrapy.org)" "-"
58.247.217.104 - - [08/Jun/2022:09:35:50 +0800] "GET /forum.php?mod=attachment&aid=MjcyNnxlMDIwNGEwMHwxNjU0NjUyMTIyfDB8MTEy&nothumb=yes HTTP/1.1" 200 81422 "http://www.lszmn.org/forum.php?mod=viewthread&tid=112&page=1" "Scrapy/1.7.3 (+https://scrapy.org)" "-"
106.11.154.37 - - [08/Jun/2022:09:35:51 +0800] "GET /data/cache/style_24_forum_viewthread.css?kp9 HTTP/1.1" 200 74995 "http://www.lszmn.org/forum.php?extra=page=5&filter=reply&mod=viewthread&orderby=replies&tid=1032" "Mozilla/5.0 (Windows NT 6.1; Win64; x64) AppleWebKit/537.36 (KHTML, like Gecko) Chrome/69.0.3497.81 YisouSpider/5.0 Safari/537.36" "-"
59.50.182.37 - - [08/Jun/2022:09:35:51 +0800] "GET /forum.php?mod=attachment&aid=MjcyNXxmYjZhNzBiY3wxNjU0NjUyMTIyfDB8MTEy&nothumb=yes HTTP/1.1" 200 106923 "http://www.lszmn.org/forum.php?mod=viewthread&tid=112&page=1" "Scrapy/1.7.3 (+https://scrapy.org)" "-"
221.11.5.52 - - [08/Jun/2022:09:35:51 +0800] "GET /forum.php?mod=attachment&aid=MjcyM3xjNGZkMzExNHwxNjU0NjUyMTIyfDB8MTEy&nothumb=yes HTTP/1.1" 200 110800 "http://www.lszmn.org/forum.php?mod=viewthread&tid=112&page=1" "Scrapy/1.7.3 (+https://scrapy.org)" "-"
112.80.136.2 - - [08/Jun/2022:09:35:52 +0800] "GET /forum.php?mod=attachment&aid=MjcyNHw4YWRjYzkzY3wxNjU0NjUyMTIyfDB8MTEy&nothumb=yes HTTP/1.1" 200 101515 "http://www.lszmn.org/forum.php?mod=viewthread&tid=112&page=1" "Scrapy/1.7.3 (+https://scrapy.org)" "-"
106.11.159.38 - - [08/Jun/2022:09:35:52 +0800] "GET /data/cache/style_24_common.css?kp9 HTTP/1.1" 200 96034 "http://www.lszmn.org/forum.php?extra=page=5&filter=reply&mod=viewthread&orderby=replies&tid=1032" "Mozilla/5.0 (Windows NT 6.1; Win64; x64) AppleWebKit/537.36 (KHTML, like Gecko) Chrome/69.0.3497.81 YisouSpider/5.0 Safari/537.36" "-"
1.85.219.232 - - [08/Jun/2022:09:35:53 +0800] "GET /forum.php?mod=attachment&aid=MjczMXxmNWViY2NkOHwxNjU0NjUyMTIyfDB8MTEy&nothumb=yes HTTP/1.1" 200 59835 "http://www.lszmn.org/forum.php?mod=viewthread&tid=112&page=1" "Scrapy/1.7.3 (+https://scrapy.org)" "-"
222.94.163.220 - - [08/Jun/2022:09:35:54 +0800] "GET /forum.php?mod=attachment&aid=MTc2M3xjNzA4ZjcxOXwxNjU0NjUyMTIyfDB8NjgyMQ%3D%3D&nothumb=yes HTTP/1.1" 200 33927 "http://www.lszmn.org/forum.php?mod=viewthread&tid=6821" "Scrapy/1.7.3 (+https://scrapy.org)" "-"
59.50.182.37 - - [08/Jun/2022:09:35:54 +0800] "GET /forum.php?mod=attachment&aid=MTc2Mnw0MmI3MmU3YXwxNjU0NjUyMTIyfDB8NjgyMQ%3D%3D&nothumb=yes HTTP/1.1" 200 37953 "http://www.lszmn.org/forum.php?mod=viewthread&tid=6821" "Scrapy/1.7.3 (+https://scrapy.org)" "-"
222.94.163.220 - - [08/Jun/2022:09:35:55 +0800] "GET /forum.php?mod=attachment&aid=MTc2MXxjMmEyN2NmMnwxNjU0NjUyMTIyfDB8NjgyMQ%3D%3D&nothumb=yes HTTP/1.1" 200 63150 "http://www.lszmn.org/forum.php?mod=viewthread&tid=6821" "Scrapy/1.7.3 (+https://scrapy.org)" "-"
58.247.216.239 - - [08/Jun/2022:09:35:56 +0800] "GET /forum.php?mod=attachment&aid=MTYwNXw0NDgwMjEwM3wxNjU0NjUxNzY5fDB8NjgwNQ%3D%3D&nothumb=yes HTTP/1.1" 200 61207 "http://www.lszmn.org/forum.php?mod=viewthread&tid=6805" "Scrapy/1.7.3 (+https://scrapy.org)" "-"
221.11.5.52 - - [08/Jun/2022:09:35:57 +0800] "GET /forum.php?mod=attachment&aid=MTU5OXwxZWExNmUyMnwxNjU0NjUxNzY5fDB8NjgwNQ%3D%3D&nothumb=yes HTTP/1.1" 200 68763 "http://www.lszmn.org/forum.php?mod=viewthread&tid=6805" "Scrapy/1.7.3 (+https://scrapy.org)" "-"
150.255.177.115 - - [08/Jun/2022:09:35:57 +0800] "GET /forum.php?mod=attachment&aid=MTYwOHxmYmY3ZTJkOXwxNjU0NjUxNzY5fDB8NjgwNQ%3D%3D&nothumb=yes HTTP/1.1" 200 85489 "http://www.lszmn.org/forum.php?mod=viewthread&tid=6805" "Scrapy/1.7.3 (+https://scrapy.org)" "-"
1.85.219.232 - - [08/Jun/2022:09:35:57 +0800] "GET /forum.php?mod=attachment&aid=MTU5Nnw2ZDZkNTU4M3wxNjU0NjUxNzY5fDB8NjgwNQ%3D%3D&nothumb=yes HTTP/1.1" 200 71229 "http://www.lszmn.org/forum.php?mod=viewthread&tid=6805" "Scrapy/1.7.3 (+https://scrapy.org)" "-"
112.80.136.2 - - [08/Jun/2022:09:35:58 +0800] "GET /forum.php?mod=attachment&aid=MTU5OHw0ZmMwYjAzMnwxNjU0NjUxNzY5fDB8NjgwNQ%3D%3D&nothumb=yes HTTP/1.1" 200 62157 "http://www.lszmn.org/forum.php?mod=viewthread&tid=6805" "Scrapy/1.7.3 (+https://scrapy.org)" "-"
58.247.217.104 - - [08/Jun/2022:09:35:58 +0800] "GET /forum.php?mod=attachment&aid=MTYwM3xhZjMzMWMzZXwxNjU0NjUxNzY5fDB8NjgwNQ%3D%3D&nothumb=yes HTTP/1.1" 200 53506 "http://www.lszmn.org/forum.php?mod=viewthread&tid=6805" "Scrapy/1.7.3 (+https://scrapy.org)" "-"
1.85.219.232 - - [08/Jun/2022:09:35:59 +0800] "GET /forum.php?mod=attachment&aid=MTYwNnw3ZmE5ODdlOHwxNjU0NjUxNzY5fDB8NjgwNQ%3D%3D&nothumb=yes HTTP/1.1" 200 58868 "http://www.lszmn.org/forum.php?mod=viewthread&tid=6805" "Scrapy/1.7.3 (+https://scrapy.org)" "-"
59.50.182.37 - - [08/Jun/2022:09:35:59 +0800] "GET /forum.php?mod=attachment&aid=MTU5NXxmNDNmY2VlZXwxNjU0NjUxNzY5fDB8NjgwNQ%3D%3D&nothumb=yes HTTP/1.1" 200 60631 "http://www.lszmn.org/forum.php?mod=viewthread&tid=6805" "Scrapy/1.7.3 (+https://scrapy.org)" "-"
222.94.163.220 - - [08/Jun/2022:09:36:00 +0800] "GET /forum.php?mod=attachment&aid=MTU5N3wwNGQ5ZDNlN3wxNjU0NjUxNzY5fDB8NjgwNQ%3D%3D&nothumb=yes HTTP/1.1" 200 69430 "http://www.lszmn.org/forum.php?mod=viewthread&tid=6805" "Scrapy/1.7.3 (+https://scrapy.org)" "-"
221.11.5.52 - - [08/Jun/2022:09:36:01 +0800] "GET /forum.php?mod=attachment&aid=MTYwNHw4ZjJlNzY3OXwxNjU0NjUxNzY5fDB8NjgwNQ%3D%3D&nothumb=yes HTTP/1.1" 200 35553 "http://www.lszmn.org/forum.php?mod=viewthread&tid=6805" "Scrapy/1.7.3 (+https://scrapy.org)" "-"
1.85.219.232 - - [08/Jun/2022:09:36:01 +0800] "GET /forum.php?mod=attachment&aid=MTU5NHxiNzVkNTA5NHwxNjU0NjUxNzY5fDB8NjgwNQ%3D%3D&nothumb=yes HTTP/1.1" 200 52403 "http://www.lszmn.org/forum.php?mod=viewthread&tid=6805" "Scrapy/1.7.3 (+https://scrapy.org)" "-"
112.80.136.2 - - [08/Jun/2022:09:36:01 +0800] "GET /forum.php?mod=attachment&aid=MTYwMnwxZTYwYzg4NXwxNjU0NjUxNzY5fDB8NjgwNQ%3D%3D&nothumb=yes HTTP/1.1" 200 51314 "http://www.lszmn.org/forum.php?mod=viewthread&tid=6805" "Scrapy/1.7.3 (+https://scrapy.org)" "-"
58.247.216.239 - - [08/Jun/2022:09:36:01 +0800] "GET /forum.php?mod=viewthread&tid=6805&extra=&ordertype=1 HTTP/1.1" 200 12602 "http://www.lszmn.org/forum.php?mod=viewthread&tid=6805" "Scrapy/1.7.3 (+https://scrapy.org)" "-"
58.247.216.239 - - [08/Jun/2022:09:36:01 +0800] "GET /forum.php?mod=viewthread&tid=6805&from=album HTTP/1.1" 200 8445 "http://www.lszmn.org/forum.php?mod=viewthread&tid=6805" "Scrapy/1.7.3 (+https://scrapy.org)" "-"
150.255.177.115 - - [08/Jun/2022:09:36:02 +0800] "GET /forum.php?mod=viewthread&tid=6805&page=1&authorid=1 HTTP/1.1" 200 12727 "http://www.lszmn.org/forum.php?mod=viewthread&tid=6805" "Scrapy/1.7.3 (+https://scrapy.org)" "-"
58.247.216.239 - - [08/Jun/2022:09:36:02 +0800] "GET /connect.php?mod=login&op=init&referer=forum.php%3Fmod%3Dviewthread%26tid%3D6813&statfrom=login HTTP/1.1" 302 5 "http://www.lszmn.org/forum.php?mod=viewthread&tid=6813" "Scrapy/1.7.3 (+https://scrapy.org)" "-"
58.247.216.239 - - [08/Jun/2022:09:36:02 +0800] "GET /forum.php?mod=post&action=reply&fid=5&tid=6813 HTTP/1.1" 200 4962 "http://www.lszmn.org/forum.php?mod=viewthread&tid=6813" "Scrapy/1.7.3 (+https://scrapy.org)" "-"
59.50.182.37 - - [08/Jun/2022:09:36:02 +0800] "GET /forum.php?mod=post&action=reply&fid=5&tid=6813&reppost=135368&extra=&page=1 HTTP/1.1" 200 5012 "http://www.lszmn.org/forum.php?mod=viewthread&tid=6813" "Scrapy/1.7.3 (+https://scrapy.org)" "-"
58.247.216.239 - - [08/Jun/2022:09:36:02 +0800] "GET /home.php?mod=spacecp&ac=share&type=thread&id=6813 HTTP/1.1" 200 4865 "http://www.lszmn.org/forum.php?mod=viewthread&tid=6813" "Scrapy/1.7.3 (+https://scrapy.org)" "-"
59.50.182.37 - - [08/Jun/2022:09:36:02 +0800] "GET /home.php?mod=spacecp&ac=follow&op=relay&tid=6813&from=forum HTTP/1.1" 200 4884 "http://www.lszmn.org/forum.php?mod=viewthread&tid=6813" "Scrapy/1.7.3 (+https://scrapy.org)" "-"
58.247.216.239 - - [08/Jun/2022:09:36:02 +0800] "GET /home.php?mod=spacecp&ac=favorite&type=thread&id=6813 HTTP/1.1" 200 4870 "http://www.lszmn.org/forum.php?mod=viewthread&tid=6813" "Scrapy/1.7.3 (+https://scrapy.org)" "-"
58.247.216.239 - - [08/Jun/2022:09:36:03 +0800] "GET /home.php?mod=spacecp&ac=plugin&id=qqconnect:spacecp&pluginop=share&sh_type=4&thread_id=6813 HTTP/1.1" 200 4947 "http://www.lszmn.org/forum.php?mod=viewthread&tid=6813" "Scrapy/1.7.3 (+https://scrapy.org)" "-"
59.50.182.37 - - [08/Jun/2022:09:36:03 +0800] "GET /misc.php?mod=tag&id=4 HTTP/1.1" 200 5226 "http://www.lszmn.org/forum.php?mod=viewthread&tid=6813" "Scrapy/1.7.3 (+https://scrapy.org)" "-"
222.94.163.220 - - [08/Jun/2022:09:36:03 +0800] "GET /connect.php?mod=login&op=init&referer=forum.php%3Fmod%3Dviewthread%26tid%3D6805%26from%3Dalbum&statfrom=login_simple HTTP/1.1" 302 5 "http://www.lszmn.org/forum.php?mod=viewthread&tid=6805&from=album" "Scrapy/1.7.3 (+https://scrapy.org)" "-"
221.11.5.52 - - [08/Jun/2022:09:36:03 +0800] "GET /forum.php?mod=attachment&aid=MTU5NXxhMWVmZDRkZXwxNjU0NjUyMTYxfDB8NjgwNQ%3D%3D&nothumb=yes HTTP/1.1" 200 60631 "http://www.lszmn.org/forum.php?mod=viewthread&tid=6805&extra=&ordertype=1" "Scrapy/1.7.3 (+https://scrapy.org)" "-"
58.247.216.239 - - [08/Jun/2022:09:36:03 +0800] "GET /forum.php?mod=post&action=reply&fid=5&tid=6805&extra=&page=1&from=album HTTP/1.1" 200 5004 "http://www.lszmn.org/forum.php?mod=viewthread&tid=6805&from=album" "Scrapy/1.7.3 (+https://scrapy.org)" "-"
66.249.70.42 - - [08/Jun/2022:09:36:03 +0800] "GET /forum.php?mod=viewthread&tid=1027&extra=&page=284372&mobile=no HTTP/1.1" 200 20346 "-" "Mozilla/5.0 (Linux; Android 6.0.1; Nexus 5X Build/MMB29P) AppleWebKit/537.36 (KHTML, like Gecko) Chrome/102.0.5005.61 Mobile Safari/537.36 (compatible; Googlebot/2.1; +http://www.google.com/bot.html)" "-"
222.94.163.220 - - [08/Jun/2022:09:36:03 +0800] "GET /connect.php?mod=login&op=init&referer=forum.php%3Fmod%3Dpost%26action%3Dreply%26fid%3D5%26tid%3D6813&statfrom=login_simple HTTP/1.1" 302 5 "http://www.lszmn.org/forum.php?mod=post&action=reply&fid=5&tid=6813" "Scrapy/1.7.3 (+https://scrapy.org)" "-"
59.50.182.37 - - [08/Jun/2022:09:36:03 +0800] "GET /connect.php?mod=login&op=init&referer=forum.php%3Fmod%3Dpost%26action%3Dreply%26fid%3D5%26tid%3D6813%26reppost%3D135368%26extra%3D%26page%3D1&statfrom=login_simple HTTP/1.1" 302 5 "http://www.lszmn.org/forum.php?mod=post&action=reply&fid=5&tid=6813&reppost=135368&extra=&page=1" "Scrapy/1.7.3 (+https://scrapy.org)" "-"
58.247.216.239 - - [08/Jun/2022:09:36:03 +0800] "GET /connect.php?mod=login&op=init&referer=forum.php%3Fmod%3Dviewthread%26tid%3D6805%26extra%3D%26ordertype%3D1&statfrom=login HTTP/1.1" 302 5 "http://www.lszmn.org/forum.php?mod=viewthread&tid=6805&extra=&ordertype=1" "Scrapy/1.7.3 (+https://scrapy.org)" "-"
150.255.177.115 - - [08/Jun/2022:09:36:03 +0800] "GET /connect.php?mod=login&op=init&referer=home.php%3Fmod%3Dspacecp%26ac%3Dshare%26type%3Dthread%26id%3D6813&statfrom=login_simple HTTP/1.1" 302 5 "http://www.lszmn.org/home.php?mod=spacecp&ac=share&type=thread&id=6813" "Scrapy/1.7.3 (+https://scrapy.org)" "-"
222.94.163.220 - - [08/Jun/2022:09:36:03 +0800] "GET /forum.php?mod=attachment&aid=MTYxMXxiOTQyNTg1ZHwxNjU0NjUyMTYxfDB8NjgwNQ%3D%3D&nothumb=yes HTTP/1.1" 200 26526 "http://www.lszmn.org/forum.php?mod=viewthread&tid=6805&extra=&ordertype=1" "Scrapy/1.7.3 (+https://scrapy.org)" "-"
58.247.217.104 - - [08/Jun/2022:09:36:03 +0800] "GET /connect.php?mod=login&op=init&referer=home.php%3Fmod%3Dspacecp%26ac%3Dfavorite%26type%3Dthread%26id%3D6813&statfrom=login_simple HTTP/1.1" 302 5 "http://www.lszmn.org/home.php?mod=spacecp&ac=favorite&type=thread&id=6813" "Scrapy/1.7.3 (+https://scrapy.org)" "-"
59.50.182.37 - - [08/Jun/2022:09:36:04 +0800] "GET /connect.php?mod=login&op=init&referer=home.php%3Fmod%3Dspacecp%26ac%3Dplugin%26id%3Dqqconnect%3Aspacecp%26pluginop%3Dshare%26sh_type%3D4%26thread_id%3D6813&statfrom=login_simple HTTP/1.1" 302 5 "http://www.lszmn.org/home.php?mod=spacecp&ac=plugin&id=qqconnect:spacecp&pluginop=share&sh_type=4&thread_id=6813" "Scrapy/1.7.3 (+https://scrapy.org)" "-"
58.247.216.239 - - [08/Jun/2022:09:36:04 +0800] "GET /connect.php?mod=login&op=init&referer=home.php%3Fmod%3Dspacecp%26ac%3Dfollow%26op%3Drelay%26tid%3D6813%26from%3Dforum&statfrom=login_simple HTTP/1.1" 302 5 "http://www.lszmn.org/home.php?mod=spacecp&ac=follow&op=relay&tid=6813&from=forum" "Scrapy/1.7.3 (+https://scrapy.org)" "-"
58.247.217.104 - - [08/Jun/2022:09:36:04 +0800] "GET /forum.php?mod=attachment&aid=MTYwN3w0NDZiZTlmN3wxNjU0NjUyMTYxfDB8NjgwNQ%3D%3D&nothumb=yes HTTP/1.1" 200 61910 "http://www.lszmn.org/forum.php?mod=viewthread&tid=6805&extra=&ordertype=1" "Scrapy/1.7.3 (+https://scrapy.org)" "-"
1.85.219.232 - - [08/Jun/2022:09:36:04 +0800] "GET /forum.php?mod=attachment&aid=MTYwMXxmNWIwOTEyOHwxNjU0NjUyMTYxfDB8NjgwNQ%3D%3D&nothumb=yes HTTP/1.1" 200 84372 "http://www.lszmn.org/forum.php?mod=viewthread&tid=6805&extra=&ordertype=1" "Scrapy/1.7.3 (+https://scrapy.org)" "-"
150.255.177.115 - - [08/Jun/2022:09:36:04 +0800] "GET /forum.php?mod=attachment&aid=MTYwMHwyNWI5MzFlMXwxNjU0NjUyMTYxfDB8NjgwNQ%3D%3D&nothumb=yes HTTP/1.1" 200 73202 "http://www.lszmn.org/forum.php?mod=viewthread&tid=6805&extra=&ordertype=1" "Scrapy/1.7.3 (+https://scrapy.org)" "-"
112.80.136.2 - - [08/Jun/2022:09:36:04 +0800] "GET /forum.php?mod=attachment&aid=MTYxMHxhOGJhN2VmNXwxNjU0NjUyMTYxfDB8NjgwNQ%3D%3D&nothumb=yes HTTP/1.1" 200 47270 "http://www.lszmn.org/forum.php?mod=viewthread&tid=6805&extra=&ordertype=1" "Scrapy/1.7.3 (+https://scrapy.org)" "-"
59.50.182.37 - - [08/Jun/2022:09:36:04 +0800] "GET /forum.php?mod=redirect&tid=6813&goto=lastpost HTTP/1.1" 302 5 "http://www.lszmn.org/misc.php?mod=tag&id=4" "Scrapy/1.7.3 (+https://scrapy.org)" "-"
58.247.216.239 - - [08/Jun/2022:09:36:04 +0800] "GET /misc.php?mod=tag&id=4&type=thread HTTP/1.1" 200 5177 "http://www.lszmn.org/misc.php?mod=tag&id=4" "Scrapy/1.7.3 (+https://scrapy.org)" "-"
221.11.5.52 - - [08/Jun/2022:09:36:04 +0800] "GET /connect.php?mod=login&op=init&referer=forum.php%3Fmod%3Dviewthread%26tid%3D6805%26page%3D1%26authorid%3D1&statfrom=login HTTP/1.1" 302 5 "http://www.lszmn.org/forum.php?mod=viewthread&tid=6805&page=1&authorid=1" "Scrapy/1.7.3 (+https://scrapy.org)" "-"
222.94.163.220 - - [08/Jun/2022:09:36:05 +0800] "GET /forum.php?mod=viewthread&tid=6805&page=1 HTTP/1.1" 200 12705 "http://www.lszmn.org/forum.php?mod=viewthread&tid=6805&page=1&authorid=1" "Scrapy/1.7.3 (+https://scrapy.org)" "-"
59.50.182.37 - - [08/Jun/2022:09:36:05 +0800] "GET /forum.php?mod=viewthread&tid=6813 HTTP/1.1" 200 10900 "http://www.lszmn.org/misc.php?mod=tag&id=4" "Scrapy/1.7.3 (+https://scrapy.org)" "-"
58.247.216.239 - - [08/Jun/2022:09:36:05 +0800] "GET /connect.php?mod=login&op=init&referer=forum.php%3Fmod%3Dviewthread%26tid%3D6805%26page%3D1%26authorid%3D1&statfrom=login_simple HTTP/1.1" 302 5 "http://www.lszmn.org/forum.php?mod=viewthread&tid=6805&page=1&authorid=1" "Scrapy/1.7.3 (+https://scrapy.org)" "-"
221.11.5.52 - - [08/Jun/2022:09:36:05 +0800] "GET /connect.php?mod=login&op=init&referer=misc.php%3Fmod%3Dtag%26id%3D4&statfrom=login_simple HTTP/1.1" 302 5 "http://www.lszmn.org/misc.php?mod=tag&id=4" "Scrapy/1.7.3 (+https://scrapy.org)" "-"
150.255.177.115 - - [08/Jun/2022:09:36:06 +0800] "GET /forum.php?mod=attachment&aid=MTYwOHxjMjY5OWI1MHwxNjU0NjUyMTYxfDB8NjgwNQ%3D%3D&nothumb=yes HTTP/1.1" 200 85489 "http://www.lszmn.org/forum.php?mod=viewthread&tid=6805&extra=&ordertype=1" "Scrapy/1.7.3 (+https://scrapy.org)" "-"
221.11.5.52 - - [08/Jun/2022:09:36:06 +0800] "GET /forum.php?mod=attachment&aid=MTU5OXxiZDY1MzZmN3wxNjU0NjUyMTYxfDB8NjgwNQ%3D%3D&nothumb=yes HTTP/1.1" 200 68763 "http://www.lszmn.org/forum.php?mod=viewthread&tid=6805&extra=&ordertype=1" "Scrapy/1.7.3 (+https://scrapy.org)" "-"
222.94.163.220 - - [08/Jun/2022:09:36:06 +0800] "GET /forum.php?mod=attachment&aid=MTYwNXwyZmU1ZjRkZnwxNjU0NjUyMTYxfDB8NjgwNQ%3D%3D&nothumb=yes HTTP/1.1" 200 61207 "http://www.lszmn.org/forum.php?mod=viewthread&tid=6805&extra=&ordertype=1" "Scrapy/1.7.3 (+https://scrapy.org)" "-"
58.247.217.104 - - [08/Jun/2022:09:36:06 +0800] "GET /forum.php?mod=attachment&aid=MTYwOXxlODllZjkxN3wxNjU0NjUyMTYxfDB8NjgwNQ%3D%3D&nothumb=yes HTTP/1.1" 200 53416 "http://www.lszmn.org/forum.php?mod=viewthread&tid=6805&extra=&ordertype=1" "Scrapy/1.7.3 (+https://scrapy.org)" "-"
112.80.136.2 - - [08/Jun/2022:09:36:06 +0800] "GET /forum.php?mod=attachment&aid=MTU5OHxiMTkyZTI1YnwxNjU0NjUyMTYxfDB8NjgwNQ%3D%3D&nothumb=yes HTTP/1.1" 200 62157 "http://www.lszmn.org/forum.php?mod=viewthread&tid=6805&extra=&ordertype=1" "Scrapy/1.7.3 (+https://scrapy.org)" "-"
185.191.171.13 - - [08/Jun/2022:09:36:07 +0800] "GET /forum.php?action=postreview&do=against&hash=aa8d6b19&mod=misc&pid=5842929&tid=7017 HTTP/1.1" 200 4796 "-" "Mozilla/5.0 (compatible; SemrushBot/7~bl; +http://www.semrush.com/bot.html)" "-"
58.247.216.239 - - [08/Jun/2022:09:36:07 +0800] "GET /forum.php?mod=attachment&aid=MTYwM3wzOTMxMjA2MnwxNjU0NjUyMTYxfDB8NjgwNQ%3D%3D&nothumb=yes HTTP/1.1" 200 53506 "http://www.lszmn.org/forum.php?mod=viewthread&tid=6805&extra=&ordertype=1" "Scrapy/1.7.3 (+https://scrapy.org)" "-"
59.50.182.37 - - [08/Jun/2022:09:36:08 +0800] "GET /forum.php?mod=attachment&aid=MTU5NnwyYjIxZTBhM3wxNjU0NjUyMTYxfDB8NjgwNQ%3D%3D&nothumb=yes HTTP/1.1" 200 71229 "http://www.lszmn.org/forum.php?mod=viewthread&tid=6805&extra=&ordertype=1" "Scrapy/1.7.3 (+https://scrapy.org)" "-"
222.94.163.220 - - [08/Jun/2022:09:36:08 +0800] "GET /forum.php?mod=attachment&aid=MTYwNnwwNGIwYzAwN3wxNjU0NjUyMTYxfDB8NjgwNQ%3D%3D&nothumb=yes HTTP/1.1" 200 58868 "http://www.lszmn.org/forum.php?mod=viewthread&tid=6805&extra=&ordertype=1" "Scrapy/1.7.3 (+https://scrapy.org)" "-"
112.80.136.2 - - [08/Jun/2022:09:36:09 +0800] "GET /forum.php?mod=attachment&aid=MTU5N3w2Y2I3Yjk3M3wxNjU0NjUyMTYxfDB8NjgwNQ%3D%3D&nothumb=yes HTTP/1.1" 200 69430 "http://www.lszmn.org/forum.php?mod=viewthread&tid=6805&extra=&ordertype=1" "Scrapy/1.7.3 (+https://scrapy.org)" "-"
1.85.219.232 - - [08/Jun/2022:09:36:10 +0800] "GET /forum.php?mod=attachment&aid=MTYwNHxjOWEyOWNjMXwxNjU0NjUyMTYxfDB8NjgwNQ%3D%3D&nothumb=yes HTTP/1.1" 200 35553 "http://www.lszmn.org/forum.php?mod=viewthread&tid=6805&extra=&ordertype=1" "Scrapy/1.7.3 (+https://scrapy.org)" "-"
222.94.163.220 - - [08/Jun/2022:09:36:10 +0800] "GET /forum.php?mod=viewthread&tid=6805&extra=&ordertype=2 HTTP/1.1" 200 12730 "http://www.lszmn.org/forum.php?mod=viewthread&tid=6805&extra=&ordertype=1" "Scrapy/1.7.3 (+https://scrapy.org)" "-"
58.247.217.104 - - [08/Jun/2022:09:36:10 +0800] "GET /forum.php?mod=attachment&aid=MTYwMnwwODkwYjMyMXwxNjU0NjUyMTYxfDB8NjgwNQ%3D%3D&nothumb=yes HTTP/1.1" 200 51314 "http://www.lszmn.org/forum.php?mod=viewthread&tid=6805&extra=&ordertype=1" "Scrapy/1.7.3 (+https://scrapy.org)" "-"
150.255.177.115 - - [08/Jun/2022:09:36:10 +0800] "GET /connect.php?mod=login&op=init&referer=forum.php%3Fmod%3Dviewthread%26tid%3D6805%26extra%3D%26ordertype%3D1&statfrom=login_simple HTTP/1.1" 302 5 "http://www.lszmn.org/forum.php?mod=viewthread&tid=6805&extra=&ordertype=1" "Scrapy/1.7.3 (+https://scrapy.org)" "-"
58.247.216.239 - - [08/Jun/2022:09:36:11 +0800] "GET /forum.php?mod=attachment&aid=MTU5NHw2MjU3YjFkYXwxNjU0NjUyMTYxfDB8NjgwNQ%3D%3D&nothumb=yes HTTP/1.1" 200 52403 "http://www.lszmn.org/forum.php?mod=viewthread&tid=6805&extra=&ordertype=1" "Scrapy/1.7.3 (+https://scrapy.org)" "-"
1.85.219.232 - - [08/Jun/2022:09:36:11 +0800] "GET /forum.php?mod=viewthread&tid=6813&extra=&ordertype=1 HTTP/1.1" 200 10830 "http://www.lszmn.org/forum.php?mod=viewthread&tid=6813" "Scrapy/1.7.3 (+https://scrapy.org)" "-"
112.80.136.2 - - [08/Jun/2022:09:36:11 +0800] "GET /forum.php?mod=viewthread&tid=6813&from=album HTTP/1.1" 200 8139 "http://www.lszmn.org/forum.php?mod=viewthread&tid=6813" "Scrapy/1.7.3 (+https://scrapy.org)" "-"
221.11.5.52 - - [08/Jun/2022:09:36:12 +0800] "GET /forum.php?mod=attachment&aid=MTY4MXxjZTZlNzdkMHwxNjU0NjUxNzY5fDB8NjgxMw%3D%3D&nothumb=yes HTTP/1.1" 200 36339 "http://www.lszmn.org/forum.php?mod=viewthread&tid=6813" "Scrapy/1.7.3 (+https://scrapy.org)" "-"
222.94.163.220 - - [08/Jun/2022:09:36:12 +0800] "GET /forum.php?mod=attachment&aid=MTY3OHxjZGM4OTM5NnwxNjU0NjUxNzY5fDB8NjgxMw%3D%3D&nothumb=yes HTTP/1.1" 200 33678 "http://www.lszmn.org/forum.php?mod=viewthread&tid=6813" "Scrapy/1.7.3 (+https://scrapy.org)" "-"
112.80.136.2 - - [08/Jun/2022:09:36:12 +0800] "GET /forum.php?mod=viewthread&tid=6813&page=1&authorid=1 HTTP/1.1" 200 10942 "http://www.lszmn.org/forum.php?mod=viewthread&tid=6813" "Scrapy/1.7.3 (+https://scrapy.org)" "-"
59.50.182.37 - - [08/Jun/2022:09:36:12 +0800] "GET /forum.php?mod=misc&action=postreview&do=against&tid=112&pid=137&hash=df2537e5 HTTP/1.1" 200 5010 "http://www.lszmn.org/forum.php?mod=viewthread&tid=112" "Scrapy/1.7.3 (+https://scrapy.org)" "-"
58.247.217.104 - - [08/Jun/2022:09:36:12 +0800] "GET /forum.php?mod=misc&action=postreview&do=support&tid=112&pid=137&hash=df2537e5 HTTP/1.1" 200 5008 "http://www.lszmn.org/forum.php?mod=viewthread&tid=112" "Scrapy/1.7.3 (+https://scrapy.org)" "-"
112.80.136.2 - - [08/Jun/2022:09:36:12 +0800] "GET /forum.php?mod=post&action=reply&fid=5&tid=112&repquote=137&extra=&page=1 HTTP/1.1" 200 5011 "http://www.lszmn.org/forum.php?mod=viewthread&tid=112" "Scrapy/1.7.3 (+https://scrapy.org)" "-"
59.50.182.37 - - [08/Jun/2022:09:36:12 +0800] "GET /forum.php?mod=redirect&goto=findpost&ptid=112&pid=137 HTTP/1.1" 301 5 "http://www.lszmn.org/forum.php?mod=viewthread&tid=112" "Scrapy/1.7.3 (+https://scrapy.org)" "-"
58.247.217.104 - - [08/Jun/2022:09:36:12 +0800] "GET /home.php?mod=spacecp&ac=share&type=thread&id=112 HTTP/1.1" 200 4859 "http://www.lszmn.org/forum.php?mod=viewthread&tid=112" "Scrapy/1.7.3 (+https://scrapy.org)" "-"
59.50.182.37 - - [08/Jun/2022:09:36:12 +0800] "GET /home.php?mod=spacecp&ac=follow&op=relay&tid=112&from=forum HTTP/1.1" 200 4883 "http://www.lszmn.org/forum.php?mod=viewthread&tid=112" "Scrapy/1.7.3 (+https://scrapy.org)" "-"
58.247.216.239 - - [08/Jun/2022:09:36:13 +0800] "GET /forum.php?mod=post&action=reply&fid=5&tid=112&reppost=136&extra=&page=1 HTTP/1.1" 200 5007 "http://www.lszmn.org/forum.php?mod=viewthread&tid=112" "Scrapy/1.7.3 (+https://scrapy.org)" "-"
58.247.217.104 - - [08/Jun/2022:09:36:13 +0800] "GET /connect.php?mod=login&op=init&referer=forum.php%3Fmod%3Dviewthread%26tid%3D6813%26from%3Dalbum&statfrom=login_simple HTTP/1.1" 302 5 "http://www.lszmn.org/forum.php?mod=viewthread&tid=6813&from=album" "Scrapy/1.7.3 (+https://scrapy.org)" "-"
1.85.219.232 - - [08/Jun/2022:09:36:13 +0800] "GET /forum.php?mod=post&action=reply&fid=5&tid=6813&extra=&page=1&from=album HTTP/1.1" 200 5006 "http://www.lszmn.org/forum.php?mod=viewthread&tid=6813&from=album" "Scrapy/1.7.3 (+https://scrapy.org)" "-"
59.50.182.37 - - [08/Jun/2022:09:36:13 +0800] "GET /home.php?mod=spacecp&ac=favorite&type=thread&id=112 HTTP/1.1" 200 4865 "http://www.lszmn.org/forum.php?mod=viewthread&tid=112" "Scrapy/1.7.3 (+https://scrapy.org)" "-"
58.247.217.104 - - [08/Jun/2022:09:36:13 +0800] "GET /home.php?mod=spacecp&ac=plugin&id=qqconnect:spacecp&pluginop=share&sh_type=4&thread_id=112 HTTP/1.1" 200 4941 "http://www.lszmn.org/forum.php?mod=viewthread&tid=112" "Scrapy/1.7.3 (+https://scrapy.org)" "-"
1.85.219.232 - - [08/Jun/2022:09:36:13 +0800] "GET /connect.php?mod=login&op=init&referer=forum.php%3Fmod%3Dviewthread%26tid%3D6813%26page%3D1%26authorid%3D1&statfrom=login_simple HTTP/1.1" 302 5 "http://www.lszmn.org/forum.php?mod=viewthread&tid=6813&page=1&authorid=1" "Scrapy/1.7.3 (+https://scrapy.org)" "-"
112.80.136.2 - - [08/Jun/2022:09:36:13 +0800] "GET /forum.php?mod=viewthread&tid=112&page=1 HTTP/1.1" 200 15766 "http://www.lszmn.org/forum.php?mod=viewthread&tid=112" "Scrapy/1.7.3 (+https://scrapy.org)" "-"
222.94.163.220 - - [08/Jun/2022:09:36:13 +0800] "GET /connect.php?mod=login&op=init&referer=forum.php%3Fmod%3Dmisc%26action%3Dpostreview%26do%3Dsupport%26tid%3D112%26pid%3D137%26hash%3Ddf2537e5&statfrom=login_simple HTTP/1.1" 302 5 "http://www.lszmn.org/forum.php?mod=misc&action=postreview&do=support&tid=112&pid=137&hash=df2537e5" "Scrapy/1.7.3 (+https://scrapy.org)" "-"
58.247.216.239 - - [08/Jun/2022:09:36:13 +0800] "GET /connect.php?mod=login&op=init&referer=forum.php%3Fmod%3Dmisc%26action%3Dpostreview%26do%3Dagainst%26tid%3D112%26pid%3D137%26hash%3Ddf2537e5&statfrom=login_simple HTTP/1.1" 302 5 "http://www.lszmn.org/forum.php?mod=misc&action=postreview&do=against&tid=112&pid=137&hash=df2537e5" "Scrapy/1.7.3 (+https://scrapy.org)" "-"
59.50.182.37 - - [08/Jun/2022:09:36:13 +0800] "GET /forum.php?mod=attachment&aid=MjczNnwxYjBmNjE1NHwxNjU0NjUxNzY5fDB8MTEy&nothumb=yes HTTP/1.1" 200 71507 "http://www.lszmn.org/forum.php?mod=viewthread&tid=112" "Scrapy/1.7.3 (+https://scrapy.org)" "-"
58.247.217.104 - - [08/Jun/2022:09:36:14 +0800] "GET /connect.php?mod=login&op=init&referer=forum.php%3Fmod%3Dviewthread%26tid%3D6813%26page%3D1%26authorid%3D1&statfrom=login HTTP/1.1" 302 5 "http://www.lszmn.org/forum.php?mod=viewthread&tid=6813&page=1&authorid=1" "Scrapy/1.7.3 (+https://scrapy.org)" "-"
222.94.163.220 - - [08/Jun/2022:09:36:14 +0800] "GET /connect.php?mod=login&op=init&referer=forum.php%3Fmod%3Dviewthread%26tid%3D6813%26extra%3D%26ordertype%3D1&statfrom=login HTTP/1.1" 302 5 "http://www.lszmn.org/forum.php?mod=viewthread&tid=6813&extra=&ordertype=1" "Scrapy/1.7.3 (+https://scrapy.org)" "-"
221.11.5.52 - - [08/Jun/2022:09:36:14 +0800] "GET /connect.php?mod=login&op=init&referer=forum.php%3Fmod%3Dpost%26action%3Dreply%26fid%3D5%26tid%3D112%26repquote%3D137%26extra%3D%26page%3D1&statfrom=login_simple HTTP/1.1" 302 5 "http://www.lszmn.org/forum.php?mod=post&action=reply&fid=5&tid=112&repquote=137&extra=&page=1" "Scrapy/1.7.3 (+https://scrapy.org)" "-"
58.247.217.104 - - [08/Jun/2022:09:36:14 +0800] "GET /connect.php?mod=login&op=init&referer=home.php%3Fmod%3Dspacecp%26ac%3Dfavorite%26type%3Dthread%26id%3D112&statfrom=login_simple HTTP/1.1" 302 5 "http://www.lszmn.org/home.php?mod=spacecp&ac=favorite&type=thread&id=112" "Scrapy/1.7.3 (+https://scrapy.org)" "-"
58.247.216.239 - - [08/Jun/2022:09:36:14 +0800] "GET /forum.php?mod=attachment&aid=MTY3OHw2Yzg3YmE5YnwxNjU0NjUyMTcxfDB8NjgxMw%3D%3D&nothumb=yes HTTP/1.1" 200 33678 "http://www.lszmn.org/forum.php?mod=viewthread&tid=6813&extra=&ordertype=1" "Scrapy/1.7.3 (+https://scrapy.org)" "-"
58.247.217.104 - - [08/Jun/2022:09:36:14 +0800] "GET /connect.php?mod=login&op=init&referer=home.php%3Fmod%3Dspacecp%26ac%3Dplugin%26id%3Dqqconnect%3Aspacecp%26pluginop%3Dshare%26sh_type%3D4%26thread_id%3D112&statfrom=login_simple HTTP/1.1" 302 5 "http://www.lszmn.org/home.php?mod=spacecp&ac=plugin&id=qqconnect:spacecp&pluginop=share&sh_type=4&thread_id=112" "Scrapy/1.7.3 (+https://scrapy.org)" "-"
222.94.163.220 - - [08/Jun/2022:09:36:14 +0800] "GET /forum.php?mod=attachment&aid=MTY4MXwyYjI4YzU2OHwxNjU0NjUyMTcxfDB8NjgxMw%3D%3D&nothumb=yes HTTP/1.1" 200 36339 "http://www.lszmn.org/forum.php?mod=viewthread&tid=6813&extra=&ordertype=1" "Scrapy/1.7.3 (+https://scrapy.org)" "-"
112.80.136.2 - - [08/Jun/2022:09:36:15 +0800] "GET /connect.php?mod=login&op=init&referer=forum.php%3Fmod%3Dpost%26action%3Dreply%26fid%3D5%26tid%3D112%26reppost%3D136%26extra%3D%26page%3D1&statfrom=login_simple HTTP/1.1" 302 5 "http://www.lszmn.org/forum.php?mod=post&action=reply&fid=5&tid=112&reppost=136&extra=&page=1" "Scrapy/1.7.3 (+https://scrapy.org)" "-"
58.247.217.104 - - [08/Jun/2022:09:36:15 +0800] "GET /forum.php?mod=viewthread&tid=6813&extra=&ordertype=2 HTTP/1.1" 200 10956 "http://www.lszmn.org/forum.php?mod=viewthread&tid=6813&extra=&ordertype=1" "Scrapy/1.7.3 (+https://scrapy.org)" "-"
