222.94.163.22 - - [08/Jun/2022:09:14:47 +0800] "GET /forum.php?mod=forumdisplay&fid=4&page=4&mobile=1 HTTP/1.1" 200 3814 "http://www.lszmn.org/forum.php?mod=forumdisplay&fid=4&mobile=1" "Scrapy/1.7.3 (+https://scrapy.org)" "-"
121.29.188.165 - - [08/Jun/2022:09:14:47 +0800] "GET /forum.php?mod=forumdisplay&fid=4&page=3&mobile=1 HTTP/1.1" 200 3829 "http://www.lszmn.org/forum.php?mod=forumdisplay&fid=4&mobile=1" "Scrapy/1.7.3 (+https://scrapy.org)" "-"
123.145.39.40 - - [08/Jun/2022:09:14:47 +0800] "GET /forum.php?mod=forumdisplay&fid=4&filter=author&orderby=dateline&mobile=1 HTTP/1.1" 200 3902 "http://www.lszmn.org/forum.php?mod=forumdisplay&fid=4&mobile=1" "Scrapy/1.7.3 (+https://scrapy.org)" "-"
110.177.176.162 - - [08/Jun/2022:09:14:47 +0800] "GET /forum.php?mod=viewthread&tid=9397&mobile=1 HTTP/1.1" 200 4175 "http://www.lszmn.org/forum.php?mod=forumdisplay&fid=4&mobile=1" "Scrapy/1.7.3 (+https://scrapy.org)" "-"
60.13.138.59 - - [08/Jun/2022:09:14:47 +0800] "GET /forum.php?mod=forumdisplay&fid=4&page=2&mobile=1 HTTP/1.1" 200 3812 "http://www.lszmn.org/forum.php?mod=forumdisplay&fid=4&mobile=1" "Scrapy/1.7.3 (+https://scrapy.org)" "-"
222.94.163.22 - - [08/Jun/2022:09:14:47 +0800] "GET /connect.php?mod=login&op=init&referer=forum.php%3Fmod%3Dforumdisplay%26fid%3D4%26mobile%3D1&statfrom=login_simple HTTP/1.1" 302 5 "http://www.lszmn.org/forum.php?mod=forumdisplay&fid=4&mobile=1" "Scrapy/1.7.3 (+https://scrapy.org)" "-"
110.177.176.162 - - [08/Jun/2022:09:14:47 +0800] "GET /forum.php?mod=forumdisplay&fid=51&mobile=no&mobile=2 HTTP/1.1" 200 1794 "http://www.lszmn.org/forum.php?mod=forumdisplay&fid=51&mobile=1" "Scrapy/1.7.3 (+https://scrapy.org)" "-"
221.11.51.21 - - [08/Jun/2022:09:14:47 +0800] "GET /forum.php?mod=post&action=newthread&fid=4&mobile=1 HTTP/1.1" 200 2521 "http://www.lszmn.org/forum.php?mod=forumdisplay&fid=4&mobile=1" "Scrapy/1.7.3 (+https://scrapy.org)" "-"
123.145.39.40 - - [08/Jun/2022:09:14:47 +0800] "GET /forum.php?mod=forumdisplay&fid=51&mobile=no HTTP/1.1" 200 11549 "http://www.lszmn.org/forum.php?mod=forumdisplay&fid=51&mobile=1" "Scrapy/1.7.3 (+https://scrapy.org)" "-"
121.29.188.165 - - [08/Jun/2022:09:14:47 +0800] "GET /forum.php?mod=viewthread&tid=237&mobile=1 HTTP/1.1" 302 5 "http://www.lszmn.org/forum.php?mod=forumdisplay&fid=51&mobile=1" "Scrapy/1.7.3 (+https://scrapy.org)" "-"
222.94.163.22 - - [08/Jun/2022:09:14:48 +0800] "GET /forum.php?mod=viewthread&tid=6876&mobile=1 HTTP/1.1" 302 5 "http://www.lszmn.org/forum.php?mod=forumdisplay&fid=51&mobile=1" "Scrapy/1.7.3 (+https://scrapy.org)" "-"
121.29.188.165 - - [08/Jun/2022:09:14:48 +0800] "GET /forum.php?mod=viewthread&tid=6847&mobile=1 HTTP/1.1" 302 5 "http://www.lszmn.org/forum.php?mod=forumdisplay&fid=51&mobile=1" "Scrapy/1.7.3 (+https://scrapy.org)" "-"
221.11.51.21 - - [08/Jun/2022:09:14:48 +0800] "GET /forum.php?mod=viewthread&tid=9315&mobile=1 HTTP/1.1" 200 3298 "http://www.lszmn.org/forum.php?mod=forumdisplay&fid=51&mobile=1" "Scrapy/1.7.3 (+https://scrapy.org)" "-"
123.145.39.40 - - [08/Jun/2022:09:14:48 +0800] "GET /forum.php?mod=viewthread&tid=9343&mobile=1 HTTP/1.1" 200 3257 "http://www.lszmn.org/forum.php?mod=forumdisplay&fid=51&mobile=1" "Scrapy/1.7.3 (+https://scrapy.org)" "-"
110.177.176.162 - - [08/Jun/2022:09:14:48 +0800] "GET /forum.php?mod=viewthread&tid=984&mobile=1 HTTP/1.1" 200 4405 "http://www.lszmn.org/forum.php?mod=forumdisplay&fid=51&mobile=1" "Scrapy/1.7.3 (+https://scrapy.org)" "-"
60.13.138.59 - - [08/Jun/2022:09:14:48 +0800] "GET /forum.php?mod=viewthread&tid=983&mobile=1 HTTP/1.1" 200 4351 "http://www.lszmn.org/forum.php?mod=forumdisplay&fid=51&mobile=1" "Scrapy/1.7.3 (+https://scrapy.org)" "-"
59.52.179.50 - - [08/Jun/2022:09:14:48 +0800] "GET /forum.php?mod=attachment&aid=MzE4N3xlMWRkZTI5N3wxNjU0NjUwNjIxfDB8OTM2MQ%3D%3D&nothumb=yes HTTP/1.1" 200 478656 "http://www.lszmn.org/forum.php?mod=viewthread&tid=9361&from=portal" "Scrapy/1.7.3 (+https://scrapy.org)" "-"
121.29.188.165 - - [08/Jun/2022:09:14:48 +0800] "GET /forum.php?mod=viewthread&tid=9363&mobile=1 HTTP/1.1" 200 3240 "http://www.lszmn.org/forum.php?mod=forumdisplay&fid=51&mobile=1" "Scrapy/1.7.3 (+https://scrapy.org)" "-"
60.13.138.59 - - [08/Jun/2022:09:14:49 +0800] "GET /forum.php?mod=forumdisplay&fid=51&filter=author&orderby=dateline&mobile=1 HTTP/1.1" 200 3712 "http://www.lszmn.org/forum.php?mod=forumdisplay&fid=51&mobile=1" "Scrapy/1.7.3 (+https://scrapy.org)" "-"
222.94.163.22 - - [08/Jun/2022:09:14:49 +0800] "GET /forum.php?mod=viewthread&tid=9348&mobile=1 HTTP/1.1" 200 3085 "http://www.lszmn.org/forum.php?mod=forumdisplay&fid=51&mobile=1" "Scrapy/1.7.3 (+https://scrapy.org)" "-"
123.145.39.40 - - [08/Jun/2022:09:14:49 +0800] "GET /forum.php?mod=viewthread&tid=9364&mobile=1 HTTP/1.1" 200 3409 "http://www.lszmn.org/forum.php?mod=forumdisplay&fid=51&mobile=1" "Scrapy/1.7.3 (+https://scrapy.org)" "-"
221.11.51.21 - - [08/Jun/2022:09:14:49 +0800] "GET /forum.php?mod=viewthread&tid=237&mobile=1 HTTP/1.1" 200 3702 "http://www.lszmn.org/forum.php?mod=forumdisplay&fid=51&mobile=1" "Scrapy/1.7.3 (+https://scrapy.org)" "-"
110.177.176.162 - - [08/Jun/2022:09:14:49 +0800] "GET /forum.php?mod=forumdisplay&fid=51&page=3&mobile=1 HTTP/1.1" 200 3358 "http://www.lszmn.org/forum.php?mod=forumdisplay&fid=51&mobile=1" "Scrapy/1.7.3 (+https://scrapy.org)" "-"
121.29.188.165 - - [08/Jun/2022:09:14:49 +0800] "GET /forum.php?mod=viewthread&tid=6847&mobile=1 HTTP/1.1" 200 4445 "http://www.lszmn.org/forum.php?mod=forumdisplay&fid=51&mobile=1" "Scrapy/1.7.3 (+https://scrapy.org)" "-"
222.94.163.22 - - [08/Jun/2022:09:14:49 +0800] "GET /forum.php?mod=viewthread&tid=6876&mobile=1 HTTP/1.1" 200 5176 "http://www.lszmn.org/forum.php?mod=forumdisplay&fid=51&mobile=1" "Scrapy/1.7.3 (+https://scrapy.org)" "-"
110.177.176.162 - - [08/Jun/2022:09:14:49 +0800] "GET /connect.php?mod=login&op=init&referer=forum.php%3Fmod%3Dforumdisplay%26fid%3D51%26mobile%3D1&statfrom=login_simple HTTP/1.1" 302 5 "http://www.lszmn.org/forum.php?mod=forumdisplay&fid=51&mobile=1" "Scrapy/1.7.3 (+https://scrapy.org)" "-"
221.11.51.21 - - [08/Jun/2022:09:14:49 +0800] "GET /forum.php?mod=forumdisplay&fid=5&mobile=no&mobile=2 HTTP/1.1" 200 1792 "http://www.lszmn.org/forum.php?mod=forumdisplay&fid=5&mobile=1" "Scrapy/1.7.3 (+https://scrapy.org)" "-"
60.13.138.59 - - [08/Jun/2022:09:14:49 +0800] "GET /forum.php?mod=forumdisplay&fid=5&mobile=no HTTP/1.1" 200 11523 "http://www.lszmn.org/forum.php?mod=forumdisplay&fid=5&mobile=1" "Scrapy/1.7.3 (+https://scrapy.org)" "-"
123.145.39.40 - - [08/Jun/2022:09:14:49 +0800] "GET /forum.php?mod=forumdisplay&fid=51&page=2&mobile=1 HTTP/1.1" 200 3704 "http://www.lszmn.org/forum.php?mod=forumdisplay&fid=51&mobile=1" "Scrapy/1.7.3 (+https://scrapy.org)" "-"
117.11.90.234 - - [08/Jun/2022:09:14:49 +0800] "GET /forum.php?mod=post&action=newthread&fid=51&mobile=1 HTTP/1.1" 200 2524 "http://www.lszmn.org/forum.php?mod=forumdisplay&fid=51&mobile=1" "Scrapy/1.7.3 (+https://scrapy.org)" "-"
121.29.188.165 - - [08/Jun/2022:09:14:50 +0800] "GET /forum.php?mod=viewthread&tid=6821&mobile=1 HTTP/1.1" 302 5 "http://www.lszmn.org/forum.php?mod=forumdisplay&fid=5&mobile=1" "Scrapy/1.7.3 (+https://scrapy.org)" "-"
221.11.51.21 - - [08/Jun/2022:09:14:50 +0800] "GET /forum.php?mod=viewthread&tid=6813&mobile=1 HTTP/1.1" 302 5 "http://www.lszmn.org/forum.php?mod=forumdisplay&fid=5&mobile=1" "Scrapy/1.7.3 (+https://scrapy.org)" "-"
110.177.176.162 - - [08/Jun/2022:09:14:50 +0800] "GET /forum.php?mod=viewthread&tid=9338&mobile=1 HTTP/1.1" 200 4835 "http://www.lszmn.org/forum.php?mod=forumdisplay&fid=5&mobile=1" "Scrapy/1.7.3 (+https://scrapy.org)" "-"
222.94.163.22 - - [08/Jun/2022:09:14:50 +0800] "GET /forum.php?mod=viewthread&tid=6805&mobile=1 HTTP/1.1" 302 5 "http://www.lszmn.org/forum.php?mod=forumdisplay&fid=5&mobile=1" "Scrapy/1.7.3 (+https://scrapy.org)" "-"
117.11.90.234 - - [08/Jun/2022:09:14:50 +0800] "GET /forum.php?mod=viewthread&tid=112&mobile=1 HTTP/1.1" 200 7078 "http://www.lszmn.org/forum.php?mod=forumdisplay&fid=5&mobile=1" "Scrapy/1.7.3 (+https://scrapy.org)" "-"
185.191.171.15 - - [08/Jun/2022:09:14:50 +0800] "GET /home.php?ac=follow&fuid=4&hash=21bb7fd7&mod=spacecp&op=add HTTP/1.1" 200 4663 "-" "Mozilla/5.0 (compatible; SemrushBot/7~bl; +http://www.semrush.com/bot.html)" "-"
222.94.163.22 - - [08/Jun/2022:09:14:50 +0800] "GET /forum.php?mod=viewthread&tid=9351&mobile=1 HTTP/1.1" 200 5238 "http://www.lszmn.org/forum.php?mod=forumdisplay&fid=5&mobile=1" "Scrapy/1.7.3 (+https://scrapy.org)" "-"
121.29.188.165 - - [08/Jun/2022:09:14:50 +0800] "GET /forum.php?mod=viewthread&tid=9349&mobile=1 HTTP/1.1" 200 5037 "http://www.lszmn.org/forum.php?mod=forumdisplay&fid=5&mobile=1" "Scrapy/1.7.3 (+https://scrapy.org)" "-"
123.145.39.40 - - [08/Jun/2022:09:14:50 +0800] "GET /forum.php?mod=viewthread&tid=9346&mobile=1 HTTP/1.1" 200 6153 "http://www.lszmn.org/forum.php?mod=forumdisplay&fid=5&mobile=1" "Scrapy/1.7.3 (+https://scrapy.org)" "-"
221.11.51.21 - - [08/Jun/2022:09:14:50 +0800] "GET /forum.php?mod=forumdisplay&fid=5&filter=author&orderby=dateline&mobile=1 HTTP/1.1" 200 3884 "http://www.lszmn.org/forum.php?mod=forumdisplay&fid=5&mobile=1" "Scrapy/1.7.3 (+https://scrapy.org)" "-"
110.177.176.162 - - [08/Jun/2022:09:14:50 +0800] "GET /forum.php?mod=viewthread&tid=9393&mobile=1 HTTP/1.1" 200 4686 "http://www.lszmn.org/forum.php?mod=forumdisplay&fid=5&mobile=1" "Scrapy/1.7.3 (+https://scrapy.org)" "-"
222.94.163.22 - - [08/Jun/2022:09:14:50 +0800] "GET /forum.php?mod=forumdisplay&fid=5&page=6&mobile=1 HTTP/1.1" 200 3403 "http://www.lszmn.org/forum.php?mod=forumdisplay&fid=5&mobile=1" "Scrapy/1.7.3 (+https://scrapy.org)" "-"
60.13.138.59 - - [08/Jun/2022:09:14:51 +0800] "GET /forum.php?mod=viewthread&tid=9361&mobile=1 HTTP/1.1" 200 4760 "http://www.lszmn.org/forum.php?mod=forumdisplay&fid=5&mobile=1" "Scrapy/1.7.3 (+https://scrapy.org)" "-"
123.145.39.40 - - [08/Jun/2022:09:14:51 +0800] "GET /forum.php?mod=viewthread&tid=6821&mobile=1 HTTP/1.1" 200 4801 "http://www.lszmn.org/forum.php?mod=forumdisplay&fid=5&mobile=1" "Scrapy/1.7.3 (+https://scrapy.org)" "-"
121.29.188.165 - - [08/Jun/2022:09:14:51 +0800] "GET /forum.php?mod=viewthread&tid=6805&mobile=1 HTTP/1.1" 200 4798 "http://www.lszmn.org/forum.php?mod=forumdisplay&fid=5&mobile=1" "Scrapy/1.7.3 (+https://scrapy.org)" "-"
222.94.163.22 - - [08/Jun/2022:09:14:51 +0800] "GET /forum.php?mod=forumdisplay&fid=5&page=4&mobile=1 HTTP/1.1" 200 3719 "http://www.lszmn.org/forum.php?mod=forumdisplay&fid=5&mobile=1" "Scrapy/1.7.3 (+https://scrapy.org)" "-"
123.145.39.40 - - [08/Jun/2022:09:14:51 +0800] "GET /forum.php?mod=forumdisplay&fid=5&page=3&mobile=1 HTTP/1.1" 200 3761 "http://www.lszmn.org/forum.php?mod=forumdisplay&fid=5&mobile=1" "Scrapy/1.7.3 (+https://scrapy.org)" "-"
222.94.163.22 - - [08/Jun/2022:09:14:51 +0800] "GET /forum.php?mod=viewthread&tid=6813&mobile=1 HTTP/1.1" 200 4622 "http://www.lszmn.org/forum.php?mod=forumdisplay&fid=5&mobile=1" "Scrapy/1.7.3 (+https://scrapy.org)" "-"
123.145.39.40 - - [08/Jun/2022:09:14:51 +0800] "GET /forum.php?mod=post&action=newthread&fid=5&mobile=1 HTTP/1.1" 200 2522 "http://www.lszmn.org/forum.php?mod=forumdisplay&fid=5&mobile=1" "Scrapy/1.7.3 (+https://scrapy.org)" "-"
60.13.138.59 - - [08/Jun/2022:09:14:51 +0800] "GET /forum.php?mod=forumdisplay&fid=5&page=2&mobile=1 HTTP/1.1" 200 3947 "http://www.lszmn.org/forum.php?mod=forumdisplay&fid=5&mobile=1" "Scrapy/1.7.3 (+https://scrapy.org)" "-"
222.94.163.22 - - [08/Jun/2022:09:14:51 +0800] "GET /forum.php?mod=viewthread&tid=9366&mobile=1 HTTP/1.1" 200 4711 "http://www.lszmn.org/forum.php?mod=forumdisplay&fid=20&mobile=1" "Scrapy/1.7.3 (+https://scrapy.org)" "-"
121.29.188.165 - - [08/Jun/2022:09:14:51 +0800] "GET /forum.php?mod=viewthread&tid=9357&mobile=1 HTTP/1.1" 200 6627 "http://www.lszmn.org/forum.php?mod=forumdisplay&fid=20&mobile=1" "Scrapy/1.7.3 (+https://scrapy.org)" "-"
221.11.51.21 - - [08/Jun/2022:09:14:51 +0800] "GET /forum.php?mod=viewthread&tid=9359&mobile=1 HTTP/1.1" 200 4611 "http://www.lszmn.org/forum.php?mod=forumdisplay&fid=20&mobile=1" "Scrapy/1.7.3 (+https://scrapy.org)" "-"
59.173.182.14 - - [08/Jun/2022:09:14:51 +0800] "GET /forum.php?mod=attachment&aid=MzE4Nnw1MTNhOWY3ZnwxNjU0NjUwNjIxfDB8OTM2MQ%3D%3D&nothumb=yes HTTP/1.1" 200 142784 "http://www.lszmn.org/forum.php?mod=viewthread&tid=9361&from=portal" "Scrapy/1.7.3 (+https://scrapy.org)" "-"
123.145.39.40 - - [08/Jun/2022:09:14:52 +0800] "GET /forum.php?mod=forumdisplay&fid=20&filter=author&orderby=dateline&mobile=1 HTTP/1.1" 200 3826 "http://www.lszmn.org/forum.php?mod=forumdisplay&fid=20&mobile=1" "Scrapy/1.7.3 (+https://scrapy.org)" "-"
222.94.163.22 - - [08/Jun/2022:09:14:52 +0800] "GET /forum.php?mod=viewthread&tid=9382&mobile=1 HTTP/1.1" 200 4491 "http://www.lszmn.org/forum.php?mod=forumdisplay&fid=20&mobile=1" "Scrapy/1.7.3 (+https://scrapy.org)" "-"
110.177.176.162 - - [08/Jun/2022:09:14:52 +0800] "GET /forum.php?mod=viewthread&tid=9368&mobile=1 HTTP/1.1" 200 5575 "http://www.lszmn.org/forum.php?mod=forumdisplay&fid=20&mobile=1" "Scrapy/1.7.3 (+https://scrapy.org)" "-"
121.29.188.165 - - [08/Jun/2022:09:14:52 +0800] "GET /forum.php?mod=forumdisplay&fid=20&page=3&mobile=1 HTTP/1.1" 200 3797 "http://www.lszmn.org/forum.php?mod=forumdisplay&fid=20&mobile=1" "Scrapy/1.7.3 (+https://scrapy.org)" "-"
222.94.163.22 - - [08/Jun/2022:09:14:52 +0800] "GET /forum.php?mod=forumdisplay&fid=20&page=8&mobile=1 HTTP/1.1" 200 3178 "http://www.lszmn.org/forum.php?mod=forumdisplay&fid=20&mobile=1" "Scrapy/1.7.3 (+https://scrapy.org)" "-"
60.13.138.59 - - [08/Jun/2022:09:14:52 +0800] "GET /forum.php?mod=forumdisplay&fid=20&page=2&mobile=1 HTTP/1.1" 200 3784 "http://www.lszmn.org/forum.php?mod=forumdisplay&fid=20&mobile=1" "Scrapy/1.7.3 (+https://scrapy.org)" "-"
123.145.39.40 - - [08/Jun/2022:09:14:52 +0800] "GET /forum.php?mod=forumdisplay&fid=20&page=4&mobile=1 HTTP/1.1" 200 3841 "http://www.lszmn.org/forum.php?mod=forumdisplay&fid=20&mobile=1" "Scrapy/1.7.3 (+https://scrapy.org)" "-"
117.11.90.234 - - [08/Jun/2022:09:14:52 +0800] "GET /connect.php?mod=login&op=init&referer=forum.php%3Fmod%3Dforumdisplay%26fid%3D20%26mobile%3D1&statfrom=login_simple HTTP/1.1" 302 5 "http://www.lszmn.org/forum.php?mod=forumdisplay&fid=20&mobile=1" "Scrapy/1.7.3 (+https://scrapy.org)" "-"
221.11.51.21 - - [08/Jun/2022:09:14:52 +0800] "GET /forum.php?mod=post&action=newthread&fid=20&mobile=1 HTTP/1.1" 200 2523 "http://www.lszmn.org/forum.php?mod=forumdisplay&fid=20&mobile=1" "Scrapy/1.7.3 (+https://scrapy.org)" "-"
58.18.161.23 - - [08/Jun/2022:09:14:53 +0800] "GET /forum.php?mod=viewthread&tid=9377&mobile=1 HTTP/1.1" 200 4762 "http://www.lszmn.org/forum.php?mod=forumdisplay&fid=20&mobile=1" "Scrapy/1.7.3 (+https://scrapy.org)" "-"
221.11.51.21 - - [08/Jun/2022:09:14:53 +0800] "GET /forum.php?mod=forumdisplay&fid=19&mobile=no&mobile=2 HTTP/1.1" 200 1794 "http://www.lszmn.org/forum.php?mod=forumdisplay&fid=19&mobile=1" "Scrapy/1.7.3 (+https://scrapy.org)" "-"
121.29.188.165 - - [08/Jun/2022:09:14:53 +0800] "GET /forum.php?mod=viewthread&tid=218&mobile=1 HTTP/1.1" 200 6926 "http://www.lszmn.org/forum.php?mod=forumdisplay&fid=19&mobile=1" "Scrapy/1.7.3 (+https://scrapy.org)" "-"
110.177.176.162 - - [08/Jun/2022:09:14:53 +0800] "GET /forum.php?mod=viewthread&tid=7484&mobile=1 HTTP/1.1" 200 4951 "http://www.lszmn.org/forum.php?mod=forumdisplay&fid=19&mobile=1" "Scrapy/1.7.3 (+https://scrapy.org)" "-"
123.145.39.40 - - [08/Jun/2022:09:14:53 +0800] "GET /forum.php?mod=viewthread&tid=219&mobile=1 HTTP/1.1" 200 4657 "http://www.lszmn.org/forum.php?mod=forumdisplay&fid=19&mobile=1" "Scrapy/1.7.3 (+https://scrapy.org)" "-"
222.94.163.22 - - [08/Jun/2022:09:14:53 +0800] "GET /forum.php?mod=viewthread&tid=221&mobile=1 HTTP/1.1" 200 5916 "http://www.lszmn.org/forum.php?mod=forumdisplay&fid=19&mobile=1" "Scrapy/1.7.3 (+https://scrapy.org)" "-"
60.13.138.59 - - [08/Jun/2022:09:14:53 +0800] "GET /forum.php?mod=viewthread&tid=206&mobile=1 HTTP/1.1" 200 9978 "http://www.lszmn.org/forum.php?mod=forumdisplay&fid=19&mobile=1" "Scrapy/1.7.3 (+https://scrapy.org)" "-"
117.11.90.234 - - [08/Jun/2022:09:14:53 +0800] "GET /forum.php?mod=viewthread&tid=225&mobile=1 HTTP/1.1" 200 5248 "http://www.lszmn.org/forum.php?mod=forumdisplay&fid=19&mobile=1" "Scrapy/1.7.3 (+https://scrapy.org)" "-"
117.11.90.234 - - [08/Jun/2022:09:14:54 +0800] "GET /forum.php?mod=forumdisplay&fid=19&page=3&mobile=1 HTTP/1.1" 200 3209 "http://www.lszmn.org/forum.php?mod=forumdisplay&fid=19&mobile=1" "Scrapy/1.7.3 (+https://scrapy.org)" "-"
121.29.188.165 - - [08/Jun/2022:09:14:54 +0800] "GET /forum.php?mod=viewthread&tid=6894&mobile=1 HTTP/1.1" 200 9410 "http://www.lszmn.org/forum.php?mod=forumdisplay&fid=19&mobile=1" "Scrapy/1.7.3 (+https://scrapy.org)" "-"
222.94.163.22 - - [08/Jun/2022:09:14:54 +0800] "GET /forum.php?mod=viewthread&tid=9396&mobile=1 HTTP/1.1" 200 4249 "http://www.lszmn.org/forum.php?mod=forumdisplay&fid=19&mobile=1" "Scrapy/1.7.3 (+https://scrapy.org)" "-"
58.18.161.23 - - [08/Jun/2022:09:14:54 +0800] "GET /forum.php?mod=viewthread&tid=7350&mobile=1 HTTP/1.1" 200 4598 "http://www.lszmn.org/forum.php?mod=forumdisplay&fid=19&mobile=1" "Scrapy/1.7.3 (+https://scrapy.org)" "-"
221.11.51.21 - - [08/Jun/2022:09:14:54 +0800] "GET /forum.php?mod=forumdisplay&fid=19&filter=author&orderby=dateline&mobile=1 HTTP/1.1" 200 3655 "http://www.lszmn.org/forum.php?mod=forumdisplay&fid=19&mobile=1" "Scrapy/1.7.3 (+https://scrapy.org)" "-"
123.145.39.40 - - [08/Jun/2022:09:14:54 +0800] "GET /forum.php?mod=viewthread&tid=9395&mobile=1 HTTP/1.1" 200 4504 "http://www.lszmn.org/forum.php?mod=forumdisplay&fid=19&mobile=1" "Scrapy/1.7.3 (+https://scrapy.org)" "-"
123.145.39.40 - - [08/Jun/2022:09:14:54 +0800] "GET /forum.php?mod=viewthread&tid=6807&mobile=1 HTTP/1.1" 302 5 "http://www.lszmn.org/forum.php?mod=forumdisplay&fid=18&mobile=1" "Scrapy/1.7.3 (+https://scrapy.org)" "-"
121.29.188.165 - - [08/Jun/2022:09:14:54 +0800] "GET /connect.php?mod=login&op=init&referer=forum.php%3Fmod%3Dforumdisplay%26fid%3D19%26mobile%3D1&statfrom=login_simple HTTP/1.1" 302 5 "http://www.lszmn.org/forum.php?mod=forumdisplay&fid=19&mobile=1" "Scrapy/1.7.3 (+https://scrapy.org)" "-"
221.11.51.21 - - [08/Jun/2022:09:14:54 +0800] "GET /forum.php?mod=viewthread&tid=6872&mobile=1 HTTP/1.1" 302 5 "http://www.lszmn.org/forum.php?mod=forumdisplay&fid=18&mobile=1" "Scrapy/1.7.3 (+https://scrapy.org)" "-"
222.94.163.22 - - [08/Jun/2022:09:14:54 +0800] "GET /forum.php?mod=post&action=newthread&fid=19&mobile=1 HTTP/1.1" 200 2523 "http://www.lszmn.org/forum.php?mod=forumdisplay&fid=19&mobile=1" "Scrapy/1.7.3 (+https://scrapy.org)" "-"
58.18.161.23 - - [08/Jun/2022:09:14:54 +0800] "GET /forum.php?mod=forumdisplay&fid=18&mobile=no&mobile=2 HTTP/1.1" 200 1793 "http://www.lszmn.org/forum.php?mod=forumdisplay&fid=18&mobile=1" "Scrapy/1.7.3 (+https://scrapy.org)" "-"
60.13.138.59 - - [08/Jun/2022:09:14:54 +0800] "GET /forum.php?mod=forumdisplay&fid=19&page=2&mobile=1 HTTP/1.1" 200 3514 "http://www.lszmn.org/forum.php?mod=forumdisplay&fid=19&mobile=1" "Scrapy/1.7.3 (+https://scrapy.org)" "-"
117.11.90.234 - - [08/Jun/2022:09:14:54 +0800] "GET /forum.php?mod=viewthread&tid=7450&mobile=1 HTTP/1.1" 302 5 "http://www.lszmn.org/forum.php?mod=forumdisplay&fid=18&mobile=1" "Scrapy/1.7.3 (+https://scrapy.org)" "-"
110.177.176.162 - - [08/Jun/2022:09:14:54 +0800] "GET /forum.php?mod=viewthread&tid=74&mobile=1 HTTP/1.1" 200 4533 "http://www.lszmn.org/forum.php?mod=forumdisplay&fid=18&mobile=1" "Scrapy/1.7.3 (+https://scrapy.org)" "-"
222.94.163.22 - - [08/Jun/2022:09:14:55 +0800] "GET /forum.php?mod=viewthread&tid=6797&mobile=1 HTTP/1.1" 302 5 "http://www.lszmn.org/forum.php?mod=forumdisplay&fid=18&mobile=1" "Scrapy/1.7.3 (+https://scrapy.org)" "-"
117.11.90.234 - - [08/Jun/2022:09:14:55 +0800] "GET /home.php?mod=space&uid=4&mobile=1 HTTP/1.1" 200 2464 "http://www.lszmn.org/forum.php?mod=forumdisplay&fid=18&mobile=1" "Scrapy/1.7.3 (+https://scrapy.org)" "-"
221.11.51.21 - - [08/Jun/2022:09:14:55 +0800] "GET /forum.php?mod=viewthread&tid=6895&mobile=1 HTTP/1.1" 302 5 "http://www.lszmn.org/forum.php?mod=forumdisplay&fid=18&mobile=1" "Scrapy/1.7.3 (+https://scrapy.org)" "-"
121.29.188.165 - - [08/Jun/2022:09:14:55 +0800] "GET /forum.php?mod=viewthread&tid=30&mobile=1 HTTP/1.1" 200 10425 "http://www.lszmn.org/forum.php?mod=forumdisplay&fid=18&mobile=1" "Scrapy/1.7.3 (+https://scrapy.org)" "-"
123.145.39.40 - - [08/Jun/2022:09:14:55 +0800] "GET /forum.php?mod=viewthread&tid=6802&mobile=1 HTTP/1.1" 302 5 "http://www.lszmn.org/forum.php?mod=forumdisplay&fid=18&mobile=1" "Scrapy/1.7.3 (+https://scrapy.org)" "-"
60.13.138.59 - - [08/Jun/2022:09:14:55 +0800] "GET /forum.php?mod=viewthread&tid=266&mobile=1 HTTP/1.1" 200 5959 "http://www.lszmn.org/forum.php?mod=forumdisplay&fid=18&mobile=1" "Scrapy/1.7.3 (+https://scrapy.org)" "-"
58.18.161.23 - - [08/Jun/2022:09:14:55 +0800] "GET /forum.php?mod=viewthread&tid=9390&mobile=1 HTTP/1.1" 200 4490 "http://www.lszmn.org/forum.php?mod=forumdisplay&fid=18&mobile=1" "Scrapy/1.7.3 (+https://scrapy.org)" "-"
222.94.163.22 - - [08/Jun/2022:09:14:55 +0800] "GET /forum.php?mod=viewthread&tid=7450&mobile=1 HTTP/1.1" 200 6999 "http://www.lszmn.org/forum.php?mod=forumdisplay&fid=18&mobile=1" "Scrapy/1.7.3 (+https://scrapy.org)" "-"
121.29.188.165 - - [08/Jun/2022:09:14:55 +0800] "GET /forum.php?mod=viewthread&tid=6807&mobile=1 HTTP/1.1" 200 4261 "http://www.lszmn.org/forum.php?mod=forumdisplay&fid=18&mobile=1" "Scrapy/1.7.3 (+https://scrapy.org)" "-"
221.11.51.21 - - [08/Jun/2022:09:14:55 +0800] "GET /forum.php?mod=viewthread&tid=6872&mobile=1 HTTP/1.1" 200 5265 "http://www.lszmn.org/forum.php?mod=forumdisplay&fid=18&mobile=1" "Scrapy/1.7.3 (+https://scrapy.org)" "-"
123.145.39.40 - - [08/Jun/2022:09:14:55 +0800] "GET /forum.php?mod=forumdisplay&fid=18&filter=author&orderby=dateline&mobile=1 HTTP/1.1" 200 3802 "http://www.lszmn.org/forum.php?mod=forumdisplay&fid=18&mobile=1" "Scrapy/1.7.3 (+https://scrapy.org)" "-"
221.11.51.21 - - [08/Jun/2022:09:14:56 +0800] "GET /connect.php?mod=login&op=init&referer=forum.php%3Fmod%3Dforumdisplay%26fid%3D18%26mobile%3D1&statfrom=login_simple HTTP/1.1" 302 5 "http://www.lszmn.org/forum.php?mod=forumdisplay&fid=18&mobile=1" "Scrapy/1.7.3 (+https://scrapy.org)" "-"
222.94.163.22 - - [08/Jun/2022:09:14:56 +0800] "GET /forum.php?mod=post&action=newthread&fid=18&mobile=1 HTTP/1.1" 200 2523 "http://www.lszmn.org/forum.php?mod=forumdisplay&fid=18&mobile=1" "Scrapy/1.7.3 (+https://scrapy.org)" "-"
121.29.188.165 - - [08/Jun/2022:09:14:56 +0800] "GET /forum.php?mod=viewthread&tid=6797&mobile=1 HTTP/1.1" 200 4551 "http://www.lszmn.org/forum.php?mod=forumdisplay&fid=18&mobile=1" "Scrapy/1.7.3 (+https://scrapy.org)" "-"
123.145.39.40 - - [08/Jun/2022:09:14:56 +0800] "GET /forum.php?mod=viewthread&tid=6895&mobile=1 HTTP/1.1" 200 6166 "http://www.lszmn.org/forum.php?mod=forumdisplay&fid=18&mobile=1" "Scrapy/1.7.3 (+https://scrapy.org)" "-"
60.13.138.59 - - [08/Jun/2022:09:14:56 +0800] "GET /forum.php?mod=forumdisplay&fid=18&page=2&mobile=1 HTTP/1.1" 200 3296 "http://www.lszmn.org/forum.php?mod=forumdisplay&fid=18&mobile=1" "Scrapy/1.7.3 (+https://scrapy.org)" "-"
117.11.90.234 - - [08/Jun/2022:09:14:56 +0800] "GET /member.php?mod=logging&action=login&mobile=1 HTTP/1.1" 200 3031 "http://www.lszmn.org/forum.php?mobile=yes" "Scrapy/1.7.3 (+https://scrapy.org)" "-"
222.94.163.22 - - [08/Jun/2022:09:14:56 +0800] "GET /archiver HTTP/1.1" 301 175 "http://www.lszmn.org" "Scrapy/1.7.3 (+https://scrapy.org)" "-"
121.29.188.165 - - [08/Jun/2022:09:14:56 +0800] "GET /forum.php?mod=viewthread&tid=999 HTTP/1.1" 302 5 "http://www.lszmn.org" "Scrapy/1.7.3 (+https://scrapy.org)" "-"
117.11.90.234 - - [08/Jun/2022:09:14:56 +0800] "GET /forum.php?mod=viewthread&tid=6802&mobile=1 HTTP/1.1" 200 6209 "http://www.lszmn.org/forum.php?mod=forumdisplay&fid=18&mobile=1" "Scrapy/1.7.3 (+https://scrapy.org)" "-"
221.11.51.21 - - [08/Jun/2022:09:14:56 +0800] "GET /forum.php?mod=viewthread&tid=187 HTTP/1.1" 302 5 "http://www.lszmn.org" "Scrapy/1.7.3 (+https://scrapy.org)" "-"
110.177.176.162 - - [08/Jun/2022:09:14:56 +0800] "GET /forum.php?mod=viewthread&tid=1093 HTTP/1.1" 200 11994 "http://www.lszmn.org" "Scrapy/1.7.3 (+https://scrapy.org)" "-"
58.18.161.23 - - [08/Jun/2022:09:14:56 +0800] "GET /forum.php?mod=viewthread&tid=184 HTTP/1.1" 200 12834 "http://www.lszmn.org" "Scrapy/1.7.3 (+https://scrapy.org)" "-"
123.145.39.40 - - [08/Jun/2022:09:14:56 +0800] "GET /forum.php?mod=viewthread&tid=188 HTTP/1.1" 200 11434 "http://www.lszmn.org" "Scrapy/1.7.3 (+https://scrapy.org)" "-"
121.29.188.165 - - [08/Jun/2022:09:14:57 +0800] "GET /forum.php?mod=viewthread&tid=9332 HTTP/1.1" 200 11170 "http://www.lszmn.org" "Scrapy/1.7.3 (+https://scrapy.org)" "-"
222.94.163.22 - - [08/Jun/2022:09:14:57 +0800] "GET /forum.php?mod=viewthread&tid=1091 HTTP/1.1" 200 11847 "http://www.lszmn.org" "Scrapy/1.7.3 (+https://scrapy.org)" "-"
60.13.138.59 - - [08/Jun/2022:09:14:57 +0800] "GET /forum.php?mod=viewthread&tid=1096 HTTP/1.1" 200 13938 "http://www.lszmn.org" "Scrapy/1.7.3 (+https://scrapy.org)" "-"
221.11.51.21 - - [08/Jun/2022:09:14:57 +0800] "GET /forum.php?mod=viewthread&tid=9347 HTTP/1.1" 200 11594 "http://www.lszmn.org" "Scrapy/1.7.3 (+https://scrapy.org)" "-"
58.18.161.23 - - [08/Jun/2022:09:14:57 +0800] "GET /forum.php?mod=viewthread&tid=202 HTTP/1.1" 302 5 "http://www.lszmn.org" "Scrapy/1.7.3 (+https://scrapy.org)" "-"
123.145.39.40 - - [08/Jun/2022:09:14:57 +0800] "GET /forum.php?mod=viewthread&tid=9386 HTTP/1.1" 200 10352 "http://www.lszmn.org" "Scrapy/1.7.3 (+https://scrapy.org)" "-"
121.29.188.165 - - [08/Jun/2022:09:14:57 +0800] "GET /forum.php?mod=viewthread&tid=7264 HTTP/1.1" 200 12557 "http://www.lszmn.org" "Scrapy/1.7.3 (+https://scrapy.org)" "-"
60.13.138.59 - - [08/Jun/2022:09:14:57 +0800] "GET /archiver/ HTTP/1.1" 200 1182 "http://www.lszmn.org" "Scrapy/1.7.3 (+https://scrapy.org)" "-"
222.94.163.22 - - [08/Jun/2022:09:14:58 +0800] "GET /forum.php?mod=viewthread&tid=187 HTTP/1.1" 200 12182 "http://www.lszmn.org" "Scrapy/1.7.3 (+https://scrapy.org)" "-"
221.11.51.21 - - [08/Jun/2022:09:14:58 +0800] "GET /forum.php?mod=viewthread&tid=999 HTTP/1.1" 200 8987 "http://www.lszmn.org" "Scrapy/1.7.3 (+https://scrapy.org)" "-"
117.11.90.234 - - [08/Jun/2022:09:14:58 +0800] "GET /member.php?mod=logging&action=login&mobile=no HTTP/1.1" 200 5501 "http://www.lszmn.org/member.php?mod=logging&action=login&mobile=1" "Scrapy/1.7.3 (+https://scrapy.org)" "-"
123.145.39.40 - - [08/Jun/2022:09:14:58 +0800] "GET /forum.php?mod=redirect&goto=nextnewset&tid=184 HTTP/1.1" 302 5 "http://www.lszmn.org/forum.php?mod=viewthread&tid=184" "Scrapy/1.7.3 (+https://scrapy.org)" "-"
222.94.163.22 - - [08/Jun/2022:09:14:58 +0800] "GET /connect.php?mod=login&op=init&referer=http%3A%2F%2Fwww.lszmn.org%2Fforum.php%3Fmobile%3Dyes&statfrom=login_simple HTTP/1.1" 302 5 "http://www.lszmn.org/member.php?mod=logging&action=login&mobile=1" "Scrapy/1.7.3 (+https://scrapy.org)" "-"
121.29.188.165 - - [08/Jun/2022:09:14:58 +0800] "GET /member.php?mod=logging&action=login&mobile=no&mobile=2 HTTP/1.1" 200 2653 "http://www.lszmn.org/member.php?mod=logging&action=login&mobile=1" "Scrapy/1.7.3 (+https://scrapy.org)" "-"
58.18.161.23 - - [08/Jun/2022:09:14:58 +0800] "GET /forum.php?mod=redirect&goto=nextoldset&tid=184 HTTP/1.1" 200 4926 "http://www.lszmn.org/forum.php?mod=viewthread&tid=184" "Scrapy/1.7.3 (+https://scrapy.org)" "-"
60.13.138.59 - - [08/Jun/2022:09:14:58 +0800] "GET /forum.php?mod=post&action=reply&fid=48&tid=184&extra=&page=1 HTTP/1.1" 200 4990 "http://www.lszmn.org/forum.php?mod=viewthread&tid=184" "Scrapy/1.7.3 (+https://scrapy.org)" "-"
117.11.90.234 - - [08/Jun/2022:09:14:59 +0800] "GET /connect.php?mod=login&op=init&referer=forum.php%3Fmod%3Dviewthread%26tid%3D1096&statfrom=login HTTP/1.1" 302 5 "http://www.lszmn.org/forum.php?mod=viewthread&tid=1096" "Scrapy/1.7.3 (+https://scrapy.org)" "-"
222.94.163.22 - - [08/Jun/2022:09:14:59 +0800] "GET /connect.php?mod=login&op=init&referer=forum.php%3Fmod%3Dviewthread%26tid%3D9332&statfrom=login_simple HTTP/1.1" 302 5 "http://www.lszmn.org/forum.php?mod=viewthread&tid=9332" "Scrapy/1.7.3 (+https://scrapy.org)" "-"
123.145.39.40 - - [08/Jun/2022:09:14:59 +0800] "GET /forum.php?mod=redirect&goto=nextnewset&tid=1096 HTTP/1.1" 302 5 "http://www.lszmn.org/forum.php?mod=viewthread&tid=1096" "Scrapy/1.7.3 (+https://scrapy.org)" "-"
221.11.51.21 - - [08/Jun/2022:09:14:59 +0800] "GET /connect.php?mod=login&op=init&referer=forum.php%3Fmod%3Dviewthread%26tid%3D184&statfrom=login HTTP/1.1" 302 5 "http://www.lszmn.org/forum.php?mod=viewthread&tid=184" "Scrapy/1.7.3 (+https://scrapy.org)" "-"
60.13.138.59 - - [08/Jun/2022:09:14:59 +0800] "GET /forum.php?mod=redirect&goto=nextoldset&tid=1096 HTTP/1.1" 302 5 "http://www.lszmn.org/forum.php?mod=viewthread&tid=1096" "Scrapy/1.7.3 (+https://scrapy.org)" "-"
121.29.188.165 - - [08/Jun/2022:09:14:59 +0800] "GET /forum.php?mod=viewthread&tid=202 HTTP/1.1" 200 10576 "http://www.lszmn.org" "Scrapy/1.7.3 (+https://scrapy.org)" "-"
222.94.163.22 - - [08/Jun/2022:09:14:59 +0800] "GET /forum.php?mod=viewthread&tid=1092 HTTP/1.1" 302 5 "http://www.lszmn.org/forum.php?mod=viewthread&tid=184" "Scrapy/1.7.3 (+https://scrapy.org)" "-"
117.11.90.234 - - [08/Jun/2022:09:14:59 +0800] "GET /forum.php?mod=post&action=reply&fid=48&tid=1096&reppost=129560&extra=&page=1 HTTP/1.1" 200 5027 "http://www.lszmn.org/forum.php?mod=viewthread&tid=1096" "Scrapy/1.7.3 (+https://scrapy.org)" "-"
123.145.39.40 - - [08/Jun/2022:09:14:59 +0800] "GET /connect.php?mod=login&op=init&referer=forum.php%3Fmod%3Dviewthread%26tid%3D999&statfrom=login_simple HTTP/1.1" 302 5 "http://www.lszmn.org/forum.php?mod=viewthread&tid=999" "Scrapy/1.7.3 (+https://scrapy.org)" "-"
58.18.161.23 - - [08/Jun/2022:09:14:59 +0800] "GET /forum.php?mod=post&action=reply&fid=48&tid=1096 HTTP/1.1" 200 4966 "http://www.lszmn.org/forum.php?mod=viewthread&tid=1096" "Scrapy/1.7.3 (+https://scrapy.org)" "-"
60.13.138.59 - - [08/Jun/2022:09:14:59 +0800] "GET /connect.php?mod=login&op=init&referer=forum.php%3Fmod%3Dviewthread%26tid%3D9386&statfrom=login_simple HTTP/1.1" 302 5 "http://www.lszmn.org/forum.php?mod=viewthread&tid=9386" "Scrapy/1.7.3 (+https://scrapy.org)" "-"
222.94.163.22 - - [08/Jun/2022:09:15:00 +0800] "GET /connect.php?mod=login&op=init&referer=forum.php%3Fmod%3Dviewthread%26tid%3D187&statfrom=login_simple HTTP/1.1" 302 5 "http://www.lszmn.org/forum.php?mod=viewthread&tid=187" "Scrapy/1.7.3 (+https://scrapy.org)" "-"
121.29.188.165 - - [08/Jun/2022:09:15:00 +0800] "GET /archiver/?fid-3.html HTTP/1.1" 200 1875 "http://www.lszmn.org/archiver/" "Scrapy/1.7.3 (+https://scrapy.org)" "-"
221.11.51.21 - - [08/Jun/2022:09:15:00 +0800] "GET /forum.php?mod=viewthread&tid=191 HTTP/1.1" 200 9137 "http://www.lszmn.org/forum.php?mod=viewthread&tid=1096" "Scrapy/1.7.3 (+https://scrapy.org)" "-"
123.145.39.40 - - [08/Jun/2022:09:15:00 +0800] "GET /connect.php?mod=login&op=init&referer=forum.php%3Fmod%3Dpost%26action%3Dreply%26fid%3D48%26tid%3D184%26extra%3D%26page%3D1&statfrom=login_simple HTTP/1.1" 302 5 "http://www.lszmn.org/forum.php?mod=post&action=reply&fid=48&tid=184&extra=&page=1" "Scrapy/1.7.3 (+https://scrapy.org)" "-"
60.13.138.59 - - [08/Jun/2022:09:15:00 +0800] "GET /forum.php?mod=viewthread&tid=1093 HTTP/1.1" 200 11922 "http://www.lszmn.org/forum.php?mod=viewthread&tid=1096" "Scrapy/1.7.3 (+https://scrapy.org)" "-"
222.94.163.22 - - [08/Jun/2022:09:15:00 +0800] "GET /forum.php?mod=post&action=reply&fid=8&tid=9386&extra=&page=1 HTTP/1.1" 200 4914 "http://www.lszmn.org/forum.php?mod=viewthread&tid=9386" "Scrapy/1.7.3 (+https://scrapy.org)" "-"
121.29.188.165 - - [08/Jun/2022:09:15:00 +0800] "GET /forum.php?mod=viewthread&tid=1092 HTTP/1.1" 200 11316 "http://www.lszmn.org/forum.php?mod=viewthread&tid=184" "Scrapy/1.7.3 (+https://scrapy.org)" "-"
110.177.176.162 - - [08/Jun/2022:09:15:00 +0800] "GET /forum.php?mod=post&action=reply&fid=7&tid=202&extra=&page=1 HTTP/1.1" 200 4915 "http://www.lszmn.org/forum.php?mod=viewthread&tid=202" "Scrapy/1.7.3 (+https://scrapy.org)" "-"
123.145.39.40 - - [08/Jun/2022:09:15:00 +0800] "GET /archiver/?tid-9388.html HTTP/1.1" 200 1977 "http://www.lszmn.org/archiver/?fid-3.html" "Scrapy/1.7.3 (+https://scrapy.org)" "-"
221.11.51.21 - - [08/Jun/2022:09:15:01 +0800] "GET /archiver/?fid-3.html&page=6 HTTP/1.1" 200 1505 "http://www.lszmn.org/archiver/?fid-3.html" "Scrapy/1.7.3 (+https://scrapy.org)" "-"
117.11.90.234 - - [08/Jun/2022:09:15:01 +0800] "GET /forum.php?mod=forumdisplay&fid=3&page=1 HTTP/1.1" 200 11181 "http://www.lszmn.org/archiver/?fid-3.html" "Scrapy/1.7.3 (+https://scrapy.org)" "-"
58.18.161.23 - - [08/Jun/2022:09:15:01 +0800] "GET /connect.php?mod=login&op=init&referer=forum.php%3Fmod%3Dviewthread%26tid%3D1093&statfrom=login_simple HTTP/1.1" 302 5 "http://www.lszmn.org/forum.php?mod=viewthread&tid=1093" "Scrapy/1.7.3 (+https://scrapy.org)" "-"
121.29.188.165 - - [08/Jun/2022:09:15:01 +0800] "GET /archiver/?fid-3.html&page=4 HTTP/1.1" 200 1625 "http://www.lszmn.org/archiver/?fid-3.html" "Scrapy/1.7.3 (+https://scrapy.org)" "-"
222.94.163.22 - - [08/Jun/2022:09:15:01 +0800] "GET /archiver/?fid-3.html&page=5 HTTP/1.1" 200 1786 "http://www.lszmn.org/archiver/?fid-3.html" "Scrapy/1.7.3 (+https://scrapy.org)" "-"
123.145.39.40 - - [08/Jun/2022:09:15:01 +0800] "GET /connect.php?mod=login&op=init&referer=forum.php%3Fmod%3Dviewthread%26tid%3D191&statfrom=login_simple HTTP/1.1" 302 5 "http://www.lszmn.org/forum.php?mod=viewthread&tid=191" "Scrapy/1.7.3 (+https://scrapy.org)" "-"
60.13.138.59 - - [08/Jun/2022:09:15:01 +0800] "GET /archiver/?fid-3.html&page=3 HTTP/1.1" 200 1692 "http://www.lszmn.org/archiver/?fid-3.html" "Scrapy/1.7.3 (+https://scrapy.org)" "-"
221.11.51.21 - - [08/Jun/2022:09:15:01 +0800] "GET /forum.php?mod=redirect&goto=nextnewset&tid=191 HTTP/1.1" 302 5 "http://www.lszmn.org/forum.php?mod=viewthread&tid=191" "Scrapy/1.7.3 (+https://scrapy.org)" "-"
222.94.163.22 - - [08/Jun/2022:09:15:02 +0800] "GET /forum.php?mod=redirect&goto=nextnewset&tid=1092 HTTP/1.1" 302 5 "http://www.lszmn.org/forum.php?mod=viewthread&tid=1092" "Scrapy/1.7.3 (+https://scrapy.org)" "-"
121.29.188.165 - - [08/Jun/2022:09:15:02 +0800] "GET /forum.php?mod=post&action=reply&fid=48&tid=191&extra=&page=1 HTTP/1.1" 200 4919 "http://www.lszmn.org/forum.php?mod=viewthread&tid=191" "Scrapy/1.7.3 (+https://scrapy.org)" "-"
58.18.161.23 - - [08/Jun/2022:09:15:02 +0800] "GET /forum.php?mod=redirect&goto=nextoldset&tid=1092 HTTP/1.1" 302 5 "http://www.lszmn.org/forum.php?mod=viewthread&tid=1092" "Scrapy/1.7.3 (+https://scrapy.org)" "-"
123.145.39.40 - - [08/Jun/2022:09:15:02 +0800] "GET /forum.php?mod=post&action=reply&fid=48&tid=1092&extra=&page=1 HTTP/1.1" 200 4926 "http://www.lszmn.org/forum.php?mod=viewthread&tid=1092" "Scrapy/1.7.3 (+https://scrapy.org)" "-"
60.13.138.59 - - [08/Jun/2022:09:15:02 +0800] "GET /connect.php?mod=login&op=init&referer=forum.php%3Fmod%3Dviewthread%26tid%3D1092&statfrom=login HTTP/1.1" 302 5 "http://www.lszmn.org/forum.php?mod=viewthread&tid=1092" "Scrapy/1.7.3 (+https://scrapy.org)" "-"
221.11.51.21 - - [08/Jun/2022:09:15:02 +0800] "GET /forum.php?mod=post&action=reply&fid=48&tid=1092 HTTP/1.1" 200 4897 "http://www.lszmn.org/forum.php?mod=viewthread&tid=1092" "Scrapy/1.7.3 (+https://scrapy.org)" "-"
222.94.163.22 - - [08/Jun/2022:09:15:02 +0800] "GET /forum.php?mod=post&action=reply&fid=48&tid=1092&reppost=129556&extra=&page=1 HTTP/1.1" 200 4957 "http://www.lszmn.org/forum.php?mod=viewthread&tid=1092" "Scrapy/1.7.3 (+https://scrapy.org)" "-"
121.29.188.165 - - [08/Jun/2022:09:15:02 +0800] "GET /home.php?mod=spacecp&ac=follow&op=relay&tid=1092&from=forum HTTP/1.1" 200 4817 "http://www.lszmn.org/forum.php?mod=viewthread&tid=1092" "Scrapy/1.7.3 (+https://scrapy.org)" "-"
123.145.39.40 - - [08/Jun/2022:09:15:02 +0800] "GET /home.php?mod=spacecp&ac=share&type=thread&id=1092 HTTP/1.1" 200 4799 "http://www.lszmn.org/forum.php?mod=viewthread&tid=1092" "Scrapy/1.7.3 (+https://scrapy.org)" "-"
60.13.138.59 - - [08/Jun/2022:09:15:02 +0800] "GET /forum.php?mod=viewthread&tid=1091 HTTP/1.1" 200 11757 "http://www.lszmn.org/forum.php?mod=viewthread&tid=191" "Scrapy/1.7.3 (+https://scrapy.org)" "-"
221.11.51.21 - - [08/Jun/2022:09:15:02 +0800] "GET /forum.php?mod=viewthread&tid=187 HTTP/1.1" 200 12102 "http://www.lszmn.org/forum.php?mod=viewthread&tid=1092" "Scrapy/1.7.3 (+https://scrapy.org)" "-"
58.18.161.23 - - [08/Jun/2022:09:15:02 +0800] "GET /home.php?mod=spacecp&ac=favorite&type=thread&id=1092 HTTP/1.1" 200 4803 "http://www.lszmn.org/forum.php?mod=viewthread&tid=1092" "Scrapy/1.7.3 (+https://scrapy.org)" "-"
222.94.163.22 - - [08/Jun/2022:09:15:02 +0800] "GET /home.php?mod=spacecp&ac=plugin&id=qqconnect:spacecp&pluginop=share&sh_type=4&thread_id=1092 HTTP/1.1" 200 4878 "http://www.lszmn.org/forum.php?mod=viewthread&tid=1092" "Scrapy/1.7.3 (+https://scrapy.org)" "-"
110.177.176.162 - - [08/Jun/2022:09:15:02 +0800] "GET /forum.php?mod=viewthread&tid=1092&extra=&ordertype=1 HTTP/1.1" 200 11259 "http://www.lszmn.org/forum.php?mod=viewthread&tid=1092" "Scrapy/1.7.3 (+https://scrapy.org)" "-"
121.29.188.165 - - [08/Jun/2022:09:15:03 +0800] "GET /forum.php?mod=viewthread&tid=184 HTTP/1.1" 200 12750 "http://www.lszmn.org/forum.php?mod=viewthread&tid=1092" "Scrapy/1.7.3 (+https://scrapy.org)" "-"
123.145.39.40 - - [08/Jun/2022:09:15:03 +0800] "GET /forum.php?mod=viewthread&tid=1092&page=1&authorid=1 HTTP/1.1" 200 11365 "http://www.lszmn.org/forum.php?mod=viewthread&tid=1092" "Scrapy/1.7.3 (+https://scrapy.org)" "-"
221.11.51.21 - - [08/Jun/2022:09:15:03 +0800] "GET /forum.php?mod=viewthread&tid=1092 HTTP/1.1" 200 11320 "http://www.lszmn.org/forum.php?mod=viewthread&tid=1092" "Scrapy/1.7.3 (+https://scrapy.org)" "-"
222.94.163.22 - - [08/Jun/2022:09:15:03 +0800] "GET /connect.php?mod=login&op=init&referer=forum.php%3Fmod%3Dviewthread%26tid%3D1092&statfrom=login_simple HTTP/1.1" 302 5 "http://www.lszmn.org/forum.php?mod=viewthread&tid=1092" "Scrapy/1.7.3 (+https://scrapy.org)" "-"
60.13.138.59 - - [08/Jun/2022:09:15:03 +0800] "GET /connect.php?mod=login&op=init&referer=forum.php%3Fmod%3Dpost%26action%3Dreply%26fid%3D8%26tid%3D9386%26extra%3D%26page%3D1&statfrom=login_simple HTTP/1.1" 302 5 "http://www.lszmn.org/forum.php?mod=post&action=reply&fid=8&tid=9386&extra=&page=1" "Scrapy/1.7.3 (+https://scrapy.org)" "-"
121.29.188.165 - - [08/Jun/2022:09:15:03 +0800] "GET /connect.php?mod=login&op=init&referer=forum.php%3Fmod%3Dpost%26action%3Dreply%26fid%3D48%26tid%3D1096&statfrom=login_simple HTTP/1.1" 302 5 "http://www.lszmn.org/forum.php?mod=post&action=reply&fid=48&tid=1096" "Scrapy/1.7.3 (+https://scrapy.org)" "-"
123.145.39.40 - - [08/Jun/2022:09:15:03 +0800] "GET /forum.php?mod=redirect&goto=nextoldset&tid=191 HTTP/1.1" 302 5 "http://www.lszmn.org/forum.php?mod=viewthread&tid=191" "Scrapy/1.7.3 (+https://scrapy.org)" "-"
222.94.163.22 - - [08/Jun/2022:09:15:03 +0800] "GET /connect.php?mod=login&op=init&referer=forum.php%3Fmod%3Dviewthread%26tid%3D191&statfrom=login HTTP/1.1" 302 5 "http://www.lszmn.org/forum.php?mod=viewthread&tid=191" "Scrapy/1.7.3 (+https://scrapy.org)" "-"
117.11.90.234 - - [08/Jun/2022:09:15:03 +0800] "GET /forum.php?mod=post&action=reply&fid=48&tid=191 HTTP/1.1" 200 4896 "http://www.lszmn.org/forum.php?mod=viewthread&tid=191" "Scrapy/1.7.3 (+https://scrapy.org)" "-"
221.11.51.21 - - [08/Jun/2022:09:15:03 +0800] "GET /connect.php?mod=login&op=init&referer=forum.php%3Fmod%3Dpost%26action%3Dreply%26fid%3D7%26tid%3D202%26extra%3D%26page%3D1&statfrom=login_simple HTTP/1.1" 302 5 "http://www.lszmn.org/forum.php?mod=post&action=reply&fid=7&tid=202&extra=&page=1" "Scrapy/1.7.3 (+https://scrapy.org)" "-"
121.29.188.165 - - [08/Jun/2022:09:15:04 +0800] "GET /forum.php?mod=post&action=reply&fid=48&tid=191&reppost=230&extra=&page=1 HTTP/1.1" 200 4941 "http://www.lszmn.org/forum.php?mod=viewthread&tid=191" "Scrapy/1.7.3 (+https://scrapy.org)" "-"
60.13.138.59 - - [08/Jun/2022:09:15:04 +0800] "GET /home.php?mod=spacecp&ac=share&type=thread&id=191 HTTP/1.1" 200 4795 "http://www.lszmn.org/forum.php?mod=viewthread&tid=191" "Scrapy/1.7.3 (+https://scrapy.org)" "-"
60.13.138.59 - - [08/Jun/2022:09:15:04 +0800] "GET /forum.php?mod=viewthread&tid=1096 HTTP/1.1" 200 13853 "http://www.lszmn.org/forum.php?mod=viewthread&tid=191" "Scrapy/1.7.3 (+https://scrapy.org)" "-"
123.145.39.40 - - [08/Jun/2022:09:15:04 +0800] "GET /home.php?mod=spacecp&ac=plugin&id=qqconnect:spacecp&pluginop=share&sh_type=4&thread_id=191 HTTP/1.1" 200 4874 "http://www.lszmn.org/forum.php?mod=viewthread&tid=191" "Scrapy/1.7.3 (+https://scrapy.org)" "-"
221.11.51.21 - - [08/Jun/2022:09:15:04 +0800] "GET /home.php?mod=spacecp&ac=favorite&type=thread&id=191 HTTP/1.1" 200 4800 "http://www.lszmn.org/forum.php?mod=viewthread&tid=191" "Scrapy/1.7.3 (+https://scrapy.org)" "-"
58.18.161.23 - - [08/Jun/2022:09:15:04 +0800] "GET /home.php?mod=spacecp&ac=follow&op=relay&tid=191&from=forum HTTP/1.1" 200 4818 "http://www.lszmn.org/forum.php?mod=viewthread&tid=191" "Scrapy/1.7.3 (+https://scrapy.org)" "-"
222.94.163.22 - - [08/Jun/2022:09:15:04 +0800] "GET /forum.php?mod=viewthread&tid=191&extra=&ordertype=1 HTTP/1.1" 200 9057 "http://www.lszmn.org/forum.php?mod=viewthread&tid=191" "Scrapy/1.7.3 (+https://scrapy.org)" "-"
121.29.188.165 - - [08/Jun/2022:09:15:04 +0800] "GET /forum.php?mod=viewthread&tid=191&page=1&authorid=1 HTTP/1.1" 200 9174 "http://www.lszmn.org/forum.php?mod=viewthread&tid=191" "Scrapy/1.7.3 (+https://scrapy.org)" "-"
221.11.51.21 - - [08/Jun/2022:09:15:05 +0800] "GET /connect.php?mod=login&op=init&referer=forum.php%3Fmod%3Dpost%26action%3Dreply%26fid%3D48%26tid%3D1096%26reppost%3D129560%26extra%3D%26page%3D1&statfrom=login_simple HTTP/1.1" 302 5 "http://www.lszmn.org/forum.php?mod=post&action=reply&fid=48&tid=1096&reppost=129560&extra=&page=1" "Scrapy/1.7.3 (+https://scrapy.org)" "-"
123.145.39.40 - - [08/Jun/2022:09:15:05 +0800] "GET /forum.php?mod=viewthread&tid=191 HTTP/1.1" 200 9130 "http://www.lszmn.org/forum.php?mod=viewthread&tid=191" "Scrapy/1.7.3 (+https://scrapy.org)" "-"
58.18.161.23 - - [08/Jun/2022:09:15:05 +0800] "GET /forum.php?mod=redirect&goto=nextnewset&tid=1093 HTTP/1.1" 302 5 "http://www.lszmn.org/forum.php?mod=viewthread&tid=1093" "Scrapy/1.7.3 (+https://scrapy.org)" "-"
222.94.163.22 - - [08/Jun/2022:09:15:05 +0800] "GET /forum.php?mod=post&action=reply&fid=48&tid=1093&extra=&page=1 HTTP/1.1" 200 4925 "http://www.lszmn.org/forum.php?mod=viewthread&tid=1093" "Scrapy/1.7.3 (+https://scrapy.org)" "-"
60.13.138.59 - - [08/Jun/2022:09:15:05 +0800] "GET /forum.php?mod=redirect&goto=nextoldset&tid=1093 HTTP/1.1" 302 5 "http://www.lszmn.org/forum.php?mod=viewthread&tid=1093" "Scrapy/1.7.3 (+https://scrapy.org)" "-"
58.18.161.23 - - [08/Jun/2022:09:15:05 +0800] "GET /home.php?mod=spacecp&ac=share&type=thread&id=1093 HTTP/1.1" 200 4798 "http://www.lszmn.org/forum.php?mod=viewthread&tid=1093" "Scrapy/1.7.3 (+https://scrapy.org)" "-"
117.11.90.234 - - [08/Jun/2022:09:15:05 +0800] "GET /forum.php?mod=post&action=reply&fid=48&tid=1093&reppost=129557&extra=&page=1 HTTP/1.1" 200 4956 "http://www.lszmn.org/forum.php?mod=viewthread&tid=1093" "Scrapy/1.7.3 (+https://scrapy.org)" "-"
221.11.51.21 - - [08/Jun/2022:09:15:05 +0800] "GET /connect.php?mod=login&op=init&referer=forum.php%3Fmod%3Dviewthread%26tid%3D1093&statfrom=login HTTP/1.1" 302 5 "http://www.lszmn.org/forum.php?mod=viewthread&tid=1093" "Scrapy/1.7.3 (+https://scrapy.org)" "-"
121.29.188.165 - - [08/Jun/2022:09:15:05 +0800] "GET /forum.php?mod=post&action=reply&fid=48&tid=1093 HTTP/1.1" 200 4896 "http://www.lszmn.org/forum.php?mod=viewthread&tid=1093" "Scrapy/1.7.3 (+https://scrapy.org)" "-"
60.13.138.59 - - [08/Jun/2022:09:15:05 +0800] "GET /home.php?mod=spacecp&ac=follow&op=relay&tid=1093&from=forum HTTP/1.1" 200 4816 "http://www.lszmn.org/forum.php?mod=viewthread&tid=1093" "Scrapy/1.7.3 (+https://scrapy.org)" "-"
123.145.39.40 - - [08/Jun/2022:09:15:06 +0800] "GET /home.php?mod=spacecp&ac=plugin&id=qqconnect:spacecp&pluginop=share&sh_type=4&thread_id=1093 HTTP/1.1" 200 4878 "http://www.lszmn.org/forum.php?mod=viewthread&tid=1093" "Scrapy/1.7.3 (+https://scrapy.org)" "-"
222.94.163.22 - - [08/Jun/2022:09:15:06 +0800] "GET /home.php?mod=spacecp&ac=favorite&type=thread&id=1093 HTTP/1.1" 200 4802 "http://www.lszmn.org/forum.php?mod=viewthread&tid=1093" "Scrapy/1.7.3 (+https://scrapy.org)" "-"
58.18.161.23 - - [08/Jun/2022:09:15:06 +0800] "GET /forum.php?mod=viewthread&tid=1093&extra=&ordertype=1 HTTP/1.1" 200 11858 "http://www.lszmn.org/forum.php?mod=viewthread&tid=1093" "Scrapy/1.7.3 (+https://scrapy.org)" "-"
221.11.51.21 - - [08/Jun/2022:09:15:06 +0800] "GET /forum.php?mod=viewthread&tid=186 HTTP/1.1" 200 14185 "http://www.lszmn.org/forum.php?mod=viewthread&tid=1093" "Scrapy/1.7.3 (+https://scrapy.org)" "-"
222.94.163.22 - - [08/Jun/2022:09:15:06 +0800] "GET /archiver/?tid-6856.html HTTP/1.1" 302 5 "http://www.lszmn.org/archiver/?fid-3.html" "Scrapy/1.7.3 (+https://scrapy.org)" "-"
60.13.138.59 - - [08/Jun/2022:09:15:06 +0800] "GET /archiver/?fid-3.html&page=2 HTTP/1.1" 200 1873 "http://www.lszmn.org/archiver/?fid-3.html" "Scrapy/1.7.3 (+https://scrapy.org)" "-"
58.18.161.23 - - [08/Jun/2022:09:15:06 +0800] "GET /archiver/?tid-6857.html HTTP/1.1" 302 5 "http://www.lszmn.org/archiver/?fid-3.html" "Scrapy/1.7.3 (+https://scrapy.org)" "-"
121.29.188.165 - - [08/Jun/2022:09:15:06 +0800] "GET /forum.php?mod=viewthread&tid=1093&page=1&authorid=1 HTTP/1.1" 200 11955 "http://www.lszmn.org/forum.php?mod=viewthread&tid=1093" "Scrapy/1.7.3 (+https://scrapy.org)" "-"
123.145.39.40 - - [08/Jun/2022:09:15:06 +0800] "GET /forum.php?mod=viewthread&tid=1096 HTTP/1.1" 200 13848 "http://www.lszmn.org/forum.php?mod=viewthread&tid=1093" "Scrapy/1.7.3 (+https://scrapy.org)" "-"
221.11.51.21 - - [08/Jun/2022:09:15:06 +0800] "GET /archiver/?tid-6870.html HTTP/1.1" 302 5 "http://www.lszmn.org/archiver/?fid-3.html" "Scrapy/1.7.3 (+https://scrapy.org)" "-"
222.94.163.22 - - [08/Jun/2022:09:15:06 +0800] "GET /connect.php?mod=login&op=init&referer=forum.php%3Fmod%3Dpost%26action%3Dreply%26fid%3D48%26tid%3D1093%26extra%3D%26page%3D1&statfrom=login_simple HTTP/1.1" 302 5 "http://www.lszmn.org/forum.php?mod=post&action=reply&fid=48&tid=1093&extra=&page=1" "Scrapy/1.7.3 (+https://scrapy.org)" "-"
58.18.161.23 - - [08/Jun/2022:09:15:06 +0800] "GET /archiver/?tid-6871.html HTTP/1.1" 200 2124 "http://www.lszmn.org/archiver/?fid-3.html" "Scrapy/1.7.3 (+https://scrapy.org)" "-"
60.13.138.59 - - [08/Jun/2022:09:15:06 +0800] "GET /archiver/?tid-6861.html HTTP/1.1" 200 2099 "http://www.lszmn.org/archiver/?fid-3.html" "Scrapy/1.7.3 (+https://scrapy.org)" "-"
221.11.51.21 - - [08/Jun/2022:09:15:07 +0800] "GET /connect.php?mod=login&op=init&referer=home.php%3Fmod%3Dspacecp%26ac%3Dshare%26type%3Dthread%26id%3D1093&statfrom=login_simple HTTP/1.1" 302 5 "http://www.lszmn.org/home.php?mod=spacecp&ac=share&type=thread&id=1093" "Scrapy/1.7.3 (+https://scrapy.org)" "-"
222.94.163.22 - - [08/Jun/2022:09:15:07 +0800] "GET /connect.php?mod=login&op=init&referer=home.php%3Fmod%3Dspacecp%26ac%3Dplugin%26id%3Dqqconnect%3Aspacecp%26pluginop%3Dshare%26sh_type%3D4%26thread_id%3D1093&statfrom=login_simple HTTP/1.1" 302 5 "http://www.lszmn.org/home.php?mod=spacecp&ac=plugin&id=qqconnect:spacecp&pluginop=share&sh_type=4&thread_id=1093" "Scrapy/1.7.3 (+https://scrapy.org)" "-"
121.29.188.165 - - [08/Jun/2022:09:15:07 +0800] "GET /archiver/?tid-6851.html HTTP/1.1" 200 1954 "http://www.lszmn.org/archiver/?fid-3.html" "Scrapy/1.7.3 (+https://scrapy.org)" "-"
58.18.161.23 - - [08/Jun/2022:09:15:07 +0800] "GET /forum.php?mod=viewthread&tid=6857 HTTP/1.1" 200 13041 "http://www.lszmn.org/archiver/?fid-3.html" "Scrapy/1.7.3 (+https://scrapy.org)" "-"
121.29.188.165 - - [08/Jun/2022:09:15:07 +0800] "GET /connect.php?mod=login&op=init&referer=home.php%3Fmod%3Dspacecp%26ac%3Dfavorite%26type%3Dthread%26id%3D1093&statfrom=login_simple HTTP/1.1" 302 5 "http://www.lszmn.org/home.php?mod=spacecp&ac=favorite&type=thread&id=1093" "Scrapy/1.7.3 (+https://scrapy.org)" "-"
222.94.163.22 - - [08/Jun/2022:09:15:07 +0800] "GET /connect.php?mod=login&op=init&referer=forum.php%3Fmod%3Dpost%26action%3Dreply%26fid%3D48%26tid%3D1093&statfrom=login_simple HTTP/1.1" 302 5 "http://www.lszmn.org/forum.php?mod=post&action=reply&fid=48&tid=1093" "Scrapy/1.7.3 (+https://scrapy.org)" "-"
221.11.51.21 - - [08/Jun/2022:09:15:07 +0800] "GET /connect.php?mod=login&op=init&referer=home.php%3Fmod%3Dspacecp%26ac%3Dfollow%26op%3Drelay%26tid%3D1093%26from%3Dforum&statfrom=login_simple HTTP/1.1" 302 5 "http://www.lszmn.org/home.php?mod=spacecp&ac=follow&op=relay&tid=1093&from=forum" "Scrapy/1.7.3 (+https://scrapy.org)" "-"
123.145.39.40 - - [08/Jun/2022:09:15:07 +0800] "GET /forum.php?mod=viewthread&tid=6856 HTTP/1.1" 200 12369 "http://www.lszmn.org/archiver/?fid-3.html" "Scrapy/1.7.3 (+https://scrapy.org)" "-"
121.29.188.165 - - [08/Jun/2022:09:15:07 +0800] "GET /connect.php?mod=login&op=init&referer=forum.php%3Fmod%3Dviewthread%26tid%3D186&statfrom=login_simple HTTP/1.1" 302 5 "http://www.lszmn.org/forum.php?mod=viewthread&tid=186" "Scrapy/1.7.3 (+https://scrapy.org)" "-"
222.94.163.22 - - [08/Jun/2022:09:15:07 +0800] "GET /connect.php?mod=login&op=init&referer=forum.php%3Fmod%3Dviewthread%26tid%3D1093%26extra%3D%26ordertype%3D1&statfrom=login_simple HTTP/1.1" 302 5 "http://www.lszmn.org/forum.php?mod=viewthread&tid=1093&extra=&ordertype=1" "Scrapy/1.7.3 (+https://scrapy.org)" "-"
60.13.138.59 - - [08/Jun/2022:09:15:07 +0800] "GET /forum.php?mod=viewthread&tid=6870 HTTP/1.1" 200 16032 "http://www.lszmn.org/archiver/?fid-3.html" "Scrapy/1.7.3 (+https://scrapy.org)" "-"
