1.85.219.147 - - [08/Jun/2022:09:27:34 +0800] "GET /forum.php?mod=attachment&aid=MzA1NHxmYmVhZTJlMHwxNjU0NjUxNjM4fDB8OTM0Ng%3D%3D&nothumb=yes HTTP/1.1" 200 69357 "http://www.lszmn.org/forum.php?mod=viewthread&tid=9346&from=portal" "Scrapy/1.7.3 (+https://scrapy.org)" "-"
59.173.182.154 - - [08/Jun/2022:09:27:34 +0800] "GET /forum.php?mod=attachment&aid=MjAzN3w0Y2ZjMjM4MnwxNjU0NjUxNjM4fDB8Njg0OQ%3D%3D&nothumb=yes HTTP/1.1" 200 406423 "http://www.lszmn.org/forum.php?mod=viewthread&tid=6849" "Scrapy/1.7.3 (+https://scrapy.org)" "-"
36.32.3.245 - - [08/Jun/2022:09:27:35 +0800] "GET /forum.php?mod=attachment&aid=MzA1Mnw4NjBmMjU5OHwxNjU0NjUxNjM4fDB8OTM0Ng%3D%3D&nothumb=yes HTTP/1.1" 200 56752 "http://www.lszmn.org/forum.php?mod=viewthread&tid=9346&from=portal" "Scrapy/1.7.3 (+https://scrapy.org)" "-"
39.82.212.44 - - [08/Jun/2022:09:27:36 +0800] "GET /forum.php?mod=attachment&aid=MzA1MXxiMDYwNzYxNHwxNjU0NjUxNjM4fDB8OTM0Ng%3D%3D&nothumb=yes HTTP/1.1" 200 53158 "http://www.lszmn.org/forum.php?mod=viewthread&tid=9346&from=portal" "Scrapy/1.7.3 (+https://scrapy.org)" "-"
123.14.255.32 - - [08/Jun/2022:09:27:36 +0800] "GET /connect.php?mod=login&op=init&referer=home.php%3Fmod%3Dspacecp%26ac%3Dshare%26type%3Dthread%26id%3D9346&statfrom=login_simple HTTP/1.1" 302 5 "http://www.lszmn.org/home.php?mod=spacecp&ac=share&type=thread&id=9346" "Scrapy/1.7.3 (+https://scrapy.org)" "-"
36.32.3.245 - - [08/Jun/2022:09:27:37 +0800] "GET /connect.php?mod=login&op=init&referer=home.php%3Fmod%3Dspacecp%26ac%3Dfavorite%26type%3Dthread%26id%3D9346&statfrom=login_simple HTTP/1.1" 302 5 "http://www.lszmn.org/home.php?mod=spacecp&ac=favorite&type=thread&id=9346" "Scrapy/1.7.3 (+https://scrapy.org)" "-"
123.14.255.32 - - [08/Jun/2022:09:27:37 +0800] "GET /connect.php?mod=login&op=init&referer=forum.php%3Fmod%3Dpost%26action%3Dreply%26fid%3D5%26tid%3D9346%26extra%3D%26page%3D1%26from%3Dportal&statfrom=login_simple HTTP/1.1" 302 5 "http://www.lszmn.org/forum.php?mod=post&action=reply&fid=5&tid=9346&extra=&page=1&from=portal" "Scrapy/1.7.3 (+https://scrapy.org)" "-"
60.13.138.80 - - [08/Jun/2022:09:27:37 +0800] "GET /forum.php?mod=attachment&aid=MzA0OXw1NzA2NDNlMHwxNjU0NjUxNjM4fDB8OTM0Ng%3D%3D&nothumb=yes HTTP/1.1" 200 69441 "http://www.lszmn.org/forum.php?mod=viewthread&tid=9346&from=portal" "Scrapy/1.7.3 (+https://scrapy.org)" "-"
36.32.3.245 - - [08/Jun/2022:09:27:37 +0800] "GET /forum.php?mod=attachment&aid=MzA0OHw4M2U3N2IyY3wxNjU0NjUxNjM4fDB8OTM0Ng%3D%3D&nothumb=yes HTTP/1.1" 200 42172 "http://www.lszmn.org/forum.php?mod=viewthread&tid=9346&from=portal" "Scrapy/1.7.3 (+https://scrapy.org)" "-"
123.14.255.32 - - [08/Jun/2022:09:27:37 +0800] "GET /forum.php?mod=attachment&aid=MzA0N3wwM2ZhZjBhOHwxNjU0NjUxNjM4fDB8OTM0Ng%3D%3D&nothumb=yes HTTP/1.1" 200 43790 "http://www.lszmn.org/forum.php?mod=viewthread&tid=9346&from=portal" "Scrapy/1.7.3 (+https://scrapy.org)" "-"
36.5.70.9 - - [08/Jun/2022:09:27:37 +0800] "GET /forum.php?mod=attachment&aid=MzA1MHwyMjU0MjRmMHwxNjU0NjUxNjM4fDB8OTM0Ng%3D%3D&nothumb=yes HTTP/1.1" 200 77790 "http://www.lszmn.org/forum.php?mod=viewthread&tid=9346&from=portal" "Scrapy/1.7.3 (+https://scrapy.org)" "-"
36.32.3.245 - - [08/Jun/2022:09:27:38 +0800] "GET /forum.php?mod=attachment&aid=MzA0NnwzZjQxNTA4NXwxNjU0NjUxNjM4fDB8OTM0Ng%3D%3D&nothumb=yes HTTP/1.1" 200 41465 "http://www.lszmn.org/forum.php?mod=viewthread&tid=9346&from=portal" "Scrapy/1.7.3 (+https://scrapy.org)" "-"
120.26.123.95 - - [08/Jun/2022:09:27:38 +0800] "GET /home.php?mod=space&uid=50473&do=profile HTTP/1.0" 200 12703 "http://www.lszmn.org/" "Mozilla/5.0 (Macintosh; Intel Mac OS X 10_12_6) AppleWebKit/537.36 (KHTML, like Gecko) Chrome/66.0.3359.81 Safari/537.36" "-"
39.82.212.44 - - [08/Jun/2022:09:27:38 +0800] "GET /forum.php?mod=attachment&aid=MzA0NXwwODIyYmNhZXwxNjU0NjUxNjM4fDB8OTM0Ng%3D%3D&nothumb=yes HTTP/1.1" 200 67793 "http://www.lszmn.org/forum.php?mod=viewthread&tid=9346&from=portal" "Scrapy/1.7.3 (+https://scrapy.org)" "-"
36.32.3.245 - - [08/Jun/2022:09:27:39 +0800] "GET /forum.php?mod=attachment&aid=MzA0M3w4ZGM3NmI0N3wxNjU0NjUxNjM4fDB8OTM0Ng%3D%3D&nothumb=yes HTTP/1.1" 200 57507 "http://www.lszmn.org/forum.php?mod=viewthread&tid=9346&from=portal" "Scrapy/1.7.3 (+https://scrapy.org)" "-"
1.85.219.147 - - [08/Jun/2022:09:27:39 +0800] "GET /forum.php?mod=attachment&aid=MzA0NHxhYTgxMjY2OXwxNjU0NjUxNjM4fDB8OTM0Ng%3D%3D&nothumb=yes HTTP/1.1" 200 70711 "http://www.lszmn.org/forum.php?mod=viewthread&tid=9346&from=portal" "Scrapy/1.7.3 (+https://scrapy.org)" "-"
39.82.212.44 - - [08/Jun/2022:09:27:40 +0800] "GET /forum.php?mod=attachment&aid=MzA0MnxiZDY0YzRiY3wxNjU0NjUxNjM4fDB8OTM0Ng%3D%3D&nothumb=yes HTTP/1.1" 200 54274 "http://www.lszmn.org/forum.php?mod=viewthread&tid=9346&from=portal" "Scrapy/1.7.3 (+https://scrapy.org)" "-"
36.32.3.245 - - [08/Jun/2022:09:27:40 +0800] "GET /forum.php?mod=attachment&aid=MzA0MXxmNGRjNzdmZXwxNjU0NjUxNjM4fDB8OTM0Ng%3D%3D&nothumb=yes HTTP/1.1" 200 54347 "http://www.lszmn.org/forum.php?mod=viewthread&tid=9346&from=portal" "Scrapy/1.7.3 (+https://scrapy.org)" "-"
36.32.3.245 - - [08/Jun/2022:09:27:41 +0800] "GET /forum.php?mod=attachment&aid=MzA0MHxlMDcxNmMyNXwxNjU0NjUxNjM4fDB8OTM0Ng%3D%3D&nothumb=yes HTTP/1.1" 200 33096 "http://www.lszmn.org/forum.php?mod=viewthread&tid=9346&from=portal" "Scrapy/1.7.3 (+https://scrapy.org)" "-"
36.5.70.9 - - [08/Jun/2022:09:27:41 +0800] "GET /forum.php?mod=attachment&aid=MzAzOXxlYTE4NjlhM3wxNjU0NjUxNjM4fDB8OTM0Ng%3D%3D&nothumb=yes HTTP/1.1" 200 29434 "http://www.lszmn.org/forum.php?mod=viewthread&tid=9346&from=portal" "Scrapy/1.7.3 (+https://scrapy.org)" "-"
185.191.171.39 - - [08/Jun/2022:09:27:42 +0800] "GET /forum.php?action=postreview&do=against&hash=f12df446&mod=misc&pid=2760&tid=970 HTTP/1.1" 200 4785 "-" "Mozilla/5.0 (compatible; SemrushBot/7~bl; +http://www.semrush.com/bot.html)" "-"
36.5.70.9 - - [08/Jun/2022:09:27:42 +0800] "GET /forum.php?mod=attachment&aid=MzAzOHxlNTE2ZDk2YnwxNjU0NjUxNjM4fDB8OTM0Ng%3D%3D&nothumb=yes HTTP/1.1" 200 73969 "http://www.lszmn.org/forum.php?mod=viewthread&tid=9346&from=portal" "Scrapy/1.7.3 (+https://scrapy.org)" "-"
36.32.3.245 - - [08/Jun/2022:09:27:42 +0800] "GET /forum.php?mod=attachment&aid=MzAzN3w4YTk5NDMzMnwxNjU0NjUxNjM4fDB8OTM0Ng%3D%3D&nothumb=yes HTTP/1.1" 200 36238 "http://www.lszmn.org/forum.php?mod=viewthread&tid=9346&from=portal" "Scrapy/1.7.3 (+https://scrapy.org)" "-"
60.13.138.80 - - [08/Jun/2022:09:27:43 +0800] "GET /forum.php?mod=attachment&aid=MzAzNXw1M2U4MTczNHwxNjU0NjUxNjM4fDB8OTM0Ng%3D%3D&nothumb=yes HTTP/1.1" 200 55333 "http://www.lszmn.org/forum.php?mod=viewthread&tid=9346&from=portal" "Scrapy/1.7.3 (+https://scrapy.org)" "-"
39.82.212.44 - - [08/Jun/2022:09:27:43 +0800] "GET /forum.php?mod=attachment&aid=MzAzNHwyNzFmNmExMnwxNjU0NjUxNjM4fDB8OTM0Ng%3D%3D&nothumb=yes HTTP/1.1" 200 72018 "http://www.lszmn.org/forum.php?mod=viewthread&tid=9346&from=portal" "Scrapy/1.7.3 (+https://scrapy.org)" "-"
1.85.219.147 - - [08/Jun/2022:09:27:43 +0800] "GET /forum.php?mod=attachment&aid=MzAzNnxmYjRiYjI0ZnwxNjU0NjUxNjM4fDB8OTM0Ng%3D%3D&nothumb=yes HTTP/1.1" 200 25223 "http://www.lszmn.org/forum.php?mod=viewthread&tid=9346&from=portal" "Scrapy/1.7.3 (+https://scrapy.org)" "-"
36.32.3.245 - - [08/Jun/2022:09:27:44 +0800] "GET /forum.php?mod=attachment&aid=MzA1NXwwN2EzMzBjM3wxNjU0NjUxNjM4fDB8OTM0Ng%3D%3D&nothumb=yes HTTP/1.1" 200 63942 "http://www.lszmn.org/forum.php?mod=viewthread&tid=9346&from=portal" "Scrapy/1.7.3 (+https://scrapy.org)" "-"
120.26.123.95 - - [08/Jun/2022:09:27:44 +0800] "GET /member.php?mod=register HTTP/1.0" 302 0 "http://www.lszmn.org/" "Mozilla/5.0 (Macintosh; Intel Mac OS X 10_12_6) AppleWebKit/537.36 (KHTML, like Gecko) Chrome/66.0.3359.81 Safari/537.36" "-"
144.255.31.245 - - [08/Jun/2022:09:27:44 +0800] "GET /forum.php?mod=attachment&aid=MzA1NnxlYTM3ZTVlYnwxNjU0NjUxNjM4fDB8OTM0Ng%3D%3D&nothumb=yes HTTP/1.1" 200 64270 "http://www.lszmn.org/forum.php?mod=viewthread&tid=9346&from=portal" "Scrapy/1.7.3 (+https://scrapy.org)" "-"
60.25.69.36 - - [08/Jun/2022:09:27:44 +0800] "GET /forum.php?mod=misc&action=postreview&do=support&tid=990&pid=2154&hash=df2537e5 HTTP/1.1" 200 5015 "http://www.lszmn.org/forum.php?mod=viewthread&tid=990" "Scrapy/1.7.3 (+https://scrapy.org)" "-"
120.26.123.95 - - [08/Jun/2022:09:27:44 +0800] "GET /connect.php?mod=login&op=init&referer=forum.php&statfrom=login_simple HTTP/1.0" 302 0 "http://www.lszmn.org/member.php?mod=register" "Mozilla/5.0 (Macintosh; Intel Mac OS X 10_12_6) AppleWebKit/537.36 (KHTML, like Gecko) Chrome/66.0.3359.81 Safari/537.36" "-"
60.25.69.36 - - [08/Jun/2022:09:27:45 +0800] "GET /forum.php?mod=post&action=reply&fid=5&tid=990&repquote=2154&extra=&page=1 HTTP/1.1" 200 5017 "http://www.lszmn.org/forum.php?mod=viewthread&tid=990" "Scrapy/1.7.3 (+https://scrapy.org)" "-"
39.82.212.44 - - [08/Jun/2022:09:27:45 +0800] "GET /forum.php?mod=redirect&goto=findpost&ptid=990&pid=2154 HTTP/1.1" 301 5 "http://www.lszmn.org/forum.php?mod=viewthread&tid=990" "Scrapy/1.7.3 (+https://scrapy.org)" "-"
36.5.70.9 - - [08/Jun/2022:09:27:45 +0800] "GET /forum.php?mod=misc&action=postreview&do=against&tid=990&pid=2153&hash=df2537e5 HTTP/1.1" 200 5017 "http://www.lszmn.org/forum.php?mod=viewthread&tid=990" "Scrapy/1.7.3 (+https://scrapy.org)" "-"
39.82.212.44 - - [08/Jun/2022:09:27:45 +0800] "GET /forum.php?mod=post&action=reply&fid=5&tid=990&repquote=2153&extra=&page=1 HTTP/1.1" 200 5018 "http://www.lszmn.org/forum.php?mod=viewthread&tid=990" "Scrapy/1.7.3 (+https://scrapy.org)" "-"
60.13.138.80 - - [08/Jun/2022:09:27:45 +0800] "GET /forum.php?mod=misc&action=postreview&do=support&tid=990&pid=2153&hash=df2537e5 HTTP/1.1" 200 5016 "http://www.lszmn.org/forum.php?mod=viewthread&tid=990" "Scrapy/1.7.3 (+https://scrapy.org)" "-"
36.5.70.9 - - [08/Jun/2022:09:27:45 +0800] "GET /forum.php?mod=redirect&goto=findpost&ptid=990&pid=2153 HTTP/1.1" 301 5 "http://www.lszmn.org/forum.php?mod=viewthread&tid=990" "Scrapy/1.7.3 (+https://scrapy.org)" "-"
36.5.70.9 - - [08/Jun/2022:09:27:45 +0800] "GET /forum.php?mod=post&action=reply&fid=5&tid=272&extra=&page=1 HTTP/1.1" 200 4987 "http://www.lszmn.org/forum.php?mod=viewthread&tid=272" "Scrapy/1.7.3 (+https://scrapy.org)" "-"
60.13.138.80 - - [08/Jun/2022:09:27:45 +0800] "GET /forum.php?mod=misc&action=postreview&do=against&tid=990&pid=2106&hash=df2537e5 HTTP/1.1" 200 5016 "http://www.lszmn.org/forum.php?mod=viewthread&tid=990" "Scrapy/1.7.3 (+https://scrapy.org)" "-"
39.82.212.44 - - [08/Jun/2022:09:27:45 +0800] "GET /forum.php?mod=redirect&goto=nextnewset&tid=272 HTTP/1.1" 302 5 "http://www.lszmn.org/forum.php?mod=viewthread&tid=272" "Scrapy/1.7.3 (+https://scrapy.org)" "-"
60.25.69.36 - - [08/Jun/2022:09:27:45 +0800] "GET /forum.php?mod=redirect&goto=nextoldset&tid=272 HTTP/1.1" 302 5 "http://www.lszmn.org/forum.php?mod=viewthread&tid=272" "Scrapy/1.7.3 (+https://scrapy.org)" "-"
39.82.212.44 - - [08/Jun/2022:09:27:45 +0800] "GET /forum.php?mod=viewthread&tid=272&extra=&page=17 HTTP/1.1" 302 5 "http://www.lszmn.org/forum.php?mod=viewthread&tid=272" "Scrapy/1.7.3 (+https://scrapy.org)" "-"
60.25.69.36 - - [08/Jun/2022:09:27:45 +0800] "GET /forum.php?mod=viewthread&tid=990&page=1 HTTP/1.1" 200 13592 "http://www.lszmn.org/forum.php?mod=viewthread&tid=990" "Scrapy/1.7.3 (+https://scrapy.org)" "-"
39.82.212.44 - - [08/Jun/2022:09:27:46 +0800] "GET /forum.php?mod=viewthread&tid=272&extra=&page=10 HTTP/1.1" 200 12387 "http://www.lszmn.org/forum.php?mod=viewthread&tid=272" "Scrapy/1.7.3 (+https://scrapy.org)" "-"
36.32.3.245 - - [08/Jun/2022:09:27:46 +0800] "GET /forum.php?mod=viewthread&tid=990&page=1 HTTP/1.1" 200 13594 "http://www.lszmn.org/forum.php?mod=viewthread&tid=990" "Scrapy/1.7.3 (+https://scrapy.org)" "-"
123.14.255.32 - - [08/Jun/2022:09:27:46 +0800] "GET /forum.php?mod=viewthread&tid=272&page=2 HTTP/1.1" 200 10700 "http://www.lszmn.org/forum.php?mod=viewthread&tid=272" "Scrapy/1.7.3 (+https://scrapy.org)" "-"
36.5.70.9 - - [08/Jun/2022:09:27:46 +0800] "GET /forum.php?mod=viewthread&tid=272&extra=&page=9 HTTP/1.1" 200 12167 "http://www.lszmn.org/forum.php?mod=viewthread&tid=272" "Scrapy/1.7.3 (+https://scrapy.org)" "-"
142.44.203.5 - - [08/Jun/2022:09:27:46 +0800] "GET /home.php?mod=space&uid=22887&do=profile HTTP/1.1" 200 4743 "http://www.lszmn.org/" "Mozilla/5.0 (Macintosh; Intel Mac OS X 10_13_2) AppleWebKit/537.36 (KHTML, like Gecko) Chrome/66.0.3359.181 Safari/537.36" "-"
1.85.219.147 - - [08/Jun/2022:09:27:46 +0800] "GET /forum.php?mod=viewthread&tid=272&extra=&page=8 HTTP/1.1" 200 12430 "http://www.lszmn.org/forum.php?mod=viewthread&tid=272" "Scrapy/1.7.3 (+https://scrapy.org)" "-"
60.13.138.80 - - [08/Jun/2022:09:27:46 +0800] "GET /forum.php?mod=viewthread&tid=272&extra=&page=7 HTTP/1.1" 200 11653 "http://www.lszmn.org/forum.php?mod=viewthread&tid=272" "Scrapy/1.7.3 (+https://scrapy.org)" "-"
36.5.70.9 - - [08/Jun/2022:09:27:46 +0800] "GET /forum.php?mod=viewthread&tid=1070 HTTP/1.1" 200 16884 "http://www.lszmn.org/forum.php?mod=viewthread&tid=272" "Scrapy/1.7.3 (+https://scrapy.org)" "-"
39.82.212.44 - - [08/Jun/2022:09:27:46 +0800] "GET /forum.php?mod=viewthread&tid=272&extra=&page=6 HTTP/1.1" 200 13420 "http://www.lszmn.org/forum.php?mod=viewthread&tid=272" "Scrapy/1.7.3 (+https://scrapy.org)" "-"
123.14.255.32 - - [08/Jun/2022:09:27:46 +0800] "GET /forum.php?mod=viewthread&tid=6849 HTTP/1.1" 200 12223 "http://www.lszmn.org/forum.php?mod=viewthread&tid=272" "Scrapy/1.7.3 (+https://scrapy.org)" "-"
1.85.219.147 - - [08/Jun/2022:09:27:47 +0800] "GET /forum.php?mod=viewthread&tid=272 HTTP/1.1" 200 14599 "http://www.lszmn.org/forum.php?mod=viewthread&tid=272" "Scrapy/1.7.3 (+https://scrapy.org)" "-"
60.25.69.36 - - [08/Jun/2022:09:27:47 +0800] "GET /forum.php?mod=viewthread&tid=272&extra=&page=4 HTTP/1.1" 200 11419 "http://www.lszmn.org/forum.php?mod=viewthread&tid=272" "Scrapy/1.7.3 (+https://scrapy.org)" "-"
123.14.255.32 - - [08/Jun/2022:09:27:47 +0800] "GET /forum.php?mod=viewthread&tid=272&extra=&page=3 HTTP/1.1" 200 10875 "http://www.lszmn.org/forum.php?mod=viewthread&tid=272" "Scrapy/1.7.3 (+https://scrapy.org)" "-"
60.13.138.80 - - [08/Jun/2022:09:27:47 +0800] "GET /forum.php?mod=viewthread&tid=272&extra=&page=2 HTTP/1.1" 200 10722 "http://www.lszmn.org/forum.php?mod=viewthread&tid=272" "Scrapy/1.7.3 (+https://scrapy.org)" "-"
1.85.219.147 - - [08/Jun/2022:09:27:47 +0800] "GET /forum.php?mod=viewthread&tid=272&extra=&page=5 HTTP/1.1" 200 11003 "http://www.lszmn.org/forum.php?mod=viewthread&tid=272" "Scrapy/1.7.3 (+https://scrapy.org)" "-"
36.32.3.245 - - [08/Jun/2022:09:27:47 +0800] "GET /forum.php?mod=misc&action=postreview&do=support&tid=990&pid=2106&hash=df2537e5 HTTP/1.1" 200 5014 "http://www.lszmn.org/forum.php?mod=viewthread&tid=990" "Scrapy/1.7.3 (+https://scrapy.org)" "-"
144.255.31.245 - - [08/Jun/2022:09:27:47 +0800] "GET /forum.php?mod=redirect&goto=findpost&ptid=990&pid=2106 HTTP/1.1" 301 5 "http://www.lszmn.org/forum.php?mod=viewthread&tid=990" "Scrapy/1.7.3 (+https://scrapy.org)" "-"
36.5.70.9 - - [08/Jun/2022:09:27:47 +0800] "GET /forum.php?mod=post&action=reply&fid=5&tid=990&repquote=2106&extra=&page=1 HTTP/1.1" 200 5017 "http://www.lszmn.org/forum.php?mod=viewthread&tid=990" "Scrapy/1.7.3 (+https://scrapy.org)" "-"
1.85.219.147 - - [08/Jun/2022:09:27:49 +0800] "GET /forum.php?mod=misc&action=postreview&do=against&tid=990&pid=2064&hash=df2537e5 HTTP/1.1" 200 5016 "http://www.lszmn.org/forum.php?mod=viewthread&tid=990" "Scrapy/1.7.3 (+https://scrapy.org)" "-"
36.32.3.245 - - [08/Jun/2022:09:27:49 +0800] "GET /forum.php?mod=misc&action=postreview&do=support&tid=990&pid=2064&hash=df2537e5 HTTP/1.1" 200 5015 "http://www.lszmn.org/forum.php?mod=viewthread&tid=990" "Scrapy/1.7.3 (+https://scrapy.org)" "-"
144.255.31.245 - - [08/Jun/2022:09:27:49 +0800] "GET /forum.php?mod=misc&action=postreview&do=support&tid=990&pid=2105&hash=df2537e5 HTTP/1.1" 200 5014 "http://www.lszmn.org/forum.php?mod=viewthread&tid=990" "Scrapy/1.7.3 (+https://scrapy.org)" "-"
39.82.212.44 - - [08/Jun/2022:09:27:49 +0800] "GET /forum.php?mod=post&action=reply&fid=5&tid=990&repquote=2105&extra=&page=1 HTTP/1.1" 200 5017 "http://www.lszmn.org/forum.php?mod=viewthread&tid=990" "Scrapy/1.7.3 (+https://scrapy.org)" "-"
36.5.70.9 - - [08/Jun/2022:09:27:49 +0800] "GET /forum.php?mod=misc&action=postreview&do=against&tid=990&pid=2105&hash=df2537e5 HTTP/1.1" 200 5015 "http://www.lszmn.org/forum.php?mod=viewthread&tid=990" "Scrapy/1.7.3 (+https://scrapy.org)" "-"
60.13.138.80 - - [08/Jun/2022:09:27:49 +0800] "GET /forum.php?mod=redirect&goto=findpost&ptid=990&pid=2105 HTTP/1.1" 301 5 "http://www.lszmn.org/forum.php?mod=viewthread&tid=990" "Scrapy/1.7.3 (+https://scrapy.org)" "-"
1.85.219.147 - - [08/Jun/2022:09:27:49 +0800] "GET /forum.php?mod=redirect&goto=findpost&ptid=990&pid=2064 HTTP/1.1" 301 5 "http://www.lszmn.org/forum.php?mod=viewthread&tid=990" "Scrapy/1.7.3 (+https://scrapy.org)" "-"
144.255.31.245 - - [08/Jun/2022:09:27:49 +0800] "GET /forum.php?mod=post&action=reply&fid=5&tid=990&repquote=2064&extra=&page=1 HTTP/1.1" 200 5018 "http://www.lszmn.org/forum.php?mod=viewthread&tid=990" "Scrapy/1.7.3 (+https://scrapy.org)" "-"
36.32.3.245 - - [08/Jun/2022:09:27:49 +0800] "GET /forum.php?mod=viewthread&tid=990&page=1 HTTP/1.1" 200 13587 "http://www.lszmn.org/forum.php?mod=viewthread&tid=990" "Scrapy/1.7.3 (+https://scrapy.org)" "-"
123.14.255.32 - - [08/Jun/2022:09:27:49 +0800] "GET /forum.php?mod=misc&action=postreview&do=against&tid=990&pid=2063&hash=df2537e5 HTTP/1.1" 200 5017 "http://www.lszmn.org/forum.php?mod=viewthread&tid=990" "Scrapy/1.7.3 (+https://scrapy.org)" "-"
36.5.70.9 - - [08/Jun/2022:09:27:50 +0800] "GET /forum.php?mod=misc&action=postreview&do=support&tid=990&pid=2063&hash=df2537e5 HTTP/1.1" 200 5015 "http://www.lszmn.org/forum.php?mod=viewthread&tid=990" "Scrapy/1.7.3 (+https://scrapy.org)" "-"
39.82.212.44 - - [08/Jun/2022:09:27:50 +0800] "GET /forum.php?mod=post&action=reply&fid=5&tid=990&repquote=2063&extra=&page=1 HTTP/1.1" 200 5018 "http://www.lszmn.org/forum.php?mod=viewthread&tid=990" "Scrapy/1.7.3 (+https://scrapy.org)" "-"
1.85.219.147 - - [08/Jun/2022:09:27:50 +0800] "GET /forum.php?mod=misc&action=postreview&do=support&tid=990&pid=2003&hash=df2537e5 HTTP/1.1" 200 5015 "http://www.lszmn.org/forum.php?mod=viewthread&tid=990" "Scrapy/1.7.3 (+https://scrapy.org)" "-"
144.255.31.245 - - [08/Jun/2022:09:27:50 +0800] "GET /forum.php?mod=misc&action=postreview&do=against&tid=990&pid=2003&hash=df2537e5 HTTP/1.1" 200 5016 "http://www.lszmn.org/forum.php?mod=viewthread&tid=990" "Scrapy/1.7.3 (+https://scrapy.org)" "-"
36.32.3.245 - - [08/Jun/2022:09:27:50 +0800] "GET /forum.php?mod=post&action=reply&fid=5&tid=990&repquote=2003&extra=&page=1 HTTP/1.1" 200 5017 "http://www.lszmn.org/forum.php?mod=viewthread&tid=990" "Scrapy/1.7.3 (+https://scrapy.org)" "-"
60.13.138.80 - - [08/Jun/2022:09:27:50 +0800] "GET /forum.php?mod=redirect&goto=findpost&ptid=990&pid=2003 HTTP/1.1" 301 5 "http://www.lszmn.org/forum.php?mod=viewthread&tid=990" "Scrapy/1.7.3 (+https://scrapy.org)" "-"
123.14.255.32 - - [08/Jun/2022:09:27:50 +0800] "GET /forum.php?mod=redirect&goto=findpost&ptid=990&pid=2063 HTTP/1.1" 301 5 "http://www.lszmn.org/forum.php?mod=viewthread&tid=990" "Scrapy/1.7.3 (+https://scrapy.org)" "-"
36.32.3.245 - - [08/Jun/2022:09:27:50 +0800] "GET /connect.php?mod=login&op=init&referer=home.php%3Fmod%3Dspacecp%26ac%3Dfollow%26op%3Drelay%26tid%3D6849%26from%3Dforum&statfrom=login_simple HTTP/1.1" 302 5 "http://www.lszmn.org/home.php?mod=spacecp&ac=follow&op=relay&tid=6849&from=forum" "Scrapy/1.7.3 (+https://scrapy.org)" "-"
39.82.212.44 - - [08/Jun/2022:09:27:50 +0800] "GET /connect.php?mod=login&op=init&referer=forum.php%3Fmod%3Dviewthread%26tid%3D272&statfrom=login HTTP/1.1" 302 5 "http://www.lszmn.org/forum.php?mod=viewthread&tid=272" "Scrapy/1.7.3 (+https://scrapy.org)" "-"
36.5.70.9 - - [08/Jun/2022:09:27:50 +0800] "GET /forum.php?mod=viewthread&tid=990&page=1 HTTP/1.1" 200 13587 "http://www.lszmn.org/forum.php?mod=viewthread&tid=990" "Scrapy/1.7.3 (+https://scrapy.org)" "-"
1.85.219.147 - - [08/Jun/2022:09:27:50 +0800] "GET /forum.php?mod=misc&action=postreview&do=support&tid=990&pid=1968&hash=df2537e5 HTTP/1.1" 200 5015 "http://www.lszmn.org/forum.php?mod=viewthread&tid=990" "Scrapy/1.7.3 (+https://scrapy.org)" "-"
60.25.69.36 - - [08/Jun/2022:09:27:50 +0800] "GET /forum.php?mod=post&action=reply&fid=5&tid=272 HTTP/1.1" 200 4958 "http://www.lszmn.org/forum.php?mod=viewthread&tid=272" "Scrapy/1.7.3 (+https://scrapy.org)" "-"
123.14.255.32 - - [08/Jun/2022:09:27:50 +0800] "GET /forum.php?mod=misc&action=postreview&do=against&tid=990&pid=1968&hash=df2537e5 HTTP/1.1" 200 5016 "http://www.lszmn.org/forum.php?mod=viewthread&tid=990" "Scrapy/1.7.3 (+https://scrapy.org)" "-"
60.13.138.80 - - [08/Jun/2022:09:27:50 +0800] "GET /forum.php?mod=viewthread&tid=990&page=1 HTTP/1.1" 200 13587 "http://www.lszmn.org/forum.php?mod=viewthread&tid=990" "Scrapy/1.7.3 (+https://scrapy.org)" "-"
36.32.3.245 - - [08/Jun/2022:09:27:51 +0800] "GET /forum.php?mod=viewthread&tid=990&page=1 HTTP/1.1" 200 13593 "http://www.lszmn.org/forum.php?mod=viewthread&tid=990" "Scrapy/1.7.3 (+https://scrapy.org)" "-"
39.82.212.44 - - [08/Jun/2022:09:27:51 +0800] "GET /forum.php?mod=misc&action=postreview&do=support&tid=272&pid=2071&hash=df2537e5 HTTP/1.1" 200 5015 "http://www.lszmn.org/forum.php?mod=viewthread&tid=272" "Scrapy/1.7.3 (+https://scrapy.org)" "-"
144.255.31.245 - - [08/Jun/2022:09:27:51 +0800] "GET /forum.php?mod=post&action=reply&fid=5&tid=272&repquote=2071&extra=&page=1 HTTP/1.1" 200 5016 "http://www.lszmn.org/forum.php?mod=viewthread&tid=272" "Scrapy/1.7.3 (+https://scrapy.org)" "-"
123.14.255.32 - - [08/Jun/2022:09:27:51 +0800] "GET /forum.php?mod=misc&action=postreview&do=against&tid=272&pid=2071&hash=df2537e5 HTTP/1.1" 200 5015 "http://www.lszmn.org/forum.php?mod=viewthread&tid=272" "Scrapy/1.7.3 (+https://scrapy.org)" "-"
36.5.70.9 - - [08/Jun/2022:09:27:51 +0800] "GET /forum.php?mod=viewthread&tid=990&page=1 HTTP/1.1" 200 13593 "http://www.lszmn.org/forum.php?mod=viewthread&tid=990" "Scrapy/1.7.3 (+https://scrapy.org)" "-"
142.44.203.5 - - [08/Jun/2022:09:27:51 +0800] "GET /member.php?mod=register HTTP/1.1" 302 5 "http://www.lszmn.org/" "Mozilla/5.0 (Macintosh; Intel Mac OS X 10_13_2) AppleWebKit/537.36 (KHTML, like Gecko) Chrome/66.0.3359.181 Safari/537.36" "-"
123.14.255.32 - - [08/Jun/2022:09:27:51 +0800] "GET /forum.php?mod=redirect&goto=findpost&ptid=272&pid=2071 HTTP/1.1" 301 5 "http://www.lszmn.org/forum.php?mod=viewthread&tid=272" "Scrapy/1.7.3 (+https://scrapy.org)" "-"
144.255.31.245 - - [08/Jun/2022:09:27:51 +0800] "GET /forum.php?mod=post&action=reply&fid=5&tid=272&repquote=2070&extra=&page=1 HTTP/1.1" 200 5016 "http://www.lszmn.org/forum.php?mod=viewthread&tid=272" "Scrapy/1.7.3 (+https://scrapy.org)" "-"
39.82.212.44 - - [08/Jun/2022:09:27:51 +0800] "GET /forum.php?mod=misc&action=postreview&do=support&tid=272&pid=2070&hash=df2537e5 HTTP/1.1" 200 5013 "http://www.lszmn.org/forum.php?mod=viewthread&tid=272" "Scrapy/1.7.3 (+https://scrapy.org)" "-"
36.32.3.245 - - [08/Jun/2022:09:27:51 +0800] "GET /forum.php?mod=misc&action=postreview&do=against&tid=272&pid=2070&hash=df2537e5 HTTP/1.1" 200 5015 "http://www.lszmn.org/forum.php?mod=viewthread&tid=272" "Scrapy/1.7.3 (+https://scrapy.org)" "-"
60.13.138.80 - - [08/Jun/2022:09:27:51 +0800] "GET /forum.php?mod=redirect&goto=findpost&ptid=272&pid=2070 HTTP/1.1" 301 5 "http://www.lszmn.org/forum.php?mod=viewthread&tid=272" "Scrapy/1.7.3 (+https://scrapy.org)" "-"
36.5.70.9 - - [08/Jun/2022:09:27:52 +0800] "GET /forum.php?mod=post&action=reply&fid=5&tid=272&repquote=2069&extra=&page=1 HTTP/1.1" 200 5016 "http://www.lszmn.org/forum.php?mod=viewthread&tid=272" "Scrapy/1.7.3 (+https://scrapy.org)" "-"
1.85.219.147 - - [08/Jun/2022:09:27:52 +0800] "GET /forum.php?mod=misc&action=postreview&do=against&tid=272&pid=2069&hash=df2537e5 HTTP/1.1" 200 5016 "http://www.lszmn.org/forum.php?mod=viewthread&tid=272" "Scrapy/1.7.3 (+https://scrapy.org)" "-"
144.255.31.245 - - [08/Jun/2022:09:27:52 +0800] "GET /forum.php?mod=post&action=reply&fid=5&tid=272&repquote=2049&extra=&page=1 HTTP/1.1" 200 5016 "http://www.lszmn.org/forum.php?mod=viewthread&tid=272" "Scrapy/1.7.3 (+https://scrapy.org)" "-"
123.14.255.32 - - [08/Jun/2022:09:27:52 +0800] "GET /forum.php?mod=redirect&goto=findpost&ptid=272&pid=2069 HTTP/1.1" 301 5 "http://www.lszmn.org/forum.php?mod=viewthread&tid=272" "Scrapy/1.7.3 (+https://scrapy.org)" "-"
36.32.3.245 - - [08/Jun/2022:09:27:52 +0800] "GET /forum.php?mod=misc&action=postreview&do=against&tid=272&pid=2049&hash=df2537e5 HTTP/1.1" 200 5016 "http://www.lszmn.org/forum.php?mod=viewthread&tid=272" "Scrapy/1.7.3 (+https://scrapy.org)" "-"
142.44.203.5 - - [08/Jun/2022:09:27:52 +0800] "GET /connect.php?mod=login&op=init&referer=forum.php&statfrom=login_simple HTTP/1.1" 302 5 "http://www.lszmn.org/member.php?mod=register" "Mozilla/5.0 (Macintosh; Intel Mac OS X 10_13_2) AppleWebKit/537.36 (KHTML, like Gecko) Chrome/66.0.3359.181 Safari/537.36" "-"
60.25.69.36 - - [08/Jun/2022:09:27:52 +0800] "GET /forum.php?mod=misc&action=postreview&do=support&tid=272&pid=2069&hash=df2537e5 HTTP/1.1" 200 5014 "http://www.lszmn.org/forum.php?mod=viewthread&tid=272" "Scrapy/1.7.3 (+https://scrapy.org)" "-"
60.13.138.80 - - [08/Jun/2022:09:27:52 +0800] "GET /forum.php?mod=redirect&goto=findpost&ptid=272&pid=2049 HTTP/1.1" 301 5 "http://www.lszmn.org/forum.php?mod=viewthread&tid=272" "Scrapy/1.7.3 (+https://scrapy.org)" "-"
39.82.212.44 - - [08/Jun/2022:09:27:52 +0800] "GET /forum.php?mod=misc&action=postreview&do=support&tid=272&pid=2049&hash=df2537e5 HTTP/1.1" 200 5013 "http://www.lszmn.org/forum.php?mod=viewthread&tid=272" "Scrapy/1.7.3 (+https://scrapy.org)" "-"
36.5.70.9 - - [08/Jun/2022:09:27:53 +0800] "GET /forum.php?mod=misc&action=postreview&do=against&tid=272&pid=2048&hash=df2537e5 HTTP/1.1" 200 5016 "http://www.lszmn.org/forum.php?mod=viewthread&tid=272" "Scrapy/1.7.3 (+https://scrapy.org)" "-"
36.32.3.245 - - [08/Jun/2022:09:27:53 +0800] "GET /forum.php?mod=viewthread&tid=272&page=2 HTTP/1.1" 200 10699 "http://www.lszmn.org/forum.php?mod=viewthread&tid=272" "Scrapy/1.7.3 (+https://scrapy.org)" "-"
144.255.31.245 - - [08/Jun/2022:09:27:53 +0800] "GET /home.php?mod=spacecp&ac=share&type=thread&id=990 HTTP/1.1" 200 4860 "http://www.lszmn.org/forum.php?mod=viewthread&tid=990" "Scrapy/1.7.3 (+https://scrapy.org)" "-"
39.82.212.44 - - [08/Jun/2022:09:27:53 +0800] "GET /forum.php?mod=misc&action=postreview&do=support&tid=272&pid=2048&hash=df2537e5 HTTP/1.1" 200 5014 "http://www.lszmn.org/forum.php?mod=viewthread&tid=272" "Scrapy/1.7.3 (+https://scrapy.org)" "-"
123.14.255.32 - - [08/Jun/2022:09:27:53 +0800] "GET /forum.php?mod=viewthread&tid=272&page=2 HTTP/1.1" 200 10699 "http://www.lszmn.org/forum.php?mod=viewthread&tid=272" "Scrapy/1.7.3 (+https://scrapy.org)" "-"
60.13.138.80 - - [08/Jun/2022:09:27:53 +0800] "GET /home.php?mod=spacecp&ac=follow&op=relay&tid=990&from=forum HTTP/1.1" 200 4885 "http://www.lszmn.org/forum.php?mod=viewthread&tid=990" "Scrapy/1.7.3 (+https://scrapy.org)" "-"
60.13.138.80 - - [08/Jun/2022:09:27:54 +0800] "GET /forum.php?mod=viewthread&tid=272&page=1 HTTP/1.1" 200 14616 "http://www.lszmn.org/forum.php?mod=viewthread&tid=272" "Scrapy/1.7.3 (+https://scrapy.org)" "-"
36.5.70.9 - - [08/Jun/2022:09:27:54 +0800] "GET /home.php?mod=spacecp&ac=favorite&type=thread&id=990 HTTP/1.1" 200 4866 "http://www.lszmn.org/forum.php?mod=viewthread&tid=990" "Scrapy/1.7.3 (+https://scrapy.org)" "-"
1.85.219.147 - - [08/Jun/2022:09:27:54 +0800] "GET /forum.php?mod=viewthread&tid=272&page=1 HTTP/1.1" 200 14616 "http://www.lszmn.org/forum.php?mod=viewthread&tid=272" "Scrapy/1.7.3 (+https://scrapy.org)" "-"
36.32.3.245 - - [08/Jun/2022:09:27:54 +0800] "GET /home.php?mod=spacecp&ac=plugin&id=qqconnect:spacecp&pluginop=share&sh_type=4&thread_id=990 HTTP/1.1" 200 4943 "http://www.lszmn.org/forum.php?mod=viewthread&tid=990" "Scrapy/1.7.3 (+https://scrapy.org)" "-"
39.82.212.44 - - [08/Jun/2022:09:27:54 +0800] "GET /forum.php?mod=attachment&aid=NjgwfGI5ZmU5ZTVlfDE2NTQ2NTE2NDB8MHw5OTA%3D&nothumb=yes HTTP/1.1" 200 51005 "http://www.lszmn.org/forum.php?mod=viewthread&tid=990" "Scrapy/1.7.3 (+https://scrapy.org)" "-"
144.255.31.245 - - [08/Jun/2022:09:27:54 +0800] "GET /forum.php?mod=attachment&aid=NjgyfDI1MDkwMWVjfDE2NTQ2NTE2NDB8MHw5OTA%3D&nothumb=yes HTTP/1.1" 200 49648 "http://www.lszmn.org/forum.php?mod=viewthread&tid=990" "Scrapy/1.7.3 (+https://scrapy.org)" "-"
123.14.255.32 - - [08/Jun/2022:09:27:54 +0800] "GET /forum.php?mod=attachment&aid=Njc5fDQzMzkzYTI2fDE2NTQ2NTE2NDB8MHw5OTA%3D&nothumb=yes HTTP/1.1" 200 63017 "http://www.lszmn.org/forum.php?mod=viewthread&tid=990" "Scrapy/1.7.3 (+https://scrapy.org)" "-"
60.13.138.80 - - [08/Jun/2022:09:27:54 +0800] "GET /forum.php?mod=viewthread&tid=990&extra=&ordertype=1 HTTP/1.1" 200 14410 "http://www.lszmn.org/forum.php?mod=viewthread&tid=990" "Scrapy/1.7.3 (+https://scrapy.org)" "-"
36.32.3.245 - - [08/Jun/2022:09:27:54 +0800] "GET /forum.php?mod=viewthread&tid=990&page=1&authorid=1 HTTP/1.1" 200 10501 "http://www.lszmn.org/forum.php?mod=viewthread&tid=990" "Scrapy/1.7.3 (+https://scrapy.org)" "-"
36.5.70.9 - - [08/Jun/2022:09:27:54 +0800] "GET /forum.php?mod=attachment&aid=NjgxfDgyZTZiODU2fDE2NTQ2NTE2NDB8MHw5OTA%3D&nothumb=yes HTTP/1.1" 200 35691 "http://www.lszmn.org/forum.php?mod=viewthread&tid=990" "Scrapy/1.7.3 (+https://scrapy.org)" "-"
60.25.69.36 - - [08/Jun/2022:09:27:55 +0800] "GET /forum.php?mod=attachment&aid=Njc4fDBjOTY0OTNlfDE2NTQ2NTE2NDB8MHw5OTA%3D&nothumb=yes HTTP/1.1" 200 34853 "http://www.lszmn.org/forum.php?mod=viewthread&tid=990" "Scrapy/1.7.3 (+https://scrapy.org)" "-"
36.32.3.245 - - [08/Jun/2022:09:27:55 +0800] "GET /forum.php?mod=misc&action=postreview&do=against&tid=272&pid=2012&hash=df2537e5 HTTP/1.1" 200 5012 "http://www.lszmn.org/forum.php?mod=viewthread&tid=272" "Scrapy/1.7.3 (+https://scrapy.org)" "-"
36.5.70.9 - - [08/Jun/2022:09:27:55 +0800] "GET /forum.php?mod=post&action=reply&fid=5&tid=272&repquote=2048&extra=&page=1 HTTP/1.1" 200 5015 "http://www.lszmn.org/forum.php?mod=viewthread&tid=272" "Scrapy/1.7.3 (+https://scrapy.org)" "-"
185.191.171.25 - - [08/Jun/2022:09:27:55 +0800] "GET /forum.php?action=postreview&do=support&hash=b7f826f8&mod=misc&pid=1200&tid=226 HTTP/1.1" 200 4782 "-" "Mozilla/5.0 (compatible; SemrushBot/7~bl; +http://www.semrush.com/bot.html)" "-"
1.85.219.147 - - [08/Jun/2022:09:27:55 +0800] "GET /forum.php?mod=misc&action=postreview&do=support&tid=272&pid=2012&hash=df2537e5 HTTP/1.1" 200 5011 "http://www.lszmn.org/forum.php?mod=viewthread&tid=272" "Scrapy/1.7.3 (+https://scrapy.org)" "-"
144.255.31.245 - - [08/Jun/2022:09:27:55 +0800] "GET /forum.php?mod=redirect&goto=findpost&ptid=272&pid=2048 HTTP/1.1" 301 5 "http://www.lszmn.org/forum.php?mod=viewthread&tid=272" "Scrapy/1.7.3 (+https://scrapy.org)" "-"
60.13.138.80 - - [08/Jun/2022:09:27:55 +0800] "GET /forum.php?mod=post&action=reply&fid=5&tid=272&repquote=2012&extra=&page=1 HTTP/1.1" 200 5014 "http://www.lszmn.org/forum.php?mod=viewthread&tid=272" "Scrapy/1.7.3 (+https://scrapy.org)" "-"
36.5.70.9 - - [08/Jun/2022:09:27:55 +0800] "GET /forum.php?mod=misc&action=postreview&do=support&tid=272&pid=1997&hash=df2537e5 HTTP/1.1" 200 5013 "http://www.lszmn.org/forum.php?mod=viewthread&tid=272" "Scrapy/1.7.3 (+https://scrapy.org)" "-"
39.82.212.44 - - [08/Jun/2022:09:27:55 +0800] "GET /forum.php?mod=redirect&goto=findpost&ptid=272&pid=2012 HTTP/1.1" 301 5 "http://www.lszmn.org/forum.php?mod=viewthread&tid=272" "Scrapy/1.7.3 (+https://scrapy.org)" "-"
36.32.3.245 - - [08/Jun/2022:09:27:55 +0800] "GET /forum.php?mod=misc&action=postreview&do=against&tid=272&pid=1997&hash=df2537e5 HTTP/1.1" 200 5014 "http://www.lszmn.org/forum.php?mod=viewthread&tid=272" "Scrapy/1.7.3 (+https://scrapy.org)" "-"
60.13.138.80 - - [08/Jun/2022:09:27:56 +0800] "GET /forum.php?mod=redirect&goto=findpost&ptid=272&pid=1997 HTTP/1.1" 301 5 "http://www.lszmn.org/forum.php?mod=viewthread&tid=272" "Scrapy/1.7.3 (+https://scrapy.org)" "-"
144.255.31.245 - - [08/Jun/2022:09:27:56 +0800] "GET /forum.php?mod=post&action=reply&fid=5&tid=272&repquote=1997&extra=&page=1 HTTP/1.1" 200 5015 "http://www.lszmn.org/forum.php?mod=viewthread&tid=272" "Scrapy/1.7.3 (+https://scrapy.org)" "-"
39.82.212.44 - - [08/Jun/2022:09:27:56 +0800] "GET /forum.php?mod=misc&action=postreview&do=against&tid=272&pid=321&hash=df2537e5 HTTP/1.1" 200 5014 "http://www.lszmn.org/forum.php?mod=viewthread&tid=272" "Scrapy/1.7.3 (+https://scrapy.org)" "-"
36.32.3.245 - - [08/Jun/2022:09:27:56 +0800] "GET /forum.php?mod=misc&action=postreview&do=support&tid=272&pid=321&hash=df2537e5 HTTP/1.1" 200 5013 "http://www.lszmn.org/forum.php?mod=viewthread&tid=272" "Scrapy/1.7.3 (+https://scrapy.org)" "-"
36.5.70.9 - - [08/Jun/2022:09:27:56 +0800] "GET /forum.php?mod=post&action=reply&fid=5&tid=272&repquote=321&extra=&page=1 HTTP/1.1" 200 5011 "http://www.lszmn.org/forum.php?mod=viewthread&tid=272" "Scrapy/1.7.3 (+https://scrapy.org)" "-"
39.82.212.44 - - [08/Jun/2022:09:27:56 +0800] "GET /forum.php?mod=redirect&goto=findpost&ptid=272&pid=321 HTTP/1.1" 301 5 "http://www.lszmn.org/forum.php?mod=viewthread&tid=272" "Scrapy/1.7.3 (+https://scrapy.org)" "-"
36.5.70.9 - - [08/Jun/2022:09:27:56 +0800] "GET /forum.php?mod=viewthread&tid=272&page=1 HTTP/1.1" 200 14622 "http://www.lszmn.org/forum.php?mod=viewthread&tid=272" "Scrapy/1.7.3 (+https://scrapy.org)" "-"
36.32.3.245 - - [08/Jun/2022:09:27:56 +0800] "GET /forum.php?mod=viewthread&tid=272&page=1 HTTP/1.1" 200 14622 "http://www.lszmn.org/forum.php?mod=viewthread&tid=272" "Scrapy/1.7.3 (+https://scrapy.org)" "-"
123.14.255.32 - - [08/Jun/2022:09:27:56 +0800] "GET /forum.php?mod=misc&action=postreview&do=against&tid=272&pid=320&hash=df2537e5 HTTP/1.1" 200 5014 "http://www.lszmn.org/forum.php?mod=viewthread&tid=272" "Scrapy/1.7.3 (+https://scrapy.org)" "-"
1.85.219.147 - - [08/Jun/2022:09:27:56 +0800] "GET /forum.php?mod=attachment&aid=NjA2fGEyNDEyZmFifDE2NTQ2NTE2NDB8MHwyNzI%3D&nothumb=yes HTTP/1.1" 200 52389 "http://www.lszmn.org/forum.php?mod=viewthread&tid=272" "Scrapy/1.7.3 (+https://scrapy.org)" "-"
144.255.31.245 - - [08/Jun/2022:09:27:56 +0800] "GET /forum.php?mod=attachment&aid=NjA1fGUyM2YwMDk5fDE2NTQ2NTE2NDB8MHwyNzI%3D&nothumb=yes HTTP/1.1" 200 44198 "http://www.lszmn.org/forum.php?mod=viewthread&tid=272" "Scrapy/1.7.3 (+https://scrapy.org)" "-"
60.13.138.80 - - [08/Jun/2022:09:27:56 +0800] "GET /forum.php?mod=attachment&aid=NjA0fDA5MjhmNmJkfDE2NTQ2NTE2NDB8MHwyNzI%3D&nothumb=yes HTTP/1.1" 200 50720 "http://www.lszmn.org/forum.php?mod=viewthread&tid=272" "Scrapy/1.7.3 (+https://scrapy.org)" "-"
36.5.70.9 - - [08/Jun/2022:09:27:57 +0800] "GET /forum.php?mod=post&action=reply&fid=5&tid=272&repquote=320&extra=&page=1 HTTP/1.1" 200 5011 "http://www.lszmn.org/forum.php?mod=viewthread&tid=272" "Scrapy/1.7.3 (+https://scrapy.org)" "-"
36.32.3.245 - - [08/Jun/2022:09:27:57 +0800] "GET /connect.php?mod=login&op=init&referer=forum.php%3Fmod%3Dpost%26action%3Dreply%26fid%3D5%26tid%3D6849%26reppost%3D135406%26extra%3D%26page%3D1&statfrom=login_simple HTTP/1.1" 302 5 "http://www.lszmn.org/forum.php?mod=post&action=reply&fid=5&tid=6849&reppost=135406&extra=&page=1" "Scrapy/1.7.3 (+https://scrapy.org)" "-"
39.82.212.44 - - [08/Jun/2022:09:27:57 +0800] "GET /forum.php?mod=misc&action=postreview&do=support&tid=272&pid=320&hash=df2537e5 HTTP/1.1" 200 5013 "http://www.lszmn.org/forum.php?mod=viewthread&tid=272" "Scrapy/1.7.3 (+https://scrapy.org)" "-"
123.14.255.32 - - [08/Jun/2022:09:27:57 +0800] "GET /forum.php?mod=viewthread&tid=272&page=1 HTTP/1.1" 200 14622 "http://www.lszmn.org/forum.php?mod=viewthread&tid=272" "Scrapy/1.7.3 (+https://scrapy.org)" "-"
36.5.70.9 - - [08/Jun/2022:09:27:57 +0800] "GET /connect.php?mod=login&op=init&referer=forum.php%3Fmod%3Dviewthread%26tid%3D990&statfrom=login_simple HTTP/1.1" 302 5 "http://www.lszmn.org/forum.php?mod=viewthread&tid=990" "Scrapy/1.7.3 (+https://scrapy.org)" "-"
39.82.212.44 - - [08/Jun/2022:09:27:57 +0800] "GET /forum.php?mod=redirect&goto=findpost&ptid=272&pid=320 HTTP/1.1" 301 5 "http://www.lszmn.org/forum.php?mod=viewthread&tid=272" "Scrapy/1.7.3 (+https://scrapy.org)" "-"
144.255.31.245 - - [08/Jun/2022:09:27:57 +0800] "GET /connect.php?mod=login&op=init&referer=forum.php%3Fmod%3Dpost%26action%3Dreply%26fid%3D5%26tid%3D6849&statfrom=login_simple HTTP/1.1" 302 5 "http://www.lszmn.org/forum.php?mod=post&action=reply&fid=5&tid=6849" "Scrapy/1.7.3 (+https://scrapy.org)" "-"
36.32.3.245 - - [08/Jun/2022:09:27:57 +0800] "GET /forum.php?mod=attachment&aid=NjAzfDFkZmQ5NTMzfDE2NTQ2NTE2NDB8MHwyNzI%3D&nothumb=yes HTTP/1.1" 200 50988 "http://www.lszmn.org/forum.php?mod=viewthread&tid=272" "Scrapy/1.7.3 (+https://scrapy.org)" "-"
39.82.212.44 - - [08/Jun/2022:09:27:57 +0800] "GET /home.php?mod=spacecp&ac=share&type=thread&id=272 HTTP/1.1" 200 4860 "http://www.lszmn.org/forum.php?mod=viewthread&tid=272" "Scrapy/1.7.3 (+https://scrapy.org)" "-"
60.13.138.80 - - [08/Jun/2022:09:27:57 +0800] "GET /home.php?mod=spacecp&ac=follow&op=relay&tid=272&from=forum HTTP/1.1" 200 4884 "http://www.lszmn.org/forum.php?mod=viewthread&tid=272" "Scrapy/1.7.3 (+https://scrapy.org)" "-"
144.255.31.245 - - [08/Jun/2022:09:27:57 +0800] "GET /forum.php?mod=viewthread&tid=272&page=1 HTTP/1.1" 200 14616 "http://www.lszmn.org/forum.php?mod=viewthread&tid=272" "Scrapy/1.7.3 (+https://scrapy.org)" "-"
36.5.70.9 - - [08/Jun/2022:09:27:57 +0800] "GET /forum.php?mod=post&action=reply&fid=5&tid=272&reppost=319&extra=&page=1 HTTP/1.1" 200 5011 "http://www.lszmn.org/forum.php?mod=viewthread&tid=272" "Scrapy/1.7.3 (+https://scrapy.org)" "-"
1.85.219.147 - - [08/Jun/2022:09:27:57 +0800] "GET /home.php?mod=spacecp&ac=plugin&id=qqconnect:spacecp&pluginop=share&sh_type=4&thread_id=272 HTTP/1.1" 200 4942 "http://www.lszmn.org/forum.php?mod=viewthread&tid=272" "Scrapy/1.7.3 (+https://scrapy.org)" "-"
123.14.255.32 - - [08/Jun/2022:09:27:57 +0800] "GET /home.php?mod=spacecp&ac=favorite&type=thread&id=272 HTTP/1.1" 200 4865 "http://www.lszmn.org/forum.php?mod=viewthread&tid=272" "Scrapy/1.7.3 (+https://scrapy.org)" "-"
39.82.212.44 - - [08/Jun/2022:09:27:58 +0800] "GET /forum.php?mod=viewthread&tid=272&page=1 HTTP/1.1" 200 14620 "http://www.lszmn.org/forum.php?mod=viewthread&tid=272" "Scrapy/1.7.3 (+https://scrapy.org)" "-"
123.14.255.32 - - [08/Jun/2022:09:27:58 +0800] "GET /forum.php?mod=attachment&aid=NjAyfGNhNDg2MjBmfDE2NTQ2NTE2NDB8MHwyNzI%3D&nothumb=yes HTTP/1.1" 200 62422 "http://www.lszmn.org/forum.php?mod=viewthread&tid=272" "Scrapy/1.7.3 (+https://scrapy.org)" "-"
36.5.70.9 - - [08/Jun/2022:09:27:58 +0800] "GET /forum.php?mod=viewthread&tid=272&extra=&ordertype=1 HTTP/1.1" 200 14955 "http://www.lszmn.org/forum.php?mod=viewthread&tid=272" "Scrapy/1.7.3 (+https://scrapy.org)" "-"
144.255.31.245 - - [08/Jun/2022:09:27:58 +0800] "GET /forum.php?mod=attachment&aid=NjAxfGY0ZDIxNDllfDE2NTQ2NTE2NDB8MHwyNzI%3D&nothumb=yes HTTP/1.1" 200 26796 "http://www.lszmn.org/forum.php?mod=viewthread&tid=272" "Scrapy/1.7.3 (+https://scrapy.org)" "-"
1.85.219.147 - - [08/Jun/2022:09:27:58 +0800] "GET /connect.php?mod=login&op=init&referer=forum.php%3Fmod%3Dviewthread%26tid%3D272&statfrom=login_simple HTTP/1.1" 302 5 "http://www.lszmn.org/forum.php?mod=viewthread&tid=272" "Scrapy/1.7.3 (+https://scrapy.org)" "-"
36.32.3.245 - - [08/Jun/2022:09:27:58 +0800] "GET /forum.php?mod=viewthread&tid=272&page=1&authorid=1 HTTP/1.1" 200 12160 "http://www.lszmn.org/forum.php?mod=viewthread&tid=272" "Scrapy/1.7.3 (+https://scrapy.org)" "-"
60.13.138.80 - - [08/Jun/2022:09:27:59 +0800] "GET /forum.php?mod=viewthread&tid=272&from=album HTTP/1.1" 200 10121 "http://www.lszmn.org/forum.php?mod=viewthread&tid=272" "Scrapy/1.7.3 (+https://scrapy.org)" "-"
36.32.3.245 - - [08/Jun/2022:09:28:06 +0800] "GET /forum.php?mod=attachment&aid=MjAzMHw4NTY2Yzg4OXwxNjU0NjUxNjM4fDB8Njg0OQ%3D%3D&nothumb=yes HTTP/1.1" 200 371321 "http://www.lszmn.org/forum.php?mod=viewthread&tid=6849" "Scrapy/1.7.3 (+https://scrapy.org)" "-"
39.82.212.44 - - [08/Jun/2022:09:28:07 +0800] "GET /forum.php?mod=attachment&aid=MjAzNHxiYmNhYjMxZHwxNjU0NjUxNjM4fDB8Njg0OQ%3D%3D&nothumb=yes HTTP/1.1" 200 369936 "http://www.lszmn.org/forum.php?mod=viewthread&tid=6849" "Scrapy/1.7.3 (+https://scrapy.org)" "-"
144.255.31.245 - - [08/Jun/2022:09:28:10 +0800] "GET /forum.php?mod=attachment&aid=MjAyOHwwZmJhMzM2NHwxNjU0NjUxNjM4fDB8Njg0OQ%3D%3D&nothumb=yes HTTP/1.1" 200 341665 "http://www.lszmn.org/forum.php?mod=viewthread&tid=6849" "Scrapy/1.7.3 (+https://scrapy.org)" "-"
1.85.219.147 - - [08/Jun/2022:09:28:12 +0800] "GET /forum.php?mod=attachment&aid=MjAzMnwyYzQ3ZGM4MXwxNjU0NjUxNjM4fDB8Njg0OQ%3D%3D&nothumb=yes HTTP/1.1" 200 376395 "http://www.lszmn.org/forum.php?mod=viewthread&tid=6849" "Scrapy/1.7.3 (+https://scrapy.org)" "-"
207.46.13.27 - - [08/Jun/2022:09:28:12 +0800] "GET /forum.php?mod=viewthread&tid=74&extra=&page=83 HTTP/1.1" 200 9749 "-" "Mozilla/5.0 (compatible; bingbot/2.0; +http://www.bing.com/bingbot.htm)" "-"
157.55.39.141 - - [08/Jun/2022:09:28:13 +0800] "GET /archiver/?fid-4.html&page=6 HTTP/1.1" 200 1296 "-" "Mozilla/5.0 (compatible; bingbot/2.0; +http://www.bing.com/bingbot.htm)" "-"
123.14.255.32 - - [08/Jun/2022:09:28:13 +0800] "GET /forum.php?mod=attachment&aid=MjAzM3w1ZWZmMTY0M3wxNjU0NjUxNjM4fDB8Njg0OQ%3D%3D&nothumb=yes HTTP/1.1" 200 155032 "http://www.lszmn.org/forum.php?mod=viewthread&tid=6849" "Scrapy/1.7.3 (+https://scrapy.org)" "-"
124.235.138.175 - - [08/Jun/2022:09:28:14 +0800] "GET /forum.php?mod=viewthread&tid=6849&extra=&ordertype=1 HTTP/1.1" 200 12126 "http://www.lszmn.org/forum.php?mod=viewthread&tid=6849" "Scrapy/1.7.3 (+https://scrapy.org)" "-"
36.5.70.9 - - [08/Jun/2022:09:28:14 +0800] "GET /forum.php?mod=attachment&aid=MjAzMXw1YWZkZWY2ZXwxNjU0NjUxNjM4fDB8Njg0OQ%3D%3D&nothumb=yes HTTP/1.1" 200 416389 "http://www.lszmn.org/forum.php?mod=viewthread&tid=6849" "Scrapy/1.7.3 (+https://scrapy.org)" "-"
60.13.138.80 - - [08/Jun/2022:09:28:14 +0800] "GET /forum.php?mod=attachment&aid=MjAyOXxkYTgxMGUwOXwxNjU0NjUxNjM4fDB8Njg0OQ%3D%3D&nothumb=yes HTTP/1.1" 200 286104 "http://www.lszmn.org/forum.php?mod=viewthread&tid=6849" "Scrapy/1.7.3 (+https://scrapy.org)" "-"
116.252.20.194 - - [08/Jun/2022:09:28:14 +0800] "GET /forum.php?mod=viewthread&tid=6849&page=1&authorid=1 HTTP/1.1" 200 12284 "http://www.lszmn.org/forum.php?mod=viewthread&tid=6849" "Scrapy/1.7.3 (+https://scrapy.org)" "-"
1.85.218.10 - - [08/Jun/2022:09:28:15 +0800] "GET /forum.php?mod=post&action=reply&fid=5&tid=9351&extra=&page=1&from=portal HTTP/1.1" 200 5005 "http://www.lszmn.org/forum.php?mod=viewthread&tid=9351&from=portal" "Scrapy/1.7.3 (+https://scrapy.org)" "-"
60.25.69.36 - - [08/Jun/2022:09:28:15 +0800] "GET /forum.php?mod=attachment&aid=MjAyN3w4NDlhM2Y2YnwxNjU0NjUxNjM4fDB8Njg0OQ%3D%3D&nothumb=yes HTTP/1.1" 200 146840 "http://www.lszmn.org/forum.php?mod=viewthread&tid=6849" "Scrapy/1.7.3 (+https://scrapy.org)" "-"
60.17.125.212 - - [08/Jun/2022:09:28:17 +0800] "GET /forum.php?mod=viewthread&tid=6849&from=album HTTP/1.1" 200 8382 "http://www.lszmn.org/forum.php?mod=viewthread&tid=6849" "Scrapy/1.7.3 (+https://scrapy.org)" "-"
185.191.171.4 - - [08/Jun/2022:09:28:18 +0800] "GET /forum.php?action=postreview&do=against&hash=57a3c102&mod=misc&pid=2321&tid=74 HTTP/1.1" 200 4780 "-" "Mozilla/5.0 (compatible; SemrushBot/7~bl; +http://www.semrush.com/bot.html)" "-"
36.32.3.245 - - [08/Jun/2022:09:28:19 +0800] "GET /forum.php?mod=attachment&aid=MjAyNnw5NGE2YTljZXwxNjU0NjUxNjM4fDB8Njg0OQ%3D%3D&nothumb=yes HTTP/1.1" 200 386377 "http://www.lszmn.org/forum.php?mod=viewthread&tid=6849" "Scrapy/1.7.3 (+https://scrapy.org)" "-"
66.249.70.42 - - [08/Jun/2022:09:28:27 +0800] "GET /static/js/mobile/jquery-1.8.3.min.js?YI5 HTTP/1.1" 404 561 "http://lszmn.org/forum.php?mod=viewthread&tid=974&extra=&page=135" "Mozilla/5.0 (Linux; Android 6.0.1; Nexus 5X Build/MMB29P) AppleWebKit/537.36 (KHTML, like Gecko) Chrome/101.0.4951.64 Mobile Safari/537.36 (compatible; Googlebot/2.1; +http://www.google.com/bot.html)" "-"
66.249.64.220 - - [08/Jun/2022:09:28:28 +0800] "GET /static/js/mobile/jquery-1.8.3.min.js?YI5 HTTP/1.1" 404 561 "http://lszmn.org/forum.php?mod=viewthread&tid=974&extra=&page=135" "Mozilla/5.0 (Linux; Android 6.0.1; Nexus 5X Build/MMB29P) AppleWebKit/537.36 (KHTML, like Gecko) Chrome/101.0.4951.64 Mobile Safari/537.36 (compatible; Googlebot/2.1; +http://www.google.com/bot.html)" "-"
1.85.216.198 - - [08/Jun/2022:09:28:28 +0800] "GET /forum.php?mod=attachment&aid=MjAyNXw3YzdjMmQwZXwxNjU0NjUxNjM4fDB8Njg0OQ%3D%3D&nothumb=yes HTTP/1.1" 200 381794 "http://www.lszmn.org/forum.php?mod=viewthread&tid=6849" "Scrapy/1.7.3 (+https://scrapy.org)" "-"
42.48.79.21 - - [08/Jun/2022:09:28:28 +0800] "GET /forum.php?mod=attachment&aid=MzA4NXxjOGU0MGYyZHwxNjU0NjUxNjM4fDB8OTM1MQ%3D%3D&nothumb=yes HTTP/1.1" 200 484317 "http://www.lszmn.org/forum.php?mod=viewthread&tid=9351&from=portal" "Scrapy/1.7.3 (+https://scrapy.org)" "-"
116.252.20.194 - - [08/Jun/2022:09:28:29 +0800] "GET /forum.php?mod=attachment&aid=MzA4NHxlNmNkNDQ3YXwxNjU0NjUxNjM4fDB8OTM1MQ%3D%3D&nothumb=yes HTTP/1.1" 200 482712 "http://www.lszmn.org/forum.php?mod=viewthread&tid=9351&from=portal" "Scrapy/1.7.3 (+https://scrapy.org)" "-"
221.199.95.84 - - [08/Jun/2022:09:28:30 +0800] "GET /connect.php?mod=login&op=init&referer=forum.php%3Fmod%3Dviewthread%26tid%3D6849%26page%3D1%26authorid%3D1&statfrom=login_simple HTTP/1.1" 302 5 "http://www.lszmn.org/forum.php?mod=viewthread&tid=6849&page=1&authorid=1" "Scrapy/1.7.3 (+https://scrapy.org)" "-"
221.199.95.84 - - [08/Jun/2022:09:28:30 +0800] "GET /connect.php?mod=login&op=init&referer=forum.php%3Fmod%3Dpost%26action%3Dreply%26fid%3D5%26tid%3D9351%26extra%3D%26page%3D1%26from%3Dportal&statfrom=login_simple HTTP/1.1" 302 5 "http://www.lszmn.org/forum.php?mod=post&action=reply&fid=5&tid=9351&extra=&page=1&from=portal" "Scrapy/1.7.3 (+https://scrapy.org)" "-"
221.199.95.84 - - [08/Jun/2022:09:28:30 +0800] "GET /connect.php?mod=login&op=init&referer=forum.php%3Fmod%3Dviewthread%26tid%3D6849%26page%3D1%26authorid%3D1&statfrom=login HTTP/1.1" 302 5 "http://www.lszmn.org/forum.php?mod=viewthread&tid=6849&page=1&authorid=1" "Scrapy/1.7.3 (+https://scrapy.org)" "-"
1.85.218.10 - - [08/Jun/2022:09:28:30 +0800] "GET /forum.php?mod=attachment&aid=MzA4M3w0NDg1ZGI5ZnwxNjU0NjUxNjM4fDB8OTM1MQ%3D%3D&nothumb=yes HTTP/1.1" 200 474520 "http://www.lszmn.org/forum.php?mod=viewthread&tid=9351&from=portal" "Scrapy/1.7.3 (+https://scrapy.org)" "-"
144.255.19.40 - - [08/Jun/2022:09:28:30 +0800] "GET /connect.php?mod=login&op=init&referer=forum.php%3Fmod%3Dviewthread%26tid%3D6849%26extra%3D%26ordertype%3D1&statfrom=login HTTP/1.1" 302 5 "http://www.lszmn.org/forum.php?mod=viewthread&tid=6849&extra=&ordertype=1" "Scrapy/1.7.3 (+https://scrapy.org)" "-"
58.21.36.246 - - [08/Jun/2022:09:28:30 +0800] "GET /forum.php?mod=attachment&aid=MzA4MnwyNzAwMzZmZXwxNjU0NjUxNjM4fDB8OTM1MQ%3D%3D&nothumb=yes HTTP/1.1" 200 282008 "http://www.lszmn.org/forum.php?mod=viewthread&tid=9351&from=portal" "Scrapy/1.7.3 (+https://scrapy.org)" "-"
144.255.19.40 - - [08/Jun/2022:09:28:31 +0800] "GET /forum.php?mod=post&action=reply&fid=5&tid=6849&extra=&page=1&from=album HTTP/1.1" 200 5007 "http://www.lszmn.org/forum.php?mod=viewthread&tid=6849&from=album" "Scrapy/1.7.3 (+https://scrapy.org)" "-"
220.250.10.165 - - [08/Jun/2022:09:28:31 +0800] "GET /connect.php?mod=login&op=init&referer=forum.php%3Fmod%3Dviewthread%26tid%3D6849%26from%3Dalbum&statfrom=login_simple HTTP/1.1" 302 5 "http://www.lszmn.org/forum.php?mod=viewthread&tid=6849&from=album" "Scrapy/1.7.3 (+https://scrapy.org)" "-"
220.250.10.165 - - [08/Jun/2022:09:28:31 +0800] "GET /connect.php?mod=login&op=init&referer=forum.php%3Fmod%3Dviewthread%26tid%3D6849%26extra%3D%26ordertype%3D1&statfrom=login_simple HTTP/1.1" 302 5 "http://www.lszmn.org/forum.php?mod=viewthread&tid=6849&extra=&ordertype=1" "Scrapy/1.7.3 (+https://scrapy.org)" "-"
124.235.138.175 - - [08/Jun/2022:09:28:31 +0800] "GET /forum.php?mod=attachment&aid=MzA4MXw3ZDhlMGZjYXwxNjU0NjUxNjM4fDB8OTM1MQ%3D%3D&nothumb=yes HTTP/1.1" 200 282008 "http://www.lszmn.org/forum.php?mod=viewthread&tid=9351&from=portal" "Scrapy/1.7.3 (+https://scrapy.org)" "-"
144.255.19.40 - - [08/Jun/2022:09:28:31 +0800] "GET /forum.php?mod=viewthread&tid=6849&extra=&ordertype=2 HTTP/1.1" 200 12283 "http://www.lszmn.org/forum.php?mod=viewthread&tid=6849&extra=&ordertype=1" "Scrapy/1.7.3 (+https://scrapy.org)" "-"
106.11.156.56 - - [08/Jun/2022:09:28:33 +0800] "GET /forum.php?ieXu.html HTTP/1.1" 200 10803 "-" "Mozilla/5.0 (Windows NT 6.1; Win64; x64) AppleWebKit/537.36 (KHTML, like Gecko) Chrome/69.0.3497.81 YisouSpider/5.0 Safari/537.36" "-"
106.11.154.45 - - [08/Jun/2022:09:28:33 +0800] "GET /data/cache/style_24_forum_index.css?kp9 HTTP/1.1" 200 13873 "http://lszmn.org/forum.php?ieXu.html" "Mozilla/5.0 (Windows NT 6.1; Win64; x64) AppleWebKit/537.36 (KHTML, like Gecko) Chrome/69.0.3497.81 YisouSpider/5.0 Safari/537.36" "-"
60.17.125.212 - - [08/Jun/2022:09:28:34 +0800] "GET /forum.php?mod=attachment&aid=MzA4MHwxMDk5ZmY4M3wxNjU0NjUxNjM4fDB8OTM1MQ%3D%3D&nothumb=yes HTTP/1.1" 200 146840 "http://www.lszmn.org/forum.php?mod=viewthread&tid=9351&from=portal" "Scrapy/1.7.3 (+https://scrapy.org)" "-"
106.11.157.47 - - [08/Jun/2022:09:28:36 +0800] "GET /data/cache/style_24_common.css?kp9 HTTP/1.1" 200 96034 "http://lszmn.org/forum.php?ieXu.html" "Mozilla/5.0 (Windows NT 6.1; Win64; x64) AppleWebKit/537.36 (KHTML, like Gecko) Chrome/69.0.3497.81 YisouSpider/5.0 Safari/537.36" "-"
185.191.171.38 - - [08/Jun/2022:09:28:40 +0800] "GET /forum.php?action=postreview&do=support&hash=f7f7e814&mod=misc&pid=6222729&tid=982 HTTP/1.1" 200 4792 "-" "Mozilla/5.0 (compatible; SemrushBot/7~bl; +http://www.semrush.com/bot.html)" "-"
