221.11.5.52 - - [08/Jun/2022:09:34:16 +0800] "GET /forum.php?mod=attachment&aid=MzA0MXw1YTlkZGIyY3wxNjU0NjUxNzY5fDB8OTM0Ng%3D%3D&nothumb=yes HTTP/1.1" 200 54347 "http://www.lszmn.org/forum.php?mod=viewthread&tid=9346" "Scrapy/1.7.3 (+https://scrapy.org)" "-"
14.204.44.97 - - [08/Jun/2022:09:34:16 +0800] "GET /forum.php?mod=attachment&aid=MzAzOXw3NmJmY2FkOHwxNjU0NjUxNzY5fDB8OTM0Ng%3D%3D&nothumb=yes HTTP/1.1" 200 29434 "http://www.lszmn.org/forum.php?mod=viewthread&tid=9346" "Scrapy/1.7.3 (+https://scrapy.org)" "-"
119.51.138.103 - - [08/Jun/2022:09:34:17 +0800] "GET /forum.php?mod=attachment&aid=MzA0MHwxZGU5NjQwMXwxNjU0NjUxNzY5fDB8OTM0Ng%3D%3D&nothumb=yes HTTP/1.1" 200 33096 "http://www.lszmn.org/forum.php?mod=viewthread&tid=9346" "Scrapy/1.7.3 (+https://scrapy.org)" "-"
58.247.217.104 - - [08/Jun/2022:09:34:17 +0800] "GET /forum.php?mod=attachment&aid=MzAzN3w2MjBhYWM4M3wxNjU0NjUxNzY5fDB8OTM0Ng%3D%3D&nothumb=yes HTTP/1.1" 200 36238 "http://www.lszmn.org/forum.php?mod=viewthread&tid=9346" "Scrapy/1.7.3 (+https://scrapy.org)" "-"
112.80.136.2 - - [08/Jun/2022:09:34:17 +0800] "GET /connect.php?mod=login&op=init&referer=forum.php%3Fmod%3Dviewthread%26tid%3D9338%26extra%3D%26ordertype%3D1&statfrom=login HTTP/1.1" 302 5 "http://www.lszmn.org/forum.php?mod=viewthread&tid=9338&extra=&ordertype=1" "Scrapy/1.7.3 (+https://scrapy.org)" "-"
59.50.182.37 - - [08/Jun/2022:09:34:17 +0800] "GET /forum.php?mod=attachment&aid=MzA0MnxmOTRmMTk4MnwxNjU0NjUxNzY5fDB8OTM0Ng%3D%3D&nothumb=yes HTTP/1.1" 200 54274 "http://www.lszmn.org/forum.php?mod=viewthread&tid=9346" "Scrapy/1.7.3 (+https://scrapy.org)" "-"
222.94.163.220 - - [08/Jun/2022:09:34:17 +0800] "GET /forum.php?mod=attachment&aid=MzAzOHxjMjZhNmZiYnwxNjU0NjUxNzY5fDB8OTM0Ng%3D%3D&nothumb=yes HTTP/1.1" 200 73969 "http://www.lszmn.org/forum.php?mod=viewthread&tid=9346" "Scrapy/1.7.3 (+https://scrapy.org)" "-"
112.80.136.2 - - [08/Jun/2022:09:34:18 +0800] "GET /forum.php?mod=attachment&aid=Mjk3OXw5NjNmZTZiZHwxNjU0NjUyMDUzfDB8OTMzOA%3D%3D&nothumb=yes HTTP/1.1" 200 92987 "http://www.lszmn.org/forum.php?mod=viewthread&tid=9338&extra=&ordertype=1" "Scrapy/1.7.3 (+https://scrapy.org)" "-"
14.204.44.97 - - [08/Jun/2022:09:34:18 +0800] "GET /forum.php?mod=post&action=reply&fid=5&tid=9338&extra=&page=1&from=album HTTP/1.1" 200 5006 "http://www.lszmn.org/forum.php?mod=viewthread&tid=9338&from=album" "Scrapy/1.7.3 (+https://scrapy.org)" "-"
14.204.44.97 - - [08/Jun/2022:09:34:18 +0800] "GET /connect.php?mod=login&op=init&referer=forum.php%3Fmod%3Dviewthread%26tid%3D9338%26from%3Dalbum&statfrom=login_simple HTTP/1.1" 302 5 "http://www.lszmn.org/forum.php?mod=viewthread&tid=9338&from=album" "Scrapy/1.7.3 (+https://scrapy.org)" "-"
14.204.44.97 - - [08/Jun/2022:09:34:19 +0800] "GET /forum.php?mod=attachment&aid=Mjk3NnxiNjdlNzFjN3wxNjU0NjUyMDUzfDB8OTMzOA%3D%3D&nothumb=yes HTTP/1.1" 200 93956 "http://www.lszmn.org/forum.php?mod=viewthread&tid=9338&extra=&ordertype=1" "Scrapy/1.7.3 (+https://scrapy.org)" "-"
59.50.182.37 - - [08/Jun/2022:09:34:19 +0800] "GET /forum.php?mod=attachment&aid=Mjk3NXxkZTM5YTYwY3wxNjU0NjUyMDUzfDB8OTMzOA%3D%3D&nothumb=yes HTTP/1.1" 200 79100 "http://www.lszmn.org/forum.php?mod=viewthread&tid=9338&extra=&ordertype=1" "Scrapy/1.7.3 (+https://scrapy.org)" "-"
58.247.217.104 - - [08/Jun/2022:09:34:19 +0800] "GET /forum.php?mod=attachment&aid=Mjk3N3w4OWVhMDdkZnwxNjU0NjUyMDUzfDB8OTMzOA%3D%3D&nothumb=yes HTTP/1.1" 200 72089 "http://www.lszmn.org/forum.php?mod=viewthread&tid=9338&extra=&ordertype=1" "Scrapy/1.7.3 (+https://scrapy.org)" "-"
119.51.138.103 - - [08/Jun/2022:09:34:19 +0800] "GET /connect.php?mod=login&op=init&referer=forum.php%3Fmod%3Dviewthread%26tid%3D9338%26page%3D1%26authorid%3D1&statfrom=login HTTP/1.1" 302 5 "http://www.lszmn.org/forum.php?mod=viewthread&tid=9338&page=1&authorid=1" "Scrapy/1.7.3 (+https://scrapy.org)" "-"
119.51.138.103 - - [08/Jun/2022:09:34:20 +0800] "GET /forum.php?mod=attachment&aid=Mjk3OXxkNTFmMTllZHwxNjU0NjUyMDU2fDB8OTMzOA%3D%3D&nothumb=yes HTTP/1.1" 200 92987 "http://www.lszmn.org/forum.php?mod=viewthread&tid=9338&page=1&authorid=1" "Scrapy/1.7.3 (+https://scrapy.org)" "-"
221.11.5.52 - - [08/Jun/2022:09:34:21 +0800] "GET /forum.php?mod=attachment&aid=Mjk3OHwzYzBhZTc5ZXwxNjU0NjUyMDU2fDB8OTMzOA%3D%3D&nothumb=yes HTTP/1.1" 200 99639 "http://www.lszmn.org/forum.php?mod=viewthread&tid=9338&page=1&authorid=1" "Scrapy/1.7.3 (+https://scrapy.org)" "-"
58.247.216.239 - - [08/Jun/2022:09:34:21 +0800] "GET /forum.php?mod=attachment&aid=Mjk3OHwwNDhhODBhOXwxNjU0NjUyMDUzfDB8OTMzOA%3D%3D&nothumb=yes HTTP/1.1" 200 99639 "http://www.lszmn.org/forum.php?mod=viewthread&tid=9338&extra=&ordertype=1" "Scrapy/1.7.3 (+https://scrapy.org)" "-"
112.80.136.2 - - [08/Jun/2022:09:34:21 +0800] "GET /forum.php?mod=attachment&aid=Mjk3N3wzMzk1ZjE0OHwxNjU0NjUyMDU2fDB8OTMzOA%3D%3D&nothumb=yes HTTP/1.1" 200 72089 "http://www.lszmn.org/forum.php?mod=viewthread&tid=9338&page=1&authorid=1" "Scrapy/1.7.3 (+https://scrapy.org)" "-"
222.94.163.220 - - [08/Jun/2022:09:34:21 +0800] "GET /forum.php?mod=attachment&aid=Mjk3NnxlYmVjYWJjNnwxNjU0NjUyMDU2fDB8OTMzOA%3D%3D&nothumb=yes HTTP/1.1" 200 93956 "http://www.lszmn.org/forum.php?mod=viewthread&tid=9338&page=1&authorid=1" "Scrapy/1.7.3 (+https://scrapy.org)" "-"
112.80.136.2 - - [08/Jun/2022:09:34:23 +0800] "GET /forum.php?mod=attachment&aid=Mjk3NHxhMThmZWYwZnwxNjU0NjUyMDU2fDB8OTMzOA%3D%3D&nothumb=yes HTTP/1.1" 200 65715 "http://www.lszmn.org/forum.php?mod=viewthread&tid=9338&page=1&authorid=1" "Scrapy/1.7.3 (+https://scrapy.org)" "-"
58.247.217.104 - - [08/Jun/2022:09:34:23 +0800] "GET /forum.php?mod=attachment&aid=Mjk3M3xmYjQ4NDc2NHwxNjU0NjUyMDU2fDB8OTMzOA%3D%3D&nothumb=yes HTTP/1.1" 200 74101 "http://www.lszmn.org/forum.php?mod=viewthread&tid=9338&page=1&authorid=1" "Scrapy/1.7.3 (+https://scrapy.org)" "-"
14.204.44.97 - - [08/Jun/2022:09:34:23 +0800] "GET /forum.php?mod=attachment&aid=Mjk3NXxkZWNkODhjY3wxNjU0NjUyMDU2fDB8OTMzOA%3D%3D&nothumb=yes HTTP/1.1" 200 79100 "http://www.lszmn.org/forum.php?mod=viewthread&tid=9338&page=1&authorid=1" "Scrapy/1.7.3 (+https://scrapy.org)" "-"
222.94.163.220 - - [08/Jun/2022:09:34:25 +0800] "GET /forum.php?mod=attachment&aid=Mjk3MnxkZjEwN2E1YnwxNjU0NjUyMDU2fDB8OTMzOA%3D%3D&nothumb=yes HTTP/1.1" 200 66215 "http://www.lszmn.org/forum.php?mod=viewthread&tid=9338&page=1&authorid=1" "Scrapy/1.7.3 (+https://scrapy.org)" "-"
112.80.136.2 - - [08/Jun/2022:09:34:25 +0800] "GET /connect.php?mod=login&op=init&referer=forum.php%3Fmod%3Dviewthread%26tid%3D9338%26page%3D1%26authorid%3D1&statfrom=login_simple HTTP/1.1" 302 5 "http://www.lszmn.org/forum.php?mod=viewthread&tid=9338&page=1&authorid=1" "Scrapy/1.7.3 (+https://scrapy.org)" "-"
58.247.217.104 - - [08/Jun/2022:09:34:25 +0800] "GET /forum.php?mod=viewthread&tid=9338&page=1 HTTP/1.1" 200 11560 "http://www.lszmn.org/forum.php?mod=viewthread&tid=9338&page=1&authorid=1" "Scrapy/1.7.3 (+https://scrapy.org)" "-"
112.80.136.2 - - [08/Jun/2022:09:34:25 +0800] "GET /forum.php?mod=attachment&aid=Mjk3NHw2MGE2NDBhM3wxNjU0NjUyMDUzfDB8OTMzOA%3D%3D&nothumb=yes HTTP/1.1" 200 65715 "http://www.lszmn.org/forum.php?mod=viewthread&tid=9338&extra=&ordertype=1" "Scrapy/1.7.3 (+https://scrapy.org)" "-"
59.50.182.37 - - [08/Jun/2022:09:34:26 +0800] "GET /forum.php?mod=attachment&aid=Mjk3M3xlMjY5YmEwYnwxNjU0NjUyMDUzfDB8OTMzOA%3D%3D&nothumb=yes HTTP/1.1" 200 74101 "http://www.lszmn.org/forum.php?mod=viewthread&tid=9338&extra=&ordertype=1" "Scrapy/1.7.3 (+https://scrapy.org)" "-"
58.247.217.104 - - [08/Jun/2022:09:34:27 +0800] "GET /forum.php?mod=attachment&aid=Mjk3MnwxYmNiYzc2OHwxNjU0NjUyMDUzfDB8OTMzOA%3D%3D&nothumb=yes HTTP/1.1" 200 66215 "http://www.lszmn.org/forum.php?mod=viewthread&tid=9338&extra=&ordertype=1" "Scrapy/1.7.3 (+https://scrapy.org)" "-"
58.247.216.239 - - [08/Jun/2022:09:34:27 +0800] "GET /forum.php?mod=viewthread&tid=9338&extra=&ordertype=2 HTTP/1.1" 200 11592 "http://www.lszmn.org/forum.php?mod=viewthread&tid=9338&extra=&ordertype=1" "Scrapy/1.7.3 (+https://scrapy.org)" "-"
222.94.163.220 - - [08/Jun/2022:09:34:27 +0800] "GET /connect.php?mod=login&op=init&referer=forum.php%3Fmod%3Dviewthread%26tid%3D9338%26extra%3D%26ordertype%3D1&statfrom=login_simple HTTP/1.1" 302 5 "http://www.lszmn.org/forum.php?mod=viewthread&tid=9338&extra=&ordertype=1" "Scrapy/1.7.3 (+https://scrapy.org)" "-"
222.94.163.220 - - [08/Jun/2022:09:34:28 +0800] "GET /forum.php?mod=attachment&aid=MzAzNnwxMDk2ZGQ0ZXwxNjU0NjUxNzY5fDB8OTM0Ng%3D%3D&nothumb=yes HTTP/1.1" 200 25223 "http://www.lszmn.org/forum.php?mod=viewthread&tid=9346" "Scrapy/1.7.3 (+https://scrapy.org)" "-"
14.204.44.97 - - [08/Jun/2022:09:34:28 +0800] "GET /forum.php?mod=attachment&aid=MzAzNXw5ZjQ2MzcwZXwxNjU0NjUxNzY5fDB8OTM0Ng%3D%3D&nothumb=yes HTTP/1.1" 200 55333 "http://www.lszmn.org/forum.php?mod=viewthread&tid=9346" "Scrapy/1.7.3 (+https://scrapy.org)" "-"
59.50.182.37 - - [08/Jun/2022:09:34:28 +0800] "GET /forum.php?mod=attachment&aid=MzAzNHxmMjZmMjMwZnwxNjU0NjUxNzY5fDB8OTM0Ng%3D%3D&nothumb=yes HTTP/1.1" 200 72018 "http://www.lszmn.org/forum.php?mod=viewthread&tid=9346" "Scrapy/1.7.3 (+https://scrapy.org)" "-"
112.80.136.2 - - [08/Jun/2022:09:34:28 +0800] "GET /forum.php?mod=viewthread&tid=9346&extra=&ordertype=1 HTTP/1.1" 200 13878 "http://www.lszmn.org/forum.php?mod=viewthread&tid=9346" "Scrapy/1.7.3 (+https://scrapy.org)" "-"
58.247.216.239 - - [08/Jun/2022:09:34:29 +0800] "GET /forum.php?mod=attachment&aid=MzA1NXxmNGM4NjQ1YnwxNjU0NjUxNzY5fDB8OTM0Ng%3D%3D&nothumb=yes HTTP/1.1" 200 63942 "http://www.lszmn.org/forum.php?mod=viewthread&tid=9346" "Scrapy/1.7.3 (+https://scrapy.org)" "-"
221.11.5.52 - - [08/Jun/2022:09:34:29 +0800] "GET /forum.php?mod=viewthread&tid=9346&from=album HTTP/1.1" 200 8535 "http://www.lszmn.org/forum.php?mod=viewthread&tid=9346" "Scrapy/1.7.3 (+https://scrapy.org)" "-"
119.51.138.103 - - [08/Jun/2022:09:34:29 +0800] "GET /forum.php?mod=viewthread&tid=9346&page=1&authorid=1 HTTP/1.1" 200 14020 "http://www.lszmn.org/forum.php?mod=viewthread&tid=9346" "Scrapy/1.7.3 (+https://scrapy.org)" "-"
222.94.163.220 - - [08/Jun/2022:09:34:29 +0800] "GET /forum.php?mod=attachment&aid=MzA1Nnw3NzQ4Y2I2YXwxNjU0NjUxNzY5fDB8OTM0Ng%3D%3D&nothumb=yes HTTP/1.1" 200 64270 "http://www.lszmn.org/forum.php?mod=viewthread&tid=9346" "Scrapy/1.7.3 (+https://scrapy.org)" "-"
221.11.5.52 - - [08/Jun/2022:09:34:30 +0800] "GET /connect.php?mod=login&op=init&referer=forum.php%3Fmod%3Dviewthread%26tid%3D6805&statfrom=login HTTP/1.1" 302 5 "http://www.lszmn.org/forum.php?mod=viewthread&tid=6805" "Scrapy/1.7.3 (+https://scrapy.org)" "-"
119.51.138.103 - - [08/Jun/2022:09:34:30 +0800] "GET /forum.php?mod=redirect&goto=nextoldset&tid=6805 HTTP/1.1" 302 5 "http://www.lszmn.org/forum.php?mod=viewthread&tid=6805" "Scrapy/1.7.3 (+https://scrapy.org)" "-"
112.80.136.2 - - [08/Jun/2022:09:34:30 +0800] "GET /forum.php?mod=redirect&goto=nextnewset&tid=112 HTTP/1.1" 302 5 "http://www.lszmn.org/forum.php?mod=viewthread&tid=112" "Scrapy/1.7.3 (+https://scrapy.org)" "-"
58.247.216.239 - - [08/Jun/2022:09:34:31 +0800] "GET /home.php?mod=spacecp&ac=share&type=thread&id=6805 HTTP/1.1" 200 4866 "http://www.lszmn.org/forum.php?mod=viewthread&tid=6805" "Scrapy/1.7.3 (+https://scrapy.org)" "-"
112.80.136.2 - - [08/Jun/2022:09:34:31 +0800] "GET /home.php?mod=spacecp&ac=follow&op=relay&tid=6805&from=forum HTTP/1.1" 200 4883 "http://www.lszmn.org/forum.php?mod=viewthread&tid=6805" "Scrapy/1.7.3 (+https://scrapy.org)" "-"
119.51.138.103 - - [08/Jun/2022:09:34:31 +0800] "GET /forum.php?mod=post&action=reply&fid=5&tid=6805&reppost=135360&extra=&page=1 HTTP/1.1" 200 5010 "http://www.lszmn.org/forum.php?mod=viewthread&tid=6805" "Scrapy/1.7.3 (+https://scrapy.org)" "-"
14.204.44.97 - - [08/Jun/2022:09:34:31 +0800] "GET /connect.php?mod=login&op=init&referer=forum.php%3Fmod%3Dviewthread%26tid%3D9346%26extra%3D%26ordertype%3D1&statfrom=login_simple HTTP/1.1" 302 5 "http://www.lszmn.org/forum.php?mod=viewthread&tid=9346&extra=&ordertype=1" "Scrapy/1.7.3 (+https://scrapy.org)" "-"
221.11.5.52 - - [08/Jun/2022:09:34:31 +0800] "GET /forum.php?mod=post&action=reply&fid=5&tid=6805 HTTP/1.1" 200 4961 "http://www.lszmn.org/forum.php?mod=viewthread&tid=6805" "Scrapy/1.7.3 (+https://scrapy.org)" "-"
58.247.217.104 - - [08/Jun/2022:09:34:31 +0800] "GET /home.php?mod=spacecp&ac=favorite&type=thread&id=6805 HTTP/1.1" 200 4870 "http://www.lszmn.org/forum.php?mod=viewthread&tid=6805" "Scrapy/1.7.3 (+https://scrapy.org)" "-"
58.247.216.239 - - [08/Jun/2022:09:34:31 +0800] "GET /home.php?mod=spacecp&ac=plugin&id=qqconnect:spacecp&pluginop=share&sh_type=4&thread_id=6805 HTTP/1.1" 200 4948 "http://www.lszmn.org/forum.php?mod=viewthread&tid=6805" "Scrapy/1.7.3 (+https://scrapy.org)" "-"
119.51.138.103 - - [08/Jun/2022:09:34:31 +0800] "GET /forum.php?mod=viewthread&tid=6805 HTTP/1.1" 200 12678 "http://www.lszmn.org/forum.php?mod=viewthread&tid=112" "Scrapy/1.7.3 (+https://scrapy.org)" "-"
59.50.182.37 - - [08/Jun/2022:09:34:31 +0800] "GET /forum.php?mod=viewthread&tid=112 HTTP/1.1" 200 15753 "http://www.lszmn.org/forum.php?mod=viewthread&tid=6805" "Scrapy/1.7.3 (+https://scrapy.org)" "-"
14.204.44.97 - - [08/Jun/2022:09:34:31 +0800] "GET /forum.php?mod=post&action=reply&fid=5&tid=9346&extra=&page=1&from=album HTTP/1.1" 200 5008 "http://www.lszmn.org/forum.php?mod=viewthread&tid=9346&from=album" "Scrapy/1.7.3 (+https://scrapy.org)" "-"
58.247.217.104 - - [08/Jun/2022:09:34:31 +0800] "GET /connect.php?mod=login&op=init&referer=forum.php%3Fmod%3Dviewthread%26tid%3D9346%26page%3D1%26authorid%3D1&statfrom=login HTTP/1.1" 302 5 "http://www.lszmn.org/forum.php?mod=viewthread&tid=9346&page=1&authorid=1" "Scrapy/1.7.3 (+https://scrapy.org)" "-"
58.247.217.104 - - [08/Jun/2022:09:34:31 +0800] "GET /forum.php?mod=attachment&aid=MzA1M3w1OWNlMTk5MnwxNjU0NjUyMDY5fDB8OTM0Ng%3D%3D&nothumb=yes HTTP/1.1" 200 94426 "http://www.lszmn.org/forum.php?mod=viewthread&tid=9346&page=1&authorid=1" "Scrapy/1.7.3 (+https://scrapy.org)" "-"
222.94.163.220 - - [08/Jun/2022:09:34:31 +0800] "GET /forum.php?mod=attachment&aid=MzA1NHwyZTNmNGQ3NHwxNjU0NjUyMDY5fDB8OTM0Ng%3D%3D&nothumb=yes HTTP/1.1" 200 69357 "http://www.lszmn.org/forum.php?mod=viewthread&tid=9346&page=1&authorid=1" "Scrapy/1.7.3 (+https://scrapy.org)" "-"
59.50.182.37 - - [08/Jun/2022:09:34:32 +0800] "GET /forum.php?mod=attachment&aid=MzA1Mnw4ZjA3Njc1N3wxNjU0NjUyMDY5fDB8OTM0Ng%3D%3D&nothumb=yes HTTP/1.1" 200 56752 "http://www.lszmn.org/forum.php?mod=viewthread&tid=9346&page=1&authorid=1" "Scrapy/1.7.3 (+https://scrapy.org)" "-"
106.11.157.18 - - [08/Jun/2022:09:34:32 +0800] "GET /forum.php?mod=viewthread&tid=6868 HTTP/1.1" 302 5 "-" "Mozilla/5.0 (Windows NT 6.1; Win64; x64) AppleWebKit/537.36 (KHTML, like Gecko) Chrome/69.0.3497.81 YisouSpider/5.0 Safari/537.36" "-"
14.204.44.97 - - [08/Jun/2022:09:34:32 +0800] "GET /connect.php?mod=login&op=init&referer=home.php%3Fmod%3Dspacecp%26ac%3Dshare%26type%3Dthread%26id%3D6805&statfrom=login_simple HTTP/1.1" 302 5 "http://www.lszmn.org/home.php?mod=spacecp&ac=share&type=thread&id=6805" "Scrapy/1.7.3 (+https://scrapy.org)" "-"
58.247.216.239 - - [08/Jun/2022:09:34:32 +0800] "GET /forum.php?mod=attachment&aid=MzA1MXwwMDg2ZmE2Y3wxNjU0NjUyMDY5fDB8OTM0Ng%3D%3D&nothumb=yes HTTP/1.1" 200 53158 "http://www.lszmn.org/forum.php?mod=viewthread&tid=9346&page=1&authorid=1" "Scrapy/1.7.3 (+https://scrapy.org)" "-"
112.80.136.2 - - [08/Jun/2022:09:34:32 +0800] "GET /forum.php?mod=attachment&aid=MzA1N3xlMWNjNTg1MXwxNjU0NjUyMDY5fDB8OTM0Ng%3D%3D&nothumb=yes HTTP/1.1" 200 66808 "http://www.lszmn.org/forum.php?mod=viewthread&tid=9346&page=1&authorid=1" "Scrapy/1.7.3 (+https://scrapy.org)" "-"
119.51.138.103 - - [08/Jun/2022:09:34:32 +0800] "GET /connect.php?mod=login&op=init&referer=forum.php%3Fmod%3Dpost%26action%3Dreply%26fid%3D5%26tid%3D6805%26reppost%3D135360%26extra%3D%26page%3D1&statfrom=login_simple HTTP/1.1" 302 5 "http://www.lszmn.org/forum.php?mod=post&action=reply&fid=5&tid=6805&reppost=135360&extra=&page=1" "Scrapy/1.7.3 (+https://scrapy.org)" "-"
221.11.5.52 - - [08/Jun/2022:09:34:32 +0800] "GET /forum.php?mod=attachment&aid=MzA0MnxiOWQwZDBmZnwxNjU0NjUyMDY5fDB8OTM0Ng%3D%3D&nothumb=yes HTTP/1.1" 200 54274 "http://www.lszmn.org/forum.php?mod=viewthread&tid=9346&page=1&authorid=1" "Scrapy/1.7.3 (+https://scrapy.org)" "-"
106.11.158.28 - - [08/Jun/2022:09:34:32 +0800] "GET /forum.php?mod=viewthread&tid=6868 HTTP/1.1" 200 8770 "-" "Mozilla/5.0 (Windows NT 6.1; Win64; x64) AppleWebKit/537.36 (KHTML, like Gecko) Chrome/69.0.3497.81 YisouSpider/5.0 Safari/537.36" "-"
14.204.44.97 - - [08/Jun/2022:09:34:32 +0800] "GET /connect.php?mod=login&op=init&referer=home.php%3Fmod%3Dspacecp%26ac%3Dfollow%26op%3Drelay%26tid%3D6805%26from%3Dforum&statfrom=login_simple HTTP/1.1" 302 5 "http://www.lszmn.org/home.php?mod=spacecp&ac=follow&op=relay&tid=6805&from=forum" "Scrapy/1.7.3 (+https://scrapy.org)" "-"
119.51.138.103 - - [08/Jun/2022:09:34:32 +0800] "GET /connect.php?mod=login&op=init&referer=home.php%3Fmod%3Dspacecp%26ac%3Dfavorite%26type%3Dthread%26id%3D6805&statfrom=login_simple HTTP/1.1" 302 5 "http://www.lszmn.org/home.php?mod=spacecp&ac=favorite&type=thread&id=6805" "Scrapy/1.7.3 (+https://scrapy.org)" "-"
14.204.44.97 - - [08/Jun/2022:09:34:33 +0800] "GET /connect.php?mod=login&op=init&referer=forum.php%3Fmod%3Dpost%26action%3Dreply%26fid%3D5%26tid%3D6805&statfrom=login_simple HTTP/1.1" 302 5 "http://www.lszmn.org/forum.php?mod=post&action=reply&fid=5&tid=6805" "Scrapy/1.7.3 (+https://scrapy.org)" "-"
14.204.44.97 - - [08/Jun/2022:09:34:33 +0800] "GET /connect.php?mod=login&op=init&referer=home.php%3Fmod%3Dspacecp%26ac%3Dplugin%26id%3Dqqconnect%3Aspacecp%26pluginop%3Dshare%26sh_type%3D4%26thread_id%3D6805&statfrom=login_simple HTTP/1.1" 302 5 "http://www.lszmn.org/home.php?mod=spacecp&ac=plugin&id=qqconnect:spacecp&pluginop=share&sh_type=4&thread_id=6805" "Scrapy/1.7.3 (+https://scrapy.org)" "-"
36.230.65.57 - - [08/Jun/2022:09:34:33 +0800] "GET /home.php?mod=space&do=friend&view=online&type=member&page=1 HTTP/1.1" 200 5057 "http://www.lszmn.org/home.php?mod=space&do=friend&view=online&type=member&page=1" "Mozilla/5.0 (Windows NT 6.1; WOW64; rv:43.0) Gecko/20100101 Firefox/43.0" "-"
119.51.138.103 - - [08/Jun/2022:09:34:33 +0800] "GET /forum.php?mod=attachment&aid=MzczfDQxNDg1NmI5fDE2NTQ2NTIwNzF8MHwxMTI%3D&nothumb=yes HTTP/1.1" 200 69933 "http://www.lszmn.org/forum.php?mod=viewthread&tid=112" "Scrapy/1.7.3 (+https://scrapy.org)" "-"
14.204.44.97 - - [08/Jun/2022:09:34:34 +0800] "GET /forum.php?mod=attachment&aid=MTYwMnw4YmZmZjM4MnwxNjU0NjUyMDcxfDB8NjgwNQ%3D%3D&nothumb=yes HTTP/1.1" 200 51314 "http://www.lszmn.org/forum.php?mod=viewthread&tid=6805" "Scrapy/1.7.3 (+https://scrapy.org)" "-"
58.247.216.239 - - [08/Jun/2022:09:34:34 +0800] "GET /forum.php?mod=attachment&aid=MTYxMXw2NTUwNGRmNnwxNjU0NjUyMDcxfDB8NjgwNQ%3D%3D&nothumb=yes HTTP/1.1" 200 26526 "http://www.lszmn.org/forum.php?mod=viewthread&tid=6805" "Scrapy/1.7.3 (+https://scrapy.org)" "-"
119.51.138.103 - - [08/Jun/2022:09:34:35 +0800] "GET /forum.php?mod=attachment&aid=MTYxMHw5YjBkOTg3NnwxNjU0NjUyMDcxfDB8NjgwNQ%3D%3D&nothumb=yes HTTP/1.1" 200 47270 "http://www.lszmn.org/forum.php?mod=viewthread&tid=6805" "Scrapy/1.7.3 (+https://scrapy.org)" "-"
112.80.136.2 - - [08/Jun/2022:09:34:35 +0800] "GET /forum.php?mod=attachment&aid=MTYwMHw4NWQ5NTBkYnwxNjU0NjUyMDcxfDB8NjgwNQ%3D%3D&nothumb=yes HTTP/1.1" 200 73202 "http://www.lszmn.org/forum.php?mod=viewthread&tid=6805" "Scrapy/1.7.3 (+https://scrapy.org)" "-"
58.247.216.239 - - [08/Jun/2022:09:34:36 +0800] "GET /forum.php?mod=attachment&aid=MTYwN3xkYTliZTFiMXwxNjU0NjUyMDcxfDB8NjgwNQ%3D%3D&nothumb=yes HTTP/1.1" 200 61910 "http://www.lszmn.org/forum.php?mod=viewthread&tid=6805" "Scrapy/1.7.3 (+https://scrapy.org)" "-"
58.247.217.104 - - [08/Jun/2022:09:34:36 +0800] "GET /forum.php?mod=attachment&aid=MTYwMXwyMDRkMWM1NXwxNjU0NjUyMDcxfDB8NjgwNQ%3D%3D&nothumb=yes HTTP/1.1" 200 84372 "http://www.lszmn.org/forum.php?mod=viewthread&tid=6805" "Scrapy/1.7.3 (+https://scrapy.org)" "-"
222.94.163.220 - - [08/Jun/2022:09:34:36 +0800] "GET /forum.php?mod=attachment&aid=MTYwNXwxOTI3MjljMXwxNjU0NjUyMDcxfDB8NjgwNQ%3D%3D&nothumb=yes HTTP/1.1" 200 61207 "http://www.lszmn.org/forum.php?mod=viewthread&tid=6805" "Scrapy/1.7.3 (+https://scrapy.org)" "-"
221.11.5.52 - - [08/Jun/2022:09:34:36 +0800] "GET /forum.php?mod=attachment&aid=MTYwOXxiYmRjYTM2NXwxNjU0NjUyMDcxfDB8NjgwNQ%3D%3D&nothumb=yes HTTP/1.1" 200 53416 "http://www.lszmn.org/forum.php?mod=viewthread&tid=6805" "Scrapy/1.7.3 (+https://scrapy.org)" "-"
59.50.182.37 - - [08/Jun/2022:09:34:37 +0800] "GET /forum.php?mod=attachment&aid=MTU5NXw0N2FkNTBkNXwxNjU0NjUyMDcxfDB8NjgwNQ%3D%3D&nothumb=yes HTTP/1.1" 200 60631 "http://www.lszmn.org/forum.php?mod=viewthread&tid=6805" "Scrapy/1.7.3 (+https://scrapy.org)" "-"
14.204.44.97 - - [08/Jun/2022:09:34:38 +0800] "GET /forum.php?mod=attachment&aid=MTU5OXw3NDE1M2JhM3wxNjU0NjUyMDcxfDB8NjgwNQ%3D%3D&nothumb=yes HTTP/1.1" 200 68763 "http://www.lszmn.org/forum.php?mod=viewthread&tid=6805" "Scrapy/1.7.3 (+https://scrapy.org)" "-"
58.247.216.239 - - [08/Jun/2022:09:34:38 +0800] "GET /forum.php?mod=attachment&aid=MTYwOHw5Yjg1NWRhZHwxNjU0NjUyMDcxfDB8NjgwNQ%3D%3D&nothumb=yes HTTP/1.1" 200 85489 "http://www.lszmn.org/forum.php?mod=viewthread&tid=6805" "Scrapy/1.7.3 (+https://scrapy.org)" "-"
221.11.5.52 - - [08/Jun/2022:09:34:39 +0800] "GET /forum.php?mod=attachment&aid=MTYwM3xhNDQ1YWY3NHwxNjU0NjUyMDcxfDB8NjgwNQ%3D%3D&nothumb=yes HTTP/1.1" 200 53506 "http://www.lszmn.org/forum.php?mod=viewthread&tid=6805" "Scrapy/1.7.3 (+https://scrapy.org)" "-"
112.80.136.2 - - [08/Jun/2022:09:34:39 +0800] "GET /forum.php?mod=attachment&aid=MTYwNnw1MGE4NjFkNXwxNjU0NjUyMDcxfDB8NjgwNQ%3D%3D&nothumb=yes HTTP/1.1" 200 58868 "http://www.lszmn.org/forum.php?mod=viewthread&tid=6805" "Scrapy/1.7.3 (+https://scrapy.org)" "-"
59.50.182.37 - - [08/Jun/2022:09:34:39 +0800] "GET /forum.php?mod=attachment&aid=MTU5NnxlMjdhZjQwZHwxNjU0NjUyMDcxfDB8NjgwNQ%3D%3D&nothumb=yes HTTP/1.1" 200 71229 "http://www.lszmn.org/forum.php?mod=viewthread&tid=6805" "Scrapy/1.7.3 (+https://scrapy.org)" "-"
119.51.138.103 - - [08/Jun/2022:09:34:40 +0800] "GET /forum.php?mod=attachment&aid=MTU5OHxjZTI3NzQ2MXwxNjU0NjUyMDcxfDB8NjgwNQ%3D%3D&nothumb=yes HTTP/1.1" 200 62157 "http://www.lszmn.org/forum.php?mod=viewthread&tid=6805" "Scrapy/1.7.3 (+https://scrapy.org)" "-"
222.94.163.220 - - [08/Jun/2022:09:34:40 +0800] "GET /forum.php?mod=attachment&aid=MTU5N3xjMzc2NzkyN3wxNjU0NjUyMDcxfDB8NjgwNQ%3D%3D&nothumb=yes HTTP/1.1" 200 69430 "http://www.lszmn.org/forum.php?mod=viewthread&tid=6805" "Scrapy/1.7.3 (+https://scrapy.org)" "-"
58.247.217.104 - - [08/Jun/2022:09:34:41 +0800] "GET /forum.php?mod=attachment&aid=MTYwNHxhODdlZjRjZXwxNjU0NjUyMDcxfDB8NjgwNQ%3D%3D&nothumb=yes HTTP/1.1" 200 35553 "http://www.lszmn.org/forum.php?mod=viewthread&tid=6805" "Scrapy/1.7.3 (+https://scrapy.org)" "-"
58.247.217.104 - - [08/Jun/2022:09:34:42 +0800] "GET /forum.php?mod=attachment&aid=MjczNnw0YWZmMTBiMHwxNjU0NjUyMDcxfDB8MTEy&nothumb=yes HTTP/1.1" 200 71507 "http://www.lszmn.org/forum.php?mod=viewthread&tid=112" "Scrapy/1.7.3 (+https://scrapy.org)" "-"
112.80.136.2 - - [08/Jun/2022:09:34:42 +0800] "GET /forum.php?mod=attachment&aid=MjczM3xmMzA5MDI1YXwxNjU0NjUyMDcxfDB8MTEy&nothumb=yes HTTP/1.1" 200 84703 "http://www.lszmn.org/forum.php?mod=viewthread&tid=112" "Scrapy/1.7.3 (+https://scrapy.org)" "-"
222.94.163.220 - - [08/Jun/2022:09:34:43 +0800] "GET /forum.php?mod=attachment&aid=Mjc0MHw1OTRhNGEzMXwxNjU0NjUyMDcxfDB8MTEy&nothumb=yes HTTP/1.1" 200 118313 "http://www.lszmn.org/forum.php?mod=viewthread&tid=112" "Scrapy/1.7.3 (+https://scrapy.org)" "-"
58.247.216.239 - - [08/Jun/2022:09:34:43 +0800] "GET /forum.php?mod=attachment&aid=MjczOXxlZDIxMmI3ZHwxNjU0NjUyMDcxfDB8MTEy&nothumb=yes HTTP/1.1" 200 103100 "http://www.lszmn.org/forum.php?mod=viewthread&tid=112" "Scrapy/1.7.3 (+https://scrapy.org)" "-"
14.204.44.97 - - [08/Jun/2022:09:34:44 +0800] "GET /forum.php?mod=attachment&aid=MTU5NHw4YzdmMDU0MXwxNjU0NjUyMDcxfDB8NjgwNQ%3D%3D&nothumb=yes HTTP/1.1" 200 52403 "http://www.lszmn.org/forum.php?mod=viewthread&tid=6805" "Scrapy/1.7.3 (+https://scrapy.org)" "-"
221.11.5.52 - - [08/Jun/2022:09:34:44 +0800] "GET /forum.php?mod=attachment&aid=MjczOHxiYzA5NDZkYnwxNjU0NjUyMDcxfDB8MTEy&nothumb=yes HTTP/1.1" 200 94367 "http://www.lszmn.org/forum.php?mod=viewthread&tid=112" "Scrapy/1.7.3 (+https://scrapy.org)" "-"
58.247.217.104 - - [08/Jun/2022:09:34:46 +0800] "GET /forum.php?mod=attachment&aid=MjczNHw0YzE3N2QwYXwxNjU0NjUyMDcxfDB8MTEy&nothumb=yes HTTP/1.1" 200 71272 "http://www.lszmn.org/forum.php?mod=viewthread&tid=112" "Scrapy/1.7.3 (+https://scrapy.org)" "-"
58.247.216.239 - - [08/Jun/2022:09:34:46 +0800] "GET /forum.php?mod=attachment&aid=MjczN3xkODQ5NDYwYXwxNjU0NjUyMDcxfDB8MTEy&nothumb=yes HTTP/1.1" 200 92756 "http://www.lszmn.org/forum.php?mod=viewthread&tid=112" "Scrapy/1.7.3 (+https://scrapy.org)" "-"
59.50.182.37 - - [08/Jun/2022:09:34:46 +0800] "GET /forum.php?mod=attachment&aid=Mjc0MXxhOTU4NTVhM3wxNjU0NjUyMDcxfDB8MTEy&nothumb=yes HTTP/1.1" 200 200968 "http://www.lszmn.org/forum.php?mod=viewthread&tid=112" "Scrapy/1.7.3 (+https://scrapy.org)" "-"
119.51.138.103 - - [08/Jun/2022:09:34:46 +0800] "GET /forum.php?mod=attachment&aid=MjczMHxjZGU4OGY4MXwxNjU0NjUyMDcxfDB8MTEy&nothumb=yes HTTP/1.1" 200 59553 "http://www.lszmn.org/forum.php?mod=viewthread&tid=112" "Scrapy/1.7.3 (+https://scrapy.org)" "-"
112.80.136.2 - - [08/Jun/2022:09:34:48 +0800] "GET /forum.php?mod=attachment&aid=MjczMnw3NjI0YjMyNXwxNjU0NjUyMDcxfDB8MTEy&nothumb=yes HTTP/1.1" 200 78297 "http://www.lszmn.org/forum.php?mod=viewthread&tid=112" "Scrapy/1.7.3 (+https://scrapy.org)" "-"
14.204.44.97 - - [08/Jun/2022:09:34:48 +0800] "GET /forum.php?mod=attachment&aid=MjcyOXwyYzViY2M4MXwxNjU0NjUyMDcxfDB8MTEy&nothumb=yes HTTP/1.1" 200 100075 "http://www.lszmn.org/forum.php?mod=viewthread&tid=112" "Scrapy/1.7.3 (+https://scrapy.org)" "-"
222.94.163.220 - - [08/Jun/2022:09:34:49 +0800] "GET /forum.php?mod=attachment&aid=MjcyOHxhZjVmYmViOXwxNjU0NjUyMDcxfDB8MTEy&nothumb=yes HTTP/1.1" 200 74411 "http://www.lszmn.org/forum.php?mod=viewthread&tid=112" "Scrapy/1.7.3 (+https://scrapy.org)" "-"
119.51.138.103 - - [08/Jun/2022:09:34:50 +0800] "GET /forum.php?mod=attachment&aid=MjcyNnwyZGMwYTljZHwxNjU0NjUyMDcxfDB8MTEy&nothumb=yes HTTP/1.1" 200 81422 "http://www.lszmn.org/forum.php?mod=viewthread&tid=112" "Scrapy/1.7.3 (+https://scrapy.org)" "-"
59.50.182.37 - - [08/Jun/2022:09:34:51 +0800] "GET /forum.php?mod=attachment&aid=MjcyNXw4NjFiZTE0NnwxNjU0NjUyMDcxfDB8MTEy&nothumb=yes HTTP/1.1" 200 106923 "http://www.lszmn.org/forum.php?mod=viewthread&tid=112" "Scrapy/1.7.3 (+https://scrapy.org)" "-"
112.80.136.2 - - [08/Jun/2022:09:34:51 +0800] "GET /forum.php?mod=attachment&aid=MjcyNHw1MWM0NzQzMXwxNjU0NjUyMDcxfDB8MTEy&nothumb=yes HTTP/1.1" 200 101515 "http://www.lszmn.org/forum.php?mod=viewthread&tid=112" "Scrapy/1.7.3 (+https://scrapy.org)" "-"
58.247.217.104 - - [08/Jun/2022:09:34:51 +0800] "GET /forum.php?mod=attachment&aid=MjcyN3w5MTI2YTFhMHwxNjU0NjUyMDcxfDB8MTEy&nothumb=yes HTTP/1.1" 200 99122 "http://www.lszmn.org/forum.php?mod=viewthread&tid=112" "Scrapy/1.7.3 (+https://scrapy.org)" "-"
221.11.5.52 - - [08/Jun/2022:09:34:51 +0800] "GET /forum.php?mod=attachment&aid=MjczMXw2MjkzMDY0MnwxNjU0NjUyMDcxfDB8MTEy&nothumb=yes HTTP/1.1" 200 59835 "http://www.lszmn.org/forum.php?mod=viewthread&tid=112" "Scrapy/1.7.3 (+https://scrapy.org)" "-"
58.247.216.239 - - [08/Jun/2022:09:34:52 +0800] "GET /forum.php?mod=attachment&aid=MjcyM3w1MzE1NzE5ZXwxNjU0NjUyMDcxfDB8MTEy&nothumb=yes HTTP/1.1" 200 110800 "http://www.lszmn.org/forum.php?mod=viewthread&tid=112" "Scrapy/1.7.3 (+https://scrapy.org)" "-"
222.94.163.220 - - [08/Jun/2022:09:34:53 +0800] "GET /forum.php?mod=attachment&aid=MzA0OXxmODU4Mjk5M3wxNjU0NjUyMDY5fDB8OTM0Ng%3D%3D&nothumb=yes HTTP/1.1" 200 69441 "http://www.lszmn.org/forum.php?mod=viewthread&tid=9346&page=1&authorid=1" "Scrapy/1.7.3 (+https://scrapy.org)" "-"
59.50.182.37 - - [08/Jun/2022:09:34:54 +0800] "GET /forum.php?mod=attachment&aid=MzA0N3wzNTY1OWIwN3wxNjU0NjUyMDY5fDB8OTM0Ng%3D%3D&nothumb=yes HTTP/1.1" 200 43790 "http://www.lszmn.org/forum.php?mod=viewthread&tid=9346&page=1&authorid=1" "Scrapy/1.7.3 (+https://scrapy.org)" "-"
221.11.5.52 - - [08/Jun/2022:09:34:55 +0800] "GET /forum.php?mod=attachment&aid=MzA0OHxiODAyMmU4OHwxNjU0NjUyMDY5fDB8OTM0Ng%3D%3D&nothumb=yes HTTP/1.1" 200 42172 "http://www.lszmn.org/forum.php?mod=viewthread&tid=9346&page=1&authorid=1" "Scrapy/1.7.3 (+https://scrapy.org)" "-"
119.51.138.103 - - [08/Jun/2022:09:34:55 +0800] "GET /forum.php?mod=attachment&aid=MzA1MHw0ZGM4ZmIwYXwxNjU0NjUyMDY5fDB8OTM0Ng%3D%3D&nothumb=yes HTTP/1.1" 200 77790 "http://www.lszmn.org/forum.php?mod=viewthread&tid=9346&page=1&authorid=1" "Scrapy/1.7.3 (+https://scrapy.org)" "-"
58.247.217.104 - - [08/Jun/2022:09:34:55 +0800] "GET /forum.php?mod=attachment&aid=MzA0NnxlNjcxMDI1ZXwxNjU0NjUyMDY5fDB8OTM0Ng%3D%3D&nothumb=yes HTTP/1.1" 200 41465 "http://www.lszmn.org/forum.php?mod=viewthread&tid=9346&page=1&authorid=1" "Scrapy/1.7.3 (+https://scrapy.org)" "-"
221.11.5.52 - - [08/Jun/2022:09:34:56 +0800] "GET /forum.php?mod=attachment&aid=MzA0NXw5MGIzZTBkYXwxNjU0NjUyMDY5fDB8OTM0Ng%3D%3D&nothumb=yes HTTP/1.1" 200 67793 "http://www.lszmn.org/forum.php?mod=viewthread&tid=9346&page=1&authorid=1" "Scrapy/1.7.3 (+https://scrapy.org)" "-"
58.247.217.104 - - [08/Jun/2022:09:34:57 +0800] "GET /forum.php?mod=attachment&aid=MzA0NHwzMjI0YWQ5M3wxNjU0NjUyMDY5fDB8OTM0Ng%3D%3D&nothumb=yes HTTP/1.1" 200 70711 "http://www.lszmn.org/forum.php?mod=viewthread&tid=9346&page=1&authorid=1" "Scrapy/1.7.3 (+https://scrapy.org)" "-"
221.11.5.52 - - [08/Jun/2022:09:34:57 +0800] "GET /forum.php?mod=attachment&aid=MzA0M3w3NjcyOGFkY3wxNjU0NjUyMDY5fDB8OTM0Ng%3D%3D&nothumb=yes HTTP/1.1" 200 57507 "http://www.lszmn.org/forum.php?mod=viewthread&tid=9346&page=1&authorid=1" "Scrapy/1.7.3 (+https://scrapy.org)" "-"
112.80.136.2 - - [08/Jun/2022:09:34:57 +0800] "GET /forum.php?mod=attachment&aid=MzA0MXwwMTNhNTBlY3wxNjU0NjUyMDY5fDB8OTM0Ng%3D%3D&nothumb=yes HTTP/1.1" 200 54347 "http://www.lszmn.org/forum.php?mod=viewthread&tid=9346&page=1&authorid=1" "Scrapy/1.7.3 (+https://scrapy.org)" "-"
59.50.182.37 - - [08/Jun/2022:09:34:58 +0800] "GET /forum.php?mod=attachment&aid=MzA0MHwxOWFmZDYxM3wxNjU0NjUyMDY5fDB8OTM0Ng%3D%3D&nothumb=yes HTTP/1.1" 200 33096 "http://www.lszmn.org/forum.php?mod=viewthread&tid=9346&page=1&authorid=1" "Scrapy/1.7.3 (+https://scrapy.org)" "-"
58.247.216.239 - - [08/Jun/2022:09:34:58 +0800] "GET /forum.php?mod=attachment&aid=MzAzOXxiZjg4YzZjNnwxNjU0NjUyMDY5fDB8OTM0Ng%3D%3D&nothumb=yes HTTP/1.1" 200 29434 "http://www.lszmn.org/forum.php?mod=viewthread&tid=9346&page=1&authorid=1" "Scrapy/1.7.3 (+https://scrapy.org)" "-"
222.94.163.220 - - [08/Jun/2022:09:34:59 +0800] "GET /forum.php?mod=attachment&aid=MzAzOHw2NDdmZGQ4MHwxNjU0NjUyMDY5fDB8OTM0Ng%3D%3D&nothumb=yes HTTP/1.1" 200 73969 "http://www.lszmn.org/forum.php?mod=viewthread&tid=9346&page=1&authorid=1" "Scrapy/1.7.3 (+https://scrapy.org)" "-"
58.247.216.239 - - [08/Jun/2022:09:34:59 +0800] "GET /forum.php?mod=attachment&aid=MzAzNnxmYWI0MWRiMHwxNjU0NjUyMDY5fDB8OTM0Ng%3D%3D&nothumb=yes HTTP/1.1" 200 25223 "http://www.lszmn.org/forum.php?mod=viewthread&tid=9346&page=1&authorid=1" "Scrapy/1.7.3 (+https://scrapy.org)" "-"
58.247.217.104 - - [08/Jun/2022:09:35:00 +0800] "GET /forum.php?mod=attachment&aid=MzAzNXw1MTY3YTE2OHwxNjU0NjUyMDY5fDB8OTM0Ng%3D%3D&nothumb=yes HTTP/1.1" 200 55333 "http://www.lszmn.org/forum.php?mod=viewthread&tid=9346&page=1&authorid=1" "Scrapy/1.7.3 (+https://scrapy.org)" "-"
58.247.216.239 - - [08/Jun/2022:09:35:00 +0800] "GET /forum.php?mod=attachment&aid=MzAzNHw1NDcwMmU4MXwxNjU0NjUyMDY5fDB8OTM0Ng%3D%3D&nothumb=yes HTTP/1.1" 200 72018 "http://www.lszmn.org/forum.php?mod=viewthread&tid=9346&page=1&authorid=1" "Scrapy/1.7.3 (+https://scrapy.org)" "-"
221.11.5.52 - - [08/Jun/2022:09:35:00 +0800] "GET /forum.php?mod=attachment&aid=MzA1NXxjZDMxYzE3N3wxNjU0NjUyMDY5fDB8OTM0Ng%3D%3D&nothumb=yes HTTP/1.1" 200 63942 "http://www.lszmn.org/forum.php?mod=viewthread&tid=9346&page=1&authorid=1" "Scrapy/1.7.3 (+https://scrapy.org)" "-"
59.50.182.37 - - [08/Jun/2022:09:35:00 +0800] "GET /forum.php?mod=attachment&aid=MzAzN3w3ZGY0MDRlMnwxNjU0NjUyMDY5fDB8OTM0Ng%3D%3D&nothumb=yes HTTP/1.1" 200 36238 "http://www.lszmn.org/forum.php?mod=viewthread&tid=9346&page=1&authorid=1" "Scrapy/1.7.3 (+https://scrapy.org)" "-"
58.247.217.104 - - [08/Jun/2022:09:35:01 +0800] "GET /forum.php?mod=viewthread&tid=9346&page=1 HTTP/1.1" 200 13980 "http://www.lszmn.org/forum.php?mod=viewthread&tid=9346&page=1&authorid=1" "Scrapy/1.7.3 (+https://scrapy.org)" "-"
59.50.182.37 - - [08/Jun/2022:09:35:01 +0800] "GET /connect.php?mod=login&op=init&referer=forum.php%3Fmod%3Dviewthread%26tid%3D9346%26from%3Dalbum&statfrom=login_simple HTTP/1.1" 302 5 "http://www.lszmn.org/forum.php?mod=viewthread&tid=9346&from=album" "Scrapy/1.7.3 (+https://scrapy.org)" "-"
112.80.136.2 - - [08/Jun/2022:09:35:02 +0800] "GET /connect.php?mod=login&op=init&referer=forum.php%3Fmod%3Dviewthread%26tid%3D9346%26page%3D1%26authorid%3D1&statfrom=login_simple HTTP/1.1" 302 5 "http://www.lszmn.org/forum.php?mod=viewthread&tid=9346&page=1&authorid=1" "Scrapy/1.7.3 (+https://scrapy.org)" "-"
59.50.182.37 - - [08/Jun/2022:09:35:02 +0800] "GET /connect.php?mod=login&op=init&referer=forum.php%3Fmod%3Dviewthread%26tid%3D9346%26extra%3D%26ordertype%3D1&statfrom=login HTTP/1.1" 302 5 "http://www.lszmn.org/forum.php?mod=viewthread&tid=9346&extra=&ordertype=1" "Scrapy/1.7.3 (+https://scrapy.org)" "-"
112.80.136.2 - - [08/Jun/2022:09:35:02 +0800] "GET /forum.php?mod=attachment&aid=MzA1N3w1YTYwZWJiYnwxNjU0NjUyMDY4fDB8OTM0Ng%3D%3D&nothumb=yes HTTP/1.1" 200 66808 "http://www.lszmn.org/forum.php?mod=viewthread&tid=9346&extra=&ordertype=1" "Scrapy/1.7.3 (+https://scrapy.org)" "-"
59.50.182.37 - - [08/Jun/2022:09:35:02 +0800] "GET /forum.php?mod=attachment&aid=MzA1M3xiMDdhYjUwZXwxNjU0NjUyMDY4fDB8OTM0Ng%3D%3D&nothumb=yes HTTP/1.1" 200 94426 "http://www.lszmn.org/forum.php?mod=viewthread&tid=9346&extra=&ordertype=1" "Scrapy/1.7.3 (+https://scrapy.org)" "-"
58.247.216.239 - - [08/Jun/2022:09:35:02 +0800] "GET /forum.php?mod=attachment&aid=MzA1NHwyZTQ1YTFmYXwxNjU0NjUyMDY4fDB8OTM0Ng%3D%3D&nothumb=yes HTTP/1.1" 200 69357 "http://www.lszmn.org/forum.php?mod=viewthread&tid=9346&extra=&ordertype=1" "Scrapy/1.7.3 (+https://scrapy.org)" "-"
221.11.5.52 - - [08/Jun/2022:09:35:02 +0800] "GET /forum.php?mod=attachment&aid=MzA1Mnw0ODgzYTFmYXwxNjU0NjUyMDY4fDB8OTM0Ng%3D%3D&nothumb=yes HTTP/1.1" 200 56752 "http://www.lszmn.org/forum.php?mod=viewthread&tid=9346&extra=&ordertype=1" "Scrapy/1.7.3 (+https://scrapy.org)" "-"
14.204.44.97 - - [08/Jun/2022:09:35:03 +0800] "GET /forum.php?mod=attachment&aid=MzA1Nnw2MjVhMGM1NXwxNjU0NjUyMDY5fDB8OTM0Ng%3D%3D&nothumb=yes HTTP/1.1" 200 64270 "http://www.lszmn.org/forum.php?mod=viewthread&tid=9346&page=1&authorid=1" "Scrapy/1.7.3 (+https://scrapy.org)" "-"
58.247.217.104 - - [08/Jun/2022:09:35:03 +0800] "GET /forum.php?mod=attachment&aid=MzA1MHwyZTM1YTQyOXwxNjU0NjUyMDY4fDB8OTM0Ng%3D%3D&nothumb=yes HTTP/1.1" 200 77790 "http://www.lszmn.org/forum.php?mod=viewthread&tid=9346&extra=&ordertype=1" "Scrapy/1.7.3 (+https://scrapy.org)" "-"
222.94.163.220 - - [08/Jun/2022:09:35:03 +0800] "GET /forum.php?mod=attachment&aid=MzA1MXw1YmI4OTBjY3wxNjU0NjUyMDY4fDB8OTM0Ng%3D%3D&nothumb=yes HTTP/1.1" 200 53158 "http://www.lszmn.org/forum.php?mod=viewthread&tid=9346&extra=&ordertype=1" "Scrapy/1.7.3 (+https://scrapy.org)" "-"
106.11.154.46 - - [08/Jun/2022:09:35:05 +0800] "GET /forum.php?mod=viewthread&tid=38 HTTP/1.1" 200 9377 "-" "Mozilla/5.0 (Windows NT 6.1; Win64; x64) AppleWebKit/537.36 (KHTML, like Gecko) Chrome/69.0.3497.81 YisouSpider/5.0 Safari/537.36" "-"
58.247.216.239 - - [08/Jun/2022:09:35:05 +0800] "GET /forum.php?mod=attachment&aid=MzA0OHw4ZmEwMDg4NnwxNjU0NjUyMDY4fDB8OTM0Ng%3D%3D&nothumb=yes HTTP/1.1" 200 42172 "http://www.lszmn.org/forum.php?mod=viewthread&tid=9346&extra=&ordertype=1" "Scrapy/1.7.3 (+https://scrapy.org)" "-"
58.247.217.104 - - [08/Jun/2022:09:35:06 +0800] "GET /forum.php?mod=attachment&aid=MzA0N3w4N2M0ZGFmY3wxNjU0NjUyMDY4fDB8OTM0Ng%3D%3D&nothumb=yes HTTP/1.1" 200 43790 "http://www.lszmn.org/forum.php?mod=viewthread&tid=9346&extra=&ordertype=1" "Scrapy/1.7.3 (+https://scrapy.org)" "-"
59.50.182.37 - - [08/Jun/2022:09:35:06 +0800] "GET /forum.php?mod=attachment&aid=MzA0OXxlMTdjZWNmOXwxNjU0NjUyMDY4fDB8OTM0Ng%3D%3D&nothumb=yes HTTP/1.1" 200 69441 "http://www.lszmn.org/forum.php?mod=viewthread&tid=9346&extra=&ordertype=1" "Scrapy/1.7.3 (+https://scrapy.org)" "-"
222.94.163.220 - - [08/Jun/2022:09:35:06 +0800] "GET /forum.php?mod=attachment&aid=MzA0NnxkZmY0ZTAzM3wxNjU0NjUyMDY4fDB8OTM0Ng%3D%3D&nothumb=yes HTTP/1.1" 200 41465 "http://www.lszmn.org/forum.php?mod=viewthread&tid=9346&extra=&ordertype=1" "Scrapy/1.7.3 (+https://scrapy.org)" "-"
58.247.216.239 - - [08/Jun/2022:09:35:06 +0800] "GET /forum.php?mod=attachment&aid=MzA0NHwzNTc4ZDNkMXwxNjU0NjUyMDY4fDB8OTM0Ng%3D%3D&nothumb=yes HTTP/1.1" 200 70711 "http://www.lszmn.org/forum.php?mod=viewthread&tid=9346&extra=&ordertype=1" "Scrapy/1.7.3 (+https://scrapy.org)" "-"
221.11.5.52 - - [08/Jun/2022:09:35:06 +0800] "GET /forum.php?mod=attachment&aid=MzA0NXwwYTg2YjI3N3wxNjU0NjUyMDY4fDB8OTM0Ng%3D%3D&nothumb=yes HTTP/1.1" 200 67793 "http://www.lszmn.org/forum.php?mod=viewthread&tid=9346&extra=&ordertype=1" "Scrapy/1.7.3 (+https://scrapy.org)" "-"
112.80.136.2 - - [08/Jun/2022:09:35:07 +0800] "GET /forum.php?mod=attachment&aid=MzA0M3w3ZDlhNGQzMnwxNjU0NjUyMDY4fDB8OTM0Ng%3D%3D&nothumb=yes HTTP/1.1" 200 57507 "http://www.lszmn.org/forum.php?mod=viewthread&tid=9346&extra=&ordertype=1" "Scrapy/1.7.3 (+https://scrapy.org)" "-"
221.11.5.52 - - [08/Jun/2022:09:35:08 +0800] "GET /forum.php?mod=attachment&aid=MzA0MXwxNWY1Y2E5MXwxNjU0NjUyMDY4fDB8OTM0Ng%3D%3D&nothumb=yes HTTP/1.1" 200 54347 "http://www.lszmn.org/forum.php?mod=viewthread&tid=9346&extra=&ordertype=1" "Scrapy/1.7.3 (+https://scrapy.org)" "-"
222.94.163.220 - - [08/Jun/2022:09:35:08 +0800] "GET /forum.php?mod=attachment&aid=MzA0MHwxYTg5NDY5Y3wxNjU0NjUyMDY4fDB8OTM0Ng%3D%3D&nothumb=yes HTTP/1.1" 200 33096 "http://www.lszmn.org/forum.php?mod=viewthread&tid=9346&extra=&ordertype=1" "Scrapy/1.7.3 (+https://scrapy.org)" "-"
58.247.217.104 - - [08/Jun/2022:09:35:08 +0800] "GET /forum.php?mod=attachment&aid=MzA0Mnw5MTk2NzY1Y3wxNjU0NjUyMDY4fDB8OTM0Ng%3D%3D&nothumb=yes HTTP/1.1" 200 54274 "http://www.lszmn.org/forum.php?mod=viewthread&tid=9346&extra=&ordertype=1" "Scrapy/1.7.3 (+https://scrapy.org)" "-"
112.80.136.2 - - [08/Jun/2022:09:35:09 +0800] "GET /forum.php?mod=attachment&aid=MzAzOXxmMTQ0N2E3OHwxNjU0NjUyMDY4fDB8OTM0Ng%3D%3D&nothumb=yes HTTP/1.1" 200 29434 "http://www.lszmn.org/forum.php?mod=viewthread&tid=9346&extra=&ordertype=1" "Scrapy/1.7.3 (+https://scrapy.org)" "-"
58.247.216.239 - - [08/Jun/2022:09:35:10 +0800] "GET /forum.php?mod=attachment&aid=MzAzOHxhN2Q0NmEzOHwxNjU0NjUyMDY4fDB8OTM0Ng%3D%3D&nothumb=yes HTTP/1.1" 200 73969 "http://www.lszmn.org/forum.php?mod=viewthread&tid=9346&extra=&ordertype=1" "Scrapy/1.7.3 (+https://scrapy.org)" "-"
112.80.136.2 - - [08/Jun/2022:09:35:10 +0800] "GET /forum.php?mod=attachment&aid=MzAzN3xmZjUyODVhM3wxNjU0NjUyMDY4fDB8OTM0Ng%3D%3D&nothumb=yes HTTP/1.1" 200 36238 "http://www.lszmn.org/forum.php?mod=viewthread&tid=9346&extra=&ordertype=1" "Scrapy/1.7.3 (+https://scrapy.org)" "-"
207.46.13.27 - - [08/Jun/2022:09:35:10 +0800] "GET /forum.php?mod=viewthread&tid=304&page=42 HTTP/1.1" 200 9776 "-" "Mozilla/5.0 (compatible; bingbot/2.0; +http://www.bing.com/bingbot.htm)" "-"
14.204.44.97 - - [08/Jun/2022:09:35:11 +0800] "GET /forum.php?mod=attachment&aid=MzAzNnwyYmNiMzI4Y3wxNjU0NjUyMDY4fDB8OTM0Ng%3D%3D&nothumb=yes HTTP/1.1" 200 25223 "http://www.lszmn.org/forum.php?mod=viewthread&tid=9346&extra=&ordertype=1" "Scrapy/1.7.3 (+https://scrapy.org)" "-"
59.50.182.37 - - [08/Jun/2022:09:35:11 +0800] "GET /forum.php?mod=attachment&aid=MzAzNXwxMmJlZGUzY3wxNjU0NjUyMDY4fDB8OTM0Ng%3D%3D&nothumb=yes HTTP/1.1" 200 55333 "http://www.lszmn.org/forum.php?mod=viewthread&tid=9346&extra=&ordertype=1" "Scrapy/1.7.3 (+https://scrapy.org)" "-"
58.247.217.104 - - [08/Jun/2022:09:35:11 +0800] "GET /forum.php?mod=attachment&aid=MzAzNHxiMTdhNjExYXwxNjU0NjUyMDY4fDB8OTM0Ng%3D%3D&nothumb=yes HTTP/1.1" 200 72018 "http://www.lszmn.org/forum.php?mod=viewthread&tid=9346&extra=&ordertype=1" "Scrapy/1.7.3 (+https://scrapy.org)" "-"
59.50.182.37 - - [08/Jun/2022:09:35:11 +0800] "GET /forum.php?mod=attachment&aid=MzA1NnxkNjExZGNiMnwxNjU0NjUyMDY4fDB8OTM0Ng%3D%3D&nothumb=yes HTTP/1.1" 200 64270 "http://www.lszmn.org/forum.php?mod=viewthread&tid=9346&extra=&ordertype=1" "Scrapy/1.7.3 (+https://scrapy.org)" "-"
112.80.136.2 - - [08/Jun/2022:09:35:11 +0800] "GET /misc.php?mod=tag&id=212 HTTP/1.1" 200 5696 "http://www.lszmn.org/forum.php?mod=viewthread&tid=6805" "Scrapy/1.7.3 (+https://scrapy.org)" "-"
221.11.5.52 - - [08/Jun/2022:09:35:11 +0800] "GET /forum.php?mod=viewthread&tid=9346&extra=&ordertype=2 HTTP/1.1" 200 14031 "http://www.lszmn.org/forum.php?mod=viewthread&tid=9346&extra=&ordertype=1" "Scrapy/1.7.3 (+https://scrapy.org)" "-"
112.80.136.2 - - [08/Jun/2022:09:35:12 +0800] "GET /misc.php?mod=tag&id=206 HTTP/1.1" 200 5824 "http://www.lszmn.org/forum.php?mod=viewthread&tid=6805" "Scrapy/1.7.3 (+https://scrapy.org)" "-"
222.94.163.220 - - [08/Jun/2022:09:35:12 +0800] "GET /forum.php?mod=attachment&aid=MzA1NXw4ZThmM2NmMnwxNjU0NjUyMDY4fDB8OTM0Ng%3D%3D&nothumb=yes HTTP/1.1" 200 63942 "http://www.lszmn.org/forum.php?mod=viewthread&tid=9346&extra=&ordertype=1" "Scrapy/1.7.3 (+https://scrapy.org)" "-"
112.80.136.2 - - [08/Jun/2022:09:35:12 +0800] "GET /forum.php?mod=attachment&aid=MTYxMXwyYmRkYTNhY3wxNjU0NjUxNzY5fDB8NjgwNQ%3D%3D&nothumb=yes HTTP/1.1" 200 26526 "http://www.lszmn.org/forum.php?mod=viewthread&tid=6805" "Scrapy/1.7.3 (+https://scrapy.org)" "-"
221.11.5.52 - - [08/Jun/2022:09:35:12 +0800] "GET /forum.php?mod=attachment&aid=MTYxMHw3MzhhMzM2OHwxNjU0NjUxNzY5fDB8NjgwNQ%3D%3D&nothumb=yes HTTP/1.1" 200 47270 "http://www.lszmn.org/forum.php?mod=viewthread&tid=6805" "Scrapy/1.7.3 (+https://scrapy.org)" "-"
58.247.216.239 - - [08/Jun/2022:09:35:13 +0800] "GET /forum.php?mod=attachment&aid=MTYwMHxkNWRlM2UwZXwxNjU0NjUxNzY5fDB8NjgwNQ%3D%3D&nothumb=yes HTTP/1.1" 200 73202 "http://www.lszmn.org/forum.php?mod=viewthread&tid=6805" "Scrapy/1.7.3 (+https://scrapy.org)" "-"
112.80.136.2 - - [08/Jun/2022:09:35:13 +0800] "GET /forum.php?mod=attachment&aid=MTYwMXw5ZjA3OTlhZXwxNjU0NjUxNzY5fDB8NjgwNQ%3D%3D&nothumb=yes HTTP/1.1" 200 84372 "http://www.lszmn.org/forum.php?mod=viewthread&tid=6805" "Scrapy/1.7.3 (+https://scrapy.org)" "-"
14.204.44.97 - - [08/Jun/2022:09:35:13 +0800] "GET /forum.php?mod=attachment&aid=MTYwN3wzYTg4ODg0NXwxNjU0NjUxNzY5fDB8NjgwNQ%3D%3D&nothumb=yes HTTP/1.1" 200 61910 "http://www.lszmn.org/forum.php?mod=viewthread&tid=6805" "Scrapy/1.7.3 (+https://scrapy.org)" "-"
59.50.182.37 - - [08/Jun/2022:09:35:14 +0800] "GET /forum.php?mod=attachment&aid=MTYwOXw4NDg4NDM5Y3wxNjU0NjUxNzY5fDB8NjgwNQ%3D%3D&nothumb=yes HTTP/1.1" 200 53416 "http://www.lszmn.org/forum.php?mod=viewthread&tid=6805" "Scrapy/1.7.3 (+https://scrapy.org)" "-"
58.247.217.104 - - [08/Jun/2022:09:35:15 +0800] "GET /forum.php?mod=post&action=reply&fid=5&tid=6813&extra=&page=1 HTTP/1.1" 200 4985 "http://www.lszmn.org/forum.php?mod=viewthread&tid=6813" "Scrapy/1.7.3 (+https://scrapy.org)" "-"
221.11.5.52 - - [08/Jun/2022:09:35:15 +0800] "GET /forum.php?mod=redirect&goto=nextnewset&tid=6813 HTTP/1.1" 302 5 "http://www.lszmn.org/forum.php?mod=viewthread&tid=6813" "Scrapy/1.7.3 (+https://scrapy.org)" "-"
58.247.217.104 - - [08/Jun/2022:09:35:15 +0800] "GET /connect.php?mod=login&op=init&referer=misc.php%3Fmod%3Dtag%26id%3D212&statfrom=login_simple HTTP/1.1" 302 5 "http://www.lszmn.org/misc.php?mod=tag&id=212" "Scrapy/1.7.3 (+https://scrapy.org)" "-"
221.11.5.52 - - [08/Jun/2022:09:35:15 +0800] "GET /connect.php?mod=login&op=init&referer=misc.php%3Fmod%3Dtag%26id%3D206&statfrom=login_simple HTTP/1.1" 302 5 "http://www.lszmn.org/misc.php?mod=tag&id=206" "Scrapy/1.7.3 (+https://scrapy.org)" "-"
58.247.216.239 - - [08/Jun/2022:09:35:16 +0800] "GET /forum.php?mod=redirect&tid=6820&goto=lastpost HTTP/1.1" 302 5 "http://www.lszmn.org/misc.php?mod=tag&id=206" "Scrapy/1.7.3 (+https://scrapy.org)" "-"
58.247.217.104 - - [08/Jun/2022:09:35:16 +0800] "GET /forum.php?mod=redirect&tid=6815&goto=lastpost HTTP/1.1" 302 5 "http://www.lszmn.org/misc.php?mod=tag&id=206" "Scrapy/1.7.3 (+https://scrapy.org)" "-"
222.94.163.220 - - [08/Jun/2022:09:35:16 +0800] "GET /misc.php?mod=tag&id=206&type=thread HTTP/1.1" 200 5765 "http://www.lszmn.org/misc.php?mod=tag&id=206" "Scrapy/1.7.3 (+https://scrapy.org)" "-"
221.11.5.52 - - [08/Jun/2022:09:35:16 +0800] "GET /forum.php?mod=redirect&tid=6811&goto=lastpost HTTP/1.1" 302 5 "http://www.lszmn.org/misc.php?mod=tag&id=206" "Scrapy/1.7.3 (+https://scrapy.org)" "-"
58.247.216.239 - - [08/Jun/2022:09:35:16 +0800] "GET /home.php?mod=space&username=%B4%BA%CC%EC%B5%C4%D0%A1%B2%DD HTTP/1.1" 200 4858 "http://www.lszmn.org/misc.php?mod=tag&id=206" "Scrapy/1.7.3 (+https://scrapy.org)" "-"
58.247.217.104 - - [08/Jun/2022:09:35:16 +0800] "GET /forum.php?mod=viewthread&tid=6811 HTTP/1.1" 302 5 "http://www.lszmn.org/misc.php?mod=tag&id=206" "Scrapy/1.7.3 (+https://scrapy.org)" "-"
222.94.163.220 - - [08/Jun/2022:09:35:16 +0800] "GET /forum.php?mod=redirect&tid=6787&goto=lastpost HTTP/1.1" 302 5 "http://www.lszmn.org/misc.php?mod=tag&id=206" "Scrapy/1.7.3 (+https://scrapy.org)" "-"
112.80.136.2 - - [08/Jun/2022:09:35:16 +0800] "GET /forum.php?mod=viewthread&tid=9338 HTTP/1.1" 200 11539 "http://www.lszmn.org/forum.php?mod=viewthread&tid=6813" "Scrapy/1.7.3 (+https://scrapy.org)" "-"
58.247.216.239 - - [08/Jun/2022:09:35:16 +0800] "GET /home.php?mod=space&username=gq4st HTTP/1.1" 200 4798 "http://www.lszmn.org/misc.php?mod=tag&id=206" "Scrapy/1.7.3 (+https://scrapy.org)" "-"
221.11.5.52 - - [08/Jun/2022:09:35:16 +0800] "GET /connect.php?mod=login&op=init&referer=forum.php%3Fmod%3Dpost%26action%3Dreply%26fid%3D5%26tid%3D6813%26extra%3D%26page%3D1&statfrom=login_simple HTTP/1.1" 302 5 "http://www.lszmn.org/forum.php?mod=post&action=reply&fid=5&tid=6813&extra=&page=1" "Scrapy/1.7.3 (+https://scrapy.org)" "-"
59.50.182.37 - - [08/Jun/2022:09:35:16 +0800] "GET /forum.php?mod=viewthread&tid=6820&page=2 HTTP/1.1" 200 4982 "http://www.lszmn.org/misc.php?mod=tag&id=206" "Scrapy/1.7.3 (+https://scrapy.org)" "-"
58.247.217.104 - - [08/Jun/2022:09:35:16 +0800] "GET /forum.php?mod=viewthread&tid=6815 HTTP/1.1" 200 12067 "http://www.lszmn.org/misc.php?mod=tag&id=206" "Scrapy/1.7.3 (+https://scrapy.org)" "-"
222.94.163.220 - - [08/Jun/2022:09:35:16 +0800] "GET /misc.php?mod=tag&id=212&type=thread HTTP/1.1" 200 5638 "http://www.lszmn.org/misc.php?mod=tag&id=212" "Scrapy/1.7.3 (+https://scrapy.org)" "-"
112.80.136.2 - - [08/Jun/2022:09:35:16 +0800] "GET /forum.php?mod=redirect&tid=6822&goto=lastpost HTTP/1.1" 302 5 "http://www.lszmn.org/misc.php?mod=tag&id=212" "Scrapy/1.7.3 (+https://scrapy.org)" "-"
58.247.216.239 - - [08/Jun/2022:09:35:16 +0800] "GET /forum.php?mod=viewthread&tid=6811 HTTP/1.1" 200 11943 "http://www.lszmn.org/misc.php?mod=tag&id=206" "Scrapy/1.7.3 (+https://scrapy.org)" "-"
222.94.163.220 - - [08/Jun/2022:09:35:17 +0800] "GET /forum.php?mod=redirect&tid=6816&goto=lastpost HTTP/1.1" 302 5 "http://www.lszmn.org/misc.php?mod=tag&id=212" "Scrapy/1.7.3 (+https://scrapy.org)" "-"
112.80.136.2 - - [08/Jun/2022:09:35:17 +0800] "GET /forum.php?mod=viewthread&tid=6811 HTTP/1.1" 200 11943 "http://www.lszmn.org/misc.php?mod=tag&id=206" "Scrapy/1.7.3 (+https://scrapy.org)" "-"
221.11.5.52 - - [08/Jun/2022:09:35:17 +0800] "GET /forum.php?mod=redirect&tid=6817&goto=lastpost HTTP/1.1" 302 5 "http://www.lszmn.org/misc.php?mod=tag&id=212" "Scrapy/1.7.3 (+https://scrapy.org)" "-"
59.50.182.37 - - [08/Jun/2022:09:35:17 +0800] "GET /forum.php?mod=viewthread&tid=6787 HTTP/1.1" 200 11963 "http://www.lszmn.org/misc.php?mod=tag&id=206" "Scrapy/1.7.3 (+https://scrapy.org)" "-"
58.247.217.104 - - [08/Jun/2022:09:35:17 +0800] "GET /forum.php?mod=redirect&tid=6812&goto=lastpost HTTP/1.1" 302 5 "http://www.lszmn.org/misc.php?mod=tag&id=212" "Scrapy/1.7.3 (+https://scrapy.org)" "-"
58.247.216.239 - - [08/Jun/2022:09:35:17 +0800] "GET /forum.php?mod=redirect&tid=6805&goto=lastpost HTTP/1.1" 302 5 "http://www.lszmn.org/misc.php?mod=tag&id=212" "Scrapy/1.7.3 (+https://scrapy.org)" "-"
112.80.136.2 - - [08/Jun/2022:09:35:17 +0800] "GET /forum.php?mod=redirect&tid=6804&goto=lastpost HTTP/1.1" 302 5 "http://www.lszmn.org/misc.php?mod=tag&id=212" "Scrapy/1.7.3 (+https://scrapy.org)" "-"
222.94.163.220 - - [08/Jun/2022:09:35:17 +0800] "GET /forum.php?mod=viewthread&tid=6822 HTTP/1.1" 200 11903 "http://www.lszmn.org/misc.php?mod=tag&id=212" "Scrapy/1.7.3 (+https://scrapy.org)" "-"
58.247.217.104 - - [08/Jun/2022:09:35:17 +0800] "GET /forum.php?mod=attachment&aid=Mjk3MnwwOTYwZWRiOHwxNjU0NjUyMTE2fDB8OTMzOA%3D%3D&nothumb=yes HTTP/1.1" 200 66215 "http://www.lszmn.org/forum.php?mod=viewthread&tid=9338" "Scrapy/1.7.3 (+https://scrapy.org)" "-"
112.80.136.2 - - [08/Jun/2022:09:35:17 +0800] "GET /forum.php?mod=attachment&aid=Mjk3OHw2Mzg0MjhlMHwxNjU0NjUyMTE2fDB8OTMzOA%3D%3D&nothumb=yes HTTP/1.1" 200 99639 "http://www.lszmn.org/forum.php?mod=viewthread&tid=9338" "Scrapy/1.7.3 (+https://scrapy.org)" "-"
58.247.216.239 - - [08/Jun/2022:09:35:17 +0800] "GET /forum.php?mod=attachment&aid=Mjk3N3w3MWNmOTQxMHwxNjU0NjUyMTE2fDB8OTMzOA%3D%3D&nothumb=yes HTTP/1.1" 200 72089 "http://www.lszmn.org/forum.php?mod=viewthread&tid=9338" "Scrapy/1.7.3 (+https://scrapy.org)" "-"
221.11.5.52 - - [08/Jun/2022:09:35:17 +0800] "GET /forum.php?mod=attachment&aid=Mjk3OXxhNzNhZjZiMXwxNjU0NjUyMTE2fDB8OTMzOA%3D%3D&nothumb=yes HTTP/1.1" 200 92987 "http://www.lszmn.org/forum.php?mod=viewthread&tid=9338" "Scrapy/1.7.3 (+https://scrapy.org)" "-"
