122.96.28.116 - - [08/Jun/2022:09:38:05 +0800] "GET /forum.php?mod=attachment&aid=Mjc1NXxlMmI1ZTY4NHwxNjU0NjUyMjgyfDB8NzQ4NA%3D%3D&nothumb=yes HTTP/1.1" 200 172028 "http://www.lszmn.org/forum.php?mod=viewthread&tid=7484&page=1&authorid=1" "Scrapy/1.7.3 (+https://scrapy.org)" "-"
42.63.252.103 - - [08/Jun/2022:09:38:05 +0800] "GET /forum.php?mod=attachment&aid=Mjc1OHxmMGRhNmVkNHwxNjU0NjUyMjgyfDB8NzQ4NA%3D%3D&nothumb=yes HTTP/1.1" 200 58515 "http://www.lszmn.org/forum.php?mod=viewthread&tid=7484&page=1&authorid=1" "Scrapy/1.7.3 (+https://scrapy.org)" "-"
60.13.6.181 - - [08/Jun/2022:09:38:06 +0800] "GET /forum.php?mod=attachment&aid=Mjc1NHxiYWM5NTlmYXwxNjU0NjUyMjgyfDB8NzQ4NA%3D%3D&nothumb=yes HTTP/1.1" 200 66003 "http://www.lszmn.org/forum.php?mod=viewthread&tid=7484&page=1&authorid=1" "Scrapy/1.7.3 (+https://scrapy.org)" "-"
42.63.252.103 - - [08/Jun/2022:09:38:07 +0800] "GET /forum.php?mod=attachment&aid=Mjc1M3wyYzJlMzllMHwxNjU0NjUyMjg0fDB8NzQ4NA%3D%3D&nothumb=yes HTTP/1.1" 200 68467 "http://www.lszmn.org/forum.php?mod=viewthread&tid=7484" "Scrapy/1.7.3 (+https://scrapy.org)" "-"
123.138.72.198 - - [08/Jun/2022:09:38:07 +0800] "GET /forum.php?mod=attachment&aid=MzQxMHw2MDNjMjM1MXwxNjU0NjUyMjgzfDB8OTM5NQ%3D%3D&nothumb=yes HTTP/1.1" 200 74354 "http://www.lszmn.org/forum.php?mod=viewthread&tid=9395" "Scrapy/1.7.3 (+https://scrapy.org)" "-"
123.138.72.198 - - [08/Jun/2022:09:38:09 +0800] "GET /forum.php?mod=attachment&aid=MzQwOXw0Y2QwMmRjOHwxNjU0NjUyMjgzfDB8OTM5NQ%3D%3D&nothumb=yes HTTP/1.1" 200 94441 "http://www.lszmn.org/forum.php?mod=viewthread&tid=9395" "Scrapy/1.7.3 (+https://scrapy.org)" "-"
150.255.121.20 - - [08/Jun/2022:09:38:09 +0800] "GET /forum.php?mod=attachment&aid=MzQxMnxhMzI5NWMyMnwxNjU0NjUyMjgzfDB8OTM5NQ%3D%3D&nothumb=yes HTTP/1.1" 200 189899 "http://www.lszmn.org/forum.php?mod=viewthread&tid=9395" "Scrapy/1.7.3 (+https://scrapy.org)" "-"
185.191.171.6 - - [08/Jun/2022:09:38:10 +0800] "GET /home.php?do=profile&from=space&mod=space&uid=19477 HTTP/1.1" 200 4586 "-" "Mozilla/5.0 (compatible; SemrushBot/7~bl; +http://www.semrush.com/bot.html)" "-"
123.158.60.22 - - [08/Jun/2022:09:38:10 +0800] "GET /forum.php?mod=attachment&aid=Mjc1M3wyNzAyNzRiMnwxNjU0NjUyMjgyfDB8NzQ4NA%3D%3D&nothumb=yes HTTP/1.1" 200 68467 "http://www.lszmn.org/forum.php?mod=viewthread&tid=7484&page=1&authorid=1" "Scrapy/1.7.3 (+https://scrapy.org)" "-"
116.252.21.156 - - [08/Jun/2022:09:38:11 +0800] "GET /forum.php?mod=attachment&aid=MzQxMXwwZTI4YWM0N3wxNjU0NjUyMjgzfDB8OTM5NQ%3D%3D&nothumb=yes HTTP/1.1" 200 50338 "http://www.lszmn.org/forum.php?mod=viewthread&tid=9395" "Scrapy/1.7.3 (+https://scrapy.org)" "-"
185.191.171.24 - - [08/Jun/2022:09:38:12 +0800] "GET /forum.php?action=postreview&do=against&hash=ae095bba&mod=misc&pid=2105&tid=990 HTTP/1.1" 200 4788 "-" "Mozilla/5.0 (compatible; SemrushBot/7~bl; +http://www.semrush.com/bot.html)" "-"
122.96.28.116 - - [08/Jun/2022:09:38:13 +0800] "GET /forum.php?mod=attachment&aid=Mjc1OHw1NTJiYTNjMHwxNjU0NjUyMjg0fDB8NzQ4NA%3D%3D&nothumb=yes HTTP/1.1" 200 58515 "http://www.lszmn.org/forum.php?mod=viewthread&tid=7484" "Scrapy/1.7.3 (+https://scrapy.org)" "-"
123.138.72.198 - - [08/Jun/2022:09:38:14 +0800] "GET /forum.php?mod=attachment&aid=Mjc1N3xjNzU2ZWFlNHwxNjU0NjUyMjg0fDB8NzQ4NA%3D%3D&nothumb=yes HTTP/1.1" 200 62213 "http://www.lszmn.org/forum.php?mod=viewthread&tid=7484" "Scrapy/1.7.3 (+https://scrapy.org)" "-"
116.252.21.156 - - [08/Jun/2022:09:38:14 +0800] "GET /forum.php?mod=attachment&aid=Mjc1Nnw2OWEyZDZjMHwxNjU0NjUyMjg0fDB8NzQ4NA%3D%3D&nothumb=yes HTTP/1.1" 200 63371 "http://www.lszmn.org/forum.php?mod=viewthread&tid=7484" "Scrapy/1.7.3 (+https://scrapy.org)" "-"
221.11.5.52 - - [08/Jun/2022:09:38:15 +0800] "GET /forum.php?mod=attachment&aid=MzQwOHwyODBjMjVmZnwxNjU0NjUyMjgzfDB8OTM5NQ%3D%3D&nothumb=yes HTTP/1.1" 200 189899 "http://www.lszmn.org/forum.php?mod=viewthread&tid=9395" "Scrapy/1.7.3 (+https://scrapy.org)" "-"
122.96.28.116 - - [08/Jun/2022:09:38:16 +0800] "GET /forum.php?mod=attachment&aid=Mjc1NHw5NGU0NDQ4ZXwxNjU0NjUyMjg0fDB8NzQ4NA%3D%3D&nothumb=yes HTTP/1.1" 200 66003 "http://www.lszmn.org/forum.php?mod=viewthread&tid=7484" "Scrapy/1.7.3 (+https://scrapy.org)" "-"
116.252.21.156 - - [08/Jun/2022:09:38:17 +0800] "GET /forum.php?mod=attachment&aid=Mjc1NXxjYzZjNGNlM3wxNjU0NjUyMjg0fDB8NzQ4NA%3D%3D&nothumb=yes HTTP/1.1" 200 172028 "http://www.lszmn.org/forum.php?mod=viewthread&tid=7484" "Scrapy/1.7.3 (+https://scrapy.org)" "-"
221.11.5.52 - - [08/Jun/2022:09:38:17 +0800] "GET /forum.php?mod=viewthread&tid=7484&page=1 HTTP/1.1" 200 11333 "http://www.lszmn.org/forum.php?mod=viewthread&tid=7484&page=1&authorid=1" "Scrapy/1.7.3 (+https://scrapy.org)" "-"
221.11.5.52 - - [08/Jun/2022:09:38:17 +0800] "GET /connect.php?mod=login&op=init&referer=forum.php%3Fmod%3Dviewthread%26tid%3D7484%26page%3D1%26authorid%3D1&statfrom=login_simple HTTP/1.1" 302 5 "http://www.lszmn.org/forum.php?mod=viewthread&tid=7484&page=1&authorid=1" "Scrapy/1.7.3 (+https://scrapy.org)" "-"
221.11.5.52 - - [08/Jun/2022:09:38:18 +0800] "GET /forum.php?mod=attachment&aid=Mjc1NnxlNDAwZjdkNHwxNjU0NjUyMjgxfDB8NzQ4NA%3D%3D&nothumb=yes HTTP/1.1" 200 63371 "http://www.lszmn.org/forum.php?mod=viewthread&tid=7484&extra=&ordertype=1" "Scrapy/1.7.3 (+https://scrapy.org)" "-"
185.191.171.44 - - [08/Jun/2022:09:38:18 +0800] "GET /forum.php?action=postreview&do=against&hash=c1e9843f&mod=misc&pid=1992&tid=238 HTTP/1.1" 200 4783 "-" "Mozilla/5.0 (compatible; SemrushBot/7~bl; +http://www.semrush.com/bot.html)" "-"
122.96.28.116 - - [08/Jun/2022:09:38:19 +0800] "GET /forum.php?mod=attachment&aid=Mjc1NXw5ZjBlYTY5NXwxNjU0NjUyMjgxfDB8NzQ4NA%3D%3D&nothumb=yes HTTP/1.1" 200 172028 "http://www.lszmn.org/forum.php?mod=viewthread&tid=7484&extra=&ordertype=1" "Scrapy/1.7.3 (+https://scrapy.org)" "-"
113.206.134.253 - - [08/Jun/2022:09:38:21 +0800] "GET /forum.php?mod=attachment&aid=Mjc1NHwwN2RhY2ZkYnwxNjU0NjUyMjgxfDB8NzQ4NA%3D%3D&nothumb=yes HTTP/1.1" 200 66003 "http://www.lszmn.org/forum.php?mod=viewthread&tid=7484&extra=&ordertype=1" "Scrapy/1.7.3 (+https://scrapy.org)" "-"
221.11.5.52 - - [08/Jun/2022:09:38:21 +0800] "GET /forum.php?mod=viewthread&tid=7484&extra=&ordertype=2 HTTP/1.1" 200 11354 "http://www.lszmn.org/forum.php?mod=viewthread&tid=7484&extra=&ordertype=1" "Scrapy/1.7.3 (+https://scrapy.org)" "-"
116.252.21.156 - - [08/Jun/2022:09:38:21 +0800] "GET /connect.php?mod=login&op=init&referer=forum.php%3Fmod%3Dviewthread%26tid%3D7484%26extra%3D%26ordertype%3D1&statfrom=login_simple HTTP/1.1" 302 5 "http://www.lszmn.org/forum.php?mod=viewthread&tid=7484&extra=&ordertype=1" "Scrapy/1.7.3 (+https://scrapy.org)" "-"
123.138.72.198 - - [08/Jun/2022:09:38:21 +0800] "GET /home.php?mod=spacecp&ac=share&type=thread&id=7350 HTTP/1.1" 200 4865 "http://www.lszmn.org/forum.php?mod=viewthread&tid=7350" "Scrapy/1.7.3 (+https://scrapy.org)" "-"
116.252.21.156 - - [08/Jun/2022:09:38:21 +0800] "GET /home.php?mod=spacecp&ac=follow&op=relay&tid=7350&from=forum HTTP/1.1" 200 4883 "http://www.lszmn.org/forum.php?mod=viewthread&tid=7350" "Scrapy/1.7.3 (+https://scrapy.org)" "-"
116.252.21.156 - - [08/Jun/2022:09:38:22 +0800] "GET /home.php?mod=spacecp&ac=favorite&type=thread&id=7350 HTTP/1.1" 200 4870 "http://www.lszmn.org/forum.php?mod=viewthread&tid=7350" "Scrapy/1.7.3 (+https://scrapy.org)" "-"
123.157.193.105 - - [08/Jun/2022:09:38:22 +0800] "GET /forum.php?mod=attachment&aid=Mjc1M3w1MjMwZTliOXwxNjU0NjUyMjgxfDB8NzQ4NA%3D%3D&nothumb=yes HTTP/1.1" 200 68467 "http://www.lszmn.org/forum.php?mod=viewthread&tid=7484&extra=&ordertype=1" "Scrapy/1.7.3 (+https://scrapy.org)" "-"
123.138.72.198 - - [08/Jun/2022:09:38:22 +0800] "GET /home.php?mod=spacecp&ac=plugin&id=qqconnect:spacecp&pluginop=share&sh_type=4&thread_id=7350 HTTP/1.1" 200 4948 "http://www.lszmn.org/forum.php?mod=viewthread&tid=7350" "Scrapy/1.7.3 (+https://scrapy.org)" "-"
116.252.21.156 - - [08/Jun/2022:09:38:22 +0800] "GET /forum.php?mod=attachment&aid=MjYyMXxiMDUyMmZmMHwxNjU0NjUyMjA2fDB8NzM1MA%3D%3D&nothumb=yes HTTP/1.1" 200 62058 "http://www.lszmn.org/forum.php?mod=viewthread&tid=7350" "Scrapy/1.7.3 (+https://scrapy.org)" "-"
221.11.5.52 - - [08/Jun/2022:09:38:22 +0800] "GET /forum.php?mod=attachment&aid=MjYyMnxlZDQwOTI3OHwxNjU0NjUyMjA2fDB8NzM1MA%3D%3D&nothumb=yes HTTP/1.1" 200 40271 "http://www.lszmn.org/forum.php?mod=viewthread&tid=7350" "Scrapy/1.7.3 (+https://scrapy.org)" "-"
142.44.203.5 - - [08/Jun/2022:09:38:22 +0800] "GET /home.php?mod=space&uid=22887&do=profile HTTP/1.1" 200 4744 "http://www.lszmn.org/" "Mozilla/5.0 (Macintosh; Intel Mac OS X 10_13_2) AppleWebKit/537.36 (KHTML, like Gecko) Chrome/66.0.3359.181 Safari/537.36" "-"
113.206.134.253 - - [08/Jun/2022:09:38:23 +0800] "GET /forum.php?mod=attachment&aid=MjYyM3xlMmU3MDFjMnwxNjU0NjUyMjA2fDB8NzM1MA%3D%3D&nothumb=yes HTTP/1.1" 200 47401 "http://www.lszmn.org/forum.php?mod=viewthread&tid=7350" "Scrapy/1.7.3 (+https://scrapy.org)" "-"
221.11.5.52 - - [08/Jun/2022:09:38:23 +0800] "GET /forum.php?mod=attachment&aid=MjYyNXw2MzU4MGFjY3wxNjU0NjUyMjA2fDB8NzM1MA%3D%3D&nothumb=yes HTTP/1.1" 200 41102 "http://www.lszmn.org/forum.php?mod=viewthread&tid=7350" "Scrapy/1.7.3 (+https://scrapy.org)" "-"
123.138.72.198 - - [08/Jun/2022:09:38:24 +0800] "GET /forum.php?mod=attachment&aid=MjYyNHxkZmYxNjI3OXwxNjU0NjUyMjA2fDB8NzM1MA%3D%3D&nothumb=yes HTTP/1.1" 200 59853 "http://www.lszmn.org/forum.php?mod=viewthread&tid=7350" "Scrapy/1.7.3 (+https://scrapy.org)" "-"
150.255.121.20 - - [08/Jun/2022:09:38:25 +0800] "GET /forum.php?mod=attachment&aid=MzQwN3xmMzI4ZDU3NnwxNjU0NjUyMjgzfDB8OTM5NQ%3D%3D&nothumb=yes HTTP/1.1" 200 413120 "http://www.lszmn.org/forum.php?mod=viewthread&tid=9395" "Scrapy/1.7.3 (+https://scrapy.org)" "-"
1.85.216.169 - - [08/Jun/2022:09:38:26 +0800] "GET /forum.php?mod=attachment&aid=MjYyNnxjYTU2OTVjOHwxNjU0NjUyMjA2fDB8NzM1MA%3D%3D&nothumb=yes HTTP/1.1" 200 48839 "http://www.lszmn.org/forum.php?mod=viewthread&tid=7350" "Scrapy/1.7.3 (+https://scrapy.org)" "-"
116.252.21.156 - - [08/Jun/2022:09:38:26 +0800] "GET /connect.php?mod=login&op=init&referer=home.php%3Fmod%3Dspacecp%26ac%3Dfollow%26op%3Drelay%26tid%3D7350%26from%3Dforum&statfrom=login_simple HTTP/1.1" 302 5 "http://www.lszmn.org/home.php?mod=spacecp&ac=follow&op=relay&tid=7350&from=forum" "Scrapy/1.7.3 (+https://scrapy.org)" "-"
221.11.5.52 - - [08/Jun/2022:09:38:26 +0800] "GET /connect.php?mod=login&op=init&referer=home.php%3Fmod%3Dspacecp%26ac%3Dfavorite%26type%3Dthread%26id%3D7350&statfrom=login_simple HTTP/1.1" 302 5 "http://www.lszmn.org/home.php?mod=spacecp&ac=favorite&type=thread&id=7350" "Scrapy/1.7.3 (+https://scrapy.org)" "-"
116.252.21.156 - - [08/Jun/2022:09:38:27 +0800] "GET /connect.php?mod=login&op=init&referer=home.php%3Fmod%3Dspacecp%26ac%3Dshare%26type%3Dthread%26id%3D7350&statfrom=login_simple HTTP/1.1" 302 5 "http://www.lszmn.org/home.php?mod=spacecp&ac=share&type=thread&id=7350" "Scrapy/1.7.3 (+https://scrapy.org)" "-"
42.63.252.103 - - [08/Jun/2022:09:38:27 +0800] "GET /forum.php?mod=attachment&aid=MzQwNnwwZjU4NzRjY3wxNjU0NjUyMjgzfDB8OTM5NQ%3D%3D&nothumb=yes HTTP/1.1" 200 478656 "http://www.lszmn.org/forum.php?mod=viewthread&tid=9395" "Scrapy/1.7.3 (+https://scrapy.org)" "-"
116.252.21.156 - - [08/Jun/2022:09:38:27 +0800] "GET /connect.php?mod=login&op=init&referer=home.php%3Fmod%3Dspacecp%26ac%3Dplugin%26id%3Dqqconnect%3Aspacecp%26pluginop%3Dshare%26sh_type%3D4%26thread_id%3D7350&statfrom=login_simple HTTP/1.1" 302 5 "http://www.lszmn.org/home.php?mod=spacecp&ac=plugin&id=qqconnect:spacecp&pluginop=share&sh_type=4&thread_id=7350" "Scrapy/1.7.3 (+https://scrapy.org)" "-"
221.11.5.52 - - [08/Jun/2022:09:38:27 +0800] "GET /forum.php?mod=viewthread&tid=7350&from=album HTTP/1.1" 200 8211 "http://www.lszmn.org/forum.php?mod=viewthread&tid=7350" "Scrapy/1.7.3 (+https://scrapy.org)" "-"
116.252.21.156 - - [08/Jun/2022:09:38:27 +0800] "GET /home.php?mod=spacecp&ac=friend&op=add&uid=3&handlekey=addfriendhk_3 HTTP/1.1" 200 4894 "http://www.lszmn.org/home.php?mod=space&uid=3&do=profile" "Scrapy/1.7.3 (+https://scrapy.org)" "-"
122.96.28.116 - - [08/Jun/2022:09:38:27 +0800] "GET /forum.php?mod=viewthread&tid=7350&page=1&authorid=1 HTTP/1.1" 200 11068 "http://www.lszmn.org/forum.php?mod=viewthread&tid=7350" "Scrapy/1.7.3 (+https://scrapy.org)" "-"
185.191.171.33 - - [08/Jun/2022:09:38:27 +0800] "GET /forum.php?action=postreview&do=support&hash=f175ac91&mod=misc&pid=2464&tid=1063 HTTP/1.1" 200 4788 "-" "Mozilla/5.0 (compatible; SemrushBot/7~bl; +http://www.semrush.com/bot.html)" "-"
113.206.134.253 - - [08/Jun/2022:09:38:27 +0800] "GET /home.php?mod=spacecp&ac=poke&op=send&uid=3&handlekey=propokehk_3 HTTP/1.1" 200 4893 "http://www.lszmn.org/home.php?mod=space&uid=3&do=profile" "Scrapy/1.7.3 (+https://scrapy.org)" "-"
1.85.216.169 - - [08/Jun/2022:09:38:27 +0800] "GET /home.php?mod=spacecp&ac=follow&op=add&hash=df2537e5&fuid=3 HTTP/1.1" 200 4886 "http://www.lszmn.org/home.php?mod=space&uid=3&do=profile" "Scrapy/1.7.3 (+https://scrapy.org)" "-"
116.252.21.156 - - [08/Jun/2022:09:38:27 +0800] "GET /home.php?mod=space&uid=3&do=thread&view=me&type=thread&from=space HTTP/1.1" 200 4883 "http://www.lszmn.org/home.php?mod=space&uid=3&do=profile" "Scrapy/1.7.3 (+https://scrapy.org)" "-"
113.206.134.253 - - [08/Jun/2022:09:38:27 +0800] "GET /home.php?mod=space&uid=3&do=thread&view=me&type=reply&from=space HTTP/1.1" 200 4886 "http://www.lszmn.org/home.php?mod=space&uid=3&do=profile" "Scrapy/1.7.3 (+https://scrapy.org)" "-"
142.44.203.5 - - [08/Jun/2022:09:38:27 +0800] "GET /member.php?mod=register HTTP/1.1" 302 5 "http://www.lszmn.org/" "Mozilla/5.0 (Macintosh; Intel Mac OS X 10_13_2) AppleWebKit/537.36 (KHTML, like Gecko) Chrome/66.0.3359.181 Safari/537.36" "-"
221.11.5.52 - - [08/Jun/2022:09:38:27 +0800] "GET /home.php?mod=space&uid=3&do=friend&view=me&from=space HTTP/1.1" 200 3669 "http://www.lszmn.org/home.php?mod=space&uid=3&do=profile" "Scrapy/1.7.3 (+https://scrapy.org)" "-"
116.252.21.156 - - [08/Jun/2022:09:38:28 +0800] "GET /home.php?mod=space&uid=3&do=thread&view=me&from=space HTTP/1.1" 200 4863 "http://www.lszmn.org/home.php?mod=space&uid=3&do=profile" "Scrapy/1.7.3 (+https://scrapy.org)" "-"
122.96.28.116 - - [08/Jun/2022:09:38:28 +0800] "GET /home.php?mod=space&uid=3&do=wall HTTP/1.1" 200 4166 "http://www.lszmn.org/home.php?mod=space&uid=3&do=profile" "Scrapy/1.7.3 (+https://scrapy.org)" "-"
1.85.216.169 - - [08/Jun/2022:09:38:28 +0800] "GET /home.php?mod=space&uid=3&do=share&view=me&from=space HTTP/1.1" 200 3875 "http://www.lszmn.org/home.php?mod=space&uid=3&do=profile" "Scrapy/1.7.3 (+https://scrapy.org)" "-"
113.206.134.253 - - [08/Jun/2022:09:38:28 +0800] "GET /home.php?mod=follow&uid=3&do=view HTTP/1.1" 200 4825 "http://www.lszmn.org/home.php?mod=space&uid=3&do=profile" "Scrapy/1.7.3 (+https://scrapy.org)" "-"
221.11.5.52 - - [08/Jun/2022:09:38:28 +0800] "GET /home.php?mod=space&uid=3&do=album&view=me&from=space HTTP/1.1" 200 3731 "http://www.lszmn.org/home.php?mod=space&uid=3&do=profile" "Scrapy/1.7.3 (+https://scrapy.org)" "-"
142.44.203.5 - - [08/Jun/2022:09:38:28 +0800] "GET /connect.php?mod=login&op=init&referer=forum.php&statfrom=login_simple HTTP/1.1" 302 5 "http://www.lszmn.org/member.php?mod=register" "Mozilla/5.0 (Macintosh; Intel Mac OS X 10_13_2) AppleWebKit/537.36 (KHTML, like Gecko) Chrome/66.0.3359.181 Safari/537.36" "-"
122.96.28.116 - - [08/Jun/2022:09:38:28 +0800] "GET /home.php?mod=space&uid=3&do=blog&view=me&from=space HTTP/1.1" 200 4422 "http://www.lszmn.org/home.php?mod=space&uid=3&do=profile" "Scrapy/1.7.3 (+https://scrapy.org)" "-"
1.85.216.169 - - [08/Jun/2022:09:38:28 +0800] "GET /connect.php?mod=login&op=init&referer=forum.php%3Fmod%3Dviewthread%26tid%3D7350%26page%3D1%26authorid%3D1&statfrom=login_simple HTTP/1.1" 302 5 "http://www.lszmn.org/forum.php?mod=viewthread&tid=7350&page=1&authorid=1" "Scrapy/1.7.3 (+https://scrapy.org)" "-"
113.206.134.253 - - [08/Jun/2022:09:38:28 +0800] "GET /connect.php?mod=login&op=init&referer=forum.php%3Fmod%3Dviewthread%26tid%3D7350%26from%3Dalbum&statfrom=login_simple HTTP/1.1" 302 5 "http://www.lszmn.org/forum.php?mod=viewthread&tid=7350&from=album" "Scrapy/1.7.3 (+https://scrapy.org)" "-"
123.158.49.39 - - [08/Jun/2022:09:38:28 +0800] "GET /forum.php?mod=viewthread&tid=7350&extra=&ordertype=1 HTTP/1.1" 200 10968 "http://www.lszmn.org/forum.php?mod=viewthread&tid=7350" "Scrapy/1.7.3 (+https://scrapy.org)" "-"
123.138.72.198 - - [08/Jun/2022:09:38:28 +0800] "GET /connect.php?mod=login&op=init&referer=forum.php%3Fmod%3Dviewthread%26tid%3D7350%26page%3D1%26authorid%3D1&statfrom=login HTTP/1.1" 302 5 "http://www.lszmn.org/forum.php?mod=viewthread&tid=7350&page=1&authorid=1" "Scrapy/1.7.3 (+https://scrapy.org)" "-"
116.252.21.156 - - [08/Jun/2022:09:38:28 +0800] "GET /forum.php?mod=attachment&aid=MjYyMXw3ZWNhMjIxNnwxNjU0NjUyMzA3fDB8NzM1MA%3D%3D&nothumb=yes HTTP/1.1" 200 62058 "http://www.lszmn.org/forum.php?mod=viewthread&tid=7350&page=1&authorid=1" "Scrapy/1.7.3 (+https://scrapy.org)" "-"
221.11.5.52 - - [08/Jun/2022:09:38:29 +0800] "GET /forum.php?mod=attachment&aid=MjYyMnwzMWExMGNhOHwxNjU0NjUyMzA3fDB8NzM1MA%3D%3D&nothumb=yes HTTP/1.1" 200 40271 "http://www.lszmn.org/forum.php?mod=viewthread&tid=7350&page=1&authorid=1" "Scrapy/1.7.3 (+https://scrapy.org)" "-"
122.96.28.116 - - [08/Jun/2022:09:38:29 +0800] "GET /forum.php?mod=attachment&aid=MjYyM3wyMWM0MjNkN3wxNjU0NjUyMzA3fDB8NzM1MA%3D%3D&nothumb=yes HTTP/1.1" 200 47401 "http://www.lszmn.org/forum.php?mod=viewthread&tid=7350&page=1&authorid=1" "Scrapy/1.7.3 (+https://scrapy.org)" "-"
1.85.216.169 - - [08/Jun/2022:09:38:29 +0800] "GET /forum.php?mod=attachment&aid=MjYyNHxjMjA4ZGJmN3wxNjU0NjUyMzA3fDB8NzM1MA%3D%3D&nothumb=yes HTTP/1.1" 200 59853 "http://www.lszmn.org/forum.php?mod=viewthread&tid=7350&page=1&authorid=1" "Scrapy/1.7.3 (+https://scrapy.org)" "-"
113.206.134.253 - - [08/Jun/2022:09:38:29 +0800] "GET /forum.php?mod=attachment&aid=MjYyNXxiN2VmOGYzNnwxNjU0NjUyMzA3fDB8NzM1MA%3D%3D&nothumb=yes HTTP/1.1" 200 41102 "http://www.lszmn.org/forum.php?mod=viewthread&tid=7350&page=1&authorid=1" "Scrapy/1.7.3 (+https://scrapy.org)" "-"
123.138.72.198 - - [08/Jun/2022:09:38:29 +0800] "GET /forum.php?mod=attachment&aid=MjYyNnw0MmI5YzBlNHwxNjU0NjUyMzA3fDB8NzM1MA%3D%3D&nothumb=yes HTTP/1.1" 200 48839 "http://www.lszmn.org/forum.php?mod=viewthread&tid=7350&page=1&authorid=1" "Scrapy/1.7.3 (+https://scrapy.org)" "-"
221.11.5.52 - - [08/Jun/2022:09:38:29 +0800] "GET /forum.php?mod=viewthread&tid=7350&page=1 HTTP/1.1" 200 11042 "http://www.lszmn.org/forum.php?mod=viewthread&tid=7350&page=1&authorid=1" "Scrapy/1.7.3 (+https://scrapy.org)" "-"
221.11.5.52 - - [08/Jun/2022:09:38:30 +0800] "GET /home.php?mod=space&uid=3&do=doing&view=me&from=space HTTP/1.1" 200 3640 "http://www.lszmn.org/home.php?mod=space&uid=3&do=profile" "Scrapy/1.7.3 (+https://scrapy.org)" "-"
122.96.28.116 - - [08/Jun/2022:09:38:30 +0800] "GET /forum.php?mod=post&action=reply&fid=19&tid=7350&extra=&page=1&from=album HTTP/1.1" 200 5012 "http://www.lszmn.org/forum.php?mod=viewthread&tid=7350&from=album" "Scrapy/1.7.3 (+https://scrapy.org)" "-"
116.252.21.156 - - [08/Jun/2022:09:38:30 +0800] "GET /home.php?mod=space&uid=3&do=home&view=me&from=space HTTP/1.1" 200 4084 "http://www.lszmn.org/home.php?mod=space&uid=3&do=profile" "Scrapy/1.7.3 (+https://scrapy.org)" "-"
1.85.216.169 - - [08/Jun/2022:09:38:30 +0800] "GET /home.php?mod=space&uid=3&do=index HTTP/1.1" 200 5102 "http://www.lszmn.org/home.php?mod=space&uid=3&do=profile" "Scrapy/1.7.3 (+https://scrapy.org)" "-"
221.11.5.52 - - [08/Jun/2022:09:38:30 +0800] "GET /home.php?mod=rss&uid=3 HTTP/1.1" 200 2257 "http://www.lszmn.org/home.php?mod=space&uid=3&do=profile" "Scrapy/1.7.3 (+https://scrapy.org)" "-"
116.252.21.156 - - [08/Jun/2022:09:38:30 +0800] "GET /?3 HTTP/1.1" 200 4763 "http://www.lszmn.org/home.php?mod=space&uid=3&do=profile" "Scrapy/1.7.3 (+https://scrapy.org)" "-"
122.96.28.116 - - [08/Jun/2022:09:38:30 +0800] "GET /home.php?mod=spacecp&ac=share&type=space&id=3 HTTP/1.1" 200 4851 "http://www.lszmn.org/home.php?mod=space&uid=3&do=profile" "Scrapy/1.7.3 (+https://scrapy.org)" "-"
113.206.134.253 - - [08/Jun/2022:09:38:30 +0800] "GET /forum.php?mod=viewthread&tid=990&extra=&page=24 HTTP/1.1" 200 12150 "http://www.lszmn.org/forum.php?mod=viewthread&tid=990&extra=&page=26" "Scrapy/1.7.3 (+https://scrapy.org)" "-"
1.85.216.169 - - [08/Jun/2022:09:38:30 +0800] "GET /forum.php?mod=viewthread&tid=990&extra=&page=23 HTTP/1.1" 200 11369 "http://www.lszmn.org/forum.php?mod=viewthread&tid=990&extra=&page=26" "Scrapy/1.7.3 (+https://scrapy.org)" "-"
221.11.5.52 - - [08/Jun/2022:09:38:30 +0800] "GET /forum.php?mod=viewthread&tid=990&extra=&page=22 HTTP/1.1" 200 12193 "http://www.lszmn.org/forum.php?mod=viewthread&tid=990&extra=&page=26" "Scrapy/1.7.3 (+https://scrapy.org)" "-"
123.138.72.198 - - [08/Jun/2022:09:38:30 +0800] "GET /forum.php?mod=viewthread&tid=990&extra=&page=21 HTTP/1.1" 200 12412 "http://www.lszmn.org/forum.php?mod=viewthread&tid=990&extra=&page=26" "Scrapy/1.7.3 (+https://scrapy.org)" "-"
122.96.28.116 - - [08/Jun/2022:09:38:31 +0800] "GET /forum.php?mod=viewthread&tid=990&extra=&page=20 HTTP/1.1" 200 12005 "http://www.lszmn.org/forum.php?mod=viewthread&tid=990&extra=&page=26" "Scrapy/1.7.3 (+https://scrapy.org)" "-"
116.252.21.156 - - [08/Jun/2022:09:38:31 +0800] "GET /forum.php?mod=viewthread&tid=990&extra=&page=19 HTTP/1.1" 200 12120 "http://www.lszmn.org/forum.php?mod=viewthread&tid=990&extra=&page=26" "Scrapy/1.7.3 (+https://scrapy.org)" "-"
113.206.134.253 - - [08/Jun/2022:09:38:31 +0800] "GET /forum.php?mod=viewthread&tid=990&extra=&page=18 HTTP/1.1" 200 11908 "http://www.lszmn.org/forum.php?mod=viewthread&tid=990&extra=&page=26" "Scrapy/1.7.3 (+https://scrapy.org)" "-"
1.85.216.169 - - [08/Jun/2022:09:38:31 +0800] "GET /forum.php?mod=viewthread&tid=990&extra=&page=25 HTTP/1.1" 200 11835 "http://www.lszmn.org/forum.php?mod=viewthread&tid=990&extra=&page=26" "Scrapy/1.7.3 (+https://scrapy.org)" "-"
123.138.72.198 - - [08/Jun/2022:09:38:31 +0800] "GET /forum.php?mod=misc&action=postreview&do=support&tid=990&pid=119805&hash=df2537e5 HTTP/1.1" 200 5019 "http://www.lszmn.org/forum.php?mod=viewthread&tid=990&extra=&page=26" "Scrapy/1.7.3 (+https://scrapy.org)" "-"
116.252.21.156 - - [08/Jun/2022:09:38:31 +0800] "GET /connect.php?mod=login&op=init&referer=forum.php%3Fmod%3Dviewthread%26tid%3D990%26extra%3D%26page%3D26&statfrom=login HTTP/1.1" 302 5 "http://www.lszmn.org/forum.php?mod=viewthread&tid=990&extra=&page=26" "Scrapy/1.7.3 (+https://scrapy.org)" "-"
221.11.5.52 - - [08/Jun/2022:09:38:31 +0800] "GET /forum.php?mod=viewthread&tid=990&extra=&page=1 HTTP/1.1" 200 13618 "http://www.lszmn.org/forum.php?mod=viewthread&tid=990&extra=&page=26" "Scrapy/1.7.3 (+https://scrapy.org)" "-"
113.206.134.253 - - [08/Jun/2022:09:38:31 +0800] "GET /forum.php?mod=misc&action=postreview&do=against&tid=990&pid=119805&hash=df2537e5 HTTP/1.1" 200 5020 "http://www.lszmn.org/forum.php?mod=viewthread&tid=990&extra=&page=26" "Scrapy/1.7.3 (+https://scrapy.org)" "-"
116.252.21.156 - - [08/Jun/2022:09:38:32 +0800] "GET /forum.php?mod=redirect&goto=findpost&ptid=990&pid=119805 HTTP/1.1" 301 5 "http://www.lszmn.org/forum.php?mod=viewthread&tid=990&extra=&page=26" "Scrapy/1.7.3 (+https://scrapy.org)" "-"
123.138.72.198 - - [08/Jun/2022:09:38:32 +0800] "GET /forum.php?mod=post&action=reply&fid=5&tid=990&repquote=119805&extra=&page=26 HTTP/1.1" 200 5022 "http://www.lszmn.org/forum.php?mod=viewthread&tid=990&extra=&page=26" "Scrapy/1.7.3 (+https://scrapy.org)" "-"
221.11.5.52 - - [08/Jun/2022:09:38:32 +0800] "GET /forum.php?mod=misc&action=postreview&do=against&tid=990&pid=118574&hash=df2537e5 HTTP/1.1" 200 5020 "http://www.lszmn.org/forum.php?mod=viewthread&tid=990&extra=&page=26" "Scrapy/1.7.3 (+https://scrapy.org)" "-"
122.96.28.116 - - [08/Jun/2022:09:38:32 +0800] "GET /forum.php?mod=post&action=reply&fid=5&tid=990&repquote=118629&extra=&page=26 HTTP/1.1" 200 5025 "http://www.lszmn.org/forum.php?mod=viewthread&tid=990&extra=&page=26" "Scrapy/1.7.3 (+https://scrapy.org)" "-"
116.252.21.156 - - [08/Jun/2022:09:38:33 +0800] "GET /forum.php?mod=misc&action=postreview&do=support&tid=990&pid=118629&hash=df2537e5 HTTP/1.1" 200 5020 "http://www.lszmn.org/forum.php?mod=viewthread&tid=990&extra=&page=26" "Scrapy/1.7.3 (+https://scrapy.org)" "-"
1.85.216.169 - - [08/Jun/2022:09:38:33 +0800] "GET /forum.php?mod=redirect&goto=findpost&ptid=990&pid=118629 HTTP/1.1" 301 5 "http://www.lszmn.org/forum.php?mod=viewthread&tid=990&extra=&page=26" "Scrapy/1.7.3 (+https://scrapy.org)" "-"
113.206.134.253 - - [08/Jun/2022:09:38:33 +0800] "GET /forum.php?mod=misc&action=postreview&do=support&tid=990&pid=118574&hash=df2537e5 HTTP/1.1" 200 5019 "http://www.lszmn.org/forum.php?mod=viewthread&tid=990&extra=&page=26" "Scrapy/1.7.3 (+https://scrapy.org)" "-"
123.138.72.198 - - [08/Jun/2022:09:38:33 +0800] "GET /forum.php?mod=misc&action=postreview&do=against&tid=990&pid=118629&hash=df2537e5 HTTP/1.1" 200 5021 "http://www.lszmn.org/forum.php?mod=viewthread&tid=990&extra=&page=26" "Scrapy/1.7.3 (+https://scrapy.org)" "-"
123.158.49.39 - - [08/Jun/2022:09:38:33 +0800] "GET /forum.php?mod=redirect&goto=findpost&ptid=990&pid=111088 HTTP/1.1" 301 5 "http://www.lszmn.org/forum.php?mod=viewthread&tid=990&extra=&page=26" "Scrapy/1.7.3 (+https://scrapy.org)" "-"
1.85.216.169 - - [08/Jun/2022:09:38:33 +0800] "GET /forum.php?mod=redirect&goto=findpost&ptid=990&pid=118574 HTTP/1.1" 301 5 "http://www.lszmn.org/forum.php?mod=viewthread&tid=990&extra=&page=26" "Scrapy/1.7.3 (+https://scrapy.org)" "-"
116.252.21.156 - - [08/Jun/2022:09:38:33 +0800] "GET /forum.php?mod=viewthread&tid=990&page=25 HTTP/1.1" 200 11816 "http://www.lszmn.org/forum.php?mod=viewthread&tid=990&extra=&page=26" "Scrapy/1.7.3 (+https://scrapy.org)" "-"
123.138.72.198 - - [08/Jun/2022:09:38:33 +0800] "GET /forum.php?mod=misc&action=postreview&do=against&tid=990&pid=111088&hash=df2537e5 HTTP/1.1" 200 5019 "http://www.lszmn.org/forum.php?mod=viewthread&tid=990&extra=&page=26" "Scrapy/1.7.3 (+https://scrapy.org)" "-"
113.206.134.253 - - [08/Jun/2022:09:38:34 +0800] "GET /forum.php?mod=post&action=reply&fid=5&tid=990&repquote=111088&extra=&page=26 HTTP/1.1" 200 5025 "http://www.lszmn.org/forum.php?mod=viewthread&tid=990&extra=&page=26" "Scrapy/1.7.3 (+https://scrapy.org)" "-"
122.96.28.116 - - [08/Jun/2022:09:38:34 +0800] "GET /forum.php?mod=post&action=reply&fid=5&tid=990&repquote=118574&extra=&page=26 HTTP/1.1" 200 5026 "http://www.lszmn.org/forum.php?mod=viewthread&tid=990&extra=&page=26" "Scrapy/1.7.3 (+https://scrapy.org)" "-"
180.212.93.69 - - [08/Jun/2022:09:38:34 +0800] "GET /forum.php?mod=misc&action=postreview&do=against&tid=990&pid=108684&hash=df2537e5 HTTP/1.1" 200 5020 "http://www.lszmn.org/forum.php?mod=viewthread&tid=990&extra=&page=26" "Scrapy/1.7.3 (+https://scrapy.org)" "-"
113.206.134.253 - - [08/Jun/2022:09:38:34 +0800] "GET /forum.php?mod=misc&action=postreview&do=against&tid=990&pid=108640&hash=df2537e5 HTTP/1.1" 200 5019 "http://www.lszmn.org/forum.php?mod=viewthread&tid=990&extra=&page=26" "Scrapy/1.7.3 (+https://scrapy.org)" "-"
122.96.28.116 - - [08/Jun/2022:09:38:34 +0800] "GET /forum.php?mod=redirect&goto=findpost&ptid=990&pid=108684 HTTP/1.1" 301 5 "http://www.lszmn.org/forum.php?mod=viewthread&tid=990&extra=&page=26" "Scrapy/1.7.3 (+https://scrapy.org)" "-"
123.138.72.198 - - [08/Jun/2022:09:38:34 +0800] "GET /forum.php?mod=post&action=reply&fid=5&tid=990&repquote=108684&extra=&page=26 HTTP/1.1" 200 5025 "http://www.lszmn.org/forum.php?mod=viewthread&tid=990&extra=&page=26" "Scrapy/1.7.3 (+https://scrapy.org)" "-"
116.252.21.156 - - [08/Jun/2022:09:38:34 +0800] "GET /forum.php?mod=misc&action=postreview&do=support&tid=990&pid=108684&hash=df2537e5 HTTP/1.1" 200 5019 "http://www.lszmn.org/forum.php?mod=viewthread&tid=990&extra=&page=26" "Scrapy/1.7.3 (+https://scrapy.org)" "-"
1.85.216.169 - - [08/Jun/2022:09:38:34 +0800] "GET /forum.php?mod=viewthread&tid=990&page=25 HTTP/1.1" 200 11817 "http://www.lszmn.org/forum.php?mod=viewthread&tid=990&extra=&page=26" "Scrapy/1.7.3 (+https://scrapy.org)" "-"
180.212.93.69 - - [08/Jun/2022:09:38:35 +0800] "GET /connect.php?mod=login&op=init&referer=forum.php%3Fmod%3Dviewthread%26tid%3D7350%26extra%3D%26ordertype%3D1&statfrom=login_simple HTTP/1.1" 302 5 "http://www.lszmn.org/forum.php?mod=viewthread&tid=7350&extra=&ordertype=1" "Scrapy/1.7.3 (+https://scrapy.org)" "-"
123.158.49.39 - - [08/Jun/2022:09:38:35 +0800] "GET /forum.php?mod=misc&action=postreview&do=support&tid=990&pid=108640&hash=df2537e5 HTTP/1.1" 200 5018 "http://www.lszmn.org/forum.php?mod=viewthread&tid=990&extra=&page=26" "Scrapy/1.7.3 (+https://scrapy.org)" "-"
123.138.72.198 - - [08/Jun/2022:09:38:35 +0800] "GET /forum.php?mod=viewthread&tid=990&page=25 HTTP/1.1" 200 11817 "http://www.lszmn.org/forum.php?mod=viewthread&tid=990&extra=&page=26" "Scrapy/1.7.3 (+https://scrapy.org)" "-"
116.252.21.156 - - [08/Jun/2022:09:38:35 +0800] "GET /forum.php?mod=redirect&goto=findpost&ptid=990&pid=108640 HTTP/1.1" 301 5 "http://www.lszmn.org/forum.php?mod=viewthread&tid=990&extra=&page=26" "Scrapy/1.7.3 (+https://scrapy.org)" "-"
1.85.216.169 - - [08/Jun/2022:09:38:35 +0800] "GET /forum.php?mod=misc&action=postreview&do=against&tid=990&pid=108400&hash=df2537e5 HTTP/1.1" 200 5019 "http://www.lszmn.org/forum.php?mod=viewthread&tid=990&extra=&page=26" "Scrapy/1.7.3 (+https://scrapy.org)" "-"
122.96.28.116 - - [08/Jun/2022:09:38:35 +0800] "GET /forum.php?mod=post&action=reply&fid=5&tid=990&repquote=108640&extra=&page=26 HTTP/1.1" 200 5024 "http://www.lszmn.org/forum.php?mod=viewthread&tid=990&extra=&page=26" "Scrapy/1.7.3 (+https://scrapy.org)" "-"
113.206.134.253 - - [08/Jun/2022:09:38:35 +0800] "GET /forum.php?mod=misc&action=postreview&do=support&tid=990&pid=108400&hash=df2537e5 HTTP/1.1" 200 5019 "http://www.lszmn.org/forum.php?mod=viewthread&tid=990&extra=&page=26" "Scrapy/1.7.3 (+https://scrapy.org)" "-"
113.206.134.253 - - [08/Jun/2022:09:38:35 +0800] "GET /forum.php?mod=viewthread&tid=990&page=25 HTTP/1.1" 200 11817 "http://www.lszmn.org/forum.php?mod=viewthread&tid=990&extra=&page=26" "Scrapy/1.7.3 (+https://scrapy.org)" "-"
123.138.72.198 - - [08/Jun/2022:09:38:35 +0800] "GET /connect.php?mod=login&op=init&referer=forum.php%3Fmod%3Dviewthread%26tid%3D7350%26extra%3D%26ordertype%3D1&statfrom=login HTTP/1.1" 302 5 "http://www.lszmn.org/forum.php?mod=viewthread&tid=7350&extra=&ordertype=1" "Scrapy/1.7.3 (+https://scrapy.org)" "-"
180.212.93.69 - - [08/Jun/2022:09:38:35 +0800] "GET /forum.php?mod=viewthread&tid=990&page=25 HTTP/1.1" 200 11817 "http://www.lszmn.org/forum.php?mod=viewthread&tid=990&extra=&page=26" "Scrapy/1.7.3 (+https://scrapy.org)" "-"
220.181.108.94 - - [08/Jun/2022:09:38:35 +0800] "GET /forum.php?mod=viewthread&tid=9355&from=portal HTTP/1.1" 200 7722 "-" "Mozilla/5.0 (compatible; Baiduspider/2.0; +http://www.baidu.com/search/spider.html)" "-"
1.85.216.169 - - [08/Jun/2022:09:38:35 +0800] "GET /forum.php?mod=attachment&aid=MjYyM3wwOWVmNjljNnwxNjU0NjUyMzA4fDB8NzM1MA%3D%3D&nothumb=yes HTTP/1.1" 200 47401 "http://www.lszmn.org/forum.php?mod=viewthread&tid=7350&extra=&ordertype=1" "Scrapy/1.7.3 (+https://scrapy.org)" "-"
122.96.28.116 - - [08/Jun/2022:09:38:35 +0800] "GET /forum.php?mod=attachment&aid=MjYyMnw5MjJhNTVkNXwxNjU0NjUyMzA4fDB8NzM1MA%3D%3D&nothumb=yes HTTP/1.1" 200 40271 "http://www.lszmn.org/forum.php?mod=viewthread&tid=7350&extra=&ordertype=1" "Scrapy/1.7.3 (+https://scrapy.org)" "-"
116.252.21.156 - - [08/Jun/2022:09:38:36 +0800] "GET /forum.php?mod=attachment&aid=MjYyMXxhODQzYWMyMnwxNjU0NjUyMzA4fDB8NzM1MA%3D%3D&nothumb=yes HTTP/1.1" 200 62058 "http://www.lszmn.org/forum.php?mod=viewthread&tid=7350&extra=&ordertype=1" "Scrapy/1.7.3 (+https://scrapy.org)" "-"
123.138.72.198 - - [08/Jun/2022:09:38:36 +0800] "GET /forum.php?mod=viewthread&tid=990&page=25 HTTP/1.1" 200 11817 "http://www.lszmn.org/forum.php?mod=viewthread&tid=990&extra=&page=26" "Scrapy/1.7.3 (+https://scrapy.org)" "-"
123.158.49.39 - - [08/Jun/2022:09:38:36 +0800] "GET /forum.php?mod=attachment&aid=MjYyNHxhYmQxM2UxZHwxNjU0NjUyMzA4fDB8NzM1MA%3D%3D&nothumb=yes HTTP/1.1" 200 59853 "http://www.lszmn.org/forum.php?mod=viewthread&tid=7350&extra=&ordertype=1" "Scrapy/1.7.3 (+https://scrapy.org)" "-"
180.212.93.69 - - [08/Jun/2022:09:38:36 +0800] "GET /forum.php?mod=attachment&aid=MjYyNnwwZDRmMTU2YnwxNjU0NjUyMzA4fDB8NzM1MA%3D%3D&nothumb=yes HTTP/1.1" 200 48839 "http://www.lszmn.org/forum.php?mod=viewthread&tid=7350&extra=&ordertype=1" "Scrapy/1.7.3 (+https://scrapy.org)" "-"
113.206.134.253 - - [08/Jun/2022:09:38:36 +0800] "GET /forum.php?mod=attachment&aid=MjYyNXw3OGZhYWVmY3wxNjU0NjUyMzA4fDB8NzM1MA%3D%3D&nothumb=yes HTTP/1.1" 200 41102 "http://www.lszmn.org/forum.php?mod=viewthread&tid=7350&extra=&ordertype=1" "Scrapy/1.7.3 (+https://scrapy.org)" "-"
122.96.28.116 - - [08/Jun/2022:09:38:36 +0800] "GET /forum.php?mod=redirect&goto=findpost&ptid=990&pid=108400 HTTP/1.1" 301 5 "http://www.lszmn.org/forum.php?mod=viewthread&tid=990&extra=&page=26" "Scrapy/1.7.3 (+https://scrapy.org)" "-"
1.85.216.169 - - [08/Jun/2022:09:38:36 +0800] "GET /forum.php?mod=post&action=reply&fid=5&tid=990&repquote=108400&extra=&page=26 HTTP/1.1" 200 5023 "http://www.lszmn.org/forum.php?mod=viewthread&tid=990&extra=&page=26" "Scrapy/1.7.3 (+https://scrapy.org)" "-"
116.252.21.156 - - [08/Jun/2022:09:38:36 +0800] "GET /forum.php?mod=viewthread&tid=7350&extra=&ordertype=2 HTTP/1.1" 200 11075 "http://www.lszmn.org/forum.php?mod=viewthread&tid=7350&extra=&ordertype=1" "Scrapy/1.7.3 (+https://scrapy.org)" "-"
1.85.216.169 - - [08/Jun/2022:09:38:36 +0800] "GET /connect.php?mod=login&op=init&referer=forum.php%3Fmod%3Dviewthread%26tid%3D112%26page%3D1%26authorid%3D3&statfrom=login HTTP/1.1" 302 5 "http://www.lszmn.org/forum.php?mod=viewthread&tid=112&page=1&authorid=3" "Scrapy/1.7.3 (+https://scrapy.org)" "-"
144.255.19.95 - - [08/Jun/2022:09:38:36 +0800] "GET /connect.php?mod=login&op=init&referer=forum.php%3Fmod%3Dviewthread%26tid%3D990%26extra%3D%26page%3D26&statfrom=login_simple HTTP/1.1" 302 5 "http://www.lszmn.org/forum.php?mod=viewthread&tid=990&extra=&page=26" "Scrapy/1.7.3 (+https://scrapy.org)" "-"
122.96.28.116 - - [08/Jun/2022:09:38:36 +0800] "GET /connect.php?mod=login&op=init&referer=forum.php%3Fmod%3Dviewthread%26tid%3D112%26page%3D1%26authorid%3D3&statfrom=login_simple HTTP/1.1" 302 5 "http://www.lszmn.org/forum.php?mod=viewthread&tid=112&page=1&authorid=3" "Scrapy/1.7.3 (+https://scrapy.org)" "-"
1.85.216.169 - - [08/Jun/2022:09:38:37 +0800] "GET /forum.php?mod=attachment&aid=MjczNnw1MGRkOWY0OHwxNjU0NjUyMjA0fDB8MTEy&nothumb=yes HTTP/1.1" 200 71507 "http://www.lszmn.org/forum.php?mod=viewthread&tid=112&extra=&ordertype=1" "Scrapy/1.7.3 (+https://scrapy.org)" "-"
144.255.19.95 - - [08/Jun/2022:09:38:37 +0800] "GET /forum.php?mod=attachment&aid=Mjc0MHxmMjk2Mjc3MnwxNjU0NjUyMjA0fDB8MTEy&nothumb=yes HTTP/1.1" 200 118313 "http://www.lszmn.org/forum.php?mod=viewthread&tid=112&extra=&ordertype=1" "Scrapy/1.7.3 (+https://scrapy.org)" "-"
123.138.72.198 - - [08/Jun/2022:09:38:38 +0800] "GET /forum.php?mod=viewthread&tid=990&page=25 HTTP/1.1" 200 11817 "http://www.lszmn.org/forum.php?mod=viewthread&tid=990&extra=&page=26" "Scrapy/1.7.3 (+https://scrapy.org)" "-"
122.96.28.116 - - [08/Jun/2022:09:38:38 +0800] "GET /forum.php?mod=attachment&aid=MjczM3w4ZWQ1YjgzYXwxNjU0NjUyMjA0fDB8MTEy&nothumb=yes HTTP/1.1" 200 84703 "http://www.lszmn.org/forum.php?mod=viewthread&tid=112&extra=&ordertype=1" "Scrapy/1.7.3 (+https://scrapy.org)" "-"
116.252.21.156 - - [08/Jun/2022:09:38:38 +0800] "GET /forum.php?mod=attachment&aid=MjczOHxjYTUxYWVmZXwxNjU0NjUyMjA0fDB8MTEy&nothumb=yes HTTP/1.1" 200 94367 "http://www.lszmn.org/forum.php?mod=viewthread&tid=112&extra=&ordertype=1" "Scrapy/1.7.3 (+https://scrapy.org)" "-"
113.206.134.253 - - [08/Jun/2022:09:38:38 +0800] "GET /forum.php?mod=attachment&aid=MjczOXw3N2Q2ZDJhN3wxNjU0NjUyMjA0fDB8MTEy&nothumb=yes HTTP/1.1" 200 103100 "http://www.lszmn.org/forum.php?mod=viewthread&tid=112&extra=&ordertype=1" "Scrapy/1.7.3 (+https://scrapy.org)" "-"
123.138.72.198 - - [08/Jun/2022:09:38:39 +0800] "GET /forum.php?mod=attachment&aid=MjczN3w3NzdlZmRjMXwxNjU0NjUyMjA0fDB8MTEy&nothumb=yes HTTP/1.1" 200 92756 "http://www.lszmn.org/forum.php?mod=viewthread&tid=112&extra=&ordertype=1" "Scrapy/1.7.3 (+https://scrapy.org)" "-"
180.212.93.69 - - [08/Jun/2022:09:38:39 +0800] "GET /forum.php?mod=attachment&aid=MjczNHwyZjZmZjYyN3wxNjU0NjUyMjA0fDB8MTEy&nothumb=yes HTTP/1.1" 200 71272 "http://www.lszmn.org/forum.php?mod=viewthread&tid=112&extra=&ordertype=1" "Scrapy/1.7.3 (+https://scrapy.org)" "-"
1.85.216.169 - - [08/Jun/2022:09:38:41 +0800] "GET /forum.php?mod=attachment&aid=MjczMHxjNzA1M2UxNXwxNjU0NjUyMjA0fDB8MTEy&nothumb=yes HTTP/1.1" 200 59553 "http://www.lszmn.org/forum.php?mod=viewthread&tid=112&extra=&ordertype=1" "Scrapy/1.7.3 (+https://scrapy.org)" "-"
122.96.28.116 - - [08/Jun/2022:09:38:41 +0800] "GET /forum.php?mod=attachment&aid=MjcyOXw4ZGIxNDY5MnwxNjU0NjUyMjA0fDB8MTEy&nothumb=yes HTTP/1.1" 200 100075 "http://www.lszmn.org/forum.php?mod=viewthread&tid=112&extra=&ordertype=1" "Scrapy/1.7.3 (+https://scrapy.org)" "-"
123.138.72.198 - - [08/Jun/2022:09:38:42 +0800] "GET /forum.php?mod=attachment&aid=MjcyOHw5NmRhZTlkZHwxNjU0NjUyMjA0fDB8MTEy&nothumb=yes HTTP/1.1" 200 74411 "http://www.lszmn.org/forum.php?mod=viewthread&tid=112&extra=&ordertype=1" "Scrapy/1.7.3 (+https://scrapy.org)" "-"
123.158.49.39 - - [08/Jun/2022:09:38:42 +0800] "GET /forum.php?mod=attachment&aid=MjczMnw1NzdlMWEwNHwxNjU0NjUyMjA0fDB8MTEy&nothumb=yes HTTP/1.1" 200 78297 "http://www.lszmn.org/forum.php?mod=viewthread&tid=112&extra=&ordertype=1" "Scrapy/1.7.3 (+https://scrapy.org)" "-"
116.252.21.156 - - [08/Jun/2022:09:38:43 +0800] "GET /forum.php?mod=attachment&aid=MjcyNnwzN2I4NjFjMXwxNjU0NjUyMjA0fDB8MTEy&nothumb=yes HTTP/1.1" 200 81422 "http://www.lszmn.org/forum.php?mod=viewthread&tid=112&extra=&ordertype=1" "Scrapy/1.7.3 (+https://scrapy.org)" "-"
180.212.93.69 - - [08/Jun/2022:09:38:43 +0800] "GET /forum.php?mod=attachment&aid=MjcyNXwwYWQ2N2Q2NXwxNjU0NjUyMjA0fDB8MTEy&nothumb=yes HTTP/1.1" 200 106923 "http://www.lszmn.org/forum.php?mod=viewthread&tid=112&extra=&ordertype=1" "Scrapy/1.7.3 (+https://scrapy.org)" "-"
144.255.19.95 - - [08/Jun/2022:09:38:44 +0800] "GET /forum.php?mod=attachment&aid=MjcyN3xjZjU3Y2QxYXwxNjU0NjUyMjA0fDB8MTEy&nothumb=yes HTTP/1.1" 200 99122 "http://www.lszmn.org/forum.php?mod=viewthread&tid=112&extra=&ordertype=1" "Scrapy/1.7.3 (+https://scrapy.org)" "-"
123.138.72.198 - - [08/Jun/2022:09:38:45 +0800] "GET /forum.php?mod=attachment&aid=MjcyNHxlMTczZmFmNHwxNjU0NjUyMjA0fDB8MTEy&nothumb=yes HTTP/1.1" 200 101515 "http://www.lszmn.org/forum.php?mod=viewthread&tid=112&extra=&ordertype=1" "Scrapy/1.7.3 (+https://scrapy.org)" "-"
180.212.93.69 - - [08/Jun/2022:09:38:45 +0800] "GET /forum.php?mod=attachment&aid=MjcyM3w5N2E1NzUyMXwxNjU0NjUyMjA0fDB8MTEy&nothumb=yes HTTP/1.1" 200 110800 "http://www.lszmn.org/forum.php?mod=viewthread&tid=112&extra=&ordertype=1" "Scrapy/1.7.3 (+https://scrapy.org)" "-"
1.85.216.169 - - [08/Jun/2022:09:38:46 +0800] "GET /forum.php?mod=attachment&aid=MzczfDg0ODUxMzRjfDE2NTQ2NTIyMDR8MHwxMTI%3D&nothumb=yes HTTP/1.1" 200 69933 "http://www.lszmn.org/forum.php?mod=viewthread&tid=112&extra=&ordertype=1" "Scrapy/1.7.3 (+https://scrapy.org)" "-"
113.206.134.253 - - [08/Jun/2022:09:38:47 +0800] "GET /forum.php?mod=viewthread&tid=112&extra=&ordertype=2 HTTP/1.1" 200 15800 "http://www.lszmn.org/forum.php?mod=viewthread&tid=112&extra=&ordertype=1" "Scrapy/1.7.3 (+https://scrapy.org)" "-"
66.249.70.42 - - [08/Jun/2022:09:38:47 +0800] "GET /forum.php?mod=viewthread&tid=1027&extra=&page=278871&mobile=no HTTP/1.1" 200 20189 "-" "Mozilla/5.0 (Linux; Android 6.0.1; Nexus 5X Build/MMB29P) AppleWebKit/537.36 (KHTML, like Gecko) Chrome/102.0.5005.61 Mobile Safari/537.36 (compatible; Googlebot/2.1; +http://www.google.com/bot.html)" "-"
122.96.28.116 - - [08/Jun/2022:09:38:47 +0800] "GET /forum.php?mod=viewthread&tid=9366 HTTP/1.1" 200 11782 "http://www.lszmn.org" "Scrapy/1.7.3 (+https://scrapy.org)" "-"
144.255.19.95 - - [08/Jun/2022:09:38:47 +0800] "GET /forum.php?mod=viewthread&tid=212 HTTP/1.1" 200 10892 "http://www.lszmn.org" "Scrapy/1.7.3 (+https://scrapy.org)" "-"
116.252.21.156 - - [08/Jun/2022:09:38:48 +0800] "GET /forum.php?mod=viewthread&tid=9368 HTTP/1.1" 200 12704 "http://www.lszmn.org" "Scrapy/1.7.3 (+https://scrapy.org)" "-"
113.206.134.253 - - [08/Jun/2022:09:38:48 +0800] "GET /forum.php?mod=viewthread&tid=6867 HTTP/1.1" 200 10568 "http://www.lszmn.org" "Scrapy/1.7.3 (+https://scrapy.org)" "-"
122.96.28.116 - - [08/Jun/2022:09:38:48 +0800] "GET /forum.php?mod=viewthread&tid=9389 HTTP/1.1" 200 10557 "http://www.lszmn.org" "Scrapy/1.7.3 (+https://scrapy.org)" "-"
122.96.28.116 - - [08/Jun/2022:09:38:48 +0800] "GET /forum.php?mod=viewthread&tid=9359 HTTP/1.1" 200 11419 "http://www.lszmn.org" "Scrapy/1.7.3 (+https://scrapy.org)" "-"
116.252.21.156 - - [08/Jun/2022:09:38:48 +0800] "GET /forum.php?mod=viewthread&tid=9357 HTTP/1.1" 200 14765 "http://www.lszmn.org" "Scrapy/1.7.3 (+https://scrapy.org)" "-"
1.85.216.169 - - [08/Jun/2022:09:38:49 +0800] "GET /forum.php?mod=viewthread&tid=9394 HTTP/1.1" 200 10026 "http://www.lszmn.org" "Scrapy/1.7.3 (+https://scrapy.org)" "-"
116.252.21.156 - - [08/Jun/2022:09:38:49 +0800] "GET /forum.php?mod=viewthread&tid=9351 HTTP/1.1" 200 12323 "http://www.lszmn.org" "Scrapy/1.7.3 (+https://scrapy.org)" "-"
144.255.19.95 - - [08/Jun/2022:09:38:49 +0800] "GET /forum.php?mod=viewthread&tid=9361 HTTP/1.1" 200 11588 "http://www.lszmn.org" "Scrapy/1.7.3 (+https://scrapy.org)" "-"
122.96.28.116 - - [08/Jun/2022:09:38:50 +0800] "GET /forum.php?mod=viewthread&tid=9393 HTTP/1.1" 200 11221 "http://www.lszmn.org" "Scrapy/1.7.3 (+https://scrapy.org)" "-"
1.85.216.169 - - [08/Jun/2022:09:38:50 +0800] "GET /connect.php?mod=login&op=init&referer=forum.php%3Fmod%3Dviewthread%26tid%3D9366&statfrom=login_simple HTTP/1.1" 302 5 "http://www.lszmn.org/forum.php?mod=viewthread&tid=9366" "Scrapy/1.7.3 (+https://scrapy.org)" "-"
113.206.134.253 - - [08/Jun/2022:09:38:50 +0800] "GET /forum.php?mod=viewthread&tid=9333 HTTP/1.1" 200 11655 "http://www.lszmn.org" "Scrapy/1.7.3 (+https://scrapy.org)" "-"
144.255.19.95 - - [08/Jun/2022:09:38:50 +0800] "GET /connect.php?mod=login&op=init&referer=forum.php%3Fmod%3Dviewthread%26tid%3D9389&statfrom=login HTTP/1.1" 302 5 "http://www.lszmn.org/forum.php?mod=viewthread&tid=9389" "Scrapy/1.7.3 (+https://scrapy.org)" "-"
1.85.216.169 - - [08/Jun/2022:09:38:50 +0800] "GET /home.php?mod=spacecp&ac=credit&op=rule&fid=17 HTTP/1.1" 200 4856 "http://www.lszmn.org/forum.php?mod=viewthread&tid=9389" "Scrapy/1.7.3 (+https://scrapy.org)" "-"
180.212.93.69 - - [08/Jun/2022:09:38:50 +0800] "GET /forum.php?mod=viewthread&tid=9339 HTTP/1.1" 200 15114 "http://www.lszmn.org" "Scrapy/1.7.3 (+https://scrapy.org)" "-"
122.96.28.116 - - [08/Jun/2022:09:38:50 +0800] "GET /forum.php?mod=viewthread&tid=9345 HTTP/1.1" 200 11393 "http://www.lszmn.org" "Scrapy/1.7.3 (+https://scrapy.org)" "-"
123.138.72.198 - - [08/Jun/2022:09:38:50 +0800] "GET /connect.php?mod=login&op=init&referer=forum.php%3Fmod%3Dviewthread%26tid%3D9357&statfrom=login_simple HTTP/1.1" 302 5 "http://www.lszmn.org/forum.php?mod=viewthread&tid=9357" "Scrapy/1.7.3 (+https://scrapy.org)" "-"
122.96.28.116 - - [08/Jun/2022:09:38:50 +0800] "GET /home.php?mod=spacecp&ac=favorite&type=thread&id=9359 HTTP/1.1" 200 4871 "http://www.lszmn.org/forum.php?mod=viewthread&tid=9359" "Scrapy/1.7.3 (+https://scrapy.org)" "-"
144.255.19.95 - - [08/Jun/2022:09:38:50 +0800] "GET /home.php?mod=spacecp&ac=follow&op=relay&tid=9359&from=forum HTTP/1.1" 200 4884 "http://www.lszmn.org/forum.php?mod=viewthread&tid=9359" "Scrapy/1.7.3 (+https://scrapy.org)" "-"
116.252.21.156 - - [08/Jun/2022:09:38:51 +0800] "GET /forum.php?mod=post&action=reply&fid=17&tid=9389 HTTP/1.1" 200 4967 "http://www.lszmn.org/forum.php?mod=viewthread&tid=9389" "Scrapy/1.7.3 (+https://scrapy.org)" "-"
1.85.216.169 - - [08/Jun/2022:09:38:51 +0800] "GET /forum.php?mod=post&action=reply&fid=20&tid=9359&extra=&page=1 HTTP/1.1" 200 4998 "http://www.lszmn.org/forum.php?mod=viewthread&tid=9359" "Scrapy/1.7.3 (+https://scrapy.org)" "-"
144.255.19.95 - - [08/Jun/2022:09:38:51 +0800] "GET /forum.php?mod=redirect&goto=nextnewset&tid=6867 HTTP/1.1" 302 5 "http://www.lszmn.org/forum.php?mod=viewthread&tid=6867" "Scrapy/1.7.3 (+https://scrapy.org)" "-"
116.252.21.156 - - [08/Jun/2022:09:38:51 +0800] "GET /forum.php?mod=post&action=reply&fid=17&tid=6867&extra=&page=1 HTTP/1.1" 200 4993 "http://www.lszmn.org/forum.php?mod=viewthread&tid=6867" "Scrapy/1.7.3 (+https://scrapy.org)" "-"
113.206.134.253 - - [08/Jun/2022:09:38:51 +0800] "GET /home.php?mod=spacecp&ac=share&type=thread&id=6867 HTTP/1.1" 200 4866 "http://www.lszmn.org/forum.php?mod=viewthread&tid=6867" "Scrapy/1.7.3 (+https://scrapy.org)" "-"
123.138.72.198 - - [08/Jun/2022:09:38:51 +0800] "GET /home.php?mod=spacecp&ac=follow&op=relay&tid=6867&from=forum HTTP/1.1" 200 4882 "http://www.lszmn.org/forum.php?mod=viewthread&tid=6867" "Scrapy/1.7.3 (+https://scrapy.org)" "-"
122.96.28.116 - - [08/Jun/2022:09:38:51 +0800] "GET /forum.php?mod=redirect&goto=nextoldset&tid=6867 HTTP/1.1" 302 5 "http://www.lszmn.org/forum.php?mod=viewthread&tid=6867" "Scrapy/1.7.3 (+https://scrapy.org)" "-"
1.85.216.169 - - [08/Jun/2022:09:38:51 +0800] "GET /forum.php?mod=viewthread&tid=6867&page=2 HTTP/1.1" 200 4989 "http://www.lszmn.org/forum.php?mod=viewthread&tid=6867" "Scrapy/1.7.3 (+https://scrapy.org)" "-"
123.158.49.39 - - [08/Jun/2022:09:38:52 +0800] "GET /forum.php?mod=attachment&aid=MjczMXwyZWIxNmJjYXwxNjU0NjUyMjA0fDB8MTEy&nothumb=yes HTTP/1.1" 200 59835 "http://www.lszmn.org/forum.php?mod=viewthread&tid=112&extra=&ordertype=1" "Scrapy/1.7.3 (+https://scrapy.org)" "-"
1.85.216.169 - - [08/Jun/2022:09:38:52 +0800] "GET /forum.php?mod=post&action=reply&fid=5&tid=9361&extra=&page=1 HTTP/1.1" 200 4986 "http://www.lszmn.org/forum.php?mod=viewthread&tid=9361" "Scrapy/1.7.3 (+https://scrapy.org)" "-"
122.96.28.116 - - [08/Jun/2022:09:38:52 +0800] "GET /forum.php?mod=viewthread&tid=6787 HTTP/1.1" 200 11957 "http://www.lszmn.org/forum.php?mod=viewthread&tid=6867" "Scrapy/1.7.3 (+https://scrapy.org)" "-"
1.85.216.169 - - [08/Jun/2022:09:38:53 +0800] "GET /forum.php?mod=redirect&goto=nextnewset&tid=9361 HTTP/1.1" 302 5 "http://www.lszmn.org/forum.php?mod=viewthread&tid=9361" "Scrapy/1.7.3 (+https://scrapy.org)" "-"
122.96.28.116 - - [08/Jun/2022:09:38:53 +0800] "GET /forum.php?mod=redirect&goto=nextoldset&tid=9361 HTTP/1.1" 302 5 "http://www.lszmn.org/forum.php?mod=viewthread&tid=9361" "Scrapy/1.7.3 (+https://scrapy.org)" "-"
142.44.203.5 - - [08/Jun/2022:09:38:54 +0800] "GET /home.php?mod=space&uid=22887&do=profile HTTP/1.1" 200 4744 "http://www.lszmn.org/" "Mozilla/5.0 (Macintosh; Intel Mac OS X 10_13_2) AppleWebKit/537.36 (KHTML, like Gecko) Chrome/66.0.3359.181 Safari/537.36" "-"
1.85.216.169 - - [08/Jun/2022:09:38:54 +0800] "GET /forum.php?mod=viewthread&tid=111 HTTP/1.1" 200 11226 "http://www.lszmn.org/forum.php?mod=viewthread&tid=6867" "Scrapy/1.7.3 (+https://scrapy.org)" "-"
122.96.28.116 - - [08/Jun/2022:09:38:54 +0800] "GET /forum.php?mod=attachment&aid=Mjk4OXw3ODViZTY4M3wxNjU0NjUyMzMwfDB8OTMzOQ%3D%3D&nothumb=yes HTTP/1.1" 200 131177 "http://www.lszmn.org/forum.php?mod=viewthread&tid=9339" "Scrapy/1.7.3 (+https://scrapy.org)" "-"
1.85.216.169 - - [08/Jun/2022:09:38:56 +0800] "GET /forum.php?mod=attachment&aid=MzAwOHw5ODQ5NDZkNnwxNjU0NjUyMzMwfDB8OTMzOQ%3D%3D&nothumb=yes HTTP/1.1" 200 81537 "http://www.lszmn.org/forum.php?mod=viewthread&tid=9339" "Scrapy/1.7.3 (+https://scrapy.org)" "-"
123.158.49.39 - - [08/Jun/2022:09:38:57 +0800] "GET /forum.php?mod=attachment&aid=MzAwN3w4N2Y1NWZmMHwxNjU0NjUyMzMwfDB8OTMzOQ%3D%3D&nothumb=yes HTTP/1.1" 200 50164 "http://www.lszmn.org/forum.php?mod=viewthread&tid=9339" "Scrapy/1.7.3 (+https://scrapy.org)" "-"
142.44.203.5 - - [08/Jun/2022:09:38:59 +0800] "GET /member.php?mod=register HTTP/1.1" 302 5 "http://www.lszmn.org/" "Mozilla/5.0 (Macintosh; Intel Mac OS X 10_13_2) AppleWebKit/537.36 (KHTML, like Gecko) Chrome/66.0.3359.181 Safari/537.36" "-"
122.96.28.116 - - [08/Jun/2022:09:38:59 +0800] "GET /forum.php?mod=post&action=reply&fid=17&tid=6867&extra=&page= HTTP/1.1" 200 4990 "http://www.lszmn.org/forum.php?mod=viewthread&tid=6867&page=2" "Scrapy/1.7.3 (+https://scrapy.org)" "-"
142.44.203.5 - - [08/Jun/2022:09:38:59 +0800] "GET /connect.php?mod=login&op=init&referer=forum.php&statfrom=login_simple HTTP/1.1" 302 5 "http://www.lszmn.org/member.php?mod=register" "Mozilla/5.0 (Macintosh; Intel Mac OS X 10_13_2) AppleWebKit/537.36 (KHTML, like Gecko) Chrome/66.0.3359.181 Safari/537.36" "-"
122.96.28.116 - - [08/Jun/2022:09:38:59 +0800] "GET /connect.php?mod=login&op=init&referer=forum.php%3Fmod%3Dviewthread%26tid%3D6867%26page%3D2&statfrom=login_simple HTTP/1.1" 302 5 "http://www.lszmn.org/forum.php?mod=viewthread&tid=6867&page=2" "Scrapy/1.7.3 (+https://scrapy.org)" "-"
122.96.28.116 - - [08/Jun/2022:09:39:00 +0800] "GET /forum.php?mod=viewthread&tid=9393 HTTP/1.1" 200 11212 "http://www.lszmn.org/forum.php?mod=viewthread&tid=9361" "Scrapy/1.7.3 (+https://scrapy.org)" "-"
122.96.28.116 - - [08/Jun/2022:09:39:00 +0800] "GET /forum.php?mod=viewthread&tid=9351 HTTP/1.1" 200 12326 "http://www.lszmn.org/forum.php?mod=viewthread&tid=9361" "Scrapy/1.7.3 (+https://scrapy.org)" "-"
123.158.49.39 - - [08/Jun/2022:09:39:00 +0800] "GET /connect.php?mod=login&op=init&referer=forum.php%3Fmod%3Dviewthread%26tid%3D6787&statfrom=login_simple HTTP/1.1" 302 5 "http://www.lszmn.org/forum.php?mod=viewthread&tid=6787" "Scrapy/1.7.3 (+https://scrapy.org)" "-"
123.158.49.39 - - [08/Jun/2022:09:39:01 +0800] "GET /forum.php?mod=post&action=reply&fid=17&tid=6787&extra=&page=1 HTTP/1.1" 200 4994 "http://www.lszmn.org/forum.php?mod=viewthread&tid=6787" "Scrapy/1.7.3 (+https://scrapy.org)" "-"
