113.206.196.249 - - [08/Jun/2022:09:20:36 +0800] "GET /connect.php?mod=login&op=init&referer=forum.php%3Fmod%3Dviewthread%26tid%3D243%26page%3D1&statfrom=login HTTP/1.1" 302 5 "http://www.lszmn.org/forum.php?mod=viewthread&tid=243&page=1" "Scrapy/1.7.3 (+https://scrapy.org)" "-"
150.255.181.175 - - [08/Jun/2022:09:20:37 +0800] "GET /forum.php?mod=viewthread&tid=243&extra=&ordertype=2 HTTP/1.1" 200 9970 "http://www.lszmn.org/forum.php?mod=viewthread&tid=243&extra=&ordertype=1" "Scrapy/1.7.3 (+https://scrapy.org)" "-"
144.255.16.185 - - [08/Jun/2022:09:20:37 +0800] "GET /connect.php?mod=login&op=init&referer=forum.php%3Fmod%3Dviewthread%26tid%3D243%26extra%3D%26ordertype%3D1&statfrom=login_simple HTTP/1.1" 302 5 "http://www.lszmn.org/forum.php?mod=viewthread&tid=243&extra=&ordertype=1" "Scrapy/1.7.3 (+https://scrapy.org)" "-"
144.255.18.204 - - [08/Jun/2022:09:20:37 +0800] "GET /forum.php?mod=redirect&goto=nextnewset&tid=60 HTTP/1.1" 302 5 "http://www.lszmn.org/forum.php?mod=viewthread&tid=60" "Scrapy/1.7.3 (+https://scrapy.org)" "-"
113.206.133.123 - - [08/Jun/2022:09:20:37 +0800] "GET /forum.php?mod=redirect&goto=nextoldset&tid=60 HTTP/1.1" 302 5 "http://www.lszmn.org/forum.php?mod=viewthread&tid=60" "Scrapy/1.7.3 (+https://scrapy.org)" "-"
113.206.196.249 - - [08/Jun/2022:09:20:37 +0800] "GET /forum.php?mod=post&action=reply&fid=11&tid=49&extra=&page=1 HTTP/1.1" 200 4991 "http://www.lszmn.org/forum.php?mod=viewthread&tid=49" "Scrapy/1.7.3 (+https://scrapy.org)" "-"
150.255.181.175 - - [08/Jun/2022:09:20:37 +0800] "GET /forum.php?mod=redirect&goto=nextnewset&tid=49 HTTP/1.1" 302 5 "http://www.lszmn.org/forum.php?mod=viewthread&tid=49" "Scrapy/1.7.3 (+https://scrapy.org)" "-"
144.255.16.185 - - [08/Jun/2022:09:20:37 +0800] "GET /forum.php?mod=post&action=reply&fid=11&tid=64&extra=&page=1 HTTP/1.1" 200 4990 "http://www.lszmn.org/forum.php?mod=viewthread&tid=64" "Scrapy/1.7.3 (+https://scrapy.org)" "-"
61.181.2.18 - - [08/Jun/2022:09:20:37 +0800] "GET /forum.php?mod=viewthread&tid=57 HTTP/1.1" 200 13343 "http://www.lszmn.org/forum.php?mod=viewthread&tid=60" "Scrapy/1.7.3 (+https://scrapy.org)" "-"
144.255.18.204 - - [08/Jun/2022:09:20:37 +0800] "GET /forum.php?mod=viewthread&tid=62 HTTP/1.1" 200 11380 "http://www.lszmn.org/forum.php?mod=viewthread&tid=60" "Scrapy/1.7.3 (+https://scrapy.org)" "-"
113.206.133.123 - - [08/Jun/2022:09:20:37 +0800] "GET /forum.php?mod=redirect&goto=nextnewset&tid=64 HTTP/1.1" 302 5 "http://www.lszmn.org/forum.php?mod=viewthread&tid=64" "Scrapy/1.7.3 (+https://scrapy.org)" "-"
58.247.216.198 - - [08/Jun/2022:09:20:38 +0800] "GET /forum.php?mod=redirect&goto=nextoldset&tid=61 HTTP/1.1" 302 5 "http://www.lszmn.org/forum.php?mod=viewthread&tid=61" "Scrapy/1.7.3 (+https://scrapy.org)" "-"
150.255.181.175 - - [08/Jun/2022:09:20:38 +0800] "GET /connect.php?mod=login&op=init&referer=forum.php%3Fmod%3Dpost%26action%3Dreply%26fid%3D11%26tid%3D60%26extra%3D%26page%3D1&statfrom=login_simple HTTP/1.1" 302 5 "http://www.lszmn.org/forum.php?mod=post&action=reply&fid=11&tid=60&extra=&page=1" "Scrapy/1.7.3 (+https://scrapy.org)" "-"
113.206.133.123 - - [08/Jun/2022:09:20:38 +0800] "GET /forum.php?mod=viewthread&tid=43 HTTP/1.1" 200 10812 "http://www.lszmn.org/forum.php?mod=viewthread&tid=49" "Scrapy/1.7.3 (+https://scrapy.org)" "-"
144.255.16.185 - - [08/Jun/2022:09:20:38 +0800] "GET /forum.php?mod=post&action=reply&fid=11&tid=61 HTTP/1.1" 200 4961 "http://www.lszmn.org/forum.php?mod=viewthread&tid=61" "Scrapy/1.7.3 (+https://scrapy.org)" "-"
113.206.196.249 - - [08/Jun/2022:09:20:38 +0800] "GET /connect.php?mod=login&op=init&referer=forum.php%3Fmod%3Dviewthread%26tid%3D61&statfrom=login HTTP/1.1" 302 5 "http://www.lszmn.org/forum.php?mod=viewthread&tid=61" "Scrapy/1.7.3 (+https://scrapy.org)" "-"
58.247.216.198 - - [08/Jun/2022:09:20:38 +0800] "GET /forum.php?mod=post&action=reply&fid=11&tid=61&reppost=66&extra=&page=1 HTTP/1.1" 200 5013 "http://www.lszmn.org/forum.php?mod=viewthread&tid=61" "Scrapy/1.7.3 (+https://scrapy.org)" "-"
119.60.104.120 - - [08/Jun/2022:09:20:38 +0800] "GET /forum.php?mod=attachment&aid=MjY0OHwwNzFlMjZlOHwxNjU0NjUxMjM1fDB8NjQ%3D&nothumb=yes HTTP/1.1" 200 225454 "http://www.lszmn.org/forum.php?mod=viewthread&tid=64" "Scrapy/1.7.3 (+https://scrapy.org)" "-"
144.255.18.204 - - [08/Jun/2022:09:20:38 +0800] "GET /connect.php?mod=login&op=init&referer=forum.php%3Fmod%3Dpost%26action%3Dreply%26fid%3D11%26tid%3D49%26extra%3D%26page%3D1&statfrom=login_simple HTTP/1.1" 302 5 "http://www.lszmn.org/forum.php?mod=post&action=reply&fid=11&tid=49&extra=&page=1" "Scrapy/1.7.3 (+https://scrapy.org)" "-"
150.255.181.175 - - [08/Jun/2022:09:20:38 +0800] "GET /home.php?mod=spacecp&ac=share&type=thread&id=61 HTTP/1.1" 200 4859 "http://www.lszmn.org/forum.php?mod=viewthread&tid=61" "Scrapy/1.7.3 (+https://scrapy.org)" "-"
144.255.16.185 - - [08/Jun/2022:09:20:38 +0800] "GET /forum.php?mod=viewthread&tid=48 HTTP/1.1" 200 13560 "http://www.lszmn.org/forum.php?mod=viewthread&tid=64" "Scrapy/1.7.3 (+https://scrapy.org)" "-"
113.206.133.123 - - [08/Jun/2022:09:20:39 +0800] "GET /connect.php?mod=login&op=init&referer=forum.php%3Fmod%3Dpost%26action%3Dreply%26fid%3D11%26tid%3D64%26extra%3D%26page%3D1&statfrom=login_simple HTTP/1.1" 302 5 "http://www.lszmn.org/forum.php?mod=post&action=reply&fid=11&tid=64&extra=&page=1" "Scrapy/1.7.3 (+https://scrapy.org)" "-"
113.206.196.249 - - [08/Jun/2022:09:20:39 +0800] "GET /home.php?mod=spacecp&ac=follow&op=relay&tid=61&from=forum HTTP/1.1" 200 4879 "http://www.lszmn.org/forum.php?mod=viewthread&tid=61" "Scrapy/1.7.3 (+https://scrapy.org)" "-"
58.247.216.198 - - [08/Jun/2022:09:20:39 +0800] "GET /forum.php?mod=viewthread&tid=62 HTTP/1.1" 200 11380 "http://www.lszmn.org/forum.php?mod=viewthread&tid=61" "Scrapy/1.7.3 (+https://scrapy.org)" "-"
150.255.181.175 - - [08/Jun/2022:09:20:39 +0800] "GET /home.php?mod=spacecp&ac=favorite&type=thread&id=61 HTTP/1.1" 200 4866 "http://www.lszmn.org/forum.php?mod=viewthread&tid=61" "Scrapy/1.7.3 (+https://scrapy.org)" "-"
144.255.16.185 - - [08/Jun/2022:09:20:39 +0800] "GET /forum.php?mod=post&action=reply&fid=11&tid=62&extra=&page=1 HTTP/1.1" 200 4992 "http://www.lszmn.org/forum.php?mod=viewthread&tid=62" "Scrapy/1.7.3 (+https://scrapy.org)" "-"
144.255.18.204 - - [08/Jun/2022:09:20:39 +0800] "GET /forum.php?mod=viewthread&tid=62 HTTP/1.1" 200 11380 "http://www.lszmn.org/forum.php?mod=viewthread&tid=62" "Scrapy/1.7.3 (+https://scrapy.org)" "-"
58.247.216.198 - - [08/Jun/2022:09:20:39 +0800] "GET /forum.php?mod=post&action=reply&fid=11&tid=43 HTTP/1.1" 200 4962 "http://www.lszmn.org/forum.php?mod=viewthread&tid=43" "Scrapy/1.7.3 (+https://scrapy.org)" "-"
113.206.133.123 - - [08/Jun/2022:09:20:39 +0800] "GET /forum.php?mod=misc&action=postreview&do=against&tid=43&pid=5441357&hash=df2537e5 HTTP/1.1" 200 5022 "http://www.lszmn.org/forum.php?mod=viewthread&tid=43" "Scrapy/1.7.3 (+https://scrapy.org)" "-"
113.206.196.249 - - [08/Jun/2022:09:20:39 +0800] "GET /forum.php?mod=misc&action=postreview&do=support&tid=43&pid=5441357&hash=df2537e5 HTTP/1.1" 200 5021 "http://www.lszmn.org/forum.php?mod=viewthread&tid=43" "Scrapy/1.7.3 (+https://scrapy.org)" "-"
150.255.181.175 - - [08/Jun/2022:09:20:39 +0800] "GET /forum.php?mod=viewthread&tid=48&page=2 HTTP/1.1" 200 4979 "http://www.lszmn.org/forum.php?mod=viewthread&tid=48" "Scrapy/1.7.3 (+https://scrapy.org)" "-"
61.181.2.18 - - [08/Jun/2022:09:20:39 +0800] "GET /forum.php?mod=viewthread&tid=48 HTTP/1.1" 200 13556 "http://www.lszmn.org/forum.php?mod=viewthread&tid=48" "Scrapy/1.7.3 (+https://scrapy.org)" "-"
113.206.133.123 - - [08/Jun/2022:09:20:40 +0800] "GET /forum.php?mod=viewthread&tid=48&extra=&page=2 HTTP/1.1" 200 4992 "http://www.lszmn.org/forum.php?mod=viewthread&tid=48" "Scrapy/1.7.3 (+https://scrapy.org)" "-"
58.247.216.198 - - [08/Jun/2022:09:20:40 +0800] "GET /forum.php?mod=post&action=reply&fid=11&tid=48&extra=&page=1 HTTP/1.1" 200 4992 "http://www.lszmn.org/forum.php?mod=viewthread&tid=48" "Scrapy/1.7.3 (+https://scrapy.org)" "-"
144.255.16.185 - - [08/Jun/2022:09:20:40 +0800] "GET /forum.php?mod=redirect&goto=nextnewset&tid=48 HTTP/1.1" 302 5 "http://www.lszmn.org/forum.php?mod=viewthread&tid=48" "Scrapy/1.7.3 (+https://scrapy.org)" "-"
113.206.196.249 - - [08/Jun/2022:09:20:40 +0800] "GET /connect.php?mod=login&op=init&referer=home.php%3Fmod%3Dspacecp%26ac%3Dfollow%26op%3Drelay%26tid%3D61%26from%3Dforum&statfrom=login_simple HTTP/1.1" 302 5 "http://www.lszmn.org/home.php?mod=spacecp&ac=follow&op=relay&tid=61&from=forum" "Scrapy/1.7.3 (+https://scrapy.org)" "-"
150.255.181.175 - - [08/Jun/2022:09:20:40 +0800] "GET /forum.php?mod=redirect&goto=nextoldset&tid=48 HTTP/1.1" 302 5 "http://www.lszmn.org/forum.php?mod=viewthread&tid=48" "Scrapy/1.7.3 (+https://scrapy.org)" "-"
58.247.216.198 - - [08/Jun/2022:09:20:40 +0800] "GET /connect.php?mod=login&op=init&referer=home.php%3Fmod%3Dspacecp%26ac%3Dfavorite%26type%3Dthread%26id%3D61&statfrom=login_simple HTTP/1.1" 302 5 "http://www.lszmn.org/home.php?mod=spacecp&ac=favorite&type=thread&id=61" "Scrapy/1.7.3 (+https://scrapy.org)" "-"
113.206.133.123 - - [08/Jun/2022:09:20:40 +0800] "GET /connect.php?mod=login&op=init&referer=forum.php%3Fmod%3Dviewthread%26tid%3D48&statfrom=login HTTP/1.1" 302 5 "http://www.lszmn.org/forum.php?mod=viewthread&tid=48" "Scrapy/1.7.3 (+https://scrapy.org)" "-"
113.206.196.249 - - [08/Jun/2022:09:20:40 +0800] "GET /forum.php?mod=post&action=reply&fid=11&tid=48&reppost=53&extra=&page=1 HTTP/1.1" 200 5015 "http://www.lszmn.org/forum.php?mod=viewthread&tid=48" "Scrapy/1.7.3 (+https://scrapy.org)" "-"
119.60.104.120 - - [08/Jun/2022:09:20:40 +0800] "GET /forum.php?mod=post&action=reply&fid=11&tid=48 HTTP/1.1" 200 4959 "http://www.lszmn.org/forum.php?mod=viewthread&tid=48" "Scrapy/1.7.3 (+https://scrapy.org)" "-"
150.255.181.175 - - [08/Jun/2022:09:20:40 +0800] "GET /home.php?mod=spacecp&ac=share&type=thread&id=48 HTTP/1.1" 200 4859 "http://www.lszmn.org/forum.php?mod=viewthread&tid=48" "Scrapy/1.7.3 (+https://scrapy.org)" "-"
58.247.216.198 - - [08/Jun/2022:09:20:41 +0800] "GET /home.php?mod=spacecp&ac=follow&op=relay&tid=48&from=forum HTTP/1.1" 200 4880 "http://www.lszmn.org/forum.php?mod=viewthread&tid=48" "Scrapy/1.7.3 (+https://scrapy.org)" "-"
144.255.16.185 - - [08/Jun/2022:09:20:41 +0800] "GET /home.php?mod=spacecp&ac=favorite&type=thread&id=48 HTTP/1.1" 200 4865 "http://www.lszmn.org/forum.php?mod=viewthread&tid=48" "Scrapy/1.7.3 (+https://scrapy.org)" "-"
119.60.104.120 - - [08/Jun/2022:09:20:41 +0800] "GET /home.php?mod=spacecp&ac=plugin&id=qqconnect:spacecp&pluginop=share&sh_type=4&thread_id=48 HTTP/1.1" 200 4941 "http://www.lszmn.org/forum.php?mod=viewthread&tid=48" "Scrapy/1.7.3 (+https://scrapy.org)" "-"
150.255.181.175 - - [08/Jun/2022:09:20:41 +0800] "GET /forum.php?mod=viewthread&tid=64 HTTP/1.1" 200 10416 "http://www.lszmn.org/forum.php?mod=viewthread&tid=48" "Scrapy/1.7.3 (+https://scrapy.org)" "-"
61.181.2.18 - - [08/Jun/2022:09:20:41 +0800] "GET /forum.php?mod=viewthread&tid=6653 HTTP/1.1" 200 10739 "http://www.lszmn.org/forum.php?mod=viewthread&tid=48" "Scrapy/1.7.3 (+https://scrapy.org)" "-"
119.60.104.120 - - [08/Jun/2022:09:20:41 +0800] "GET /forum.php?mod=viewthread&tid=48&page=1&authorid=2 HTTP/1.1" 200 13379 "http://www.lszmn.org/forum.php?mod=viewthread&tid=48" "Scrapy/1.7.3 (+https://scrapy.org)" "-"
58.247.216.198 - - [08/Jun/2022:09:20:41 +0800] "GET /forum.php?mod=viewthread&tid=48&extra=&ordertype=1 HTTP/1.1" 200 13487 "http://www.lszmn.org/forum.php?mod=viewthread&tid=48" "Scrapy/1.7.3 (+https://scrapy.org)" "-"
150.255.181.175 - - [08/Jun/2022:09:20:41 +0800] "GET /connect.php?mod=login&op=init&referer=forum.php%3Fmod%3Dviewthread%26tid%3D48&statfrom=login_simple HTTP/1.1" 302 5 "http://www.lszmn.org/forum.php?mod=viewthread&tid=48" "Scrapy/1.7.3 (+https://scrapy.org)" "-"
144.255.16.185 - - [08/Jun/2022:09:20:42 +0800] "GET /connect.php?mod=login&op=init&referer=home.php%3Fmod%3Dspacecp%26ac%3Dshare%26type%3Dthread%26id%3D61&statfrom=login_simple HTTP/1.1" 302 5 "http://www.lszmn.org/home.php?mod=spacecp&ac=share&type=thread&id=61" "Scrapy/1.7.3 (+https://scrapy.org)" "-"
113.206.196.249 - - [08/Jun/2022:09:20:42 +0800] "GET /forum.php?mod=redirect&goto=nextnewset&tid=43 HTTP/1.1" 302 5 "http://www.lszmn.org/forum.php?mod=viewthread&tid=43" "Scrapy/1.7.3 (+https://scrapy.org)" "-"
113.206.133.123 - - [08/Jun/2022:09:20:42 +0800] "GET /forum.php?mod=post&action=reply&fid=11&tid=43&extra=&page=1 HTTP/1.1" 200 4992 "http://www.lszmn.org/forum.php?mod=viewthread&tid=43" "Scrapy/1.7.3 (+https://scrapy.org)" "-"
150.255.181.175 - - [08/Jun/2022:09:20:42 +0800] "GET /forum.php?mod=redirect&goto=nextoldset&tid=43 HTTP/1.1" 302 5 "http://www.lszmn.org/forum.php?mod=viewthread&tid=43" "Scrapy/1.7.3 (+https://scrapy.org)" "-"
119.60.104.120 - - [08/Jun/2022:09:20:42 +0800] "GET /connect.php?mod=login&op=init&referer=forum.php%3Fmod%3Dviewthread%26tid%3D43&statfrom=login HTTP/1.1" 302 5 "http://www.lszmn.org/forum.php?mod=viewthread&tid=43" "Scrapy/1.7.3 (+https://scrapy.org)" "-"
58.247.216.198 - - [08/Jun/2022:09:20:42 +0800] "GET /forum.php?mod=post&action=reply&fid=11&tid=43&repquote=5441357&extra=&page=1 HTTP/1.1" 200 5030 "http://www.lszmn.org/forum.php?mod=viewthread&tid=43" "Scrapy/1.7.3 (+https://scrapy.org)" "-"
119.60.104.120 - - [08/Jun/2022:09:20:42 +0800] "GET /forum.php?mod=viewthread&tid=43&page=1&authorid=9462 HTTP/1.1" 200 8540 "http://www.lszmn.org/forum.php?mod=viewthread&tid=43" "Scrapy/1.7.3 (+https://scrapy.org)" "-"
150.255.181.175 - - [08/Jun/2022:09:20:42 +0800] "GET /forum.php?mod=redirect&goto=findpost&ptid=43&pid=5441357 HTTP/1.1" 301 5 "http://www.lszmn.org/forum.php?mod=viewthread&tid=43" "Scrapy/1.7.3 (+https://scrapy.org)" "-"
113.206.196.249 - - [08/Jun/2022:09:20:42 +0800] "GET /forum.php?mod=post&action=reply&fid=11&tid=43&reppost=48&extra=&page=1 HTTP/1.1" 200 5013 "http://www.lszmn.org/forum.php?mod=viewthread&tid=43" "Scrapy/1.7.3 (+https://scrapy.org)" "-"
144.255.16.185 - - [08/Jun/2022:09:20:43 +0800] "GET /home.php?mod=spacecp&ac=share&type=thread&id=43 HTTP/1.1" 200 4859 "http://www.lszmn.org/forum.php?mod=viewthread&tid=43" "Scrapy/1.7.3 (+https://scrapy.org)" "-"
58.247.216.198 - - [08/Jun/2022:09:20:43 +0800] "GET /forum.php?mod=viewthread&tid=49 HTTP/1.1" 200 12502 "http://www.lszmn.org/forum.php?mod=viewthread&tid=43" "Scrapy/1.7.3 (+https://scrapy.org)" "-"
113.206.133.123 - - [08/Jun/2022:09:20:43 +0800] "GET /forum.php?mod=viewthread&tid=51 HTTP/1.1" 200 9903 "http://www.lszmn.org/forum.php?mod=viewthread&tid=43" "Scrapy/1.7.3 (+https://scrapy.org)" "-"
58.247.216.198 - - [08/Jun/2022:09:20:43 +0800] "GET /home.php?mod=spacecp&ac=plugin&id=qqconnect:spacecp&pluginop=share&sh_type=4&thread_id=43 HTTP/1.1" 200 4942 "http://www.lszmn.org/forum.php?mod=viewthread&tid=43" "Scrapy/1.7.3 (+https://scrapy.org)" "-"
119.60.104.120 - - [08/Jun/2022:09:20:43 +0800] "GET /home.php?mod=spacecp&ac=follow&op=relay&tid=43&from=forum HTTP/1.1" 200 4879 "http://www.lszmn.org/forum.php?mod=viewthread&tid=43" "Scrapy/1.7.3 (+https://scrapy.org)" "-"
113.206.196.249 - - [08/Jun/2022:09:20:43 +0800] "GET /home.php?mod=spacecp&ac=favorite&type=thread&id=43 HTTP/1.1" 200 4865 "http://www.lszmn.org/forum.php?mod=viewthread&tid=43" "Scrapy/1.7.3 (+https://scrapy.org)" "-"
113.206.196.249 - - [08/Jun/2022:09:20:43 +0800] "GET /connect.php?mod=login&op=init&referer=forum.php%3Fmod%3Dviewthread%26tid%3D43&statfrom=login_simple HTTP/1.1" 302 5 "http://www.lszmn.org/forum.php?mod=viewthread&tid=43" "Scrapy/1.7.3 (+https://scrapy.org)" "-"
61.181.2.18 - - [08/Jun/2022:09:20:43 +0800] "GET /forum.php?mod=viewthread&tid=43&extra=&ordertype=1 HTTP/1.1" 200 10738 "http://www.lszmn.org/forum.php?mod=viewthread&tid=43" "Scrapy/1.7.3 (+https://scrapy.org)" "-"
58.247.216.198 - - [08/Jun/2022:09:20:43 +0800] "GET /forum.php?mod=viewthread&tid=43&page=1 HTTP/1.1" 200 10823 "http://www.lszmn.org/forum.php?mod=viewthread&tid=43" "Scrapy/1.7.3 (+https://scrapy.org)" "-"
113.206.133.123 - - [08/Jun/2022:09:20:43 +0800] "GET /forum.php?mod=viewthread&tid=43&page=1&authorid=2 HTTP/1.1" 200 10320 "http://www.lszmn.org/forum.php?mod=viewthread&tid=43" "Scrapy/1.7.3 (+https://scrapy.org)" "-"
58.247.216.198 - - [08/Jun/2022:09:20:44 +0800] "GET /connect.php?mod=login&op=init&referer=forum.php%3Fmod%3Dpost%26action%3Dreply%26fid%3D11%26tid%3D61%26reppost%3D66%26extra%3D%26page%3D1&statfrom=login_simple HTTP/1.1" 302 5 "http://www.lszmn.org/forum.php?mod=post&action=reply&fid=11&tid=61&reppost=66&extra=&page=1" "Scrapy/1.7.3 (+https://scrapy.org)" "-"
144.255.16.185 - - [08/Jun/2022:09:20:44 +0800] "GET /connect.php?mod=login&op=init&referer=forum.php%3Fmod%3Dpost%26action%3Dreply%26fid%3D11%26tid%3D61&statfrom=login_simple HTTP/1.1" 302 5 "http://www.lszmn.org/forum.php?mod=post&action=reply&fid=11&tid=61" "Scrapy/1.7.3 (+https://scrapy.org)" "-"
119.60.104.120 - - [08/Jun/2022:09:20:44 +0800] "GET /forum.php?mod=viewthread&tid=43 HTTP/1.1" 200 10812 "http://www.lszmn.org/forum.php?mod=viewthread&tid=43" "Scrapy/1.7.3 (+https://scrapy.org)" "-"
113.206.196.249 - - [08/Jun/2022:09:20:44 +0800] "GET /forum.php?mod=redirect&goto=nextnewset&tid=62 HTTP/1.1" 302 5 "http://www.lszmn.org/forum.php?mod=viewthread&tid=62" "Scrapy/1.7.3 (+https://scrapy.org)" "-"
58.247.216.198 - - [08/Jun/2022:09:20:44 +0800] "GET /forum.php?mod=redirect&goto=nextoldset&tid=62 HTTP/1.1" 302 5 "http://www.lszmn.org/forum.php?mod=viewthread&tid=62" "Scrapy/1.7.3 (+https://scrapy.org)" "-"
113.206.133.123 - - [08/Jun/2022:09:20:44 +0800] "GET /connect.php?mod=login&op=init&referer=forum.php%3Fmod%3Dviewthread%26tid%3D62&statfrom=login HTTP/1.1" 302 5 "http://www.lszmn.org/forum.php?mod=viewthread&tid=62" "Scrapy/1.7.3 (+https://scrapy.org)" "-"
119.60.104.120 - - [08/Jun/2022:09:20:44 +0800] "GET /forum.php?mod=post&action=reply&fid=11&tid=62 HTTP/1.1" 200 4961 "http://www.lszmn.org/forum.php?mod=viewthread&tid=62" "Scrapy/1.7.3 (+https://scrapy.org)" "-"
58.247.216.198 - - [08/Jun/2022:09:20:44 +0800] "GET /forum.php?mod=post&action=reply&fid=11&tid=62&reppost=67&extra=&page=1 HTTP/1.1" 200 5013 "http://www.lszmn.org/forum.php?mod=viewthread&tid=62" "Scrapy/1.7.3 (+https://scrapy.org)" "-"
119.60.104.120 - - [08/Jun/2022:09:20:45 +0800] "GET /home.php?mod=spacecp&ac=share&type=thread&id=62 HTTP/1.1" 200 4860 "http://www.lszmn.org/forum.php?mod=viewthread&tid=62" "Scrapy/1.7.3 (+https://scrapy.org)" "-"
58.247.216.198 - - [08/Jun/2022:09:20:45 +0800] "GET /home.php?mod=spacecp&ac=follow&op=relay&tid=62&from=forum HTTP/1.1" 200 4879 "http://www.lszmn.org/forum.php?mod=viewthread&tid=62" "Scrapy/1.7.3 (+https://scrapy.org)" "-"
113.206.196.249 - - [08/Jun/2022:09:20:45 +0800] "GET /home.php?mod=spacecp&ac=favorite&type=thread&id=62 HTTP/1.1" 200 4865 "http://www.lszmn.org/forum.php?mod=viewthread&tid=62" "Scrapy/1.7.3 (+https://scrapy.org)" "-"
58.247.216.198 - - [08/Jun/2022:09:20:45 +0800] "GET /home.php?mod=spacecp&ac=plugin&id=qqconnect:spacecp&pluginop=share&sh_type=4&thread_id=62 HTTP/1.1" 200 4942 "http://www.lszmn.org/forum.php?mod=viewthread&tid=62" "Scrapy/1.7.3 (+https://scrapy.org)" "-"
144.255.16.185 - - [08/Jun/2022:09:20:45 +0800] "GET /forum.php?mod=viewthread&tid=62&extra=&ordertype=1 HTTP/1.1" 200 11302 "http://www.lszmn.org/forum.php?mod=viewthread&tid=62" "Scrapy/1.7.3 (+https://scrapy.org)" "-"
58.247.216.198 - - [08/Jun/2022:09:20:45 +0800] "GET /connect.php?mod=login&op=init&referer=forum.php%3Fmod%3Dviewthread%26tid%3D62&statfrom=login_simple HTTP/1.1" 302 5 "http://www.lszmn.org/forum.php?mod=viewthread&tid=62" "Scrapy/1.7.3 (+https://scrapy.org)" "-"
113.206.133.123 - - [08/Jun/2022:09:20:45 +0800] "GET /forum.php?mod=viewthread&tid=60 HTTP/1.1" 200 12031 "http://www.lszmn.org/forum.php?mod=viewthread&tid=62" "Scrapy/1.7.3 (+https://scrapy.org)" "-"
119.60.104.120 - - [08/Jun/2022:09:20:45 +0800] "GET /forum.php?mod=viewthread&tid=62&page=1&authorid=2 HTTP/1.1" 200 11422 "http://www.lszmn.org/forum.php?mod=viewthread&tid=62" "Scrapy/1.7.3 (+https://scrapy.org)" "-"
113.206.196.249 - - [08/Jun/2022:09:20:45 +0800] "GET /forum.php?mod=viewthread&tid=61 HTTP/1.1" 200 11374 "http://www.lszmn.org/forum.php?mod=viewthread&tid=62" "Scrapy/1.7.3 (+https://scrapy.org)" "-"
58.247.216.198 - - [08/Jun/2022:09:20:45 +0800] "GET /home.php?mod=spacecp&ac=plugin&id=qqconnect:spacecp&pluginop=share&sh_type=4&thread_id=61 HTTP/1.1" 200 4942 "http://www.lszmn.org/forum.php?mod=viewthread&tid=61" "Scrapy/1.7.3 (+https://scrapy.org)" "-"
113.206.133.123 - - [08/Jun/2022:09:20:46 +0800] "GET /forum.php?mod=attachment&aid=NjV8N2UwOGQwYjV8MTY1NDY1MTE2MnwwfDYx&nothumb=yes HTTP/1.1" 200 26159 "http://www.lszmn.org/forum.php?mod=viewthread&tid=61" "Scrapy/1.7.3 (+https://scrapy.org)" "-"
58.247.216.198 - - [08/Jun/2022:09:20:46 +0800] "GET /forum.php?mod=viewthread&tid=61&extra=&ordertype=1 HTTP/1.1" 200 11309 "http://www.lszmn.org/forum.php?mod=viewthread&tid=61" "Scrapy/1.7.3 (+https://scrapy.org)" "-"
119.60.104.120 - - [08/Jun/2022:09:20:46 +0800] "GET /forum.php?mod=attachment&aid=NjR8YmQyMjFkOTR8MTY1NDY1MTE2MnwwfDYx&nothumb=yes HTTP/1.1" 200 45877 "http://www.lszmn.org/forum.php?mod=viewthread&tid=61" "Scrapy/1.7.3 (+https://scrapy.org)" "-"
113.206.196.249 - - [08/Jun/2022:09:20:46 +0800] "GET /forum.php?mod=viewthread&tid=61&from=album HTTP/1.1" 200 8108 "http://www.lszmn.org/forum.php?mod=viewthread&tid=61" "Scrapy/1.7.3 (+https://scrapy.org)" "-"
58.247.216.198 - - [08/Jun/2022:09:20:46 +0800] "GET /connect.php?mod=login&op=init&referer=forum.php%3Fmod%3Dviewthread%26tid%3D60&statfrom=login HTTP/1.1" 302 5 "http://www.lszmn.org/forum.php?mod=viewthread&tid=60" "Scrapy/1.7.3 (+https://scrapy.org)" "-"
113.206.133.123 - - [08/Jun/2022:09:20:46 +0800] "GET /forum.php?mod=viewthread&tid=61&page=1&authorid=2 HTTP/1.1" 200 11418 "http://www.lszmn.org/forum.php?mod=viewthread&tid=61" "Scrapy/1.7.3 (+https://scrapy.org)" "-"
61.181.2.18 - - [08/Jun/2022:09:20:47 +0800] "GET /forum.php?mod=post&action=reply&fid=11&tid=60 HTTP/1.1" 200 4961 "http://www.lszmn.org/forum.php?mod=viewthread&tid=60" "Scrapy/1.7.3 (+https://scrapy.org)" "-"
58.247.216.198 - - [08/Jun/2022:09:20:47 +0800] "GET /connect.php?mod=login&op=init&referer=home.php%3Fmod%3Dspacecp%26ac%3Dplugin%26id%3Dqqconnect%3Aspacecp%26pluginop%3Dshare%26sh_type%3D4%26thread_id%3D61&statfrom=login_simple HTTP/1.1" 302 5 "http://www.lszmn.org/home.php?mod=spacecp&ac=plugin&id=qqconnect:spacecp&pluginop=share&sh_type=4&thread_id=61" "Scrapy/1.7.3 (+https://scrapy.org)" "-"
119.60.104.120 - - [08/Jun/2022:09:20:47 +0800] "GET /forum.php?mod=misc&action=postreview&do=against&tid=60&pid=135184&hash=df2537e5 HTTP/1.1" 200 5018 "http://www.lszmn.org/forum.php?mod=viewthread&tid=60" "Scrapy/1.7.3 (+https://scrapy.org)" "-"
58.247.216.198 - - [08/Jun/2022:09:20:47 +0800] "GET /forum.php?mod=misc&action=postreview&do=support&tid=60&pid=135184&hash=df2537e5 HTTP/1.1" 200 5019 "http://www.lszmn.org/forum.php?mod=viewthread&tid=60" "Scrapy/1.7.3 (+https://scrapy.org)" "-"
113.206.196.249 - - [08/Jun/2022:09:20:47 +0800] "GET /forum.php?mod=post&action=reply&fid=11&tid=60&repquote=135184&extra=&page=1 HTTP/1.1" 200 5023 "http://www.lszmn.org/forum.php?mod=viewthread&tid=60" "Scrapy/1.7.3 (+https://scrapy.org)" "-"
113.206.133.123 - - [08/Jun/2022:09:20:47 +0800] "GET /connect.php?mod=login&op=init&referer=forum.php%3Fmod%3Dviewthread%26tid%3D61%26extra%3D%26ordertype%3D1&statfrom=login HTTP/1.1" 302 5 "http://www.lszmn.org/forum.php?mod=viewthread&tid=61&extra=&ordertype=1" "Scrapy/1.7.3 (+https://scrapy.org)" "-"
144.255.16.185 - - [08/Jun/2022:09:20:47 +0800] "GET /forum.php?mod=viewthread&tid=60&page=1&authorid=1 HTTP/1.1" 200 8559 "http://www.lszmn.org/forum.php?mod=viewthread&tid=60" "Scrapy/1.7.3 (+https://scrapy.org)" "-"
58.247.216.198 - - [08/Jun/2022:09:20:47 +0800] "GET /forum.php?mod=attachment&aid=NjV8NDZmZGZlZDl8MTY1NDY1MTI0NnwwfDYx&nothumb=yes HTTP/1.1" 200 26159 "http://www.lszmn.org/forum.php?mod=viewthread&tid=61&extra=&ordertype=1" "Scrapy/1.7.3 (+https://scrapy.org)" "-"
113.206.133.123 - - [08/Jun/2022:09:20:48 +0800] "GET /connect.php?mod=login&op=init&referer=forum.php%3Fmod%3Dviewthread%26tid%3D61%26extra%3D%26ordertype%3D1&statfrom=login_simple HTTP/1.1" 302 5 "http://www.lszmn.org/forum.php?mod=viewthread&tid=61&extra=&ordertype=1" "Scrapy/1.7.3 (+https://scrapy.org)" "-"
58.247.216.198 - - [08/Jun/2022:09:20:48 +0800] "GET /forum.php?mod=redirect&goto=findpost&ptid=60&pid=135184 HTTP/1.1" 301 5 "http://www.lszmn.org/forum.php?mod=viewthread&tid=60" "Scrapy/1.7.3 (+https://scrapy.org)" "-"
113.206.196.249 - - [08/Jun/2022:09:20:48 +0800] "GET /forum.php?mod=viewthread&tid=61&extra=&ordertype=2 HTTP/1.1" 200 11421 "http://www.lszmn.org/forum.php?mod=viewthread&tid=61&extra=&ordertype=1" "Scrapy/1.7.3 (+https://scrapy.org)" "-"
119.60.104.120 - - [08/Jun/2022:09:20:48 +0800] "GET /forum.php?mod=attachment&aid=NjR8NDk2ZDVlZDB8MTY1NDY1MTI0NnwwfDYx&nothumb=yes HTTP/1.1" 200 45877 "http://www.lszmn.org/forum.php?mod=viewthread&tid=61&extra=&ordertype=1" "Scrapy/1.7.3 (+https://scrapy.org)" "-"
144.255.16.185 - - [08/Jun/2022:09:20:48 +0800] "GET /home.php?mod=spacecp&ac=share&type=thread&id=60 HTTP/1.1" 200 4858 "http://www.lszmn.org/forum.php?mod=viewthread&tid=60" "Scrapy/1.7.3 (+https://scrapy.org)" "-"
61.181.2.18 - - [08/Jun/2022:09:20:48 +0800] "GET /forum.php?mod=post&action=reply&fid=11&tid=60&reppost=65&extra=&page=1 HTTP/1.1" 200 5012 "http://www.lszmn.org/forum.php?mod=viewthread&tid=60" "Scrapy/1.7.3 (+https://scrapy.org)" "-"
113.206.133.123 - - [08/Jun/2022:09:20:48 +0800] "GET /connect.php?mod=login&op=init&referer=forum.php%3Fmod%3Dviewthread%26tid%3D61%26from%3Dalbum&statfrom=login_simple HTTP/1.1" 302 5 "http://www.lszmn.org/forum.php?mod=viewthread&tid=61&from=album" "Scrapy/1.7.3 (+https://scrapy.org)" "-"
58.247.216.198 - - [08/Jun/2022:09:20:48 +0800] "GET /connect.php?mod=login&op=init&referer=forum.php%3Fmod%3Dmisc%26action%3Dpostreview%26do%3Dagainst%26tid%3D60%26pid%3D135184%26hash%3Ddf2537e5&statfrom=login_simple HTTP/1.1" 302 5 "http://www.lszmn.org/forum.php?mod=misc&action=postreview&do=against&tid=60&pid=135184&hash=df2537e5" "Scrapy/1.7.3 (+https://scrapy.org)" "-"
113.206.133.123 - - [08/Jun/2022:09:20:48 +0800] "GET /forum.php?mod=viewthread&tid=61&page=1 HTTP/1.1" 200 11387 "http://www.lszmn.org/forum.php?mod=viewthread&tid=61&page=1&authorid=2" "Scrapy/1.7.3 (+https://scrapy.org)" "-"
119.60.104.120 - - [08/Jun/2022:09:20:48 +0800] "GET /forum.php?mod=viewthread&tid=60&page=1 HTTP/1.1" 200 12042 "http://www.lszmn.org/forum.php?mod=viewthread&tid=60" "Scrapy/1.7.3 (+https://scrapy.org)" "-"
113.206.196.249 - - [08/Jun/2022:09:20:48 +0800] "GET /connect.php?mod=login&op=init&referer=forum.php%3Fmod%3Dviewthread%26tid%3D61%26page%3D1%26authorid%3D2&statfrom=login HTTP/1.1" 302 5 "http://www.lszmn.org/forum.php?mod=viewthread&tid=61&page=1&authorid=2" "Scrapy/1.7.3 (+https://scrapy.org)" "-"
142.44.203.5 - - [08/Jun/2022:09:20:48 +0800] "GET /home.php?mod=space&uid=22887&do=profile HTTP/1.1" 200 4744 "http://www.lszmn.org/" "Mozilla/5.0 (Macintosh; Intel Mac OS X 10_13_2) AppleWebKit/537.36 (KHTML, like Gecko) Chrome/66.0.3359.181 Safari/537.36" "-"
58.247.216.198 - - [08/Jun/2022:09:20:49 +0800] "GET /connect.php?mod=login&op=init&referer=forum.php%3Fmod%3Dpost%26action%3Dreply%26fid%3D11%26tid%3D60&statfrom=login_simple HTTP/1.1" 302 5 "http://www.lszmn.org/forum.php?mod=post&action=reply&fid=11&tid=60" "Scrapy/1.7.3 (+https://scrapy.org)" "-"
119.60.104.120 - - [08/Jun/2022:09:20:49 +0800] "GET /connect.php?mod=login&op=init&referer=forum.php%3Fmod%3Dviewthread%26tid%3D60%26page%3D1%26authorid%3D1&statfrom=login_simple HTTP/1.1" 302 5 "http://www.lszmn.org/forum.php?mod=viewthread&tid=60&page=1&authorid=1" "Scrapy/1.7.3 (+https://scrapy.org)" "-"
113.206.196.249 - - [08/Jun/2022:09:20:49 +0800] "GET /connect.php?mod=login&op=init&referer=forum.php%3Fmod%3Dviewthread%26tid%3D60%26page%3D1%26authorid%3D1&statfrom=login HTTP/1.1" 302 5 "http://www.lszmn.org/forum.php?mod=viewthread&tid=60&page=1&authorid=1" "Scrapy/1.7.3 (+https://scrapy.org)" "-"
123.158.61.18 - - [08/Jun/2022:09:20:49 +0800] "GET /connect.php?mod=login&op=init&referer=forum.php%3Fmod%3Dpost%26action%3Dreply%26fid%3D11%26tid%3D60%26repquote%3D135184%26extra%3D%26page%3D1&statfrom=login_simple HTTP/1.1" 302 5 "http://www.lszmn.org/forum.php?mod=post&action=reply&fid=11&tid=60&repquote=135184&extra=&page=1" "Scrapy/1.7.3 (+https://scrapy.org)" "-"
113.206.133.123 - - [08/Jun/2022:09:20:49 +0800] "GET /forum.php?mod=viewthread&tid=60&page=1 HTTP/1.1" 200 12039 "http://www.lszmn.org/forum.php?mod=viewthread&tid=60&page=1&authorid=1" "Scrapy/1.7.3 (+https://scrapy.org)" "-"
58.247.216.198 - - [08/Jun/2022:09:20:49 +0800] "GET /connect.php?mod=login&op=init&referer=forum.php%3Fmod%3Dmisc%26action%3Dpostreview%26do%3Dsupport%26tid%3D60%26pid%3D135184%26hash%3Ddf2537e5&statfrom=login_simple HTTP/1.1" 302 5 "http://www.lszmn.org/forum.php?mod=misc&action=postreview&do=support&tid=60&pid=135184&hash=df2537e5" "Scrapy/1.7.3 (+https://scrapy.org)" "-"
119.60.104.120 - - [08/Jun/2022:09:20:49 +0800] "GET /connect.php?mod=login&op=init&referer=forum.php%3Fmod%3Dviewthread%26tid%3D61%26page%3D1%26authorid%3D2&statfrom=login_simple HTTP/1.1" 302 5 "http://www.lszmn.org/forum.php?mod=viewthread&tid=61&page=1&authorid=2" "Scrapy/1.7.3 (+https://scrapy.org)" "-"
113.206.196.249 - - [08/Jun/2022:09:20:50 +0800] "GET /connect.php?mod=login&op=init&referer=forum.php%3Fmod%3Dviewthread%26tid%3D60%26page%3D1&statfrom=login_simple HTTP/1.1" 302 5 "http://www.lszmn.org/forum.php?mod=viewthread&tid=60&page=1" "Scrapy/1.7.3 (+https://scrapy.org)" "-"
123.158.61.18 - - [08/Jun/2022:09:20:50 +0800] "GET /connect.php?mod=login&op=init&referer=forum.php%3Fmod%3Dviewthread%26tid%3D60%26page%3D1&statfrom=login HTTP/1.1" 302 5 "http://www.lszmn.org/forum.php?mod=viewthread&tid=60&page=1" "Scrapy/1.7.3 (+https://scrapy.org)" "-"
58.247.216.198 - - [08/Jun/2022:09:20:50 +0800] "GET /forum.php?mod=post&action=reply&fid=11&tid=61&extra=&page=1&from=album HTTP/1.1" 200 5011 "http://www.lszmn.org/forum.php?mod=viewthread&tid=61&from=album" "Scrapy/1.7.3 (+https://scrapy.org)" "-"
119.60.104.120 - - [08/Jun/2022:09:20:50 +0800] "GET /connect.php?mod=login&op=init&referer=forum.php%3Fmod%3Dpost%26action%3Dreply%26fid%3D11%26tid%3D60%26reppost%3D65%26extra%3D%26page%3D1&statfrom=login_simple HTTP/1.1" 302 5 "http://www.lszmn.org/forum.php?mod=post&action=reply&fid=11&tid=60&reppost=65&extra=&page=1" "Scrapy/1.7.3 (+https://scrapy.org)" "-"
144.255.16.185 - - [08/Jun/2022:09:20:50 +0800] "GET /connect.php?mod=login&op=init&referer=home.php%3Fmod%3Dspacecp%26ac%3Dshare%26type%3Dthread%26id%3D60&statfrom=login_simple HTTP/1.1" 302 5 "http://www.lszmn.org/home.php?mod=spacecp&ac=share&type=thread&id=60" "Scrapy/1.7.3 (+https://scrapy.org)" "-"
113.206.196.249 - - [08/Jun/2022:09:20:51 +0800] "GET /home.php?mod=spacecp&ac=follow&op=relay&tid=60&from=forum HTTP/1.1" 200 4878 "http://www.lszmn.org/forum.php?mod=viewthread&tid=60" "Scrapy/1.7.3 (+https://scrapy.org)" "-"
113.206.133.123 - - [08/Jun/2022:09:20:51 +0800] "GET /home.php?mod=spacecp&ac=favorite&type=thread&id=60 HTTP/1.1" 200 4864 "http://www.lszmn.org/forum.php?mod=viewthread&tid=60" "Scrapy/1.7.3 (+https://scrapy.org)" "-"
61.181.2.18 - - [08/Jun/2022:09:20:51 +0800] "GET /forum.php?mod=attachment&aid=MjcyMnw0ZTc3ZDQ1NXwxNjU0NjUxMjQ4fDB8NjA%3D&nothumb=yes HTTP/1.1" 200 24018 "http://www.lszmn.org/forum.php?mod=viewthread&tid=60&page=1" "Scrapy/1.7.3 (+https://scrapy.org)" "-"
123.158.61.18 - - [08/Jun/2022:09:20:51 +0800] "GET /home.php?mod=spacecp&ac=plugin&id=qqconnect:spacecp&pluginop=share&sh_type=4&thread_id=60 HTTP/1.1" 200 4941 "http://www.lszmn.org/forum.php?mod=viewthread&tid=60" "Scrapy/1.7.3 (+https://scrapy.org)" "-"
58.247.216.198 - - [08/Jun/2022:09:20:52 +0800] "GET /forum.php?mod=attachment&aid=MjcyMnxmMDYzZWZkY3wxNjU0NjUxMTYyfDB8NjA%3D&nothumb=yes HTTP/1.1" 200 24018 "http://www.lszmn.org/forum.php?mod=viewthread&tid=60" "Scrapy/1.7.3 (+https://scrapy.org)" "-"
119.60.104.120 - - [08/Jun/2022:09:20:52 +0800] "GET /forum.php?mod=viewthread&tid=60&extra=&ordertype=1 HTTP/1.1" 200 11985 "http://www.lszmn.org/forum.php?mod=viewthread&tid=60" "Scrapy/1.7.3 (+https://scrapy.org)" "-"
113.206.196.249 - - [08/Jun/2022:09:20:52 +0800] "GET /connect.php?mod=login&op=init&referer=home.php%3Fmod%3Dspacecp%26ac%3Dfollow%26op%3Drelay%26tid%3D60%26from%3Dforum&statfrom=login_simple HTTP/1.1" 302 5 "http://www.lszmn.org/home.php?mod=spacecp&ac=follow&op=relay&tid=60&from=forum" "Scrapy/1.7.3 (+https://scrapy.org)" "-"
144.255.16.185 - - [08/Jun/2022:09:20:52 +0800] "GET /forum.php?mod=viewthread&tid=60&from=album HTTP/1.1" 200 8315 "http://www.lszmn.org/forum.php?mod=viewthread&tid=60" "Scrapy/1.7.3 (+https://scrapy.org)" "-"
123.158.61.18 - - [08/Jun/2022:09:20:52 +0800] "GET /forum.php?mod=viewthread&tid=60&page=1&authorid=2 HTTP/1.1" 200 11542 "http://www.lszmn.org/forum.php?mod=viewthread&tid=60" "Scrapy/1.7.3 (+https://scrapy.org)" "-"
58.247.216.198 - - [08/Jun/2022:09:20:52 +0800] "GET /forum.php?mod=redirect&goto=nextoldset&tid=49 HTTP/1.1" 302 5 "http://www.lszmn.org/forum.php?mod=viewthread&tid=49" "Scrapy/1.7.3 (+https://scrapy.org)" "-"
119.60.104.120 - - [08/Jun/2022:09:20:52 +0800] "GET /connect.php?mod=login&op=init&referer=forum.php%3Fmod%3Dviewthread%26tid%3D49&statfrom=login HTTP/1.1" 302 5 "http://www.lszmn.org/forum.php?mod=viewthread&tid=49" "Scrapy/1.7.3 (+https://scrapy.org)" "-"
113.206.133.123 - - [08/Jun/2022:09:20:52 +0800] "GET /forum.php?mod=post&action=reply&fid=11&tid=49 HTTP/1.1" 200 4961 "http://www.lszmn.org/forum.php?mod=viewthread&tid=49" "Scrapy/1.7.3 (+https://scrapy.org)" "-"
123.158.61.18 - - [08/Jun/2022:09:20:52 +0800] "GET /forum.php?mod=post&action=reply&fid=11&tid=49&reppost=54&extra=&page=1 HTTP/1.1" 200 5015 "http://www.lszmn.org/forum.php?mod=viewthread&tid=49" "Scrapy/1.7.3 (+https://scrapy.org)" "-"
58.247.216.198 - - [08/Jun/2022:09:20:53 +0800] "GET /home.php?mod=spacecp&ac=share&type=thread&id=49 HTTP/1.1" 200 4857 "http://www.lszmn.org/forum.php?mod=viewthread&tid=49" "Scrapy/1.7.3 (+https://scrapy.org)" "-"
119.60.104.120 - - [08/Jun/2022:09:20:53 +0800] "GET /connect.php?mod=login&op=init&referer=forum.php%3Fmod%3Dviewthread%26tid%3D60%26extra%3D%26ordertype%3D1&statfrom=login_simple HTTP/1.1" 302 5 "http://www.lszmn.org/forum.php?mod=viewthread&tid=60&extra=&ordertype=1" "Scrapy/1.7.3 (+https://scrapy.org)" "-"
113.206.196.249 - - [08/Jun/2022:09:20:53 +0800] "GET /connect.php?mod=login&op=init&referer=home.php%3Fmod%3Dspacecp%26ac%3Dplugin%26id%3Dqqconnect%3Aspacecp%26pluginop%3Dshare%26sh_type%3D4%26thread_id%3D60&statfrom=login_simple HTTP/1.1" 302 5 "http://www.lszmn.org/home.php?mod=spacecp&ac=plugin&id=qqconnect:spacecp&pluginop=share&sh_type=4&thread_id=60" "Scrapy/1.7.3 (+https://scrapy.org)" "-"
61.181.2.18 - - [08/Jun/2022:09:20:53 +0800] "GET /forum.php?mod=viewthread&tid=52 HTTP/1.1" 200 15301 "http://www.lszmn.org/forum.php?mod=viewthread&tid=49" "Scrapy/1.7.3 (+https://scrapy.org)" "-"
113.206.133.123 - - [08/Jun/2022:09:20:53 +0800] "GET /connect.php?mod=login&op=init&referer=home.php%3Fmod%3Dspacecp%26ac%3Dfavorite%26type%3Dthread%26id%3D60&statfrom=login_simple HTTP/1.1" 302 5 "http://www.lszmn.org/home.php?mod=spacecp&ac=favorite&type=thread&id=60" "Scrapy/1.7.3 (+https://scrapy.org)" "-"
58.247.216.198 - - [08/Jun/2022:09:20:53 +0800] "GET /connect.php?mod=login&op=init&referer=forum.php%3Fmod%3Dviewthread%26tid%3D60%26page%3D1%26authorid%3D2&statfrom=login_simple HTTP/1.1" 302 5 "http://www.lszmn.org/forum.php?mod=viewthread&tid=60&page=1&authorid=2" "Scrapy/1.7.3 (+https://scrapy.org)" "-"
123.158.61.18 - - [08/Jun/2022:09:20:53 +0800] "GET /connect.php?mod=login&op=init&referer=forum.php%3Fmod%3Dviewthread%26tid%3D60%26page%3D1%26authorid%3D2&statfrom=login HTTP/1.1" 302 5 "http://www.lszmn.org/forum.php?mod=viewthread&tid=60&page=1&authorid=2" "Scrapy/1.7.3 (+https://scrapy.org)" "-"
113.206.196.249 - - [08/Jun/2022:09:20:53 +0800] "GET /connect.php?mod=login&op=init&referer=forum.php%3Fmod%3Dviewthread%26tid%3D60%26extra%3D%26ordertype%3D1&statfrom=login HTTP/1.1" 302 5 "http://www.lszmn.org/forum.php?mod=viewthread&tid=60&extra=&ordertype=1" "Scrapy/1.7.3 (+https://scrapy.org)" "-"
144.255.16.185 - - [08/Jun/2022:09:20:53 +0800] "GET /forum.php?mod=viewthread&tid=60&extra=&ordertype=2 HTTP/1.1" 200 12079 "http://www.lszmn.org/forum.php?mod=viewthread&tid=60&extra=&ordertype=1" "Scrapy/1.7.3 (+https://scrapy.org)" "-"
119.60.104.120 - - [08/Jun/2022:09:20:54 +0800] "GET /forum.php?mod=attachment&aid=MjcyMnw1MWNjOTE4NnwxNjU0NjUxMjUyfDB8NjA%3D&nothumb=yes HTTP/1.1" 200 24018 "http://www.lszmn.org/forum.php?mod=viewthread&tid=60&extra=&ordertype=1" "Scrapy/1.7.3 (+https://scrapy.org)" "-"
142.44.203.5 - - [08/Jun/2022:09:20:54 +0800] "GET /member.php?mod=register HTTP/1.1" 302 5 "http://www.lszmn.org/" "Mozilla/5.0 (Macintosh; Intel Mac OS X 10_13_2) AppleWebKit/537.36 (KHTML, like Gecko) Chrome/66.0.3359.181 Safari/537.36" "-"
113.206.133.123 - - [08/Jun/2022:09:20:54 +0800] "GET /connect.php?mod=login&op=init&referer=forum.php%3Fmod%3Dpost%26action%3Dreply%26fid%3D11%26tid%3D49%26reppost%3D54%26extra%3D%26page%3D1&statfrom=login_simple HTTP/1.1" 302 5 "http://www.lszmn.org/forum.php?mod=post&action=reply&fid=11&tid=49&reppost=54&extra=&page=1" "Scrapy/1.7.3 (+https://scrapy.org)" "-"
58.247.216.198 - - [08/Jun/2022:09:20:54 +0800] "GET /connect.php?mod=login&op=init&referer=forum.php%3Fmod%3Dpost%26action%3Dreply%26fid%3D11%26tid%3D49&statfrom=login_simple HTTP/1.1" 302 5 "http://www.lszmn.org/forum.php?mod=post&action=reply&fid=11&tid=49" "Scrapy/1.7.3 (+https://scrapy.org)" "-"
123.158.61.18 - - [08/Jun/2022:09:20:54 +0800] "GET /connect.php?mod=login&op=init&referer=forum.php%3Fmod%3Dviewthread%26tid%3D60%26from%3Dalbum&statfrom=login_simple HTTP/1.1" 302 5 "http://www.lszmn.org/forum.php?mod=viewthread&tid=60&from=album" "Scrapy/1.7.3 (+https://scrapy.org)" "-"
142.44.203.5 - - [08/Jun/2022:09:20:54 +0800] "GET /connect.php?mod=login&op=init&referer=forum.php&statfrom=login_simple HTTP/1.1" 302 5 "http://www.lszmn.org/member.php?mod=register" "Mozilla/5.0 (Macintosh; Intel Mac OS X 10_13_2) AppleWebKit/537.36 (KHTML, like Gecko) Chrome/66.0.3359.181 Safari/537.36" "-"
113.206.196.249 - - [08/Jun/2022:09:20:54 +0800] "GET /forum.php?mod=post&action=reply&fid=11&tid=60&extra=&page=1&from=album HTTP/1.1" 200 5013 "http://www.lszmn.org/forum.php?mod=viewthread&tid=60&from=album" "Scrapy/1.7.3 (+https://scrapy.org)" "-"
119.60.104.120 - - [08/Jun/2022:09:20:54 +0800] "GET /connect.php?mod=login&op=init&referer=home.php%3Fmod%3Dspacecp%26ac%3Dshare%26type%3Dthread%26id%3D49&statfrom=login_simple HTTP/1.1" 302 5 "http://www.lszmn.org/home.php?mod=spacecp&ac=share&type=thread&id=49" "Scrapy/1.7.3 (+https://scrapy.org)" "-"
144.255.18.204 - - [08/Jun/2022:09:20:55 +0800] "GET /forum.php?mod=attachment&aid=MTAxM3xjZTE1OTFlY3wxNjU0NjUxMjM3fDB8NTc%3D&nothumb=yes HTTP/1.1" 200 417224 "http://www.lszmn.org/forum.php?mod=viewthread&tid=57" "Scrapy/1.7.3 (+https://scrapy.org)" "-"
113.206.133.123 - - [08/Jun/2022:09:20:55 +0800] "GET /home.php?mod=spacecp&ac=follow&op=relay&tid=49&from=forum HTTP/1.1" 200 4880 "http://www.lszmn.org/forum.php?mod=viewthread&tid=49" "Scrapy/1.7.3 (+https://scrapy.org)" "-"
58.247.216.198 - - [08/Jun/2022:09:20:55 +0800] "GET /home.php?mod=spacecp&ac=favorite&type=thread&id=49 HTTP/1.1" 200 4865 "http://www.lszmn.org/forum.php?mod=viewthread&tid=49" "Scrapy/1.7.3 (+https://scrapy.org)" "-"
123.158.61.18 - - [08/Jun/2022:09:20:55 +0800] "GET /home.php?mod=spacecp&ac=plugin&id=qqconnect:spacecp&pluginop=share&sh_type=4&thread_id=49 HTTP/1.1" 200 4942 "http://www.lszmn.org/forum.php?mod=viewthread&tid=49" "Scrapy/1.7.3 (+https://scrapy.org)" "-"
113.206.196.249 - - [08/Jun/2022:09:20:55 +0800] "GET /forum.php?mod=attachment&aid=NjJ8N2Q3OWMzZGJ8MTY1NDY1MTE2MnwwfDQ5&nothumb=yes HTTP/1.1" 200 29101 "http://www.lszmn.org/forum.php?mod=viewthread&tid=49" "Scrapy/1.7.3 (+https://scrapy.org)" "-"
58.247.216.198 - - [08/Jun/2022:09:20:56 +0800] "GET /forum.php?mod=viewthread&tid=49&from=album HTTP/1.1" 200 8024 "http://www.lszmn.org/forum.php?mod=viewthread&tid=49" "Scrapy/1.7.3 (+https://scrapy.org)" "-"
119.60.104.120 - - [08/Jun/2022:09:20:56 +0800] "GET /forum.php?mod=viewthread&tid=49&extra=&ordertype=1 HTTP/1.1" 200 12435 "http://www.lszmn.org/forum.php?mod=viewthread&tid=49" "Scrapy/1.7.3 (+https://scrapy.org)" "-"
113.206.133.123 - - [08/Jun/2022:09:20:56 +0800] "GET /forum.php?mod=redirect&goto=nextoldset&tid=64 HTTP/1.1" 302 5 "http://www.lszmn.org/forum.php?mod=viewthread&tid=64" "Scrapy/1.7.3 (+https://scrapy.org)" "-"
123.158.61.18 - - [08/Jun/2022:09:20:56 +0800] "GET /forum.php?mod=viewthread&tid=49&page=1&authorid=2 HTTP/1.1" 200 12543 "http://www.lszmn.org/forum.php?mod=viewthread&tid=49" "Scrapy/1.7.3 (+https://scrapy.org)" "-"
113.206.196.249 - - [08/Jun/2022:09:20:56 +0800] "GET /connect.php?mod=login&op=init&referer=home.php%3Fmod%3Dspacecp%26ac%3Dfavorite%26type%3Dthread%26id%3D49&statfrom=login_simple HTTP/1.1" 302 5 "http://www.lszmn.org/home.php?mod=spacecp&ac=favorite&type=thread&id=49" "Scrapy/1.7.3 (+https://scrapy.org)" "-"
58.247.216.198 - - [08/Jun/2022:09:20:56 +0800] "GET /connect.php?mod=login&op=init&referer=forum.php%3Fmod%3Dviewthread%26tid%3D64&statfrom=login HTTP/1.1" 302 5 "http://www.lszmn.org/forum.php?mod=viewthread&tid=64" "Scrapy/1.7.3 (+https://scrapy.org)" "-"
8.26.182.157 - - [08/Jun/2022:09:20:56 +0800] "GET http://www.lszmn.org/home.php?mod=space&uid=50473&do=profile HTTP/1.0" 200 12703 "http://www.lszmn.org/" "Mozilla/5.0 (Macintosh; Intel Mac OS X 10_12_6) AppleWebKit/537.36 (KHTML, like Gecko) Chrome/66.0.3359.81 Safari/537.36" "-"
113.206.133.123 - - [08/Jun/2022:09:20:56 +0800] "GET /connect.php?mod=login&op=init&referer=home.php%3Fmod%3Dspacecp%26ac%3Dplugin%26id%3Dqqconnect%3Aspacecp%26pluginop%3Dshare%26sh_type%3D4%26thread_id%3D49&statfrom=login_simple HTTP/1.1" 302 5 "http://www.lszmn.org/home.php?mod=spacecp&ac=plugin&id=qqconnect:spacecp&pluginop=share&sh_type=4&thread_id=49" "Scrapy/1.7.3 (+https://scrapy.org)" "-"
119.60.104.120 - - [08/Jun/2022:09:20:56 +0800] "GET /connect.php?mod=login&op=init&referer=home.php%3Fmod%3Dspacecp%26ac%3Dfollow%26op%3Drelay%26tid%3D49%26from%3Dforum&statfrom=login_simple HTTP/1.1" 302 5 "http://www.lszmn.org/home.php?mod=spacecp&ac=follow&op=relay&tid=49&from=forum" "Scrapy/1.7.3 (+https://scrapy.org)" "-"
58.247.216.198 - - [08/Jun/2022:09:20:56 +0800] "GET /forum.php?mod=post&action=reply&fid=11&tid=64 HTTP/1.1" 200 4960 "http://www.lszmn.org/forum.php?mod=viewthread&tid=64" "Scrapy/1.7.3 (+https://scrapy.org)" "-"
123.158.61.18 - - [08/Jun/2022:09:20:57 +0800] "GET /home.php?mod=spacecp&ac=share&type=thread&id=64 HTTP/1.1" 200 4858 "http://www.lszmn.org/forum.php?mod=viewthread&tid=64" "Scrapy/1.7.3 (+https://scrapy.org)" "-"
113.206.196.249 - - [08/Jun/2022:09:20:57 +0800] "GET /forum.php?mod=post&action=reply&fid=11&tid=64&reppost=69&extra=&page=1 HTTP/1.1" 200 5012 "http://www.lszmn.org/forum.php?mod=viewthread&tid=64" "Scrapy/1.7.3 (+https://scrapy.org)" "-"
58.247.216.198 - - [08/Jun/2022:09:20:57 +0800] "GET /forum.php?mod=viewthread&tid=61 HTTP/1.1" 200 11370 "http://www.lszmn.org/forum.php?mod=viewthread&tid=64" "Scrapy/1.7.3 (+https://scrapy.org)" "-"
61.181.2.18 - - [08/Jun/2022:09:20:57 +0800] "GET /home.php?mod=spacecp&ac=follow&op=relay&tid=64&from=forum HTTP/1.1" 200 4879 "http://www.lszmn.org/forum.php?mod=viewthread&tid=64" "Scrapy/1.7.3 (+https://scrapy.org)" "-"
123.158.61.18 - - [08/Jun/2022:09:20:57 +0800] "GET /connect.php?mod=login&op=init&referer=forum.php%3Fmod%3Dviewthread%26tid%3D49%26page%3D1%26authorid%3D2&statfrom=login_simple HTTP/1.1" 302 5 "http://www.lszmn.org/forum.php?mod=viewthread&tid=49&page=1&authorid=2" "Scrapy/1.7.3 (+https://scrapy.org)" "-"
144.255.16.185 - - [08/Jun/2022:09:20:57 +0800] "GET /forum.php?mod=attachment&aid=NjF8ZTg5ZGVjZjB8MTY1NDY1MTE2MnwwfDQ5&nothumb=yes HTTP/1.1" 200 43935 "http://www.lszmn.org/forum.php?mod=viewthread&tid=49" "Scrapy/1.7.3 (+https://scrapy.org)" "-"
119.60.104.120 - - [08/Jun/2022:09:20:57 +0800] "GET /connect.php?mod=login&op=init&referer=forum.php%3Fmod%3Dviewthread%26tid%3D49%26extra%3D%26ordertype%3D1&statfrom=login HTTP/1.1" 302 5 "http://www.lszmn.org/forum.php?mod=viewthread&tid=49&extra=&ordertype=1" "Scrapy/1.7.3 (+https://scrapy.org)" "-"
113.206.133.123 - - [08/Jun/2022:09:20:57 +0800] "GET /forum.php?mod=attachment&aid=NjJ8MmM1YjcyM2R8MTY1NDY1MTI1NnwwfDQ5&nothumb=yes HTTP/1.1" 200 29101 "http://www.lszmn.org/forum.php?mod=viewthread&tid=49&extra=&ordertype=1" "Scrapy/1.7.3 (+https://scrapy.org)" "-"
61.181.2.18 - - [08/Jun/2022:09:20:57 +0800] "GET /connect.php?mod=login&op=init&referer=forum.php%3Fmod%3Dviewthread%26tid%3D49%26page%3D1%26authorid%3D2&statfrom=login HTTP/1.1" 302 5 "http://www.lszmn.org/forum.php?mod=viewthread&tid=49&page=1&authorid=2" "Scrapy/1.7.3 (+https://scrapy.org)" "-"
58.247.216.198 - - [08/Jun/2022:09:20:57 +0800] "GET /forum.php?mod=attachment&aid=NjF8YjA3YWUxNmF8MTY1NDY1MTI1NnwwfDQ5&nothumb=yes HTTP/1.1" 200 43935 "http://www.lszmn.org/forum.php?mod=viewthread&tid=49&extra=&ordertype=1" "Scrapy/1.7.3 (+https://scrapy.org)" "-"
113.206.196.249 - - [08/Jun/2022:09:20:57 +0800] "GET /connect.php?mod=login&op=init&referer=forum.php%3Fmod%3Dpost%26action%3Dreply%26fid%3D11%26tid%3D64&statfrom=login_simple HTTP/1.1" 302 5 "http://www.lszmn.org/forum.php?mod=post&action=reply&fid=11&tid=64" "Scrapy/1.7.3 (+https://scrapy.org)" "-"
123.158.61.18 - - [08/Jun/2022:09:20:58 +0800] "GET /forum.php?mod=viewthread&tid=52 HTTP/1.1" 200 15305 "http://www.lszmn.org/forum.php?mod=viewthread&tid=52" "Scrapy/1.7.3 (+https://scrapy.org)" "-"
119.60.104.120 - - [08/Jun/2022:09:20:58 +0800] "GET /forum.php?mod=viewthread&tid=49&page=1 HTTP/1.1" 200 12515 "http://www.lszmn.org/forum.php?mod=viewthread&tid=49&page=1&authorid=2" "Scrapy/1.7.3 (+https://scrapy.org)" "-"
113.206.196.249 - - [08/Jun/2022:09:20:58 +0800] "GET /connect.php?mod=login&op=init&referer=forum.php%3Fmod%3Dpost%26action%3Dreply%26fid%3D11%26tid%3D64%26reppost%3D69%26extra%3D%26page%3D1&statfrom=login_simple HTTP/1.1" 302 5 "http://www.lszmn.org/forum.php?mod=post&action=reply&fid=11&tid=64&reppost=69&extra=&page=1" "Scrapy/1.7.3 (+https://scrapy.org)" "-"
58.247.216.198 - - [08/Jun/2022:09:20:58 +0800] "GET /connect.php?mod=login&op=init&referer=home.php%3Fmod%3Dspacecp%26ac%3Dfollow%26op%3Drelay%26tid%3D64%26from%3Dforum&statfrom=login_simple HTTP/1.1" 302 5 "http://www.lszmn.org/home.php?mod=spacecp&ac=follow&op=relay&tid=64&from=forum" "Scrapy/1.7.3 (+https://scrapy.org)" "-"
113.206.133.123 - - [08/Jun/2022:09:20:58 +0800] "GET /forum.php?mod=attachment&aid=NjR8YzhlNTQzNjR8MTY1NDY1MTI1N3wwfDYx&nothumb=yes HTTP/1.1" 200 45877 "http://www.lszmn.org/forum.php?mod=viewthread&tid=61" "Scrapy/1.7.3 (+https://scrapy.org)" "-"
123.158.61.18 - - [08/Jun/2022:09:20:58 +0800] "GET /forum.php?mod=post&action=reply&fid=11&tid=52&extra=&page=1 HTTP/1.1" 200 4991 "http://www.lszmn.org/forum.php?mod=viewthread&tid=52" "Scrapy/1.7.3 (+https://scrapy.org)" "-"
119.60.104.120 - - [08/Jun/2022:09:20:58 +0800] "GET /forum.php?mod=redirect&goto=nextnewset&tid=52 HTTP/1.1" 302 5 "http://www.lszmn.org/forum.php?mod=viewthread&tid=52" "Scrapy/1.7.3 (+https://scrapy.org)" "-"
61.181.2.18 - - [08/Jun/2022:09:20:59 +0800] "GET /forum.php?mod=attachment&aid=NjV8OGIzMjk2MmN8MTY1NDY1MTI1N3wwfDYx&nothumb=yes HTTP/1.1" 200 26159 "http://www.lszmn.org/forum.php?mod=viewthread&tid=61" "Scrapy/1.7.3 (+https://scrapy.org)" "-"
58.247.216.198 - - [08/Jun/2022:09:20:59 +0800] "GET /forum.php?mod=redirect&goto=nextoldset&tid=52 HTTP/1.1" 302 5 "http://www.lszmn.org/forum.php?mod=viewthread&tid=52" "Scrapy/1.7.3 (+https://scrapy.org)" "-"
123.158.61.18 - - [08/Jun/2022:09:20:59 +0800] "GET /connect.php?mod=login&op=init&referer=home.php%3Fmod%3Dspacecp%26ac%3Dshare%26type%3Dthread%26id%3D64&statfrom=login_simple HTTP/1.1" 302 5 "http://www.lszmn.org/home.php?mod=spacecp&ac=share&type=thread&id=64" "Scrapy/1.7.3 (+https://scrapy.org)" "-"
58.247.216.198 - - [08/Jun/2022:09:20:59 +0800] "GET /forum.php?mod=viewthread&tid=52&page=2 HTTP/1.1" 200 4977 "http://www.lszmn.org/forum.php?mod=viewthread&tid=52" "Scrapy/1.7.3 (+https://scrapy.org)" "-"
123.158.61.18 - - [08/Jun/2022:09:20:59 +0800] "GET /forum.php?mod=viewthread&tid=52&extra=&page=2 HTTP/1.1" 200 4990 "http://www.lszmn.org/forum.php?mod=viewthread&tid=52" "Scrapy/1.7.3 (+https://scrapy.org)" "-"
119.60.104.120 - - [08/Jun/2022:09:20:59 +0800] "GET /connect.php?mod=login&op=init&referer=forum.php%3Fmod%3Dviewthread%26tid%3D52&statfrom=login HTTP/1.1" 302 5 "http://www.lszmn.org/forum.php?mod=viewthread&tid=52" "Scrapy/1.7.3 (+https://scrapy.org)" "-"
58.247.216.198 - - [08/Jun/2022:09:20:59 +0800] "GET /forum.php?mod=post&action=reply&fid=11&tid=52 HTTP/1.1" 200 4960 "http://www.lszmn.org/forum.php?mod=viewthread&tid=52" "Scrapy/1.7.3 (+https://scrapy.org)" "-"
113.206.133.123 - - [08/Jun/2022:09:21:00 +0800] "GET /forum.php?mod=viewthread&tid=6724 HTTP/1.1" 200 10721 "http://www.lszmn.org/forum.php?mod=viewthread&tid=52" "Scrapy/1.7.3 (+https://scrapy.org)" "-"
58.247.216.198 - - [08/Jun/2022:09:21:00 +0800] "GET /home.php?mod=spacecp&ac=share&type=thread&id=52 HTTP/1.1" 200 4860 "http://www.lszmn.org/forum.php?mod=viewthread&tid=52" "Scrapy/1.7.3 (+https://scrapy.org)" "-"
119.60.104.120 - - [08/Jun/2022:09:21:00 +0800] "GET /forum.php?mod=post&action=reply&fid=11&tid=52&reppost=57&extra=&page=1 HTTP/1.1" 200 5013 "http://www.lszmn.org/forum.php?mod=viewthread&tid=52" "Scrapy/1.7.3 (+https://scrapy.org)" "-"
