172.245.242.223 - - [08/Jun/2022:09:28:40 +0800] "GET /forum.php?mod=viewthread&tid=1027&extra=&page=169809&mobile=no HTTP/1.1" 200 20911 "http://www.lszmn.org/" "Mozilla/5.0 (Macintosh; Intel Mac OS X 10_13_4) AppleWebKit/537.36 (KHTML, like Gecko) Chrome/59.0.3071.115 Safari/537.36,gzip(gfe)" "-"
36.32.3.245 - - [08/Jun/2022:09:28:40 +0800] "GET /forum.php?mod=attachment&aid=MzA3OXw4MzFmZDY0Y3wxNjU0NjUxNjM4fDB8OTM1MQ%3D%3D&nothumb=yes HTTP/1.1" 200 347544 "http://www.lszmn.org/forum.php?mod=viewthread&tid=9351&from=portal" "Scrapy/1.7.3 (+https://scrapy.org)" "-"
144.255.31.245 - - [08/Jun/2022:09:28:40 +0800] "GET /forum.php?mod=attachment&aid=MjAzNnw3ZDM2ODJjZXwxNjU0NjUxNjk0fDB8Njg0OQ%3D%3D&nothumb=yes HTTP/1.1" 200 370158 "http://www.lszmn.org/forum.php?mod=viewthread&tid=6849&page=1&authorid=1" "Scrapy/1.7.3 (+https://scrapy.org)" "-"
221.199.95.84 - - [08/Jun/2022:09:28:43 +0800] "GET /forum.php?mod=attachment&aid=MjAzOXwwNmQ2ZGY3NHwxNjU0NjUxNjk0fDB8Njg0OQ%3D%3D&nothumb=yes HTTP/1.1" 200 373386 "http://www.lszmn.org/forum.php?mod=viewthread&tid=6849&page=1&authorid=1" "Scrapy/1.7.3 (+https://scrapy.org)" "-"
175.152.28.87 - - [08/Jun/2022:09:28:43 +0800] "GET /forum.php?mod=attachment&aid=MzA3OHw0ZDUwNTA1YXwxNjU0NjUxNjM4fDB8OTM1MQ%3D%3D&nothumb=yes HTTP/1.1" 200 339352 "http://www.lszmn.org/forum.php?mod=viewthread&tid=9351&from=portal" "Scrapy/1.7.3 (+https://scrapy.org)" "-"
171.34.176.166 - - [08/Jun/2022:09:28:44 +0800] "GET /forum.php?mod=attachment&aid=MzA3N3w3ZjVkMmZhMnwxNjU0NjUxNjM4fDB8OTM1MQ%3D%3D&nothumb=yes HTTP/1.1" 200 282008 "http://www.lszmn.org/forum.php?mod=viewthread&tid=9351&from=portal" "Scrapy/1.7.3 (+https://scrapy.org)" "-"
110.177.177.129 - - [08/Jun/2022:09:28:45 +0800] "GET /forum.php?mod=attachment&aid=MjAzNXw2NmU3MzdmYXwxNjU0NjUxNjk0fDB8Njg0OQ%3D%3D&nothumb=yes HTTP/1.1" 200 349125 "http://www.lszmn.org/forum.php?mod=viewthread&tid=6849&page=1&authorid=1" "Scrapy/1.7.3 (+https://scrapy.org)" "-"
220.250.10.165 - - [08/Jun/2022:09:28:46 +0800] "GET /forum.php?mod=attachment&aid=MjAzOHxlOTRmNDRkN3wxNjU0NjUxNjk0fDB8Njg0OQ%3D%3D&nothumb=yes HTTP/1.1" 200 347544 "http://www.lszmn.org/forum.php?mod=viewthread&tid=6849&page=1&authorid=1" "Scrapy/1.7.3 (+https://scrapy.org)" "-"
144.255.19.40 - - [08/Jun/2022:09:28:46 +0800] "GET /forum.php?mod=attachment&aid=MjAzN3xkNTg5MTAwZHwxNjU0NjUxNjk0fDB8Njg0OQ%3D%3D&nothumb=yes HTTP/1.1" 200 216472 "http://www.lszmn.org/forum.php?mod=viewthread&tid=6849&page=1&authorid=1" "Scrapy/1.7.3 (+https://scrapy.org)" "-"
175.184.164.206 - - [08/Jun/2022:09:28:54 +0800] "GET /forum.php?mod=attachment&aid=MjAzNHw3OGQ5MmM5M3wxNjU0NjUxNjk0fDB8Njg0OQ%3D%3D&nothumb=yes HTTP/1.1" 200 369936 "http://www.lszmn.org/forum.php?mod=viewthread&tid=6849&page=1&authorid=1" "Scrapy/1.7.3 (+https://scrapy.org)" "-"
123.145.21.9 - - [08/Jun/2022:09:28:54 +0800] "GET /forum.php?mod=attachment&aid=MjAyOXxhNTBmYTkyM3wxNjU0NjUxNjk0fDB8Njg0OQ%3D%3D&nothumb=yes HTTP/1.1" 200 395772 "http://www.lszmn.org/forum.php?mod=viewthread&tid=6849&page=1&authorid=1" "Scrapy/1.7.3 (+https://scrapy.org)" "-"
185.191.171.33 - - [08/Jun/2022:09:28:56 +0800] "GET /forum.php?action=postreview&do=against&hash=8e0362a8&mod=misc&pid=7850&tid=224 HTTP/1.1" 200 4780 "-" "Mozilla/5.0 (compatible; SemrushBot/7~bl; +http://www.semrush.com/bot.html)" "-"
40.77.167.60 - - [08/Jun/2022:09:28:58 +0800] "GET /QQ%E6%B5%8F%E8%A7%88%E5%99%A8%E6%88%AA%E5%9B%BE20180519190405.png HTTP/1.1" 404 159 "-" "Mozilla/5.0 (compatible; bingbot/2.0; +http://www.bing.com/bingbot.htm)" "-"
121.56.26.212 - - [08/Jun/2022:09:28:58 +0800] "GET /forum.php?mod=attachment&aid=MjAzM3wxYTRhMDYyMnwxNjU0NjUxNjk0fDB8Njg0OQ%3D%3D&nothumb=yes HTTP/1.1" 200 379555 "http://www.lszmn.org/forum.php?mod=viewthread&tid=6849&page=1&authorid=1" "Scrapy/1.7.3 (+https://scrapy.org)" "-"
116.252.20.108 - - [08/Jun/2022:09:28:59 +0800] "GET /forum.php?mod=viewthread&tid=6849&page=1 HTTP/1.1" 200 12252 "http://www.lszmn.org/forum.php?mod=viewthread&tid=6849&page=1&authorid=1" "Scrapy/1.7.3 (+https://scrapy.org)" "-"
42.63.128.243 - - [08/Jun/2022:09:28:59 +0800] "GET /forum.php?mod=attachment&aid=MjAzMnw3YTM3NmU4NHwxNjU0NjUxNjk0fDB8Njg0OQ%3D%3D&nothumb=yes HTTP/1.1" 200 347544 "http://www.lszmn.org/forum.php?mod=viewthread&tid=6849&page=1&authorid=1" "Scrapy/1.7.3 (+https://scrapy.org)" "-"
171.116.144.35 - - [08/Jun/2022:09:29:00 +0800] "GET /forum.php?mod=attachment&aid=MjAzMHw1ZmJiM2MzZnwxNjU0NjUxNjk0fDB8Njg0OQ%3D%3D&nothumb=yes HTTP/1.1" 200 371321 "http://www.lszmn.org/forum.php?mod=viewthread&tid=6849&page=1&authorid=1" "Scrapy/1.7.3 (+https://scrapy.org)" "-"
36.248.88.24 - - [08/Jun/2022:09:29:00 +0800] "GET /forum.php?mod=attachment&aid=MjAzMXw3Nzg5YWY0ZXwxNjU0NjUxNjk0fDB8Njg0OQ%3D%3D&nothumb=yes HTTP/1.1" 200 216472 "http://www.lszmn.org/forum.php?mod=viewthread&tid=6849&page=1&authorid=1" "Scrapy/1.7.3 (+https://scrapy.org)" "-"
207.46.13.36 - - [08/Jun/2022:09:29:01 +0800] "GET /forum.php?mod=viewthread&tid=1038&extra=page%3D1&page=9 HTTP/1.1" 200 9774 "-" "Mozilla/5.0 (compatible; bingbot/2.0; +http://www.bing.com/bingbot.htm)" "-"
185.191.171.44 - - [08/Jun/2022:09:29:01 +0800] "GET /forum.php?action=postreview&do=against&hash=04bb9fe6&mod=misc&pid=102268&tid=271 HTTP/1.1" 200 4797 "-" "Mozilla/5.0 (compatible; SemrushBot/7~bl; +http://www.semrush.com/bot.html)" "-"
36.248.88.24 - - [08/Jun/2022:09:29:01 +0800] "GET /forum.php?mod=attachment&aid=MjAyOHw3MjdkZjA1M3wxNjU0NjUxNjk0fDB8Njg0OQ%3D%3D&nothumb=yes HTTP/1.1" 200 216472 "http://www.lszmn.org/forum.php?mod=viewthread&tid=6849&page=1&authorid=1" "Scrapy/1.7.3 (+https://scrapy.org)" "-"
27.227.187.156 - - [08/Jun/2022:09:29:05 +0800] "GET /forum.php?mod=attachment&aid=MjAyN3w2NWZmOTY2MHwxNjU0NjUxNjk0fDB8Njg0OQ%3D%3D&nothumb=yes HTTP/1.1" 200 343448 "http://www.lszmn.org/forum.php?mod=viewthread&tid=6849&page=1&authorid=1" "Scrapy/1.7.3 (+https://scrapy.org)" "-"
180.95.238.245 - - [08/Jun/2022:09:29:05 +0800] "GET /connect.php?mod=login&op=init&referer=forum.php%3Fmod%3Dviewthread%26tid%3D9351%26from%3Dportal&statfrom=login_simple HTTP/1.1" 302 5 "http://www.lszmn.org/forum.php?mod=viewthread&tid=9351&from=portal" "Scrapy/1.7.3 (+https://scrapy.org)" "-"
180.95.238.245 - - [08/Jun/2022:09:29:05 +0800] "GET /forum.php?mod=post&action=reply&fid=5&tid=9349&extra=&page=1&from=portal HTTP/1.1" 200 5006 "http://www.lszmn.org/forum.php?mod=viewthread&tid=9349&from=portal" "Scrapy/1.7.3 (+https://scrapy.org)" "-"
180.95.238.245 - - [08/Jun/2022:09:29:05 +0800] "GET /home.php?mod=spacecp&ac=favorite&type=thread&id=9349 HTTP/1.1" 200 4871 "http://www.lszmn.org/forum.php?mod=viewthread&tid=9349&from=portal" "Scrapy/1.7.3 (+https://scrapy.org)" "-"
180.95.238.245 - - [08/Jun/2022:09:29:06 +0800] "GET /home.php?mod=spacecp&ac=share&type=thread&id=9349 HTTP/1.1" 200 4865 "http://www.lszmn.org/forum.php?mod=viewthread&tid=9349&from=portal" "Scrapy/1.7.3 (+https://scrapy.org)" "-"
58.247.217.95 - - [08/Jun/2022:09:29:11 +0800] "GET /forum.php?mod=attachment&aid=MjAyNnw3ZDU5ZWE2NXwxNjU0NjUxNjk0fDB8Njg0OQ%3D%3D&nothumb=yes HTTP/1.1" 200 347544 "http://www.lszmn.org/forum.php?mod=viewthread&tid=6849&page=1&authorid=1" "Scrapy/1.7.3 (+https://scrapy.org)" "-"
123.145.21.9 - - [08/Jun/2022:09:29:13 +0800] "GET /forum.php?mod=attachment&aid=MjAyNXxlMzZkZmNkN3wxNjU0NjUxNjk0fDB8Njg0OQ%3D%3D&nothumb=yes HTTP/1.1" 200 343448 "http://www.lszmn.org/forum.php?mod=viewthread&tid=6849&page=1&authorid=1" "Scrapy/1.7.3 (+https://scrapy.org)" "-"
116.252.20.108 - - [08/Jun/2022:09:29:14 +0800] "GET /forum.php?mod=attachment&aid=MzA3NnxmZWFmODViMnwxNjU0NjUxNjM4fDB8OTM1MQ%3D%3D&nothumb=yes HTTP/1.1" 200 413080 "http://www.lszmn.org/forum.php?mod=viewthread&tid=9351&from=portal" "Scrapy/1.7.3 (+https://scrapy.org)" "-"
116.252.20.181 - - [08/Jun/2022:09:29:14 +0800] "GET /forum.php?mod=attachment&aid=MzA3NXw5ZTBlODdiOHwxNjU0NjUxNjM4fDB8OTM1MQ%3D%3D&nothumb=yes HTTP/1.1" 200 478616 "http://www.lszmn.org/forum.php?mod=viewthread&tid=9351&from=portal" "Scrapy/1.7.3 (+https://scrapy.org)" "-"
171.34.179.243 - - [08/Jun/2022:09:29:15 +0800] "GET /forum.php?mod=attachment&aid=MzA3NHxjODlhNzc3NnwxNjU0NjUxNjM4fDB8OTM1MQ%3D%3D&nothumb=yes HTTP/1.1" 200 417176 "http://www.lszmn.org/forum.php?mod=viewthread&tid=9351&from=portal" "Scrapy/1.7.3 (+https://scrapy.org)" "-"
112.80.139.150 - - [08/Jun/2022:09:29:16 +0800] "GET /connect.php?mod=login&op=init&referer=forum.php%3Fmod%3Dviewthread%26tid%3D9349%26from%3Dportal&statfrom=login_simple HTTP/1.1" 302 5 "http://www.lszmn.org/forum.php?mod=viewthread&tid=9349&from=portal" "Scrapy/1.7.3 (+https://scrapy.org)" "-"
112.80.139.150 - - [08/Jun/2022:09:29:16 +0800] "GET /connect.php?mod=login&op=init&referer=forum.php%3Fmod%3Dpost%26action%3Dreply%26fid%3D5%26tid%3D9349%26extra%3D%26page%3D1%26from%3Dportal&statfrom=login_simple HTTP/1.1" 302 5 "http://www.lszmn.org/forum.php?mod=post&action=reply&fid=5&tid=9349&extra=&page=1&from=portal" "Scrapy/1.7.3 (+https://scrapy.org)" "-"
112.80.139.150 - - [08/Jun/2022:09:29:16 +0800] "GET /connect.php?mod=login&op=init&referer=home.php%3Fmod%3Dspacecp%26ac%3Dfavorite%26type%3Dthread%26id%3D9349&statfrom=login_simple HTTP/1.1" 302 5 "http://www.lszmn.org/home.php?mod=spacecp&ac=favorite&type=thread&id=9349" "Scrapy/1.7.3 (+https://scrapy.org)" "-"
112.80.139.150 - - [08/Jun/2022:09:29:16 +0800] "GET /connect.php?mod=login&op=init&referer=home.php%3Fmod%3Dspacecp%26ac%3Dshare%26type%3Dthread%26id%3D9349&statfrom=login_simple HTTP/1.1" 302 5 "http://www.lszmn.org/home.php?mod=spacecp&ac=share&type=thread&id=9349" "Scrapy/1.7.3 (+https://scrapy.org)" "-"
180.95.231.45 - - [08/Jun/2022:09:29:16 +0800] "GET /forum.php?mod=attachment&aid=MzA3M3xjZmI3MTc2N3wxNjU0NjUxNjM4fDB8OTM1MQ%3D%3D&nothumb=yes HTTP/1.1" 200 277912 "http://www.lszmn.org/forum.php?mod=viewthread&tid=9351&from=portal" "Scrapy/1.7.3 (+https://scrapy.org)" "-"
112.80.139.150 - - [08/Jun/2022:09:29:16 +0800] "GET /home.php?mod=spacecp&ac=favorite&type=thread&id=9338 HTTP/1.1" 200 4870 "http://www.lszmn.org/forum.php?mod=viewthread&tid=9338&from=portal" "Scrapy/1.7.3 (+https://scrapy.org)" "-"
58.19.45.34 - - [08/Jun/2022:09:29:16 +0800] "GET /home.php?mod=spacecp&ac=share&type=thread&id=9338 HTTP/1.1" 200 4865 "http://www.lszmn.org/forum.php?mod=viewthread&tid=9338&from=portal" "Scrapy/1.7.3 (+https://scrapy.org)" "-"
171.36.142.68 - - [08/Jun/2022:09:29:17 +0800] "GET /forum.php?mod=attachment&aid=Mjk3OXxkNjdhMzQzNHwxNjU0NjUxNjM3fDB8OTMzOA%3D%3D&nothumb=yes HTTP/1.1" 200 92987 "http://www.lszmn.org/forum.php?mod=viewthread&tid=9338&from=portal" "Scrapy/1.7.3 (+https://scrapy.org)" "-"
58.19.45.34 - - [08/Jun/2022:09:29:17 +0800] "GET /forum.php?mod=attachment&aid=Mjk3OHw5MzM1NGViZXwxNjU0NjUxNjM3fDB8OTMzOA%3D%3D&nothumb=yes HTTP/1.1" 200 99639 "http://www.lszmn.org/forum.php?mod=viewthread&tid=9338&from=portal" "Scrapy/1.7.3 (+https://scrapy.org)" "-"
142.44.203.5 - - [08/Jun/2022:09:29:18 +0800] "GET /home.php?mod=space&uid=22887&do=profile HTTP/1.1" 200 4744 "http://www.lszmn.org/" "Mozilla/5.0 (Macintosh; Intel Mac OS X 10_13_2) AppleWebKit/537.36 (KHTML, like Gecko) Chrome/66.0.3359.181 Safari/537.36" "-"
112.80.139.150 - - [08/Jun/2022:09:29:18 +0800] "GET /forum.php?mod=attachment&aid=Mjk3N3w2OTM2MWNmYXwxNjU0NjUxNjM3fDB8OTMzOA%3D%3D&nothumb=yes HTTP/1.1" 200 72089 "http://www.lszmn.org/forum.php?mod=viewthread&tid=9338&from=portal" "Scrapy/1.7.3 (+https://scrapy.org)" "-"
112.80.139.150 - - [08/Jun/2022:09:29:21 +0800] "GET /forum.php?mod=attachment&aid=Mjk3NnxmMzBiYmJiOHwxNjU0NjUxNjM3fDB8OTMzOA%3D%3D&nothumb=yes HTTP/1.1" 200 93956 "http://www.lszmn.org/forum.php?mod=viewthread&tid=9338&from=portal" "Scrapy/1.7.3 (+https://scrapy.org)" "-"
180.95.238.245 - - [08/Jun/2022:09:29:21 +0800] "GET /forum.php?mod=attachment&aid=MzA3MXw1OTU5NDM5YnwxNjU0NjUxNjM4fDB8OTM0OQ%3D%3D&nothumb=yes HTTP/1.1" 200 478616 "http://www.lszmn.org/forum.php?mod=viewthread&tid=9349&from=portal" "Scrapy/1.7.3 (+https://scrapy.org)" "-"
171.36.142.68 - - [08/Jun/2022:09:29:21 +0800] "GET /connect.php?mod=login&op=init&referer=home.php%3Fmod%3Dspacecp%26ac%3Dshare%26type%3Dthread%26id%3D9338&statfrom=login_simple HTTP/1.1" 302 5 "http://www.lszmn.org/home.php?mod=spacecp&ac=share&type=thread&id=9338" "Scrapy/1.7.3 (+https://scrapy.org)" "-"
117.14.155.158 - - [08/Jun/2022:09:29:21 +0800] "GET /forum.php?mod=attachment&aid=Mjk3NXw2OTUzODJhN3wxNjU0NjUxNjM3fDB8OTMzOA%3D%3D&nothumb=yes HTTP/1.1" 200 79100 "http://www.lszmn.org/forum.php?mod=viewthread&tid=9338&from=portal" "Scrapy/1.7.3 (+https://scrapy.org)" "-"
171.36.142.68 - - [08/Jun/2022:09:29:22 +0800] "GET /connect.php?mod=login&op=init&referer=home.php%3Fmod%3Dspacecp%26ac%3Dfavorite%26type%3Dthread%26id%3D9338&statfrom=login_simple HTTP/1.1" 302 5 "http://www.lszmn.org/home.php?mod=spacecp&ac=favorite&type=thread&id=9338" "Scrapy/1.7.3 (+https://scrapy.org)" "-"
142.44.203.5 - - [08/Jun/2022:09:29:23 +0800] "GET /member.php?mod=register HTTP/1.1" 302 5 "http://www.lszmn.org/" "Mozilla/5.0 (Macintosh; Intel Mac OS X 10_13_2) AppleWebKit/537.36 (KHTML, like Gecko) Chrome/66.0.3359.181 Safari/537.36" "-"
142.44.203.5 - - [08/Jun/2022:09:29:23 +0800] "GET /connect.php?mod=login&op=init&referer=forum.php&statfrom=login_simple HTTP/1.1" 302 5 "http://www.lszmn.org/member.php?mod=register" "Mozilla/5.0 (Macintosh; Intel Mac OS X 10_13_2) AppleWebKit/537.36 (KHTML, like Gecko) Chrome/66.0.3359.181 Safari/537.36" "-"
58.19.45.34 - - [08/Jun/2022:09:29:24 +0800] "GET /forum.php?mod=attachment&aid=Mjk3M3w4ZThhM2E1OHwxNjU0NjUxNjM3fDB8OTMzOA%3D%3D&nothumb=yes HTTP/1.1" 200 74101 "http://www.lszmn.org/forum.php?mod=viewthread&tid=9338&from=portal" "Scrapy/1.7.3 (+https://scrapy.org)" "-"
171.36.142.68 - - [08/Jun/2022:09:29:24 +0800] "GET /forum.php?mod=attachment&aid=Mjk3NHw2ODI1NTgxMXwxNjU0NjUxNjM3fDB8OTMzOA%3D%3D&nothumb=yes HTTP/1.1" 200 65715 "http://www.lszmn.org/forum.php?mod=viewthread&tid=9338&from=portal" "Scrapy/1.7.3 (+https://scrapy.org)" "-"
58.18.161.94 - - [08/Jun/2022:09:29:26 +0800] "GET /forum.php?mod=attachment&aid=MzA3MHxmNzIyYWM4ZHwxNjU0NjUxNjM4fDB8OTM0OQ%3D%3D&nothumb=yes HTTP/1.1" 200 417176 "http://www.lszmn.org/forum.php?mod=viewthread&tid=9349&from=portal" "Scrapy/1.7.3 (+https://scrapy.org)" "-"
1.85.219.49 - - [08/Jun/2022:09:29:27 +0800] "GET /forum.php?mod=attachment&aid=Mjk3MnwyZGMyNjk0NnwxNjU0NjUxNjM3fDB8OTMzOA%3D%3D&nothumb=yes HTTP/1.1" 200 66215 "http://www.lszmn.org/forum.php?mod=viewthread&tid=9338&from=portal" "Scrapy/1.7.3 (+https://scrapy.org)" "-"
171.36.142.68 - - [08/Jun/2022:09:29:27 +0800] "GET /forum.php?mod=viewthread&tid=9363&extra=&ordertype=2 HTTP/1.1" 200 9757 "http://www.lszmn.org/forum.php?mod=viewthread&tid=9363&extra=&ordertype=1" "Scrapy/1.7.3 (+https://scrapy.org)" "-"
112.80.139.150 - - [08/Jun/2022:09:29:27 +0800] "GET /connect.php?mod=login&op=init&referer=forum.php%3Fmod%3Dviewthread%26tid%3D9363%26page%3D1%26authorid%3D1&statfrom=login HTTP/1.1" 302 5 "http://www.lszmn.org/forum.php?mod=viewthread&tid=9363&page=1&authorid=1" "Scrapy/1.7.3 (+https://scrapy.org)" "-"
58.19.45.34 - - [08/Jun/2022:09:29:28 +0800] "GET /forum.php?mod=viewthread&tid=9363&page=1 HTTP/1.1" 200 9735 "http://www.lszmn.org/forum.php?mod=viewthread&tid=9363&page=1&authorid=1" "Scrapy/1.7.3 (+https://scrapy.org)" "-"
171.36.142.68 - - [08/Jun/2022:09:29:28 +0800] "GET /forum.php?mod=post&action=reply&fid=51&tid=9363&extra=&page=1&from=album HTTP/1.1" 200 5017 "http://www.lszmn.org/forum.php?mod=viewthread&tid=9363&from=album" "Scrapy/1.7.3 (+https://scrapy.org)" "-"
112.80.139.150 - - [08/Jun/2022:09:29:28 +0800] "GET /forum.php?mod=attachment&aid=MzMzOXxlMmZmYjE0YnwxNjU0NjUxNjM3fDB8OTM2Mw%3D%3D&nothumb=yes HTTP/1.1" 200 77688 "http://www.lszmn.org/forum.php?mod=viewthread&tid=9363&page=1&authorid=1" "Scrapy/1.7.3 (+https://scrapy.org)" "-"
58.19.45.34 - - [08/Jun/2022:09:29:28 +0800] "GET /connect.php?mod=login&op=init&referer=home.php%3Fmod%3Dspacecp%26ac%3Dplugin%26id%3Dqqconnect%3Aspacecp%26pluginop%3Dshare%26sh_type%3D4%26thread_id%3D9363&statfrom=login_simple HTTP/1.1" 302 5 "http://www.lszmn.org/home.php?mod=spacecp&ac=plugin&id=qqconnect:spacecp&pluginop=share&sh_type=4&thread_id=9363" "Scrapy/1.7.3 (+https://scrapy.org)" "-"
58.19.45.34 - - [08/Jun/2022:09:29:28 +0800] "GET /forum.php?mod=viewthread&tid=990 HTTP/1.1" 200 13575 "http://www.lszmn.org" "Scrapy/1.7.3 (+https://scrapy.org)" "-"
112.80.138.104 - - [08/Jun/2022:09:29:28 +0800] "GET /forum.php?mod=attachment&aid=MzA2OXw4YTg0YTJlY3wxNjU0NjUxNjM4fDB8OTM0OQ%3D%3D&nothumb=yes HTTP/1.1" 200 408984 "http://www.lszmn.org/forum.php?mod=viewthread&tid=9349&from=portal" "Scrapy/1.7.3 (+https://scrapy.org)" "-"
171.36.142.68 - - [08/Jun/2022:09:29:29 +0800] "GET /forum.php?mod=viewthread&tid=112 HTTP/1.1" 200 15732 "http://www.lszmn.org" "Scrapy/1.7.3 (+https://scrapy.org)" "-"
175.152.33.217 - - [08/Jun/2022:09:29:29 +0800] "GET /forum.php?mod=attachment&aid=MzA2OHwwNzVkYWFkNnwxNjU0NjUxNjM4fDB8OTM0OQ%3D%3D&nothumb=yes HTTP/1.1" 200 347544 "http://www.lszmn.org/forum.php?mod=viewthread&tid=9349&from=portal" "Scrapy/1.7.3 (+https://scrapy.org)" "-"
123.145.11.36 - - [08/Jun/2022:09:29:29 +0800] "GET /forum.php?mod=viewthread&tid=6805 HTTP/1.1" 200 12659 "http://www.lszmn.org" "Scrapy/1.7.3 (+https://scrapy.org)" "-"
1.85.219.49 - - [08/Jun/2022:09:29:29 +0800] "GET /forum.php?mod=viewthread&tid=6813 HTTP/1.1" 200 10893 "http://www.lszmn.org" "Scrapy/1.7.3 (+https://scrapy.org)" "-"
124.235.138.212 - - [08/Jun/2022:09:29:29 +0800] "GET /forum.php?mod=viewthread&tid=6821 HTTP/1.1" 200 11419 "http://www.lszmn.org" "Scrapy/1.7.3 (+https://scrapy.org)" "-"
171.36.142.68 - - [08/Jun/2022:09:29:29 +0800] "GET /forum.php?mod=viewthread&tid=9346 HTTP/1.1" 200 13958 "http://www.lszmn.org" "Scrapy/1.7.3 (+https://scrapy.org)" "-"
58.19.45.34 - - [08/Jun/2022:09:29:29 +0800] "GET /forum.php?mod=viewthread&tid=9338 HTTP/1.1" 200 11518 "http://www.lszmn.org" "Scrapy/1.7.3 (+https://scrapy.org)" "-"
111.175.6.33 - - [08/Jun/2022:09:29:30 +0800] "GET /forum.php?mod=attachment&aid=MzA2N3w3MjEzZmY3ZXwxNjU0NjUxNjM4fDB8OTM0OQ%3D%3D&nothumb=yes HTTP/1.1" 200 347544 "http://www.lszmn.org/forum.php?mod=viewthread&tid=9349&from=portal" "Scrapy/1.7.3 (+https://scrapy.org)" "-"
123.145.11.36 - - [08/Jun/2022:09:29:30 +0800] "GET /forum.php?mod=viewthread&tid=9390 HTTP/1.1" 200 11129 "http://www.lszmn.org" "Scrapy/1.7.3 (+https://scrapy.org)" "-"
1.85.219.49 - - [08/Jun/2022:09:29:30 +0800] "GET /forum.php?mod=viewthread&tid=9349 HTTP/1.1" 200 11518 "http://www.lszmn.org" "Scrapy/1.7.3 (+https://scrapy.org)" "-"
171.36.142.68 - - [08/Jun/2022:09:29:30 +0800] "GET /home.php?mod=space&uid=1 HTTP/1.1" 200 4806 "http://www.lszmn.org" "Scrapy/1.7.3 (+https://scrapy.org)" "-"
58.19.45.34 - - [08/Jun/2022:09:29:30 +0800] "GET /forum.php?mod=viewthread&tid=8318 HTTP/1.1" 200 12146 "http://www.lszmn.org" "Scrapy/1.7.3 (+https://scrapy.org)" "-"
175.152.108.156 - - [08/Jun/2022:09:29:31 +0800] "GET /forum.php?mod=viewthread&tid=9391 HTTP/1.1" 200 12096 "http://www.lszmn.org" "Scrapy/1.7.3 (+https://scrapy.org)" "-"
124.235.138.212 - - [08/Jun/2022:09:29:31 +0800] "GET /forum.php?mod=viewthread&tid=8311 HTTP/1.1" 200 11221 "http://www.lszmn.org" "Scrapy/1.7.3 (+https://scrapy.org)" "-"
1.85.219.49 - - [08/Jun/2022:09:29:31 +0800] "GET /forum.php?mod=viewthread&tid=9316 HTTP/1.1" 200 10606 "http://www.lszmn.org" "Scrapy/1.7.3 (+https://scrapy.org)" "-"
171.36.142.68 - - [08/Jun/2022:09:29:31 +0800] "GET /forum.php?mod=attachment&aid=NjgxfDY5NGNhNTgyfDE2NTQ2NTE3Njh8MHw5OTA%3D&nothumb=yes HTTP/1.1" 200 35691 "http://www.lszmn.org/forum.php?mod=viewthread&tid=990" "Scrapy/1.7.3 (+https://scrapy.org)" "-"
124.235.138.212 - - [08/Jun/2022:09:29:31 +0800] "GET /connect.php?mod=login&op=init&referer=forum.php%3Fmod%3Dviewthread%26tid%3D112&statfrom=login HTTP/1.1" 302 5 "http://www.lszmn.org/forum.php?mod=viewthread&tid=112" "Scrapy/1.7.3 (+https://scrapy.org)" "-"
123.145.11.36 - - [08/Jun/2022:09:29:31 +0800] "GET /forum.php?mod=viewthread&tid=9317 HTTP/1.1" 200 14695 "http://www.lszmn.org" "Scrapy/1.7.3 (+https://scrapy.org)" "-"
175.152.108.156 - - [08/Jun/2022:09:29:31 +0800] "GET /forum.php?mod=redirect&goto=findpost&ptid=112&pid=138 HTTP/1.1" 301 5 "http://www.lszmn.org/forum.php?mod=viewthread&tid=112" "Scrapy/1.7.3 (+https://scrapy.org)" "-"
112.80.139.150 - - [08/Jun/2022:09:29:31 +0800] "GET /forum.php?mod=redirect&goto=nextoldset&tid=112 HTTP/1.1" 302 5 "http://www.lszmn.org/forum.php?mod=viewthread&tid=112" "Scrapy/1.7.3 (+https://scrapy.org)" "-"
58.19.45.34 - - [08/Jun/2022:09:29:31 +0800] "GET /forum.php?mod=attachment&aid=MjczMnw2NjQzZWVlNHwxNjU0NjUxNzY5fDB8MTEy&nothumb=yes HTTP/1.1" 200 78297 "http://www.lszmn.org/forum.php?mod=viewthread&tid=112" "Scrapy/1.7.3 (+https://scrapy.org)" "-"
171.36.142.68 - - [08/Jun/2022:09:29:32 +0800] "GET /forum.php?mod=attachment&aid=MjcyOHxlYjBiYjEwY3wxNjU0NjUxNzY5fDB8MTEy&nothumb=yes HTTP/1.1" 200 74411 "http://www.lszmn.org/forum.php?mod=viewthread&tid=112" "Scrapy/1.7.3 (+https://scrapy.org)" "-"
1.85.219.49 - - [08/Jun/2022:09:29:32 +0800] "GET /forum.php?mod=attachment&aid=MjcyOXw4MTI2ODhhN3wxNjU0NjUxNzY5fDB8MTEy&nothumb=yes HTTP/1.1" 200 100075 "http://www.lszmn.org/forum.php?mod=viewthread&tid=112" "Scrapy/1.7.3 (+https://scrapy.org)" "-"
123.145.11.36 - - [08/Jun/2022:09:29:32 +0800] "GET /forum.php?mod=redirect&goto=nextnewset&tid=6805 HTTP/1.1" 302 5 "http://www.lszmn.org/forum.php?mod=viewthread&tid=6805" "Scrapy/1.7.3 (+https://scrapy.org)" "-"
175.152.108.156 - - [08/Jun/2022:09:29:32 +0800] "GET /forum.php?mod=post&action=reply&fid=5&tid=112&extra=&page=1 HTTP/1.1" 200 4986 "http://www.lszmn.org/forum.php?mod=viewthread&tid=112" "Scrapy/1.7.3 (+https://scrapy.org)" "-"
112.80.139.150 - - [08/Jun/2022:09:29:32 +0800] "GET /forum.php?mod=post&action=reply&fid=5&tid=112 HTTP/1.1" 200 4956 "http://www.lszmn.org/forum.php?mod=viewthread&tid=112" "Scrapy/1.7.3 (+https://scrapy.org)" "-"
124.235.138.212 - - [08/Jun/2022:09:29:32 +0800] "GET /forum.php?mod=post&action=reply&fid=5&tid=6805&extra=&page=1 HTTP/1.1" 200 4983 "http://www.lszmn.org/forum.php?mod=viewthread&tid=6805" "Scrapy/1.7.3 (+https://scrapy.org)" "-"
112.80.139.150 - - [08/Jun/2022:09:29:33 +0800] "GET /home.php?mod=spacecp&ac=follow&op=relay&tid=6821&from=forum HTTP/1.1" 200 4883 "http://www.lszmn.org/forum.php?mod=viewthread&tid=6821" "Scrapy/1.7.3 (+https://scrapy.org)" "-"
175.152.108.156 - - [08/Jun/2022:09:29:33 +0800] "GET /home.php?mod=spacecp&ac=plugin&id=qqconnect:spacecp&pluginop=share&sh_type=4&thread_id=6821 HTTP/1.1" 200 4947 "http://www.lszmn.org/forum.php?mod=viewthread&tid=6821" "Scrapy/1.7.3 (+https://scrapy.org)" "-"
123.145.11.36 - - [08/Jun/2022:09:29:33 +0800] "GET /forum.php?mod=attachment&aid=MTc2N3w0MzgyOGU0ZHwxNjU0NjUxNzY5fDB8NjgyMQ%3D%3D&nothumb=yes HTTP/1.1" 200 183256 "http://www.lszmn.org/forum.php?mod=viewthread&tid=6821" "Scrapy/1.7.3 (+https://scrapy.org)" "-"
124.235.138.212 - - [08/Jun/2022:09:29:33 +0800] "GET /forum.php?mod=attachment&aid=MTc2OHw2MjEyMTcyOHwxNjU0NjUxNzY5fDB8NjgyMQ%3D%3D&nothumb=yes HTTP/1.1" 200 58227 "http://www.lszmn.org/forum.php?mod=viewthread&tid=6821" "Scrapy/1.7.3 (+https://scrapy.org)" "-"
58.19.45.34 - - [08/Jun/2022:09:29:33 +0800] "GET /forum.php?mod=viewthread&tid=112&page=1 HTTP/1.1" 200 15756 "http://www.lszmn.org/forum.php?mod=viewthread&tid=112" "Scrapy/1.7.3 (+https://scrapy.org)" "-"
175.152.108.156 - - [08/Jun/2022:09:29:33 +0800] "GET /forum.php?mod=post&action=reply&fid=5&tid=6821&extra=&page=1 HTTP/1.1" 200 4984 "http://www.lszmn.org/forum.php?mod=viewthread&tid=6821" "Scrapy/1.7.3 (+https://scrapy.org)" "-"
112.80.139.150 - - [08/Jun/2022:09:29:33 +0800] "GET /forum.php?mod=viewthread&tid=990 HTTP/1.1" 200 13579 "http://www.lszmn.org/forum.php?mod=viewthread&tid=112" "Scrapy/1.7.3 (+https://scrapy.org)" "-"
171.36.142.68 - - [08/Jun/2022:09:29:33 +0800] "GET /forum.php?mod=redirect&goto=nextoldset&tid=8311 HTTP/1.1" 302 5 "http://www.lszmn.org/forum.php?mod=viewthread&tid=8311" "Scrapy/1.7.3 (+https://scrapy.org)" "-"
58.19.45.34 - - [08/Jun/2022:09:29:33 +0800] "GET /forum.php?mod=viewthread&tid=6821 HTTP/1.1" 200 11431 "http://www.lszmn.org/forum.php?mod=viewthread&tid=6805" "Scrapy/1.7.3 (+https://scrapy.org)" "-"
185.191.171.7 - - [08/Jun/2022:09:29:33 +0800] "GET /forum.php?action=postreview&do=support&hash=5bf0486b&mod=misc&pid=4720&tid=971 HTTP/1.1" 200 4789 "-" "Mozilla/5.0 (compatible; SemrushBot/7~bl; +http://www.semrush.com/bot.html)" "-"
175.152.108.156 - - [08/Jun/2022:09:29:33 +0800] "GET /forum.php?mod=viewthread&tid=8311&page=2 HTTP/1.1" 200 4987 "http://www.lszmn.org/forum.php?mod=viewthread&tid=8311" "Scrapy/1.7.3 (+https://scrapy.org)" "-"
175.152.108.156 - - [08/Jun/2022:09:29:34 +0800] "GET /forum.php?mod=post&action=reply&fid=42&tid=8311&extra=&page=1 HTTP/1.1" 200 4996 "http://www.lszmn.org/forum.php?mod=viewthread&tid=8311" "Scrapy/1.7.3 (+https://scrapy.org)" "-"
171.36.142.68 - - [08/Jun/2022:09:29:34 +0800] "GET /forum.php?mod=viewthread&tid=8311&extra=&page=2 HTTP/1.1" 200 5003 "http://www.lszmn.org/forum.php?mod=viewthread&tid=8311" "Scrapy/1.7.3 (+https://scrapy.org)" "-"
175.152.108.156 - - [08/Jun/2022:09:29:34 +0800] "GET /forum.php?mod=redirect&goto=nextnewset&tid=8311 HTTP/1.1" 200 4928 "http://www.lszmn.org/forum.php?mod=viewthread&tid=8311" "Scrapy/1.7.3 (+https://scrapy.org)" "-"
112.80.139.150 - - [08/Jun/2022:09:29:34 +0800] "GET /connect.php?mod=login&op=init&referer=forum.php%3Fmod%3Dpost%26action%3Dreply%26fid%3D5%26tid%3D6805%26extra%3D%26page%3D1&statfrom=login_simple HTTP/1.1" 302 5 "http://www.lszmn.org/forum.php?mod=post&action=reply&fid=5&tid=6805&extra=&page=1" "Scrapy/1.7.3 (+https://scrapy.org)" "-"
112.80.139.150 - - [08/Jun/2022:09:29:34 +0800] "GET /connect.php?mod=login&op=init&referer=home.php%3Fmod%3Dspacecp%26ac%3Dfollow%26op%3Drelay%26tid%3D6821%26from%3Dforum&statfrom=login_simple HTTP/1.1" 302 5 "http://www.lszmn.org/home.php?mod=spacecp&ac=follow&op=relay&tid=6821&from=forum" "Scrapy/1.7.3 (+https://scrapy.org)" "-"
175.152.108.156 - - [08/Jun/2022:09:29:34 +0800] "GET /connect.php?mod=login&op=init&referer=home.php%3Fmod%3Dspacecp%26ac%3Dplugin%26id%3Dqqconnect%3Aspacecp%26pluginop%3Dshare%26sh_type%3D4%26thread_id%3D6821&statfrom=login_simple HTTP/1.1" 302 5 "http://www.lszmn.org/home.php?mod=spacecp&ac=plugin&id=qqconnect:spacecp&pluginop=share&sh_type=4&thread_id=6821" "Scrapy/1.7.3 (+https://scrapy.org)" "-"
58.19.45.34 - - [08/Jun/2022:09:29:35 +0800] "GET /forum.php?mod=post&action=reply&fid=60&tid=9317&extra=&page=1 HTTP/1.1" 200 5000 "http://www.lszmn.org/forum.php?mod=viewthread&tid=9317" "Scrapy/1.7.3 (+https://scrapy.org)" "-"
112.80.139.150 - - [08/Jun/2022:09:29:35 +0800] "GET /forum.php?mod=viewthread&tid=8318 HTTP/1.1" 200 12141 "http://www.lszmn.org/forum.php?mod=viewthread&tid=8311" "Scrapy/1.7.3 (+https://scrapy.org)" "-"
171.36.142.68 - - [08/Jun/2022:09:29:35 +0800] "GET /forum.php?mod=post&action=reply&fid=42&tid=8311&extra=&page= HTTP/1.1" 200 4991 "http://www.lszmn.org/forum.php?mod=viewthread&tid=8311&page=2" "Scrapy/1.7.3 (+https://scrapy.org)" "-"
175.152.108.156 - - [08/Jun/2022:09:29:35 +0800] "GET /forum.php?mod=viewthread&tid=112&page=1 HTTP/1.1" 200 15761 "http://www.lszmn.org/forum.php?mod=viewthread&tid=112&page=1" "Scrapy/1.7.3 (+https://scrapy.org)" "-"
1.85.219.49 - - [08/Jun/2022:09:29:35 +0800] "GET /connect.php?mod=login&op=init&referer=forum.php%3Fmod%3Dpost%26action%3Dreply%26fid%3D42%26tid%3D8311%26extra%3D%26page%3D1&statfrom=login_simple HTTP/1.1" 302 5 "http://www.lszmn.org/forum.php?mod=post&action=reply&fid=42&tid=8311&extra=&page=1" "Scrapy/1.7.3 (+https://scrapy.org)" "-"
58.19.45.34 - - [08/Jun/2022:09:29:35 +0800] "GET /connect.php?mod=login&op=init&referer=forum.php%3Fmod%3Dviewthread%26tid%3D8311%26page%3D2&statfrom=login_simple HTTP/1.1" 302 5 "http://www.lszmn.org/forum.php?mod=viewthread&tid=8311&page=2" "Scrapy/1.7.3 (+https://scrapy.org)" "-"
112.80.139.150 - - [08/Jun/2022:09:29:35 +0800] "GET /connect.php?mod=login&op=init&referer=forum.php%3Fmod%3Dredirect%26goto%3Dnextnewset%26tid%3D8311&statfrom=login_simple HTTP/1.1" 302 5 "http://www.lszmn.org/forum.php?mod=redirect&goto=nextnewset&tid=8311" "Scrapy/1.7.3 (+https://scrapy.org)" "-"
171.36.142.68 - - [08/Jun/2022:09:29:35 +0800] "GET /forum.php?mod=attachment&aid=NjgxfDdlNDkwNjlkfDE2NTQ2NTE3NzN8MHw5OTA%3D&nothumb=yes HTTP/1.1" 200 35691 "http://www.lszmn.org/forum.php?mod=viewthread&tid=990" "Scrapy/1.7.3 (+https://scrapy.org)" "-"
171.36.142.68 - - [08/Jun/2022:09:29:36 +0800] "GET /connect.php?mod=login&op=init&referer=forum.php%3Fmod%3Dpost%26action%3Dreply%26fid%3D60%26tid%3D9317%26extra%3D%26page%3D1&statfrom=login_simple HTTP/1.1" 302 5 "http://www.lszmn.org/forum.php?mod=post&action=reply&fid=60&tid=9317&extra=&page=1" "Scrapy/1.7.3 (+https://scrapy.org)" "-"
112.80.139.150 - - [08/Jun/2022:09:29:36 +0800] "GET /connect.php?mod=login&op=init&referer=forum.php%3Fmod%3Dviewthread%26tid%3D8311%26extra%3D%26page%3D2&statfrom=login_simple HTTP/1.1" 302 5 "http://www.lszmn.org/forum.php?mod=viewthread&tid=8311&extra=&page=2" "Scrapy/1.7.3 (+https://scrapy.org)" "-"
124.235.138.212 - - [08/Jun/2022:09:29:36 +0800] "GET /forum.php?mod=attachment&aid=Njc4fDBkMzYxOWM3fDE2NTQ2NTE3NzN8MHw5OTA%3D&nothumb=yes HTTP/1.1" 200 34853 "http://www.lszmn.org/forum.php?mod=viewthread&tid=990" "Scrapy/1.7.3 (+https://scrapy.org)" "-"
58.19.45.34 - - [08/Jun/2022:09:29:36 +0800] "GET /forum.php?mod=attachment&aid=MTc2MHw5ZTdkNjg4N3wxNjU0NjUxNzczfDB8NjgyMQ%3D%3D&nothumb=yes HTTP/1.1" 200 60754 "http://www.lszmn.org/forum.php?mod=viewthread&tid=6821" "Scrapy/1.7.3 (+https://scrapy.org)" "-"
175.152.108.156 - - [08/Jun/2022:09:29:36 +0800] "GET /forum.php?mod=attachment&aid=NjgyfDc4YzhkNDVlfDE2NTQ2NTE3NzN8MHw5OTA%3D&nothumb=yes HTTP/1.1" 200 49648 "http://www.lszmn.org/forum.php?mod=viewthread&tid=990" "Scrapy/1.7.3 (+https://scrapy.org)" "-"
1.85.219.49 - - [08/Jun/2022:09:29:36 +0800] "GET /forum.php?mod=attachment&aid=MTc2OHxlZGUzMjdhNHwxNjU0NjUxNzczfDB8NjgyMQ%3D%3D&nothumb=yes HTTP/1.1" 200 58227 "http://www.lszmn.org/forum.php?mod=viewthread&tid=6821" "Scrapy/1.7.3 (+https://scrapy.org)" "-"
112.80.139.150 - - [08/Jun/2022:09:29:37 +0800] "GET /forum.php?mod=attachment&aid=MTc2Nnw5NzU2YzI5ZXwxNjU0NjUxNzczfDB8NjgyMQ%3D%3D&nothumb=yes HTTP/1.1" 200 123647 "http://www.lszmn.org/forum.php?mod=viewthread&tid=6821" "Scrapy/1.7.3 (+https://scrapy.org)" "-"
124.235.138.212 - - [08/Jun/2022:09:29:37 +0800] "GET /forum.php?mod=attachment&aid=MTc2NXwyNzhjOGRmN3wxNjU0NjUxNzczfDB8NjgyMQ%3D%3D&nothumb=yes HTTP/1.1" 200 59433 "http://www.lszmn.org/forum.php?mod=viewthread&tid=6821" "Scrapy/1.7.3 (+https://scrapy.org)" "-"
171.34.176.8 - - [08/Jun/2022:09:29:37 +0800] "GET /forum.php?mod=attachment&aid=MTc2NHxkNGExMzE1ZnwxNjU0NjUxNzczfDB8NjgyMQ%3D%3D&nothumb=yes HTTP/1.1" 200 73894 "http://www.lszmn.org/forum.php?mod=viewthread&tid=6821" "Scrapy/1.7.3 (+https://scrapy.org)" "-"
171.36.142.68 - - [08/Jun/2022:09:29:38 +0800] "GET /forum.php?mod=attachment&aid=MTc2N3wzYWJiMDZjYXwxNjU0NjUxNzczfDB8NjgyMQ%3D%3D&nothumb=yes HTTP/1.1" 200 183256 "http://www.lszmn.org/forum.php?mod=viewthread&tid=6821" "Scrapy/1.7.3 (+https://scrapy.org)" "-"
1.85.219.49 - - [08/Jun/2022:09:29:38 +0800] "GET /forum.php?mod=attachment&aid=MTc2MnwzZmQyODAzZHwxNjU0NjUxNzczfDB8NjgyMQ%3D%3D&nothumb=yes HTTP/1.1" 200 37953 "http://www.lszmn.org/forum.php?mod=viewthread&tid=6821" "Scrapy/1.7.3 (+https://scrapy.org)" "-"
175.152.108.156 - - [08/Jun/2022:09:29:38 +0800] "GET /forum.php?mod=attachment&aid=MTc2MXw0OTE1NmI0YnwxNjU0NjUxNzczfDB8NjgyMQ%3D%3D&nothumb=yes HTTP/1.1" 200 63150 "http://www.lszmn.org/forum.php?mod=viewthread&tid=6821" "Scrapy/1.7.3 (+https://scrapy.org)" "-"
123.145.11.36 - - [08/Jun/2022:09:29:38 +0800] "GET /forum.php?mod=attachment&aid=MTc2M3w1N2VjMGE5ZHwxNjU0NjUxNzczfDB8NjgyMQ%3D%3D&nothumb=yes HTTP/1.1" 200 33927 "http://www.lszmn.org/forum.php?mod=viewthread&tid=6821" "Scrapy/1.7.3 (+https://scrapy.org)" "-"
1.85.219.49 - - [08/Jun/2022:09:29:40 +0800] "GET /forum.php?mod=attachment&aid=NjgwfDIzZGViYzBifDE2NTQ2NTE3NzN8MHw5OTA%3D&nothumb=yes HTTP/1.1" 200 51005 "http://www.lszmn.org/forum.php?mod=viewthread&tid=990" "Scrapy/1.7.3 (+https://scrapy.org)" "-"
123.145.11.36 - - [08/Jun/2022:09:29:40 +0800] "GET /connect.php?mod=login&op=init&referer=forum.php%3Fmod%3Dviewthread%26tid%3D112%26page%3D1&statfrom=login HTTP/1.1" 302 5 "http://www.lszmn.org/forum.php?mod=viewthread&tid=112&page=1" "Scrapy/1.7.3 (+https://scrapy.org)" "-"
124.235.138.212 - - [08/Jun/2022:09:29:40 +0800] "GET /forum.php?mod=attachment&aid=Njc5fGRmMGVlYWYxfDE2NTQ2NTE3NzN8MHw5OTA%3D&nothumb=yes HTTP/1.1" 200 63017 "http://www.lszmn.org/forum.php?mod=viewthread&tid=990" "Scrapy/1.7.3 (+https://scrapy.org)" "-"
123.145.11.36 - - [08/Jun/2022:09:29:40 +0800] "GET /forum.php?mod=attachment&aid=MjczNnwyZDVhZTFiNnwxNjU0NjUxNzczfDB8MTEy&nothumb=yes HTTP/1.1" 200 71507 "http://www.lszmn.org/forum.php?mod=viewthread&tid=112&page=1" "Scrapy/1.7.3 (+https://scrapy.org)" "-"
185.191.171.2 - - [08/Jun/2022:09:29:41 +0800] "GET /forum.php?action=postreview&do=against&hash=cb963f14&mod=misc&pid=7218&tid=34 HTTP/1.1" 200 4786 "-" "Mozilla/5.0 (compatible; SemrushBot/7~bl; +http://www.semrush.com/bot.html)" "-"
175.152.108.156 - - [08/Jun/2022:09:29:42 +0800] "GET /forum.php?mod=attachment&aid=Mjc0MHw1ZDZiMThhZHwxNjU0NjUxNzczfDB8MTEy&nothumb=yes HTTP/1.1" 200 118313 "http://www.lszmn.org/forum.php?mod=viewthread&tid=112&page=1" "Scrapy/1.7.3 (+https://scrapy.org)" "-"
1.85.219.49 - - [08/Jun/2022:09:29:43 +0800] "GET /forum.php?mod=attachment&aid=MjczOXw4MTc5MWM3MnwxNjU0NjUxNzczfDB8MTEy&nothumb=yes HTTP/1.1" 200 103100 "http://www.lszmn.org/forum.php?mod=viewthread&tid=112&page=1" "Scrapy/1.7.3 (+https://scrapy.org)" "-"
112.80.139.150 - - [08/Jun/2022:09:29:43 +0800] "GET /forum.php?mod=attachment&aid=MjczM3wyOGY0OWRiMnwxNjU0NjUxNzczfDB8MTEy&nothumb=yes HTTP/1.1" 200 84703 "http://www.lszmn.org/forum.php?mod=viewthread&tid=112&page=1" "Scrapy/1.7.3 (+https://scrapy.org)" "-"
185.191.171.34 - - [08/Jun/2022:09:29:44 +0800] "GET /forum.php?action=postreview&do=against&hash=812b3df5&mod=misc&pid=7412&tid=224 HTTP/1.1" 200 4791 "-" "Mozilla/5.0 (compatible; SemrushBot/7~bl; +http://www.semrush.com/bot.html)" "-"
171.34.176.8 - - [08/Jun/2022:09:29:44 +0800] "GET /forum.php?mod=attachment&aid=MjczOHw5ZGFiNzU3M3wxNjU0NjUxNzczfDB8MTEy&nothumb=yes HTTP/1.1" 200 94367 "http://www.lszmn.org/forum.php?mod=viewthread&tid=112&page=1" "Scrapy/1.7.3 (+https://scrapy.org)" "-"
124.235.138.212 - - [08/Jun/2022:09:29:44 +0800] "GET /forum.php?mod=attachment&aid=MjczN3w0NzIwZTZmYnwxNjU0NjUxNzczfDB8MTEy&nothumb=yes HTTP/1.1" 200 92756 "http://www.lszmn.org/forum.php?mod=viewthread&tid=112&page=1" "Scrapy/1.7.3 (+https://scrapy.org)" "-"
58.19.45.34 - - [08/Jun/2022:09:29:45 +0800] "GET /forum.php?mod=attachment&aid=Mjc0MXxhMzhiOWVkNHwxNjU0NjUxNzczfDB8MTEy&nothumb=yes HTTP/1.1" 200 200968 "http://www.lszmn.org/forum.php?mod=viewthread&tid=112&page=1" "Scrapy/1.7.3 (+https://scrapy.org)" "-"
171.36.142.68 - - [08/Jun/2022:09:29:45 +0800] "GET /forum.php?mod=attachment&aid=MjczNHxlYTEwOTM1ZHwxNjU0NjUxNzczfDB8MTEy&nothumb=yes HTTP/1.1" 200 71272 "http://www.lszmn.org/forum.php?mod=viewthread&tid=112&page=1" "Scrapy/1.7.3 (+https://scrapy.org)" "-"
142.44.203.5 - - [08/Jun/2022:09:29:46 +0800] "GET /home.php?mod=space&uid=22887&do=profile HTTP/1.1" 200 4739 "http://www.lszmn.org/" "Mozilla/5.0 (Macintosh; Intel Mac OS X 10_13_2) AppleWebKit/537.36 (KHTML, like Gecko) Chrome/66.0.3359.181 Safari/537.36" "-"
1.85.219.49 - - [08/Jun/2022:09:29:47 +0800] "GET /forum.php?mod=attachment&aid=MjczMHw0MzMxNDQ5NXwxNjU0NjUxNzczfDB8MTEy&nothumb=yes HTTP/1.1" 200 59553 "http://www.lszmn.org/forum.php?mod=viewthread&tid=112&page=1" "Scrapy/1.7.3 (+https://scrapy.org)" "-"
123.145.11.36 - - [08/Jun/2022:09:29:47 +0800] "GET /connect.php?mod=login&op=init&referer=forum.php%3Fmod%3Dpost%26action%3Dreply%26fid%3D5%26tid%3D6821%26extra%3D%26page%3D1&statfrom=login_simple HTTP/1.1" 302 5 "http://www.lszmn.org/forum.php?mod=post&action=reply&fid=5&tid=6821&extra=&page=1" "Scrapy/1.7.3 (+https://scrapy.org)" "-"
112.80.139.150 - - [08/Jun/2022:09:29:47 +0800] "GET /forum.php?mod=attachment&aid=MjczMnxjNTQyMjljMHwxNjU0NjUxNzczfDB8MTEy&nothumb=yes HTTP/1.1" 200 78297 "http://www.lszmn.org/forum.php?mod=viewthread&tid=112&page=1" "Scrapy/1.7.3 (+https://scrapy.org)" "-"
123.145.11.36 - - [08/Jun/2022:09:29:48 +0800] "GET /forum.php?mod=attachment&aid=MjcyOXw5ZjQ3MDdkYnwxNjU0NjUxNzczfDB8MTEy&nothumb=yes HTTP/1.1" 200 100075 "http://www.lszmn.org/forum.php?mod=viewthread&tid=112&page=1" "Scrapy/1.7.3 (+https://scrapy.org)" "-"
175.152.108.156 - - [08/Jun/2022:09:29:49 +0800] "GET /forum.php?mod=attachment&aid=MjcyOHxiZmU5M2Q0MXwxNjU0NjUxNzczfDB8MTEy&nothumb=yes HTTP/1.1" 200 74411 "http://www.lszmn.org/forum.php?mod=viewthread&tid=112&page=1" "Scrapy/1.7.3 (+https://scrapy.org)" "-"
171.36.142.68 - - [08/Jun/2022:09:29:50 +0800] "GET /forum.php?mod=attachment&aid=MjcyN3w3ZDA5NTEwMHwxNjU0NjUxNzczfDB8MTEy&nothumb=yes HTTP/1.1" 200 99122 "http://www.lszmn.org/forum.php?mod=viewthread&tid=112&page=1" "Scrapy/1.7.3 (+https://scrapy.org)" "-"
1.85.219.49 - - [08/Jun/2022:09:29:50 +0800] "GET /forum.php?mod=attachment&aid=MjcyNnw3ZTQ0MWU1ZXwxNjU0NjUxNzczfDB8MTEy&nothumb=yes HTTP/1.1" 200 81422 "http://www.lszmn.org/forum.php?mod=viewthread&tid=112&page=1" "Scrapy/1.7.3 (+https://scrapy.org)" "-"
112.80.139.150 - - [08/Jun/2022:09:29:50 +0800] "GET /forum.php?mod=attachment&aid=MjcyNHxhNDA0YzMwN3wxNjU0NjUxNzczfDB8MTEy&nothumb=yes HTTP/1.1" 200 101515 "http://www.lszmn.org/forum.php?mod=viewthread&tid=112&page=1" "Scrapy/1.7.3 (+https://scrapy.org)" "-"
142.44.203.5 - - [08/Jun/2022:09:29:51 +0800] "GET /member.php?mod=register HTTP/1.1" 302 5 "http://www.lszmn.org/" "Mozilla/5.0 (Macintosh; Intel Mac OS X 10_13_2) AppleWebKit/537.36 (KHTML, like Gecko) Chrome/66.0.3359.181 Safari/537.36" "-"
171.34.176.8 - - [08/Jun/2022:09:29:51 +0800] "GET /forum.php?mod=attachment&aid=MjcyM3xkZDI4ZmZlNXwxNjU0NjUxNzczfDB8MTEy&nothumb=yes HTTP/1.1" 200 110800 "http://www.lszmn.org/forum.php?mod=viewthread&tid=112&page=1" "Scrapy/1.7.3 (+https://scrapy.org)" "-"
142.44.203.5 - - [08/Jun/2022:09:29:51 +0800] "GET /connect.php?mod=login&op=init&referer=forum.php&statfrom=login_simple HTTP/1.1" 302 5 "http://www.lszmn.org/member.php?mod=register" "Mozilla/5.0 (Macintosh; Intel Mac OS X 10_13_2) AppleWebKit/537.36 (KHTML, like Gecko) Chrome/66.0.3359.181 Safari/537.36" "-"
124.235.138.212 - - [08/Jun/2022:09:29:51 +0800] "GET /forum.php?mod=attachment&aid=MjcyNXw0M2JmMzJmNnwxNjU0NjUxNzczfDB8MTEy&nothumb=yes HTTP/1.1" 200 106923 "http://www.lszmn.org/forum.php?mod=viewthread&tid=112&page=1" "Scrapy/1.7.3 (+https://scrapy.org)" "-"
58.19.45.34 - - [08/Jun/2022:09:29:53 +0800] "GET /forum.php?mod=attachment&aid=MzczfDJhMWRlODU2fDE2NTQ2NTE3NzN8MHwxMTI%3D&nothumb=yes HTTP/1.1" 200 69933 "http://www.lszmn.org/forum.php?mod=viewthread&tid=112&page=1" "Scrapy/1.7.3 (+https://scrapy.org)" "-"
175.152.108.156 - - [08/Jun/2022:09:29:53 +0800] "GET /forum.php?mod=attachment&aid=MjczMXxjNjQ4MjgyZnwxNjU0NjUxNzczfDB8MTEy&nothumb=yes HTTP/1.1" 200 59835 "http://www.lszmn.org/forum.php?mod=viewthread&tid=112&page=1" "Scrapy/1.7.3 (+https://scrapy.org)" "-"
123.145.11.36 - - [08/Jun/2022:09:29:53 +0800] "GET /connect.php?mod=login&op=init&referer=forum.php%3Fmod%3Dviewthread%26tid%3D112%26page%3D1&statfrom=login_simple HTTP/1.1" 302 5 "http://www.lszmn.org/forum.php?mod=viewthread&tid=112&page=1" "Scrapy/1.7.3 (+https://scrapy.org)" "-"
123.145.11.36 - - [08/Jun/2022:09:29:54 +0800] "GET /forum.php?mod=redirect&goto=nextnewset&tid=9317 HTTP/1.1" 200 4932 "http://www.lszmn.org/forum.php?mod=viewthread&tid=9317" "Scrapy/1.7.3 (+https://scrapy.org)" "-"
123.145.11.36 - - [08/Jun/2022:09:29:54 +0800] "GET /forum.php?mod=redirect&goto=nextoldset&tid=9317 HTTP/1.1" 302 5 "http://www.lszmn.org/forum.php?mod=viewthread&tid=9317" "Scrapy/1.7.3 (+https://scrapy.org)" "-"
123.145.11.36 - - [08/Jun/2022:09:29:54 +0800] "GET /connect.php?mod=login&op=init&referer=forum.php%3Fmod%3Dviewthread%26tid%3D9317&statfrom=login HTTP/1.1" 302 5 "http://www.lszmn.org/forum.php?mod=viewthread&tid=9317" "Scrapy/1.7.3 (+https://scrapy.org)" "-"
175.152.108.156 - - [08/Jun/2022:09:29:55 +0800] "GET /forum.php?mod=post&action=reply&fid=60&tid=9317 HTTP/1.1" 200 4973 "http://www.lszmn.org/forum.php?mod=viewthread&tid=9317" "Scrapy/1.7.3 (+https://scrapy.org)" "-"
112.80.139.150 - - [08/Jun/2022:09:29:55 +0800] "GET /forum.php?mod=post&action=reply&fid=60&tid=9317&reppost=6879870&extra=&page=1 HTTP/1.1" 200 5029 "http://www.lszmn.org/forum.php?mod=viewthread&tid=9317" "Scrapy/1.7.3 (+https://scrapy.org)" "-"
123.145.11.36 - - [08/Jun/2022:09:29:55 +0800] "GET /home.php?mod=spacecp&ac=share&type=thread&id=9317 HTTP/1.1" 200 4866 "http://www.lszmn.org/forum.php?mod=viewthread&tid=9317" "Scrapy/1.7.3 (+https://scrapy.org)" "-"
175.152.108.156 - - [08/Jun/2022:09:29:55 +0800] "GET /connect.php?mod=login&op=init&referer=forum.php%3Fmod%3Dpost%26action%3Dreply%26fid%3D5%26tid%3D112%26extra%3D%26page%3D1&statfrom=login_simple HTTP/1.1" 302 5 "http://www.lszmn.org/forum.php?mod=post&action=reply&fid=5&tid=112&extra=&page=1" "Scrapy/1.7.3 (+https://scrapy.org)" "-"
112.80.139.150 - - [08/Jun/2022:09:29:55 +0800] "GET /connect.php?mod=login&op=init&referer=forum.php%3Fmod%3Dpost%26action%3Dreply%26fid%3D5%26tid%3D112&statfrom=login_simple HTTP/1.1" 302 5 "http://www.lszmn.org/forum.php?mod=post&action=reply&fid=5&tid=112" "Scrapy/1.7.3 (+https://scrapy.org)" "-"
175.152.108.156 - - [08/Jun/2022:09:29:55 +0800] "GET /forum.php?mod=viewthread&tid=9316 HTTP/1.1" 200 10596 "http://www.lszmn.org/forum.php?mod=viewthread&tid=9317" "Scrapy/1.7.3 (+https://scrapy.org)" "-"
112.80.139.150 - - [08/Jun/2022:09:29:55 +0800] "GET /connect.php?mod=login&op=init&referer=forum.php%3Fmod%3Dredirect%26goto%3Dnextnewset%26tid%3D9317&statfrom=login_simple HTTP/1.1" 302 5 "http://www.lszmn.org/forum.php?mod=redirect&goto=nextnewset&tid=9317" "Scrapy/1.7.3 (+https://scrapy.org)" "-"
123.145.11.36 - - [08/Jun/2022:09:29:55 +0800] "GET /home.php?mod=spacecp&ac=follow&op=relay&tid=9317&from=forum HTTP/1.1" 200 4883 "http://www.lszmn.org/forum.php?mod=viewthread&tid=9317" "Scrapy/1.7.3 (+https://scrapy.org)" "-"
124.235.138.212 - - [08/Jun/2022:09:29:56 +0800] "GET /home.php?mod=spacecp&ac=favorite&type=thread&id=9317 HTTP/1.1" 200 4871 "http://www.lszmn.org/forum.php?mod=viewthread&tid=9317" "Scrapy/1.7.3 (+https://scrapy.org)" "-"
175.152.108.156 - - [08/Jun/2022:09:29:56 +0800] "GET /connect.php?mod=login&op=init&referer=forum.php%3Fmod%3Dpost%26action%3Dreply%26fid%3D60%26tid%3D9317&statfrom=login_simple HTTP/1.1" 302 5 "http://www.lszmn.org/forum.php?mod=post&action=reply&fid=60&tid=9317" "Scrapy/1.7.3 (+https://scrapy.org)" "-"
112.80.139.150 - - [08/Jun/2022:09:29:56 +0800] "GET /home.php?mod=spacecp&ac=plugin&id=qqconnect:spacecp&pluginop=share&sh_type=4&thread_id=9317 HTTP/1.1" 200 4948 "http://www.lszmn.org/forum.php?mod=viewthread&tid=9317" "Scrapy/1.7.3 (+https://scrapy.org)" "-"
171.36.142.68 - - [08/Jun/2022:09:29:56 +0800] "GET /connect.php?mod=login&op=init&referer=forum.php%3Fmod%3Dpost%26action%3Dreply%26fid%3D60%26tid%3D9317%26reppost%3D6879870%26extra%3D%26page%3D1&statfrom=login_simple HTTP/1.1" 302 5 "http://www.lszmn.org/forum.php?mod=post&action=reply&fid=60&tid=9317&reppost=6879870&extra=&page=1" "Scrapy/1.7.3 (+https://scrapy.org)" "-"
124.235.138.212 - - [08/Jun/2022:09:29:56 +0800] "GET /connect.php?mod=login&op=init&referer=home.php%3Fmod%3Dspacecp%26ac%3Dshare%26type%3Dthread%26id%3D9317&statfrom=login_simple HTTP/1.1" 302 5 "http://www.lszmn.org/home.php?mod=spacecp&ac=share&type=thread&id=9317" "Scrapy/1.7.3 (+https://scrapy.org)" "-"
1.85.219.49 - - [08/Jun/2022:09:29:58 +0800] "GET /connect.php?mod=login&op=init&referer=home.php%3Fmod%3Dspacecp%26ac%3Dplugin%26id%3Dqqconnect%3Aspacecp%26pluginop%3Dshare%26sh_type%3D4%26thread_id%3D9317&statfrom=login_simple HTTP/1.1" 302 5 "http://www.lszmn.org/home.php?mod=spacecp&ac=plugin&id=qqconnect:spacecp&pluginop=share&sh_type=4&thread_id=9317" "Scrapy/1.7.3 (+https://scrapy.org)" "-"
1.85.219.49 - - [08/Jun/2022:09:29:58 +0800] "GET /connect.php?mod=login&op=init&referer=home.php%3Fmod%3Dspacecp%26ac%3Dfavorite%26type%3Dthread%26id%3D9317&statfrom=login_simple HTTP/1.1" 302 5 "http://www.lszmn.org/home.php?mod=spacecp&ac=favorite&type=thread&id=9317" "Scrapy/1.7.3 (+https://scrapy.org)" "-"
8.26.182.82 - - [08/Jun/2022:09:29:58 +0800] "GET http://www.lszmn.org/home.php?mod=space&uid=31697&do=profile HTTP/1.0" 200 12703 "http://www.lszmn.org/" "Mozilla/5.0 (Macintosh; Intel Mac OS X 10_13_5) AppleWebKit/537.36 (KHTML, like Gecko) Chrome/67.0.3396.87 Safari/537.36" "-"
1.85.219.49 - - [08/Jun/2022:09:29:59 +0800] "GET /connect.php?mod=login&op=init&referer=home.php%3Fmod%3Dspacecp%26ac%3Dfollow%26op%3Drelay%26tid%3D9317%26from%3Dforum&statfrom=login_simple HTTP/1.1" 302 5 "http://www.lszmn.org/home.php?mod=spacecp&ac=follow&op=relay&tid=9317&from=forum" "Scrapy/1.7.3 (+https://scrapy.org)" "-"
1.85.219.49 - - [08/Jun/2022:09:29:59 +0800] "GET /forum.php?mod=attachment&aid=Mjg3M3w1YTk4YTc3NHwxNjU0NjUxNzcxfDB8OTMxNw%3D%3D&nothumb=yes HTTP/1.1" 200 43813 "http://www.lszmn.org/forum.php?mod=viewthread&tid=9317" "Scrapy/1.7.3 (+https://scrapy.org)" "-"
1.85.219.49 - - [08/Jun/2022:09:30:01 +0800] "GET /forum.php?mod=attachment&aid=Mjg3MnxmNmI3OWI4M3wxNjU0NjUxNzcxfDB8OTMxNw%3D%3D&nothumb=yes HTTP/1.1" 200 162879 "http://www.lszmn.org/forum.php?mod=viewthread&tid=9317" "Scrapy/1.7.3 (+https://scrapy.org)" "-"
123.145.11.36 - - [08/Jun/2022:09:30:02 +0800] "GET /forum.php?mod=attachment&aid=Mjg3OHxiZmFmMzJjYnwxNjU0NjUxNzcxfDB8OTMxNw%3D%3D&nothumb=yes HTTP/1.1" 200 312868 "http://www.lszmn.org/forum.php?mod=viewthread&tid=9317" "Scrapy/1.7.3 (+https://scrapy.org)" "-"
8.26.182.82 - - [08/Jun/2022:09:30:03 +0800] "GET http://www.lszmn.org/member.php?mod=register HTTP/1.1" 302 5 "http://www.lszmn.org/" "Mozilla/5.0 (Macintosh; Intel Mac OS X 10_13_5) AppleWebKit/537.36 (KHTML, like Gecko) Chrome/67.0.3396.87 Safari/537.36" "-"
58.19.45.34 - - [08/Jun/2022:09:30:04 +0800] "GET /forum.php?mod=attachment&aid=Mjg3OXw3NDc5OWMxMnwxNjU0NjUxNzcxfDB8OTMxNw%3D%3D&nothumb=yes HTTP/1.1" 200 186492 "http://www.lszmn.org/forum.php?mod=viewthread&tid=9317" "Scrapy/1.7.3 (+https://scrapy.org)" "-"
8.26.182.82 - - [08/Jun/2022:09:30:04 +0800] "GET http://www.lszmn.org/connect.php?mod=login&op=init&referer=forum.php&statfrom=login_simple HTTP/1.1" 302 5 "http://www.lszmn.org/member.php?mod=register" "Mozilla/5.0 (Macintosh; Intel Mac OS X 10_13_5) AppleWebKit/537.36 (KHTML, like Gecko) Chrome/67.0.3396.87 Safari/537.36" "-"
175.152.108.156 - - [08/Jun/2022:09:30:05 +0800] "GET /forum.php?mod=attachment&aid=Mjg3N3xhMWI2NjliMXwxNjU0NjUxNzcxfDB8OTMxNw%3D%3D&nothumb=yes HTTP/1.1" 200 286616 "http://www.lszmn.org/forum.php?mod=viewthread&tid=9317" "Scrapy/1.7.3 (+https://scrapy.org)" "-"
112.80.139.150 - - [08/Jun/2022:09:30:06 +0800] "GET /forum.php?mod=attachment&aid=Mjg3NnwzYzNmMmZlNXwxNjU0NjUxNzcxfDB8OTMxNw%3D%3D&nothumb=yes HTTP/1.1" 200 312162 "http://www.lszmn.org/forum.php?mod=viewthread&tid=9317" "Scrapy/1.7.3 (+https://scrapy.org)" "-"
185.191.171.16 - - [08/Jun/2022:09:30:08 +0800] "GET /forum.php?action=postreview&do=against&hash=ac83b419&mod=misc&pid=1969&tid=225 HTTP/1.1" 200 4786 "-" "Mozilla/5.0 (compatible; SemrushBot/7~bl; +http://www.semrush.com/bot.html)" "-"
175.152.108.156 - - [08/Jun/2022:09:30:11 +0800] "GET /forum.php?mod=viewthread&tid=9317&extra=&ordertype=1 HTTP/1.1" 200 14569 "http://www.lszmn.org/forum.php?mod=viewthread&tid=9317" "Scrapy/1.7.3 (+https://scrapy.org)" "-"
171.36.142.68 - - [08/Jun/2022:09:30:11 +0800] "GET /forum.php?mod=attachment&aid=Mjg3MHxlYmRkZjc1OXwxNjU0NjUxNzk1fDB8OTMxNg%3D%3D&nothumb=yes HTTP/1.1" 200 343464 "http://www.lszmn.org/forum.php?mod=viewthread&tid=9316" "Scrapy/1.7.3 (+https://scrapy.org)" "-"
36.32.3.30 - - [08/Jun/2022:09:30:11 +0800] "GET /forum.php?mod=viewthread&tid=9317&from=album HTTP/1.1" 200 8422 "http://www.lszmn.org/forum.php?mod=viewthread&tid=9317" "Scrapy/1.7.3 (+https://scrapy.org)" "-"
124.235.138.212 - - [08/Jun/2022:09:30:11 +0800] "GET /forum.php?mod=attachment&aid=Mjg3NHxkYjExMzYwMnwxNjU0NjUxNzcxfDB8OTMxNw%3D%3D&nothumb=yes HTTP/1.1" 200 482728 "http://www.lszmn.org/forum.php?mod=viewthread&tid=9317" "Scrapy/1.7.3 (+https://scrapy.org)" "-"
58.19.45.34 - - [08/Jun/2022:09:30:11 +0800] "GET /forum.php?mod=attachment&aid=Mjg3MXw0NTQxYzc3MXwxNjU0NjUxNzcxfDB8OTMxNw%3D%3D&nothumb=yes HTTP/1.1" 200 177739 "http://www.lszmn.org/forum.php?mod=viewthread&tid=9317" "Scrapy/1.7.3 (+https://scrapy.org)" "-"
182.138.158.29 - - [08/Jun/2022:09:30:11 +0800] "GET /forum.php?mod=viewthread&tid=9317&page=1&authorid=1 HTTP/1.1" 200 14730 "http://www.lszmn.org/forum.php?mod=viewthread&tid=9317" "Scrapy/1.7.3 (+https://scrapy.org)" "-"
171.34.176.8 - - [08/Jun/2022:09:30:11 +0800] "GET /forum.php?mod=attachment&aid=Mjg3NXwyZTMyOTQ5N3wxNjU0NjUxNzcxfDB8OTMxNw%3D%3D&nothumb=yes HTTP/1.1" 200 220568 "http://www.lszmn.org/forum.php?mod=viewthread&tid=9317" "Scrapy/1.7.3 (+https://scrapy.org)" "-"
1.85.219.49 - - [08/Jun/2022:09:30:11 +0800] "GET /forum.php?mod=redirect&goto=nextoldset&tid=9316 HTTP/1.1" 200 4932 "http://www.lszmn.org/forum.php?mod=viewthread&tid=9316" "Scrapy/1.7.3 (+https://scrapy.org)" "-"
113.200.71.110 - - [08/Jun/2022:09:30:11 +0800] "GET /forum.php?mod=redirect&goto=nextnewset&tid=9316 HTTP/1.1" 302 5 "http://www.lszmn.org/forum.php?mod=viewthread&tid=9316" "Scrapy/1.7.3 (+https://scrapy.org)" "-"
