106.11.155.106 - - [08/Jun/2022:09:46:05 +0800] "GET /data/cache/style_24_common.css?kp9 HTTP/1.1" 200 96034 "http://lszmn.org/home.php?mod=space&username=ic4iq" "Mozilla/5.0 (Windows NT 6.1; Win64; x64) AppleWebKit/537.36 (KHTML, like Gecko) Chrome/69.0.3497.81 YisouSpider/5.0 Safari/537.36" "-"
123.144.31.72 - - [08/Jun/2022:09:46:06 +0800] "GET /forum.php?mod=attachment&aid=MjIwMnwxMzJiNzYwMXwxNjU0NjUyNjcyfDB8Njg2Nw%3D%3D&nothumb=yes HTTP/1.1" 200 133786 "http://www.lszmn.org/forum.php?mod=viewthread&tid=6867&extra=&ordertype=1" "Scrapy/1.7.3 (+https://scrapy.org)" "-"
140.224.65.56 - - [08/Jun/2022:09:46:06 +0800] "GET /forum.php?mod=attachment&aid=MjIwN3xmZTU4ZGRlY3wxNjU0NjUyNjcyfDB8Njg2Nw%3D%3D&nothumb=yes HTTP/1.1" 200 119604 "http://www.lszmn.org/forum.php?mod=viewthread&tid=6867&extra=&ordertype=1" "Scrapy/1.7.3 (+https://scrapy.org)" "-"
171.36.140.187 - - [08/Jun/2022:09:46:07 +0800] "GET /forum.php?mod=attachment&aid=MjIwM3w0MzIzYTU2NnwxNjU0NjUyNjcyfDB8Njg2Nw%3D%3D&nothumb=yes HTTP/1.1" 200 141288 "http://www.lszmn.org/forum.php?mod=viewthread&tid=6867&extra=&ordertype=1" "Scrapy/1.7.3 (+https://scrapy.org)" "-"
123.144.31.72 - - [08/Jun/2022:09:46:09 +0800] "GET /connect.php?mod=login&op=init&referer=forum.php%3Fmod%3Dviewthread%26tid%3D6867%26extra%3D%26ordertype%3D1&statfrom=login_simple HTTP/1.1" 302 5 "http://www.lszmn.org/forum.php?mod=viewthread&tid=6867&extra=&ordertype=1" "Scrapy/1.7.3 (+https://scrapy.org)" "-"
58.247.217.79 - - [08/Jun/2022:09:46:09 +0800] "GET /forum.php?mod=attachment&aid=MjIwNHxkYTZhYTY3M3wxNjU0NjUyNjcyfDB8Njg2Nw%3D%3D&nothumb=yes HTTP/1.1" 200 152714 "http://www.lszmn.org/forum.php?mod=viewthread&tid=6867&extra=&ordertype=1" "Scrapy/1.7.3 (+https://scrapy.org)" "-"
220.250.63.109 - - [08/Jun/2022:09:46:09 +0800] "GET /forum.php?mod=viewthread&tid=6867&extra=&ordertype=2 HTTP/1.1" 200 10578 "http://www.lszmn.org/forum.php?mod=viewthread&tid=6867&extra=&ordertype=1" "Scrapy/1.7.3 (+https://scrapy.org)" "-"
123.144.31.72 - - [08/Jun/2022:09:46:09 +0800] "GET /connect.php?mod=login&op=init&referer=forum.php%3Fmod%3Dviewthread%26tid%3D6867%26from%3Dalbum&statfrom=login_simple HTTP/1.1" 302 5 "http://www.lszmn.org/forum.php?mod=viewthread&tid=6867&from=album" "Scrapy/1.7.3 (+https://scrapy.org)" "-"
123.144.31.72 - - [08/Jun/2022:09:46:09 +0800] "GET /forum.php?mod=post&action=reply&fid=20&tid=9359&reppost=6879913&extra=&page=1 HTTP/1.1" 200 5030 "http://www.lszmn.org/forum.php?mod=viewthread&tid=9359" "Scrapy/1.7.3 (+https://scrapy.org)" "-"
220.250.63.109 - - [08/Jun/2022:09:46:10 +0800] "GET /home.php?mod=spacecp&ac=share&type=thread&id=9359 HTTP/1.1" 200 4866 "http://www.lszmn.org/forum.php?mod=viewthread&tid=9359" "Scrapy/1.7.3 (+https://scrapy.org)" "-"
58.19.11.91 - - [08/Jun/2022:09:46:10 +0800] "GET /forum.php?mod=attachment&aid=MzE5N3w5MjJlZjA5NXwxNjU0NjUyNjc1fDB8OTM2Ng%3D%3D&nothumb=yes HTTP/1.1" 200 286104 "http://www.lszmn.org/forum.php?mod=viewthread&tid=9366" "Scrapy/1.7.3 (+https://scrapy.org)" "-"
220.250.63.109 - - [08/Jun/2022:09:46:10 +0800] "GET /forum.php?mod=redirect&goto=nextnewset&tid=212 HTTP/1.1" 302 5 "http://www.lszmn.org/forum.php?mod=viewthread&tid=212" "Scrapy/1.7.3 (+https://scrapy.org)" "-"
123.144.31.72 - - [08/Jun/2022:09:46:10 +0800] "GET /forum.php?mod=post&action=reply&fid=17&tid=212&extra=&page=1 HTTP/1.1" 200 4988 "http://www.lszmn.org/forum.php?mod=viewthread&tid=212" "Scrapy/1.7.3 (+https://scrapy.org)" "-"
27.184.93.210 - - [08/Jun/2022:09:46:10 +0800] "GET /forum.php?mod=redirect&goto=nextoldset&tid=212 HTTP/1.1" 302 5 "http://www.lszmn.org/forum.php?mod=viewthread&tid=212" "Scrapy/1.7.3 (+https://scrapy.org)" "-"
220.250.63.109 - - [08/Jun/2022:09:46:10 +0800] "GET /forum.php?mod=viewthread&tid=212&page=2 HTTP/1.1" 200 4981 "http://www.lszmn.org/forum.php?mod=viewthread&tid=212" "Scrapy/1.7.3 (+https://scrapy.org)" "-"
27.184.93.210 - - [08/Jun/2022:09:46:10 +0800] "GET /connect.php?mod=login&op=init&referer=forum.php%3Fmod%3Dviewthread%26tid%3D6867&statfrom=login_simple HTTP/1.1" 302 5 "http://www.lszmn.org/forum.php?mod=viewthread&tid=6867" "Scrapy/1.7.3 (+https://scrapy.org)" "-"
142.44.203.5 - - [08/Jun/2022:09:46:10 +0800] "GET /home.php?mod=space&uid=22887&do=profile HTTP/1.1" 200 4745 "http://www.lszmn.org/" "Mozilla/5.0 (Macintosh; Intel Mac OS X 10_13_2) AppleWebKit/537.36 (KHTML, like Gecko) Chrome/66.0.3359.181 Safari/537.36" "-"
220.250.63.109 - - [08/Jun/2022:09:46:11 +0800] "GET /forum.php?mod=post&action=reply&fid=20&tid=9357&extra=&page=1 HTTP/1.1" 200 4998 "http://www.lszmn.org/forum.php?mod=viewthread&tid=9357" "Scrapy/1.7.3 (+https://scrapy.org)" "-"
27.184.93.210 - - [08/Jun/2022:09:46:11 +0800] "GET /forum.php?mod=redirect&goto=nextnewset&tid=9357 HTTP/1.1" 302 5 "http://www.lszmn.org/forum.php?mod=viewthread&tid=9357" "Scrapy/1.7.3 (+https://scrapy.org)" "-"
123.144.31.72 - - [08/Jun/2022:09:46:11 +0800] "GET /forum.php?mod=redirect&goto=nextoldset&tid=9357 HTTP/1.1" 302 5 "http://www.lszmn.org/forum.php?mod=viewthread&tid=9357" "Scrapy/1.7.3 (+https://scrapy.org)" "-"
220.250.63.109 - - [08/Jun/2022:09:46:12 +0800] "GET /connect.php?mod=login&op=init&referer=forum.php%3Fmod%3Dviewthread%26tid%3D9357&statfrom=login HTTP/1.1" 302 5 "http://www.lszmn.org/forum.php?mod=viewthread&tid=9357" "Scrapy/1.7.3 (+https://scrapy.org)" "-"
118.81.12.23 - - [08/Jun/2022:09:46:12 +0800] "GET /forum.php?mod=attachment&aid=MzE5Nnw3N2Y0ZWNkNnwxNjU0NjUyNjc1fDB8OTM2Ng%3D%3D&nothumb=yes HTTP/1.1" 200 417176 "http://www.lszmn.org/forum.php?mod=viewthread&tid=9366" "Scrapy/1.7.3 (+https://scrapy.org)" "-"
27.184.93.210 - - [08/Jun/2022:09:46:12 +0800] "GET /forum.php?mod=viewthread&tid=9389 HTTP/1.1" 200 10543 "http://www.lszmn.org/forum.php?mod=viewthread&tid=212" "Scrapy/1.7.3 (+https://scrapy.org)" "-"
123.144.31.72 - - [08/Jun/2022:09:46:12 +0800] "GET /forum.php?mod=viewthread&tid=7451 HTTP/1.1" 200 12326 "http://www.lszmn.org/forum.php?mod=viewthread&tid=212" "Scrapy/1.7.3 (+https://scrapy.org)" "-"
220.250.63.109 - - [08/Jun/2022:09:46:12 +0800] "GET /connect.php?mod=login&op=init&referer=home.php%3Fmod%3Dspacecp%26ac%3Dshare%26type%3Dthread%26id%3D9359&statfrom=login_simple HTTP/1.1" 302 5 "http://www.lszmn.org/home.php?mod=spacecp&ac=share&type=thread&id=9359" "Scrapy/1.7.3 (+https://scrapy.org)" "-"
171.36.140.187 - - [08/Jun/2022:09:46:12 +0800] "GET /forum.php?mod=post&action=reply&fid=17&tid=212&extra=&page= HTTP/1.1" 200 4990 "http://www.lszmn.org/forum.php?mod=viewthread&tid=212&page=2" "Scrapy/1.7.3 (+https://scrapy.org)" "-"
220.250.63.109 - - [08/Jun/2022:09:46:12 +0800] "GET /connect.php?mod=login&op=init&referer=forum.php%3Fmod%3Dpost%26action%3Dreply%26fid%3D17%26tid%3D212%26extra%3D%26page%3D1&statfrom=login_simple HTTP/1.1" 302 5 "http://www.lszmn.org/forum.php?mod=post&action=reply&fid=17&tid=212&extra=&page=1" "Scrapy/1.7.3 (+https://scrapy.org)" "-"
123.144.31.72 - - [08/Jun/2022:09:46:13 +0800] "GET /forum.php?mod=viewthread&tid=9359 HTTP/1.1" 200 11422 "http://www.lszmn.org/forum.php?mod=viewthread&tid=9357" "Scrapy/1.7.3 (+https://scrapy.org)" "-"
171.36.140.187 - - [08/Jun/2022:09:46:13 +0800] "GET /forum.php?mod=viewthread&tid=9354 HTTP/1.1" 200 14165 "http://www.lszmn.org/forum.php?mod=viewthread&tid=9357" "Scrapy/1.7.3 (+https://scrapy.org)" "-"
220.250.63.109 - - [08/Jun/2022:09:46:13 +0800] "GET /connect.php?mod=login&op=init&referer=forum.php%3Fmod%3Dpost%26action%3Dreply%26fid%3D20%26tid%3D9357%26extra%3D%26page%3D1&statfrom=login_simple HTTP/1.1" 302 5 "http://www.lszmn.org/forum.php?mod=post&action=reply&fid=20&tid=9357&extra=&page=1" "Scrapy/1.7.3 (+https://scrapy.org)" "-"
220.250.63.234 - - [08/Jun/2022:09:46:13 +0800] "GET /connect.php?mod=login&op=init&referer=forum.php%3Fmod%3Dviewthread%26tid%3D212%26page%3D2&statfrom=login_simple HTTP/1.1" 302 5 "http://www.lszmn.org/forum.php?mod=viewthread&tid=212&page=2" "Scrapy/1.7.3 (+https://scrapy.org)" "-"
123.144.31.72 - - [08/Jun/2022:09:46:13 +0800] "GET /connect.php?mod=login&op=init&referer=forum.php%3Fmod%3Dviewthread%26tid%3D7451&statfrom=login_simple HTTP/1.1" 302 5 "http://www.lszmn.org/forum.php?mod=viewthread&tid=7451" "Scrapy/1.7.3 (+https://scrapy.org)" "-"
140.224.65.56 - - [08/Jun/2022:09:46:13 +0800] "GET /connect.php?mod=login&op=init&referer=forum.php%3Fmod%3Dpost%26action%3Dreply%26fid%3D20%26tid%3D9359%26reppost%3D6879913%26extra%3D%26page%3D1&statfrom=login_simple HTTP/1.1" 302 5 "http://www.lszmn.org/forum.php?mod=post&action=reply&fid=20&tid=9359&reppost=6879913&extra=&page=1" "Scrapy/1.7.3 (+https://scrapy.org)" "-"
220.250.63.234 - - [08/Jun/2022:09:46:14 +0800] "GET /forum.php?mod=redirect&goto=nextoldset&tid=7451 HTTP/1.1" 302 5 "http://www.lszmn.org/forum.php?mod=viewthread&tid=7451" "Scrapy/1.7.3 (+https://scrapy.org)" "-"
220.250.63.109 - - [08/Jun/2022:09:46:14 +0800] "GET /forum.php?mod=redirect&goto=nextnewset&tid=7451 HTTP/1.1" 302 5 "http://www.lszmn.org/forum.php?mod=viewthread&tid=7451" "Scrapy/1.7.3 (+https://scrapy.org)" "-"
171.36.140.187 - - [08/Jun/2022:09:46:14 +0800] "GET /forum.php?mod=post&action=reply&fid=17&tid=7451&extra=&page=1 HTTP/1.1" 200 4993 "http://www.lszmn.org/forum.php?mod=viewthread&tid=7451" "Scrapy/1.7.3 (+https://scrapy.org)" "-"
220.250.63.234 - - [08/Jun/2022:09:46:14 +0800] "GET /forum.php?mod=viewthread&tid=6787 HTTP/1.1" 200 11953 "http://www.lszmn.org/forum.php?mod=viewthread&tid=7451" "Scrapy/1.7.3 (+https://scrapy.org)" "-"
171.36.140.187 - - [08/Jun/2022:09:46:14 +0800] "GET /forum.php?mod=viewthread&tid=212 HTTP/1.1" 200 10871 "http://www.lszmn.org/forum.php?mod=viewthread&tid=7451" "Scrapy/1.7.3 (+https://scrapy.org)" "-"
140.224.65.56 - - [08/Jun/2022:09:46:14 +0800] "GET /forum.php?mod=attachment&aid=MzA5OXw4NTMzNDQxYXwxNjU0NjUyNzczfDB8OTM1NA%3D%3D&nothumb=yes HTTP/1.1" 200 80103 "http://www.lszmn.org/forum.php?mod=viewthread&tid=9354" "Scrapy/1.7.3 (+https://scrapy.org)" "-"
58.247.217.79 - - [08/Jun/2022:09:46:14 +0800] "GET /forum.php?mod=attachment&aid=MzExN3w1MjQ1MDFlNnwxNjU0NjUyNzczfDB8OTM1NA%3D%3D&nothumb=yes HTTP/1.1" 200 73389 "http://www.lszmn.org/forum.php?mod=viewthread&tid=9354" "Scrapy/1.7.3 (+https://scrapy.org)" "-"
220.250.63.109 - - [08/Jun/2022:09:46:14 +0800] "GET /forum.php?mod=attachment&aid=MzA5OHxjNjhmNmUzMXwxNjU0NjUyNzczfDB8OTM1NA%3D%3D&nothumb=yes HTTP/1.1" 200 62083 "http://www.lszmn.org/forum.php?mod=viewthread&tid=9354" "Scrapy/1.7.3 (+https://scrapy.org)" "-"
27.184.93.210 - - [08/Jun/2022:09:46:15 +0800] "GET /forum.php?mod=attachment&aid=MzExNnwzZGQ4ZTVkMnwxNjU0NjUyNzczfDB8OTM1NA%3D%3D&nothumb=yes HTTP/1.1" 200 69615 "http://www.lszmn.org/forum.php?mod=viewthread&tid=9354" "Scrapy/1.7.3 (+https://scrapy.org)" "-"
171.36.140.187 - - [08/Jun/2022:09:46:15 +0800] "GET /forum.php?mod=attachment&aid=MzEwMXxhZWQ2NmVlOHwxNjU0NjUyNzczfDB8OTM1NA%3D%3D&nothumb=yes HTTP/1.1" 200 76673 "http://www.lszmn.org/forum.php?mod=viewthread&tid=9354" "Scrapy/1.7.3 (+https://scrapy.org)" "-"
142.44.203.5 - - [08/Jun/2022:09:46:16 +0800] "GET /member.php?mod=register HTTP/1.1" 302 5 "http://www.lszmn.org/" "Mozilla/5.0 (Macintosh; Intel Mac OS X 10_13_2) AppleWebKit/537.36 (KHTML, like Gecko) Chrome/66.0.3359.181 Safari/537.36" "-"
142.44.203.5 - - [08/Jun/2022:09:46:16 +0800] "GET /connect.php?mod=login&op=init&referer=forum.php&statfrom=login_simple HTTP/1.1" 302 5 "http://www.lszmn.org/member.php?mod=register" "Mozilla/5.0 (Macintosh; Intel Mac OS X 10_13_2) AppleWebKit/537.36 (KHTML, like Gecko) Chrome/66.0.3359.181 Safari/537.36" "-"
220.250.63.234 - - [08/Jun/2022:09:46:16 +0800] "GET /forum.php?mod=attachment&aid=MzExNXw5OTg0NzA2MnwxNjU0NjUyNzczfDB8OTM1NA%3D%3D&nothumb=yes HTTP/1.1" 200 51819 "http://www.lszmn.org/forum.php?mod=viewthread&tid=9354" "Scrapy/1.7.3 (+https://scrapy.org)" "-"
58.247.217.79 - - [08/Jun/2022:09:46:18 +0800] "GET /forum.php?mod=attachment&aid=MzExNHxmZTBiMThhM3wxNjU0NjUyNzczfDB8OTM1NA%3D%3D&nothumb=yes HTTP/1.1" 200 61376 "http://www.lszmn.org/forum.php?mod=viewthread&tid=9354" "Scrapy/1.7.3 (+https://scrapy.org)" "-"
157.55.39.124 - - [08/Jun/2022:09:46:18 +0800] "GET /forum.php?mod=viewthread&tid=1047&extra=page%3D1&page=24 HTTP/1.1" 200 9919 "-" "Mozilla/5.0 (compatible; bingbot/2.0; +http://www.bing.com/bingbot.htm)" "-"
220.250.63.234 - - [08/Jun/2022:09:46:19 +0800] "GET /forum.php?mod=attachment&aid=MzExMnwzMzIyNTNjYnwxNjU0NjUyNzczfDB8OTM1NA%3D%3D&nothumb=yes HTTP/1.1" 200 42419 "http://www.lszmn.org/forum.php?mod=viewthread&tid=9354" "Scrapy/1.7.3 (+https://scrapy.org)" "-"
185.191.171.23 - - [08/Jun/2022:09:46:19 +0800] "GET /forum.php?action=postreview&do=against&hash=7dd2e439&mod=misc&pid=105739&tid=1035 HTTP/1.1" 200 4792 "-" "Mozilla/5.0 (compatible; SemrushBot/7~bl; +http://www.semrush.com/bot.html)" "-"
27.184.93.210 - - [08/Jun/2022:09:46:19 +0800] "GET /forum.php?mod=attachment&aid=MzExMXwwZWQ2YzBjNnwxNjU0NjUyNzczfDB8OTM1NA%3D%3D&nothumb=yes HTTP/1.1" 200 39758 "http://www.lszmn.org/forum.php?mod=viewthread&tid=9354" "Scrapy/1.7.3 (+https://scrapy.org)" "-"
171.36.140.187 - - [08/Jun/2022:09:46:19 +0800] "GET /forum.php?mod=attachment&aid=MzExM3xjNTg5NTA5MHwxNjU0NjUyNzczfDB8OTM1NA%3D%3D&nothumb=yes HTTP/1.1" 200 45954 "http://www.lszmn.org/forum.php?mod=viewthread&tid=9354" "Scrapy/1.7.3 (+https://scrapy.org)" "-"
58.247.217.79 - - [08/Jun/2022:09:46:20 +0800] "GET /forum.php?mod=attachment&aid=MzExMHxkMDEwYTIwY3wxNjU0NjUyNzczfDB8OTM1NA%3D%3D&nothumb=yes HTTP/1.1" 200 50505 "http://www.lszmn.org/forum.php?mod=viewthread&tid=9354" "Scrapy/1.7.3 (+https://scrapy.org)" "-"
185.191.171.22 - - [08/Jun/2022:09:46:21 +0800] "GET /forum.php?action=postreview&do=support&hash=84d4412b&mod=misc&pid=2113&tid=219 HTTP/1.1" 200 4782 "-" "Mozilla/5.0 (compatible; SemrushBot/7~bl; +http://www.semrush.com/bot.html)" "-"
171.36.140.187 - - [08/Jun/2022:09:46:21 +0800] "GET /forum.php?mod=attachment&aid=MzEwOXxmYTdmMmM1OHwxNjU0NjUyNzczfDB8OTM1NA%3D%3D&nothumb=yes HTTP/1.1" 200 82094 "http://www.lszmn.org/forum.php?mod=viewthread&tid=9354" "Scrapy/1.7.3 (+https://scrapy.org)" "-"
27.184.93.210 - - [08/Jun/2022:09:46:21 +0800] "GET /forum.php?mod=attachment&aid=MzEwOHxiYjM2MmFlN3wxNjU0NjUyNzczfDB8OTM1NA%3D%3D&nothumb=yes HTTP/1.1" 200 49491 "http://www.lszmn.org/forum.php?mod=viewthread&tid=9354" "Scrapy/1.7.3 (+https://scrapy.org)" "-"
220.250.63.234 - - [08/Jun/2022:09:46:22 +0800] "GET /forum.php?mod=attachment&aid=MzEwN3w5ZWZlYWExN3wxNjU0NjUyNzczfDB8OTM1NA%3D%3D&nothumb=yes HTTP/1.1" 200 50090 "http://www.lszmn.org/forum.php?mod=viewthread&tid=9354" "Scrapy/1.7.3 (+https://scrapy.org)" "-"
140.224.65.56 - - [08/Jun/2022:09:46:23 +0800] "GET /forum.php?mod=attachment&aid=MzM4MHwzMmIwMmE2YXwxNjU0NjUyNzcyfDB8OTM4OQ%3D%3D&nothumb=yes HTTP/1.1" 200 190129 "http://www.lszmn.org/forum.php?mod=viewthread&tid=9389" "Scrapy/1.7.3 (+https://scrapy.org)" "-"
27.184.93.210 - - [08/Jun/2022:09:46:23 +0800] "GET /forum.php?mod=attachment&aid=MzEwNnxiZThlZWQzM3wxNjU0NjUyNzczfDB8OTM1NA%3D%3D&nothumb=yes HTTP/1.1" 200 60841 "http://www.lszmn.org/forum.php?mod=viewthread&tid=9354" "Scrapy/1.7.3 (+https://scrapy.org)" "-"
58.247.217.79 - - [08/Jun/2022:09:46:23 +0800] "GET /forum.php?mod=attachment&aid=MzEwNXwxYjQ3YTM3OXwxNjU0NjUyNzczfDB8OTM1NA%3D%3D&nothumb=yes HTTP/1.1" 200 50553 "http://www.lszmn.org/forum.php?mod=viewthread&tid=9354" "Scrapy/1.7.3 (+https://scrapy.org)" "-"
220.250.63.234 - - [08/Jun/2022:09:46:24 +0800] "GET /forum.php?mod=attachment&aid=MzEwNHw5NGY5YTJiN3wxNjU0NjUyNzczfDB8OTM1NA%3D%3D&nothumb=yes HTTP/1.1" 200 51170 "http://www.lszmn.org/forum.php?mod=viewthread&tid=9354" "Scrapy/1.7.3 (+https://scrapy.org)" "-"
171.36.140.187 - - [08/Jun/2022:09:46:25 +0800] "GET /forum.php?mod=attachment&aid=MzEwM3wzMDhjYTUyZnwxNjU0NjUyNzczfDB8OTM1NA%3D%3D&nothumb=yes HTTP/1.1" 200 48693 "http://www.lszmn.org/forum.php?mod=viewthread&tid=9354" "Scrapy/1.7.3 (+https://scrapy.org)" "-"
220.250.63.234 - - [08/Jun/2022:09:46:25 +0800] "GET /forum.php?mod=attachment&aid=MzEwMHw3NDNhMmY2N3wxNjU0NjUyNzczfDB8OTM1NA%3D%3D&nothumb=yes HTTP/1.1" 200 57938 "http://www.lszmn.org/forum.php?mod=viewthread&tid=9354" "Scrapy/1.7.3 (+https://scrapy.org)" "-"
27.184.93.210 - - [08/Jun/2022:09:46:26 +0800] "GET /forum.php?mod=attachment&aid=MzA5NnxhMjFhYzYyMnwxNjU0NjUyNzczfDB8OTM1NA%3D%3D&nothumb=yes HTTP/1.1" 200 63682 "http://www.lszmn.org/forum.php?mod=viewthread&tid=9354" "Scrapy/1.7.3 (+https://scrapy.org)" "-"
36.32.3.169 - - [08/Jun/2022:09:46:26 +0800] "GET /forum.php?mod=attachment&aid=MzA5N3w1YWM1Y2M3N3wxNjU0NjUyNzczfDB8OTM1NA%3D%3D&nothumb=yes HTTP/1.1" 200 41073 "http://www.lszmn.org/forum.php?mod=viewthread&tid=9354" "Scrapy/1.7.3 (+https://scrapy.org)" "-"
58.247.217.79 - - [08/Jun/2022:09:46:26 +0800] "GET /forum.php?mod=attachment&aid=MzEwMnwyNjExZWUzNHwxNjU0NjUyNzczfDB8OTM1NA%3D%3D&nothumb=yes HTTP/1.1" 200 58456 "http://www.lszmn.org/forum.php?mod=viewthread&tid=9354" "Scrapy/1.7.3 (+https://scrapy.org)" "-"
38.55.176.226 - - [08/Jun/2022:09:46:27 +0800] "GET http://www.lszmn.org/home.php?mod=space&uid=31697&do=profile HTTP/1.0" 200 12703 "http://www.lszmn.org/" "Mozilla/5.0 (Macintosh; Intel Mac OS X 10_13_5) AppleWebKit/537.36 (KHTML, like Gecko) Chrome/67.0.3396.87 Safari/537.36" "-"
27.184.93.210 - - [08/Jun/2022:09:46:27 +0800] "GET /forum.php?mod=attachment&aid=MzA5NXwzOTZkNTFiNHwxNjU0NjUyNzczfDB8OTM1NA%3D%3D&nothumb=yes HTTP/1.1" 200 40462 "http://www.lszmn.org/forum.php?mod=viewthread&tid=9354" "Scrapy/1.7.3 (+https://scrapy.org)" "-"
36.32.3.169 - - [08/Jun/2022:09:46:27 +0800] "GET /forum.php?mod=attachment&aid=MzA5NHw4ZWY5ZDU3M3wxNjU0NjUyNzczfDB8OTM1NA%3D%3D&nothumb=yes HTTP/1.1" 200 58656 "http://www.lszmn.org/forum.php?mod=viewthread&tid=9354" "Scrapy/1.7.3 (+https://scrapy.org)" "-"
27.184.93.210 - - [08/Jun/2022:09:46:28 +0800] "GET /forum.php?mod=attachment&aid=MzA5M3w0MjU3ZWIxNnwxNjU0NjUyNzczfDB8OTM1NA%3D%3D&nothumb=yes HTTP/1.1" 200 89844 "http://www.lszmn.org/forum.php?mod=viewthread&tid=9354" "Scrapy/1.7.3 (+https://scrapy.org)" "-"
171.36.140.187 - - [08/Jun/2022:09:46:29 +0800] "GET /forum.php?mod=attachment&aid=MzA5MnxlNTI0NjQxNHwxNjU0NjUyNzczfDB8OTM1NA%3D%3D&nothumb=yes HTTP/1.1" 200 85087 "http://www.lszmn.org/forum.php?mod=viewthread&tid=9354" "Scrapy/1.7.3 (+https://scrapy.org)" "-"
185.191.171.19 - - [08/Jun/2022:09:46:29 +0800] "GET /home.php?do=share&from=space&mod=space&type=music&uid=30791&view=me HTTP/1.1" 200 4630 "-" "Mozilla/5.0 (compatible; SemrushBot/7~bl; +http://www.semrush.com/bot.html)" "-"
123.144.31.72 - - [08/Jun/2022:09:46:29 +0800] "GET /forum.php?mod=attachment&aid=MzE3OHw5Y2FhNzY1ZnwxNjU0NjUyNzcyfDB8OTM1OQ%3D%3D&nothumb=yes HTTP/1.1" 200 413120 "http://www.lszmn.org/forum.php?mod=viewthread&tid=9359" "Scrapy/1.7.3 (+https://scrapy.org)" "-"
27.227.186.121 - - [08/Jun/2022:09:46:30 +0800] "GET /forum.php?mod=attachment&aid=MzA5MXw0NDE0Zjg2ZnwxNjU0NjUyNzczfDB8OTM1NA%3D%3D&nothumb=yes HTTP/1.1" 200 89254 "http://www.lszmn.org/forum.php?mod=viewthread&tid=9354" "Scrapy/1.7.3 (+https://scrapy.org)" "-"
220.250.63.109 - - [08/Jun/2022:09:46:31 +0800] "GET /forum.php?mod=attachment&aid=MzM4MXxmYTdlNTQ2OHwxNjU0NjUyNzcyfDB8OTM4OQ%3D%3D&nothumb=yes HTTP/1.1" 200 282048 "http://www.lszmn.org/forum.php?mod=viewthread&tid=9389" "Scrapy/1.7.3 (+https://scrapy.org)" "-"
185.191.171.35 - - [08/Jun/2022:09:46:32 +0800] "GET /forum.php?action=postreview&do=against&hash=7ac419a9&mod=misc&pid=97353&tid=1077 HTTP/1.1" 200 4797 "-" "Mozilla/5.0 (compatible; SemrushBot/7~bl; +http://www.semrush.com/bot.html)" "-"
38.55.176.226 - - [08/Jun/2022:09:46:32 +0800] "GET http://www.lszmn.org/member.php?mod=register HTTP/1.1" 302 5 "http://www.lszmn.org/" "Mozilla/5.0 (Macintosh; Intel Mac OS X 10_13_5) AppleWebKit/537.36 (KHTML, like Gecko) Chrome/67.0.3396.87 Safari/537.36" "-"
38.55.176.226 - - [08/Jun/2022:09:46:33 +0800] "GET http://www.lszmn.org/connect.php?mod=login&op=init&referer=forum.php&statfrom=login_simple HTTP/1.1" 302 5 "http://www.lszmn.org/member.php?mod=register" "Mozilla/5.0 (Macintosh; Intel Mac OS X 10_13_5) AppleWebKit/537.36 (KHTML, like Gecko) Chrome/67.0.3396.87 Safari/537.36" "-"
27.227.186.121 - - [08/Jun/2022:09:46:38 +0800] "GET /connect.php?mod=login&op=init&referer=forum.php%3Fmod%3Dviewthread%26tid%3D7451&statfrom=login HTTP/1.1" 302 5 "http://www.lszmn.org/forum.php?mod=viewthread&tid=7451" "Scrapy/1.7.3 (+https://scrapy.org)" "-"
27.227.186.121 - - [08/Jun/2022:09:46:38 +0800] "GET /forum.php?mod=post&action=reply&fid=17&tid=7451 HTTP/1.1" 200 4966 "http://www.lszmn.org/forum.php?mod=viewthread&tid=7451" "Scrapy/1.7.3 (+https://scrapy.org)" "-"
27.227.186.121 - - [08/Jun/2022:09:46:38 +0800] "GET /forum.php?mod=post&action=reply&fid=17&tid=7451&reppost=6746987&extra=&page=1 HTTP/1.1" 200 5026 "http://www.lszmn.org/forum.php?mod=viewthread&tid=7451" "Scrapy/1.7.3 (+https://scrapy.org)" "-"
27.227.186.121 - - [08/Jun/2022:09:46:39 +0800] "GET /home.php?mod=spacecp&ac=share&type=thread&id=7451 HTTP/1.1" 200 4866 "http://www.lszmn.org/forum.php?mod=viewthread&tid=7451" "Scrapy/1.7.3 (+https://scrapy.org)" "-"
27.227.186.121 - - [08/Jun/2022:09:46:40 +0800] "GET /home.php?mod=spacecp&ac=follow&op=relay&tid=7451&from=forum HTTP/1.1" 200 4884 "http://www.lszmn.org/forum.php?mod=viewthread&tid=7451" "Scrapy/1.7.3 (+https://scrapy.org)" "-"
27.227.186.121 - - [08/Jun/2022:09:46:41 +0800] "GET /home.php?mod=spacecp&ac=favorite&type=thread&id=7451 HTTP/1.1" 200 4870 "http://www.lszmn.org/forum.php?mod=viewthread&tid=7451" "Scrapy/1.7.3 (+https://scrapy.org)" "-"
27.227.186.121 - - [08/Jun/2022:09:46:42 +0800] "GET /home.php?mod=spacecp&ac=plugin&id=qqconnect:spacecp&pluginop=share&sh_type=4&thread_id=7451 HTTP/1.1" 200 4948 "http://www.lszmn.org/forum.php?mod=viewthread&tid=7451" "Scrapy/1.7.3 (+https://scrapy.org)" "-"
27.227.186.121 - - [08/Jun/2022:09:46:43 +0800] "GET /forum.php?mod=attachment&aid=MjY0M3wxZGM0MzQyN3wxNjU0NjUyNzcyfDB8NzQ1MQ%3D%3D&nothumb=yes HTTP/1.1" 200 80952 "http://www.lszmn.org/forum.php?mod=viewthread&tid=7451" "Scrapy/1.7.3 (+https://scrapy.org)" "-"
220.250.63.234 - - [08/Jun/2022:09:46:44 +0800] "GET /forum.php?mod=attachment&aid=MzE4NXw2NjExOWFkZXwxNjU0NjUyNzcyfDB8OTM1OQ%3D%3D&nothumb=yes HTTP/1.1" 200 343488 "http://www.lszmn.org/forum.php?mod=viewthread&tid=9359" "Scrapy/1.7.3 (+https://scrapy.org)" "-"
58.247.217.79 - - [08/Jun/2022:09:46:44 +0800] "GET /forum.php?mod=attachment&aid=MzE4NHwwNjQ2YzcwN3wxNjU0NjUyNzcyfDB8OTM1OQ%3D%3D&nothumb=yes HTTP/1.1" 200 343488 "http://www.lszmn.org/forum.php?mod=viewthread&tid=9359" "Scrapy/1.7.3 (+https://scrapy.org)" "-"
36.32.3.169 - - [08/Jun/2022:09:46:45 +0800] "GET /forum.php?mod=attachment&aid=MzE4M3wyMDM4YzFiMXwxNjU0NjUyNzcyfDB8OTM1OQ%3D%3D&nothumb=yes HTTP/1.1" 200 409024 "http://www.lszmn.org/forum.php?mod=viewthread&tid=9359" "Scrapy/1.7.3 (+https://scrapy.org)" "-"
58.247.216.229 - - [08/Jun/2022:09:46:45 +0800] "GET /forum.php?mod=attachment&aid=MjY0NnwwZWZjYmFlZnwxNjU0NjUyNzcyfDB8NzQ1MQ%3D%3D&nothumb=yes HTTP/1.1" 200 45274 "http://www.lszmn.org/forum.php?mod=viewthread&tid=7451" "Scrapy/1.7.3 (+https://scrapy.org)" "-"
140.224.65.56 - - [08/Jun/2022:09:46:46 +0800] "GET /forum.php?mod=attachment&aid=MzE4MnxiZWNkYjRmNHwxNjU0NjUyNzcyfDB8OTM1OQ%3D%3D&nothumb=yes HTTP/1.1" 200 282048 "http://www.lszmn.org/forum.php?mod=viewthread&tid=9359" "Scrapy/1.7.3 (+https://scrapy.org)" "-"
111.224.249.207 - - [08/Jun/2022:09:46:46 +0800] "GET /forum.php?mod=attachment&aid=MzE4MXxhODY5MWVhNnwxNjU0NjUyNzcyfDB8OTM1OQ%3D%3D&nothumb=yes HTTP/1.1" 200 478656 "http://www.lszmn.org/forum.php?mod=viewthread&tid=9359" "Scrapy/1.7.3 (+https://scrapy.org)" "-"
140.224.64.207 - - [08/Jun/2022:09:46:47 +0800] "GET /forum.php?mod=viewthread&tid=7451&extra=&ordertype=1 HTTP/1.1" 200 12255 "http://www.lszmn.org/forum.php?mod=viewthread&tid=7451" "Scrapy/1.7.3 (+https://scrapy.org)" "-"
140.224.64.207 - - [08/Jun/2022:09:46:47 +0800] "GET /forum.php?mod=viewthread&tid=7451&from=album HTTP/1.1" 200 8362 "http://www.lszmn.org/forum.php?mod=viewthread&tid=7451" "Scrapy/1.7.3 (+https://scrapy.org)" "-"
27.184.93.210 - - [08/Jun/2022:09:46:47 +0800] "GET /forum.php?mod=attachment&aid=MzE4MHxjNTg1ZTFkOXwxNjU0NjUyNzcyfDB8OTM1OQ%3D%3D&nothumb=yes HTTP/1.1" 200 413120 "http://www.lszmn.org/forum.php?mod=viewthread&tid=9359" "Scrapy/1.7.3 (+https://scrapy.org)" "-"
140.224.64.207 - - [08/Jun/2022:09:46:48 +0800] "GET /forum.php?mod=post&action=reply&fid=20&tid=9357 HTTP/1.1" 200 4970 "http://www.lszmn.org/forum.php?mod=viewthread&tid=9357" "Scrapy/1.7.3 (+https://scrapy.org)" "-"
140.224.64.207 - - [08/Jun/2022:09:46:48 +0800] "GET /forum.php?mod=post&action=reply&fid=20&tid=9357&reppost=6879911&extra=&page=1 HTTP/1.1" 200 5032 "http://www.lszmn.org/forum.php?mod=viewthread&tid=9357" "Scrapy/1.7.3 (+https://scrapy.org)" "-"
140.224.64.207 - - [08/Jun/2022:09:46:48 +0800] "GET /home.php?mod=spacecp&ac=share&type=thread&id=9357 HTTP/1.1" 200 4865 "http://www.lszmn.org/forum.php?mod=viewthread&tid=9357" "Scrapy/1.7.3 (+https://scrapy.org)" "-"
140.224.64.207 - - [08/Jun/2022:09:46:48 +0800] "GET /home.php?mod=spacecp&ac=follow&op=relay&tid=9357&from=forum HTTP/1.1" 200 4882 "http://www.lszmn.org/forum.php?mod=viewthread&tid=9357" "Scrapy/1.7.3 (+https://scrapy.org)" "-"
58.247.216.229 - - [08/Jun/2022:09:46:49 +0800] "GET /home.php?mod=spacecp&ac=favorite&type=thread&id=9357 HTTP/1.1" 200 4871 "http://www.lszmn.org/forum.php?mod=viewthread&tid=9357" "Scrapy/1.7.3 (+https://scrapy.org)" "-"
140.224.64.207 - - [08/Jun/2022:09:46:49 +0800] "GET /home.php?mod=spacecp&ac=plugin&id=qqconnect:spacecp&pluginop=share&sh_type=4&thread_id=9357 HTTP/1.1" 200 4948 "http://www.lszmn.org/forum.php?mod=viewthread&tid=9357" "Scrapy/1.7.3 (+https://scrapy.org)" "-"
27.227.186.121 - - [08/Jun/2022:09:46:49 +0800] "GET /home.php?mod=spacecp&ac=plugin&id=qqconnect:spacecp&pluginop=share&sh_type=4&thread_id=9359 HTTP/1.1" 200 4949 "http://www.lszmn.org/forum.php?mod=viewthread&tid=9359" "Scrapy/1.7.3 (+https://scrapy.org)" "-"
185.191.171.34 - - [08/Jun/2022:09:46:49 +0800] "GET /forum.php?action=postreview&do=support&hash=d1993211&mod=misc&pid=2918&tid=218 HTTP/1.1" 200 4782 "-" "Mozilla/5.0 (compatible; SemrushBot/7~bl; +http://www.semrush.com/bot.html)" "-"
27.227.186.121 - - [08/Jun/2022:09:46:50 +0800] "GET /connect.php?mod=login&op=init&referer=forum.php%3Fmod%3Dpost%26action%3Dreply%26fid%3D20%26tid%3D9357&statfrom=login_simple HTTP/1.1" 302 5 "http://www.lszmn.org/forum.php?mod=post&action=reply&fid=20&tid=9357" "Scrapy/1.7.3 (+https://scrapy.org)" "-"
27.227.186.121 - - [08/Jun/2022:09:46:50 +0800] "GET /connect.php?mod=login&op=init&referer=forum.php%3Fmod%3Dpost%26action%3Dreply%26fid%3D20%26tid%3D9357%26reppost%3D6879911%26extra%3D%26page%3D1&statfrom=login_simple HTTP/1.1" 302 5 "http://www.lszmn.org/forum.php?mod=post&action=reply&fid=20&tid=9357&reppost=6879911&extra=&page=1" "Scrapy/1.7.3 (+https://scrapy.org)" "-"
171.36.140.187 - - [08/Jun/2022:09:46:50 +0800] "GET /forum.php?mod=attachment&aid=MzE3OXxhZmI2OTgxMHwxNjU0NjUyNzcyfDB8OTM1OQ%3D%3D&nothumb=yes HTTP/1.1" 200 409024 "http://www.lszmn.org/forum.php?mod=viewthread&tid=9359" "Scrapy/1.7.3 (+https://scrapy.org)" "-"
124.235.138.176 - - [08/Jun/2022:09:46:55 +0800] "GET /forum.php?mod=attachment&aid=MjY0NXxhNzk1YTExM3wxNjU0NjUyNzcyfDB8NzQ1MQ%3D%3D&nothumb=yes HTTP/1.1" 200 402656 "http://www.lszmn.org/forum.php?mod=viewthread&tid=7451" "Scrapy/1.7.3 (+https://scrapy.org)" "-"
36.32.3.121 - - [08/Jun/2022:09:46:57 +0800] "GET /connect.php?mod=login&op=init&referer=home.php%3Fmod%3Dspacecp%26ac%3Dshare%26type%3Dthread%26id%3D9357&statfrom=login_simple HTTP/1.1" 302 5 "http://www.lszmn.org/home.php?mod=spacecp&ac=share&type=thread&id=9357" "Scrapy/1.7.3 (+https://scrapy.org)" "-"
222.186.30.151 - - [08/Jun/2022:09:46:58 +0800] "GET / HTTP/1.1" 200 72181 "-" "-" "-"
185.191.171.26 - - [08/Jun/2022:09:46:58 +0800] "GET /forum.php?action=postreview&do=support&hash=3c76dc2d&mod=misc&pid=6313933&tid=247 HTTP/1.1" 200 4790 "-" "Mozilla/5.0 (compatible; SemrushBot/7~bl; +http://www.semrush.com/bot.html)" "-"
101.68.4.16 - - [08/Jun/2022:09:46:59 +0800] "GET /forum.php?mod=attachment&aid=MjY0NHxmMGM0ZTZiMHwxNjU0NjUyNzcyfDB8NzQ1MQ%3D%3D&nothumb=yes HTTP/1.1" 200 413056 "http://www.lszmn.org/forum.php?mod=viewthread&tid=7451" "Scrapy/1.7.3 (+https://scrapy.org)" "-"
59.52.177.245 - - [08/Jun/2022:09:47:00 +0800] "GET /forum.php?mod=attachment&aid=MjY0MnwzMzU5ZGJhYnwxNjU0NjUyNzcyfDB8NzQ1MQ%3D%3D&nothumb=yes HTTP/1.1" 200 282024 "http://www.lszmn.org/forum.php?mod=viewthread&tid=7451" "Scrapy/1.7.3 (+https://scrapy.org)" "-"
119.163.41.165 - - [08/Jun/2022:09:47:00 +0800] "GET /connect.php?mod=login&op=init&referer=home.php%3Fmod%3Dspacecp%26ac%3Dfollow%26op%3Drelay%26tid%3D9357%26from%3Dforum&statfrom=login_simple HTTP/1.1" 302 5 "http://www.lszmn.org/home.php?mod=spacecp&ac=follow&op=relay&tid=9357&from=forum" "Scrapy/1.7.3 (+https://scrapy.org)" "-"
60.25.69.101 - - [08/Jun/2022:09:47:01 +0800] "GET /connect.php?mod=login&op=init&referer=home.php%3Fmod%3Dspacecp%26ac%3Dplugin%26id%3Dqqconnect%3Aspacecp%26pluginop%3Dshare%26sh_type%3D4%26thread_id%3D9357&statfrom=login_simple HTTP/1.1" 302 5 "http://www.lszmn.org/home.php?mod=spacecp&ac=plugin&id=qqconnect:spacecp&pluginop=share&sh_type=4&thread_id=9357" "Scrapy/1.7.3 (+https://scrapy.org)" "-"
60.25.69.101 - - [08/Jun/2022:09:47:02 +0800] "GET /connect.php?mod=login&op=init&referer=home.php%3Fmod%3Dspacecp%26ac%3Dplugin%26id%3Dqqconnect%3Aspacecp%26pluginop%3Dshare%26sh_type%3D4%26thread_id%3D9359&statfrom=login_simple HTTP/1.1" 302 5 "http://www.lszmn.org/home.php?mod=spacecp&ac=plugin&id=qqconnect:spacecp&pluginop=share&sh_type=4&thread_id=9359" "Scrapy/1.7.3 (+https://scrapy.org)" "-"
60.25.69.101 - - [08/Jun/2022:09:47:02 +0800] "GET /connect.php?mod=login&op=init&referer=home.php%3Fmod%3Dspacecp%26ac%3Dfavorite%26type%3Dthread%26id%3D9357&statfrom=login_simple HTTP/1.1" 302 5 "http://www.lszmn.org/home.php?mod=spacecp&ac=favorite&type=thread&id=9357" "Scrapy/1.7.3 (+https://scrapy.org)" "-"
58.247.216.229 - - [08/Jun/2022:09:47:04 +0800] "GET /forum.php?mod=attachment&aid=MzE4NXw4OTcxZTU1OXwxNjU0NjUyMzI4fDB8OTM1OQ%3D%3D&nothumb=yes HTTP/1.1" 200 417216 "http://www.lszmn.org/forum.php?mod=viewthread&tid=9359" "Scrapy/1.7.3 (+https://scrapy.org)" "-"
140.224.64.207 - - [08/Jun/2022:09:47:04 +0800] "GET /forum.php?mod=attachment&aid=MzE4NHw4ZTdhZDE2ZHwxNjU0NjUyMzI4fDB8OTM1OQ%3D%3D&nothumb=yes HTTP/1.1" 200 343488 "http://www.lszmn.org/forum.php?mod=viewthread&tid=9359" "Scrapy/1.7.3 (+https://scrapy.org)" "-"
1.202.112.21 - - [08/Jun/2022:09:47:04 +0800] "GET /forum.php?mod=viewthread&tid=9359&extra=&ordertype=1 HTTP/1.1" 200 11343 "http://www.lszmn.org/forum.php?mod=viewthread&tid=9359" "Scrapy/1.7.3 (+https://scrapy.org)" "-"
36.106.166.88 - - [08/Jun/2022:09:47:05 +0800] "GET /forum.php?mod=viewthread&tid=9359&from=album HTTP/1.1" 200 8318 "http://www.lszmn.org/forum.php?mod=viewthread&tid=9359" "Scrapy/1.7.3 (+https://scrapy.org)" "-"
27.227.186.121 - - [08/Jun/2022:09:47:05 +0800] "GET /forum.php?mod=attachment&aid=MzE4M3w0ZWNjN2RlM3wxNjU0NjUyMzI4fDB8OTM1OQ%3D%3D&nothumb=yes HTTP/1.1" 200 409024 "http://www.lszmn.org/forum.php?mod=viewthread&tid=9359" "Scrapy/1.7.3 (+https://scrapy.org)" "-"
1.202.112.21 - - [08/Jun/2022:09:47:05 +0800] "GET /forum.php?mod=viewthread&tid=9359&page=1&authorid=1 HTTP/1.1" 200 11451 "http://www.lszmn.org/forum.php?mod=viewthread&tid=9359" "Scrapy/1.7.3 (+https://scrapy.org)" "-"
36.106.166.88 - - [08/Jun/2022:09:47:05 +0800] "GET /connect.php?mod=login&op=init&referer=forum.php%3Fmod%3Dviewthread%26tid%3D212&statfrom=login HTTP/1.1" 302 5 "http://www.lszmn.org/forum.php?mod=viewthread&tid=212" "Scrapy/1.7.3 (+https://scrapy.org)" "-"
1.202.112.21 - - [08/Jun/2022:09:47:05 +0800] "GET /forum.php?mod=viewthread&tid=212&extra=&page=2 HTTP/1.1" 200 4996 "http://www.lszmn.org/forum.php?mod=viewthread&tid=212" "Scrapy/1.7.3 (+https://scrapy.org)" "-"
1.202.112.21 - - [08/Jun/2022:09:47:06 +0800] "GET /forum.php?mod=post&action=reply&fid=17&tid=212&reppost=251&extra=&page=1 HTTP/1.1" 200 5003 "http://www.lszmn.org/forum.php?mod=viewthread&tid=212" "Scrapy/1.7.3 (+https://scrapy.org)" "-"
36.106.166.88 - - [08/Jun/2022:09:47:06 +0800] "GET /forum.php?mod=post&action=reply&fid=17&tid=212 HTTP/1.1" 200 4963 "http://www.lszmn.org/forum.php?mod=viewthread&tid=212" "Scrapy/1.7.3 (+https://scrapy.org)" "-"
36.106.166.88 - - [08/Jun/2022:09:47:06 +0800] "GET /home.php?mod=spacecp&ac=follow&op=relay&tid=212&from=forum HTTP/1.1" 200 4883 "http://www.lszmn.org/forum.php?mod=viewthread&tid=212" "Scrapy/1.7.3 (+https://scrapy.org)" "-"
220.173.210.160 - - [08/Jun/2022:09:47:06 +0800] "GET /home.php?mod=spacecp&ac=share&type=thread&id=212 HTTP/1.1" 200 4859 "http://www.lszmn.org/forum.php?mod=viewthread&tid=212" "Scrapy/1.7.3 (+https://scrapy.org)" "-"
36.106.166.88 - - [08/Jun/2022:09:47:06 +0800] "GET /connect.php?mod=login&op=init&referer=forum.php%3Fmod%3Dviewthread%26tid%3D9359%26extra%3D%26ordertype%3D1&statfrom=login_simple HTTP/1.1" 302 5 "http://www.lszmn.org/forum.php?mod=viewthread&tid=9359&extra=&ordertype=1" "Scrapy/1.7.3 (+https://scrapy.org)" "-"
142.44.203.5 - - [08/Jun/2022:09:47:06 +0800] "GET /home.php?mod=space&uid=22887&do=profile HTTP/1.1" 200 4740 "http://www.lszmn.org/" "Mozilla/5.0 (Macintosh; Intel Mac OS X 10_13_2) AppleWebKit/537.36 (KHTML, like Gecko) Chrome/66.0.3359.181 Safari/537.36" "-"
1.202.112.21 - - [08/Jun/2022:09:47:06 +0800] "GET /connect.php?mod=login&op=init&referer=forum.php%3Fmod%3Dviewthread%26tid%3D9359%26extra%3D%26ordertype%3D1&statfrom=login HTTP/1.1" 302 5 "http://www.lszmn.org/forum.php?mod=viewthread&tid=9359&extra=&ordertype=1" "Scrapy/1.7.3 (+https://scrapy.org)" "-"
220.173.210.160 - - [08/Jun/2022:09:47:06 +0800] "GET /home.php?mod=spacecp&ac=favorite&type=thread&id=212 HTTP/1.1" 200 4865 "http://www.lszmn.org/forum.php?mod=viewthread&tid=212" "Scrapy/1.7.3 (+https://scrapy.org)" "-"
36.106.166.88 - - [08/Jun/2022:09:47:06 +0800] "GET /connect.php?mod=login&op=init&referer=forum.php%3Fmod%3Dviewthread%26tid%3D9359%26page%3D1%26authorid%3D1&statfrom=login_simple HTTP/1.1" 302 5 "http://www.lszmn.org/forum.php?mod=viewthread&tid=9359&page=1&authorid=1" "Scrapy/1.7.3 (+https://scrapy.org)" "-"
36.106.166.88 - - [08/Jun/2022:09:47:07 +0800] "GET /connect.php?mod=login&op=init&referer=forum.php%3Fmod%3Dviewthread%26tid%3D212%26extra%3D%26page%3D2&statfrom=login_simple HTTP/1.1" 302 5 "http://www.lszmn.org/forum.php?mod=viewthread&tid=212&extra=&page=2" "Scrapy/1.7.3 (+https://scrapy.org)" "-"
220.173.210.160 - - [08/Jun/2022:09:47:07 +0800] "GET /forum.php?mod=post&action=reply&fid=20&tid=9359&extra=&page=1&from=album HTTP/1.1" 200 5015 "http://www.lszmn.org/forum.php?mod=viewthread&tid=9359&from=album" "Scrapy/1.7.3 (+https://scrapy.org)" "-"
36.106.166.88 - - [08/Jun/2022:09:47:07 +0800] "GET /connect.php?mod=login&op=init&referer=forum.php%3Fmod%3Dpost%26action%3Dreply%26fid%3D17%26tid%3D212&statfrom=login_simple HTTP/1.1" 302 5 "http://www.lszmn.org/forum.php?mod=post&action=reply&fid=17&tid=212" "Scrapy/1.7.3 (+https://scrapy.org)" "-"
220.173.210.160 - - [08/Jun/2022:09:47:07 +0800] "GET /connect.php?mod=login&op=init&referer=home.php%3Fmod%3Dspacecp%26ac%3Dfollow%26op%3Drelay%26tid%3D212%26from%3Dforum&statfrom=login_simple HTTP/1.1" 302 5 "http://www.lszmn.org/home.php?mod=spacecp&ac=follow&op=relay&tid=212&from=forum" "Scrapy/1.7.3 (+https://scrapy.org)" "-"
36.106.166.88 - - [08/Jun/2022:09:47:07 +0800] "GET /connect.php?mod=login&op=init&referer=forum.php%3Fmod%3Dviewthread%26tid%3D9359%26from%3Dalbum&statfrom=login_simple HTTP/1.1" 302 5 "http://www.lszmn.org/forum.php?mod=viewthread&tid=9359&from=album" "Scrapy/1.7.3 (+https://scrapy.org)" "-"
36.106.166.88 - - [08/Jun/2022:09:47:07 +0800] "GET /connect.php?mod=login&op=init&referer=forum.php%3Fmod%3Dpost%26action%3Dreply%26fid%3D17%26tid%3D212%26reppost%3D251%26extra%3D%26page%3D1&statfrom=login_simple HTTP/1.1" 302 5 "http://www.lszmn.org/forum.php?mod=post&action=reply&fid=17&tid=212&reppost=251&extra=&page=1" "Scrapy/1.7.3 (+https://scrapy.org)" "-"
220.173.210.160 - - [08/Jun/2022:09:47:07 +0800] "GET /connect.php?mod=login&op=init&referer=home.php%3Fmod%3Dspacecp%26ac%3Dfavorite%26type%3Dthread%26id%3D212&statfrom=login_simple HTTP/1.1" 302 5 "http://www.lszmn.org/home.php?mod=spacecp&ac=favorite&type=thread&id=212" "Scrapy/1.7.3 (+https://scrapy.org)" "-"
36.106.166.88 - - [08/Jun/2022:09:47:08 +0800] "GET /connect.php?mod=login&op=init&referer=home.php%3Fmod%3Dspacecp%26ac%3Dshare%26type%3Dthread%26id%3D212&statfrom=login_simple HTTP/1.1" 302 5 "http://www.lszmn.org/home.php?mod=spacecp&ac=share&type=thread&id=212" "Scrapy/1.7.3 (+https://scrapy.org)" "-"
220.173.210.160 - - [08/Jun/2022:09:47:08 +0800] "GET /connect.php?mod=login&op=init&referer=forum.php%3Fmod%3Dviewthread%26tid%3D9359%26page%3D1%26authorid%3D1&statfrom=login HTTP/1.1" 302 5 "http://www.lszmn.org/forum.php?mod=viewthread&tid=9359&page=1&authorid=1" "Scrapy/1.7.3 (+https://scrapy.org)" "-"
185.191.171.43 - - [08/Jun/2022:09:47:09 +0800] "GET /forum.php?action=postreview&do=against&hash=c1546eae&mod=misc&pid=5468428&tid=247 HTTP/1.1" 200 4786 "-" "Mozilla/5.0 (compatible; SemrushBot/7~bl; +http://www.semrush.com/bot.html)" "-"
142.44.203.5 - - [08/Jun/2022:09:47:11 +0800] "GET /member.php?mod=register HTTP/1.1" 302 5 "http://www.lszmn.org/" "Mozilla/5.0 (Macintosh; Intel Mac OS X 10_13_2) AppleWebKit/537.36 (KHTML, like Gecko) Chrome/66.0.3359.181 Safari/537.36" "-"
142.44.203.5 - - [08/Jun/2022:09:47:12 +0800] "GET /connect.php?mod=login&op=init&referer=forum.php&statfrom=login_simple HTTP/1.1" 302 5 "http://www.lszmn.org/member.php?mod=register" "Mozilla/5.0 (Macintosh; Intel Mac OS X 10_13_2) AppleWebKit/537.36 (KHTML, like Gecko) Chrome/66.0.3359.181 Safari/537.36" "-"
36.32.3.121 - - [08/Jun/2022:09:47:12 +0800] "GET /forum.php?mod=attachment&aid=MzE4MnwzOTdhMmQ3ZHwxNjU0NjUyMzI4fDB8OTM1OQ%3D%3D&nothumb=yes HTTP/1.1" 200 544192 "http://www.lszmn.org/forum.php?mod=viewthread&tid=9359" "Scrapy/1.7.3 (+https://scrapy.org)" "-"
64.124.8.26 - - [08/Jun/2022:09:47:13 +0800] "GET /forum.php?mod=forumdisplay&fid=42&page=17 HTTP/1.1" 200 9740 "-" "Mozilla/5.0 (X11; Linux x86_64) AppleWebKit/537.36 (KHTML, like Gecko) Chrome/61.0.3163.79 Safari/537.36" "-"
58.19.49.233 - - [08/Jun/2022:09:47:14 +0800] "GET /forum.php?mod=attachment&aid=MzE4MXw4ODRkODRkM3wxNjU0NjUyMzI4fDB8OTM1OQ%3D%3D&nothumb=yes HTTP/1.1" 200 343488 "http://www.lszmn.org/forum.php?mod=viewthread&tid=9359" "Scrapy/1.7.3 (+https://scrapy.org)" "-"
119.163.41.165 - - [08/Jun/2022:09:47:15 +0800] "GET /forum.php?mod=attachment&aid=MzE4MHxiNTA4ODg2OXwxNjU0NjUyMzI4fDB8OTM1OQ%3D%3D&nothumb=yes HTTP/1.1" 200 347584 "http://www.lszmn.org/forum.php?mod=viewthread&tid=9359" "Scrapy/1.7.3 (+https://scrapy.org)" "-"
60.25.69.101 - - [08/Jun/2022:09:47:17 +0800] "GET /forum.php?mod=attachment&aid=MzE3OXwwYTEyMDJlYnwxNjU0NjUyMzI4fDB8OTM1OQ%3D%3D&nothumb=yes HTTP/1.1" 200 220608 "http://www.lszmn.org/forum.php?mod=viewthread&tid=9359" "Scrapy/1.7.3 (+https://scrapy.org)" "-"
66.249.70.42 - - [08/Jun/2022:09:47:17 +0800] "GET /forum.php?mod=viewthread&tid=30&extra=&page=122&mobile=2 HTTP/1.1" 200 2002 "-" "Mozilla/5.0 (Linux; Android 6.0.1; Nexus 5X Build/MMB29P) AppleWebKit/537.36 (KHTML, like Gecko) Chrome/102.0.5005.61 Mobile Safari/537.36 (compatible; Googlebot/2.1; +http://www.google.com/bot.html)" "-"
171.36.130.183 - - [08/Jun/2022:09:47:18 +0800] "GET /forum.php?mod=attachment&aid=MzE3OHxlM2I3OWQwMnwxNjU0NjUyMzI4fDB8OTM1OQ%3D%3D&nothumb=yes HTTP/1.1" 200 474560 "http://www.lszmn.org/forum.php?mod=viewthread&tid=9359" "Scrapy/1.7.3 (+https://scrapy.org)" "-"
66.249.70.42 - - [08/Jun/2022:09:47:18 +0800] "GET /forum.php?mod=viewthread&tid=1027&extra=&page=95694&mobile=2 HTTP/1.1" 200 2277 "-" "Mozilla/5.0 (Linux; Android 6.0.1; Nexus 5X Build/MMB29P) AppleWebKit/537.36 (KHTML, like Gecko) Chrome/102.0.5005.61 Mobile Safari/537.36 (compatible; Googlebot/2.1; +http://www.google.com/bot.html)" "-"
185.191.171.33 - - [08/Jun/2022:09:47:21 +0800] "GET /forum.php?action=postreview&do=support&hash=09ba2930&mod=misc&pid=2611&tid=234 HTTP/1.1" 200 4784 "-" "Mozilla/5.0 (compatible; SemrushBot/7~bl; +http://www.semrush.com/bot.html)" "-"
1.202.112.21 - - [08/Jun/2022:09:47:21 +0800] "GET /forum.php?mod=attachment&aid=MzE4NXwxNTMwNGFiNXwxNjU0NjUyODI0fDB8OTM1OQ%3D%3D&nothumb=yes HTTP/1.1" 200 343488 "http://www.lszmn.org/forum.php?mod=viewthread&tid=9359&extra=&ordertype=1" "Scrapy/1.7.3 (+https://scrapy.org)" "-"
207.46.13.36 - - [08/Jun/2022:09:47:21 +0800] "GET /forum.php?mod=viewthread&tid=271&extra=page%3D1&page=64 HTTP/1.1" 200 9776 "-" "Mozilla/5.0 (compatible; bingbot/2.0; +http://www.bing.com/bingbot.htm)" "-"
66.249.70.42 - - [08/Jun/2022:09:47:22 +0800] "GET /template/bigstyle/touch/static/dist-20190623194601/base.js HTTP/1.1" 200 113 "http://www.lszmn.org/forum.php?mod=viewthread&tid=1027&extra=&page=95694&mobile=2" "Mozilla/5.0 (Linux; Android 6.0.1; Nexus 5X Build/MMB29P) AppleWebKit/537.36 (KHTML, like Gecko) Chrome/101.0.4951.64 Mobile Safari/537.36 (compatible; Googlebot/2.1; +http://www.google.com/bot.html)" "-"
36.106.166.88 - - [08/Jun/2022:09:47:23 +0800] "GET /forum.php?mod=attachment&aid=MzE4NXxmNmQ2ZTIxZHwxNjU0NjUyODI1fDB8OTM1OQ%3D%3D&nothumb=yes HTTP/1.1" 200 347584 "http://www.lszmn.org/forum.php?mod=viewthread&tid=9359&page=1&authorid=1" "Scrapy/1.7.3 (+https://scrapy.org)" "-"
121.29.188.93 - - [08/Jun/2022:09:47:24 +0800] "GET /forum.php?mod=viewthread&tid=9359&page=1 HTTP/1.1" 200 11426 "http://www.lszmn.org/forum.php?mod=viewthread&tid=9359&page=1&authorid=1" "Scrapy/1.7.3 (+https://scrapy.org)" "-"
220.173.210.160 - - [08/Jun/2022:09:47:24 +0800] "GET /forum.php?mod=attachment&aid=MzE4NHw3NWZjMjNiNnwxNjU0NjUyODI1fDB8OTM1OQ%3D%3D&nothumb=yes HTTP/1.1" 200 347584 "http://www.lszmn.org/forum.php?mod=viewthread&tid=9359&page=1&authorid=1" "Scrapy/1.7.3 (+https://scrapy.org)" "-"
1.83.125.95 - - [08/Jun/2022:09:47:28 +0800] "GET /forum.php?mod=attachment&aid=MzE4M3xjMGNhZWM1YXwxNjU0NjUyODI1fDB8OTM1OQ%3D%3D&nothumb=yes HTTP/1.1" 200 282048 "http://www.lszmn.org/forum.php?mod=viewthread&tid=9359&page=1&authorid=1" "Scrapy/1.7.3 (+https://scrapy.org)" "-"
66.249.70.42 - - [08/Jun/2022:09:47:28 +0800] "GET /template/bigstyle/touch/static/libs/mwt/3.3/mwt_mobile.min.js HTTP/1.1" 200 121283 "http://www.lszmn.org/forum.php?mod=viewthread&tid=1027&extra=&page=95694&mobile=2" "Mozilla/5.0 (Linux; Android 6.0.1; Nexus 5X Build/MMB29P) AppleWebKit/537.36 (KHTML, like Gecko) Chrome/101.0.4951.64 Mobile Safari/537.36 (compatible; Googlebot/2.1; +http://www.google.com/bot.html)" "-"
58.18.161.63 - - [08/Jun/2022:09:47:29 +0800] "GET /forum.php?mod=attachment&aid=MzE4MnxkNWUyMDE0NHwxNjU0NjUyODI1fDB8OTM1OQ%3D%3D&nothumb=yes HTTP/1.1" 200 409024 "http://www.lszmn.org/forum.php?mod=viewthread&tid=9359&page=1&authorid=1" "Scrapy/1.7.3 (+https://scrapy.org)" "-"
58.19.50.142 - - [08/Jun/2022:09:47:30 +0800] "GET /forum.php?mod=attachment&aid=MzE4MXwyZTg3YWY3YXwxNjU0NjUyODI1fDB8OTM1OQ%3D%3D&nothumb=yes HTTP/1.1" 200 282048 "http://www.lszmn.org/forum.php?mod=viewthread&tid=9359&page=1&authorid=1" "Scrapy/1.7.3 (+https://scrapy.org)" "-"
180.212.93.181 - - [08/Jun/2022:09:47:32 +0800] "GET /forum.php?mod=attachment&aid=MzE4MHxmNzAyYjI3MHwxNjU0NjUyODI1fDB8OTM1OQ%3D%3D&nothumb=yes HTTP/1.1" 200 347584 "http://www.lszmn.org/forum.php?mod=viewthread&tid=9359&page=1&authorid=1" "Scrapy/1.7.3 (+https://scrapy.org)" "-"
1.85.216.45 - - [08/Jun/2022:09:47:33 +0800] "GET /forum.php?mod=attachment&aid=MzE3OXxkY2ViYzllM3wxNjU0NjUyODI1fDB8OTM1OQ%3D%3D&nothumb=yes HTTP/1.1" 200 347584 "http://www.lszmn.org/forum.php?mod=viewthread&tid=9359&page=1&authorid=1" "Scrapy/1.7.3 (+https://scrapy.org)" "-"
14.204.44.221 - - [08/Jun/2022:09:47:36 +0800] "GET /forum.php?mod=attachment&aid=MzE3OHwzNDkwNDJhYnwxNjU0NjUyODI1fDB8OTM1OQ%3D%3D&nothumb=yes HTTP/1.1" 200 339392 "http://www.lszmn.org/forum.php?mod=viewthread&tid=9359&page=1&authorid=1" "Scrapy/1.7.3 (+https://scrapy.org)" "-"
58.19.47.204 - - [08/Jun/2022:09:47:37 +0800] "GET /forum.php?mod=viewthread&tid=9359&extra=&ordertype=2 HTTP/1.1" 200 11466 "http://www.lszmn.org/forum.php?mod=viewthread&tid=9359&extra=&ordertype=1" "Scrapy/1.7.3 (+https://scrapy.org)" "-"
115.148.155.164 - - [08/Jun/2022:09:47:39 +0800] "GET /forum.php?mod=attachment&aid=MzE4NHxkNjVjZDY4MXwxNjU0NjUyODI0fDB8OTM1OQ%3D%3D&nothumb=yes HTTP/1.1" 200 282048 "http://www.lszmn.org/forum.php?mod=viewthread&tid=9359&extra=&ordertype=1" "Scrapy/1.7.3 (+https://scrapy.org)" "-"
110.53.241.0 - - [08/Jun/2022:09:47:39 +0800] "GET /home.php?mod=spacecp&ac=plugin&id=qqconnect:spacecp&pluginop=share&sh_type=4&thread_id=212 HTTP/1.1" 200 4943 "http://www.lszmn.org/forum.php?mod=viewthread&tid=212" "Scrapy/1.7.3 (+https://scrapy.org)" "-"
110.53.241.0 - - [08/Jun/2022:09:47:39 +0800] "GET /forum.php?mod=attachment&aid=NTM1fGRhYzRkYTY2fDE2NTQ2NTIzMjd8MHwyMTI%3D&nothumb=yes HTTP/1.1" 200 32185 "http://www.lszmn.org/forum.php?mod=viewthread&tid=212" "Scrapy/1.7.3 (+https://scrapy.org)" "-"
121.29.188.93 - - [08/Jun/2022:09:47:39 +0800] "GET /forum.php?mod=attachment&aid=MzE4M3wzYzYzODM0M3wxNjU0NjUyODI0fDB8OTM1OQ%3D%3D&nothumb=yes HTTP/1.1" 200 347584 "http://www.lszmn.org/forum.php?mod=viewthread&tid=9359&extra=&ordertype=1" "Scrapy/1.7.3 (+https://scrapy.org)" "-"
58.19.47.204 - - [08/Jun/2022:09:47:40 +0800] "GET /forum.php?mod=viewthread&tid=212&extra=&ordertype=1 HTTP/1.1" 200 10803 "http://www.lszmn.org/forum.php?mod=viewthread&tid=212" "Scrapy/1.7.3 (+https://scrapy.org)" "-"
125.72.95.196 - - [08/Jun/2022:09:47:40 +0800] "GET /forum.php?mod=attachment&aid=NTM2fGUxY2QwZDI1fDE2NTQ2NTIzMjd8MHwyMTI%3D&nothumb=yes HTTP/1.1" 200 54499 "http://www.lszmn.org/forum.php?mod=viewthread&tid=212" "Scrapy/1.7.3 (+https://scrapy.org)" "-"
110.53.241.0 - - [08/Jun/2022:09:47:41 +0800] "GET /forum.php?mod=viewthread&tid=212&from=album HTTP/1.1" 200 8092 "http://www.lszmn.org/forum.php?mod=viewthread&tid=212" "Scrapy/1.7.3 (+https://scrapy.org)" "-"
110.53.241.0 - - [08/Jun/2022:09:47:41 +0800] "GET /forum.php?mod=viewthread&tid=212&page=1&authorid=1 HTTP/1.1" 200 10711 "http://www.lszmn.org/forum.php?mod=viewthread&tid=212" "Scrapy/1.7.3 (+https://scrapy.org)" "-"
121.29.188.8 - - [08/Jun/2022:09:47:43 +0800] "GET /forum.php?mod=attachment&aid=MzE4Mnw1NWRjYTMzYnwxNjU0NjUyODI0fDB8OTM1OQ%3D%3D&nothumb=yes HTTP/1.1" 200 474560 "http://www.lszmn.org/forum.php?mod=viewthread&tid=9359&extra=&ordertype=1" "Scrapy/1.7.3 (+https://scrapy.org)" "-"
216.244.66.201 - - [08/Jun/2022:09:47:43 +0800] "GET /forum.php?mod=viewthread&tid=189&extra=page%3D1%26filter%3Dreply%26orderby%3Dreplies HTTP/1.1" 200 46150 "-" "Mozilla/5.0 (compatible; DotBot/1.2; +https://opensiteexplorer.org/dotbot; help@moz.com)" "-"
58.19.45.86 - - [08/Jun/2022:09:47:44 +0800] "GET /forum.php?mod=attachment&aid=MzE4MXxlODRiNDU1NXwxNjU0NjUyODI0fDB8OTM1OQ%3D%3D&nothumb=yes HTTP/1.1" 200 277952 "http://www.lszmn.org/forum.php?mod=viewthread&tid=9359&extra=&ordertype=1" "Scrapy/1.7.3 (+https://scrapy.org)" "-"
110.177.176.18 - - [08/Jun/2022:09:47:45 +0800] "GET /connect.php?mod=login&op=init&referer=home.php%3Fmod%3Dspacecp%26ac%3Dplugin%26id%3Dqqconnect%3Aspacecp%26pluginop%3Dshare%26sh_type%3D4%26thread_id%3D212&statfrom=login_simple HTTP/1.1" 302 5 "http://www.lszmn.org/home.php?mod=spacecp&ac=plugin&id=qqconnect:spacecp&pluginop=share&sh_type=4&thread_id=212" "Scrapy/1.7.3 (+https://scrapy.org)" "-"
110.177.181.177 - - [08/Jun/2022:09:47:45 +0800] "GET /forum.php?mod=attachment&aid=MzE4MHw5MjE4ZTczMXwxNjU0NjUyODI0fDB8OTM1OQ%3D%3D&nothumb=yes HTTP/1.1" 200 413120 "http://www.lszmn.org/forum.php?mod=viewthread&tid=9359&extra=&ordertype=1" "Scrapy/1.7.3 (+https://scrapy.org)" "-"
110.52.217.192 - - [08/Jun/2022:09:47:47 +0800] "GET /forum.php?mod=attachment&aid=MzE3OXxhNmFiYTRjOHwxNjU0NjUyODI0fDB8OTM1OQ%3D%3D&nothumb=yes HTTP/1.1" 200 474560 "http://www.lszmn.org/forum.php?mod=viewthread&tid=9359&extra=&ordertype=1" "Scrapy/1.7.3 (+https://scrapy.org)" "-"
175.152.31.110 - - [08/Jun/2022:09:47:48 +0800] "GET /forum.php?mod=attachment&aid=MzE3OHw1Njc1NzNjN3wxNjU0NjUyODI0fDB8OTM1OQ%3D%3D&nothumb=yes HTTP/1.1" 200 343488 "http://www.lszmn.org/forum.php?mod=viewthread&tid=9359&extra=&ordertype=1" "Scrapy/1.7.3 (+https://scrapy.org)" "-"
111.85.200.232 - - [08/Jun/2022:09:47:48 +0800] "GET /forum.php?mod=post&action=reply&fid=17&tid=212&extra=&page=1&from=album HTTP/1.1" 200 5009 "http://www.lszmn.org/forum.php?mod=viewthread&tid=212&from=album" "Scrapy/1.7.3 (+https://scrapy.org)" "-"
111.85.200.232 - - [08/Jun/2022:09:47:48 +0800] "GET /connect.php?mod=login&op=init&referer=forum.php%3Fmod%3Dviewthread%26tid%3D212%26extra%3D%26ordertype%3D1&statfrom=login_simple HTTP/1.1" 302 5 "http://www.lszmn.org/forum.php?mod=viewthread&tid=212&extra=&ordertype=1" "Scrapy/1.7.3 (+https://scrapy.org)" "-"
111.85.200.232 - - [08/Jun/2022:09:47:48 +0800] "GET /connect.php?mod=login&op=init&referer=forum.php%3Fmod%3Dviewthread%26tid%3D212%26page%3D1%26authorid%3D1&statfrom=login HTTP/1.1" 302 5 "http://www.lszmn.org/forum.php?mod=viewthread&tid=212&page=1&authorid=1" "Scrapy/1.7.3 (+https://scrapy.org)" "-"
111.85.200.232 - - [08/Jun/2022:09:47:49 +0800] "GET /forum.php?mod=attachment&aid=NTM1fDZiNTJjNDc1fDE2NTQ2NTI4NjF8MHwyMTI%3D&nothumb=yes HTTP/1.1" 200 32185 "http://www.lszmn.org/forum.php?mod=viewthread&tid=212&page=1&authorid=1" "Scrapy/1.7.3 (+https://scrapy.org)" "-"
111.85.200.232 - - [08/Jun/2022:09:47:51 +0800] "GET /forum.php?mod=attachment&aid=NTM2fGE5OWYyZjQzfDE2NTQ2NTI4NjF8MHwyMTI%3D&nothumb=yes HTTP/1.1" 200 54499 "http://www.lszmn.org/forum.php?mod=viewthread&tid=212&page=1&authorid=1" "Scrapy/1.7.3 (+https://scrapy.org)" "-"
