113.206.196.249 - - [08/Jun/2022:09:19:33 +0800] "GET /forum.php?mod=attachment&aid=MzIxM3xjODc3ZDY5MXwxNjU0NjUxMTY4fDB8OTM2OA%3D%3D&nothumb=yes HTTP/1.1" 200 29964 "http://www.lszmn.org/forum.php?mod=viewthread&tid=9368" "Scrapy/1.7.3 (+https://scrapy.org)" "-"
36.106.166.171 - - [08/Jun/2022:09:19:33 +0800] "GET /forum.php?mod=attachment&aid=MzIxMnxmZmY0ZjJkNnwxNjU0NjUxMTY4fDB8OTM2OA%3D%3D&nothumb=yes HTTP/1.1" 200 49387 "http://www.lszmn.org/forum.php?mod=viewthread&tid=9368" "Scrapy/1.7.3 (+https://scrapy.org)" "-"
144.255.16.185 - - [08/Jun/2022:09:19:34 +0800] "GET /forum.php?mod=viewthread&tid=9368&extra=&ordertype=1 HTTP/1.1" 200 12608 "http://www.lszmn.org/forum.php?mod=viewthread&tid=9368" "Scrapy/1.7.3 (+https://scrapy.org)" "-"
124.235.138.66 - - [08/Jun/2022:09:19:34 +0800] "GET /forum.php?mod=attachment&aid=MzIxNXxjZTA2ZGIxMXwxNjU0NjUxMTY4fDB8OTM2OA%3D%3D&nothumb=yes HTTP/1.1" 200 28485 "http://www.lszmn.org/forum.php?mod=viewthread&tid=9368" "Scrapy/1.7.3 (+https://scrapy.org)" "-"
36.106.166.171 - - [08/Jun/2022:09:19:34 +0800] "GET /forum.php?mod=attachment&aid=MzIxMHxkYzYzM2Y0NnwxNjU0NjUxMTY4fDB8OTM2OA%3D%3D&nothumb=yes HTTP/1.1" 200 37674 "http://www.lszmn.org/forum.php?mod=viewthread&tid=9368" "Scrapy/1.7.3 (+https://scrapy.org)" "-"
113.206.196.249 - - [08/Jun/2022:09:19:34 +0800] "GET /forum.php?mod=attachment&aid=MzIxMXw4NmU5NDg2MHwxNjU0NjUxMTY4fDB8OTM2OA%3D%3D&nothumb=yes HTTP/1.1" 200 49387 "http://www.lszmn.org/forum.php?mod=viewthread&tid=9368" "Scrapy/1.7.3 (+https://scrapy.org)" "-"
124.235.138.66 - - [08/Jun/2022:09:19:35 +0800] "GET /forum.php?mod=viewthread&tid=9368&from=album HTTP/1.1" 200 8410 "http://www.lszmn.org/forum.php?mod=viewthread&tid=9368" "Scrapy/1.7.3 (+https://scrapy.org)" "-"
144.255.16.185 - - [08/Jun/2022:09:19:35 +0800] "GET /forum.php?mod=viewthread&tid=9368&page=1&authorid=1 HTTP/1.1" 200 12735 "http://www.lszmn.org/forum.php?mod=viewthread&tid=9368" "Scrapy/1.7.3 (+https://scrapy.org)" "-"
36.106.166.171 - - [08/Jun/2022:09:19:35 +0800] "GET /forum.php?mod=post&action=reply&fid=20&tid=9382&extra=&page=1 HTTP/1.1" 200 4999 "http://www.lszmn.org/forum.php?mod=viewthread&tid=9382" "Scrapy/1.7.3 (+https://scrapy.org)" "-"
144.255.16.185 - - [08/Jun/2022:09:19:35 +0800] "GET /forum.php?mod=redirect&goto=nextnewset&tid=9382 HTTP/1.1" 200 4932 "http://www.lszmn.org/forum.php?mod=viewthread&tid=9382" "Scrapy/1.7.3 (+https://scrapy.org)" "-"
36.106.166.171 - - [08/Jun/2022:09:19:35 +0800] "GET /forum.php?mod=redirect&goto=nextoldset&tid=9382 HTTP/1.1" 302 5 "http://www.lszmn.org/forum.php?mod=viewthread&tid=9382" "Scrapy/1.7.3 (+https://scrapy.org)" "-"
27.227.187.41 - - [08/Jun/2022:09:19:36 +0800] "GET /forum.php?mod=attachment&aid=MzIxNnwwYTQ2N2U5OXwxNjU0NjUxMTY4fDB8OTM2OA%3D%3D&nothumb=yes HTTP/1.1" 200 53171 "http://www.lszmn.org/forum.php?mod=viewthread&tid=9368" "Scrapy/1.7.3 (+https://scrapy.org)" "-"
124.235.138.66 - - [08/Jun/2022:09:19:36 +0800] "GET /connect.php?mod=login&op=init&referer=forum.php%3Fmod%3Dviewthread%26tid%3D9382&statfrom=login HTTP/1.1" 302 5 "http://www.lszmn.org/forum.php?mod=viewthread&tid=9382" "Scrapy/1.7.3 (+https://scrapy.org)" "-"
144.255.16.185 - - [08/Jun/2022:09:19:36 +0800] "GET /forum.php?mod=post&action=reply&fid=20&tid=9382 HTTP/1.1" 200 4969 "http://www.lszmn.org/forum.php?mod=viewthread&tid=9382" "Scrapy/1.7.3 (+https://scrapy.org)" "-"
144.255.16.185 - - [08/Jun/2022:09:19:36 +0800] "GET /home.php?mod=spacecp&ac=share&type=thread&id=9382 HTTP/1.1" 200 4864 "http://www.lszmn.org/forum.php?mod=viewthread&tid=9382" "Scrapy/1.7.3 (+https://scrapy.org)" "-"
36.106.166.171 - - [08/Jun/2022:09:19:36 +0800] "GET /forum.php?mod=post&action=reply&fid=20&tid=9382&reppost=6879936&extra=&page=1 HTTP/1.1" 200 5032 "http://www.lszmn.org/forum.php?mod=viewthread&tid=9382" "Scrapy/1.7.3 (+https://scrapy.org)" "-"
124.235.138.66 - - [08/Jun/2022:09:19:36 +0800] "GET /home.php?mod=spacecp&ac=follow&op=relay&tid=9382&from=forum HTTP/1.1" 200 4882 "http://www.lszmn.org/forum.php?mod=viewthread&tid=9382" "Scrapy/1.7.3 (+https://scrapy.org)" "-"
36.106.166.171 - - [08/Jun/2022:09:19:36 +0800] "GET /connect.php?mod=login&op=init&referer=forum.php%3Fmod%3Dpost%26action%3Dreply%26fid%3D20%26tid%3D9377%26reppost%3D6879931%26extra%3D%26page%3D1&statfrom=login_simple HTTP/1.1" 302 5 "http://www.lszmn.org/forum.php?mod=post&action=reply&fid=20&tid=9377&reppost=6879931&extra=&page=1" "Scrapy/1.7.3 (+https://scrapy.org)" "-"
144.255.16.185 - - [08/Jun/2022:09:19:36 +0800] "GET /connect.php?mod=login&op=init&referer=forum.php%3Fmod%3Dviewthread%26tid%3D9368&statfrom=login_simple HTTP/1.1" 302 5 "http://www.lszmn.org/forum.php?mod=viewthread&tid=9368" "Scrapy/1.7.3 (+https://scrapy.org)" "-"
124.235.138.66 - - [08/Jun/2022:09:19:36 +0800] "GET /connect.php?mod=login&op=init&referer=forum.php%3Fmod%3Dpost%26action%3Dreply%26fid%3D20%26tid%3D9377&statfrom=login_simple HTTP/1.1" 302 5 "http://www.lszmn.org/forum.php?mod=post&action=reply&fid=20&tid=9377" "Scrapy/1.7.3 (+https://scrapy.org)" "-"
140.224.64.62 - - [08/Jun/2022:09:19:36 +0800] "GET /forum.php?mod=viewthread&tid=9377 HTTP/1.1" 200 11123 "http://www.lszmn.org/forum.php?mod=viewthread&tid=9382" "Scrapy/1.7.3 (+https://scrapy.org)" "-"
36.106.166.171 - - [08/Jun/2022:09:19:36 +0800] "GET /home.php?mod=spacecp&ac=plugin&id=qqconnect:spacecp&pluginop=share&sh_type=4&thread_id=9382 HTTP/1.1" 200 4947 "http://www.lszmn.org/forum.php?mod=viewthread&tid=9382" "Scrapy/1.7.3 (+https://scrapy.org)" "-"
113.206.196.249 - - [08/Jun/2022:09:19:36 +0800] "GET /home.php?mod=spacecp&ac=favorite&type=thread&id=9382 HTTP/1.1" 200 4869 "http://www.lszmn.org/forum.php?mod=viewthread&tid=9382" "Scrapy/1.7.3 (+https://scrapy.org)" "-"
144.255.16.185 - - [08/Jun/2022:09:19:36 +0800] "GET /forum.php?mod=attachment&aid=MzM0Mnw1MjlkNmZlMnwxNjU0NjUxMTY4fDB8OTM4Mg%3D%3D&nothumb=yes HTTP/1.1" 200 107829 "http://www.lszmn.org/forum.php?mod=viewthread&tid=9382" "Scrapy/1.7.3 (+https://scrapy.org)" "-"
185.191.171.16 - - [08/Jun/2022:09:19:37 +0800] "GET /forum.php?action=postreview&do=support&hash=9a35de73&mod=misc&pid=1989&tid=220 HTTP/1.1" 200 4782 "-" "Mozilla/5.0 (compatible; SemrushBot/7~bl; +http://www.semrush.com/bot.html)" "-"
113.206.196.249 - - [08/Jun/2022:09:19:39 +0800] "GET /forum.php?mod=viewthread&tid=9382&extra=&ordertype=1 HTTP/1.1" 200 10972 "http://www.lszmn.org/forum.php?mod=viewthread&tid=9382" "Scrapy/1.7.3 (+https://scrapy.org)" "-"
150.255.181.175 - - [08/Jun/2022:09:19:41 +0800] "GET /forum.php?mod=attachment&aid=MTAxM3wzYzJiODc3ZXwxNjU0NjUxMTY2fDB8NTc%3D&nothumb=yes HTTP/1.1" 200 516030 "http://www.lszmn.org/forum.php?mod=viewthread&tid=57" "Scrapy/1.7.3 (+https://scrapy.org)" "-"
113.206.196.249 - - [08/Jun/2022:09:19:41 +0800] "GET /forum.php?mod=viewthread&tid=9382&from=album HTTP/1.1" 200 8212 "http://www.lszmn.org/forum.php?mod=viewthread&tid=9382" "Scrapy/1.7.3 (+https://scrapy.org)" "-"
113.206.196.249 - - [08/Jun/2022:09:19:42 +0800] "GET /connect.php?mod=login&op=init&referer=forum.php%3Fmod%3Dviewthread%26tid%3D9382&statfrom=login_simple HTTP/1.1" 302 5 "http://www.lszmn.org/forum.php?mod=viewthread&tid=9382" "Scrapy/1.7.3 (+https://scrapy.org)" "-"
150.255.181.175 - - [08/Jun/2022:09:19:42 +0800] "GET /forum.php?mod=viewthread&tid=6830 HTTP/1.1" 200 12583 "http://www.lszmn.org/forum.php?mod=viewthread&tid=6814" "Scrapy/1.7.3 (+https://scrapy.org)" "-"
150.255.181.175 - - [08/Jun/2022:09:19:43 +0800] "GET /forum.php?mod=viewthread&tid=6827 HTTP/1.1" 302 5 "http://www.lszmn.org/forum.php?mod=viewthread&tid=6814" "Scrapy/1.7.3 (+https://scrapy.org)" "-"
113.206.196.249 - - [08/Jun/2022:09:19:43 +0800] "GET /forum.php?mod=viewthread&tid=6826 HTTP/1.1" 302 5 "http://www.lszmn.org/forum.php?mod=viewthread&tid=6814" "Scrapy/1.7.3 (+https://scrapy.org)" "-"
150.255.181.175 - - [08/Jun/2022:09:19:44 +0800] "GET /forum.php?mod=viewthread&tid=6822 HTTP/1.1" 200 11890 "http://www.lszmn.org/forum.php?mod=viewthread&tid=6814" "Scrapy/1.7.3 (+https://scrapy.org)" "-"
119.60.104.120 - - [08/Jun/2022:09:19:44 +0800] "GET /forum.php?mod=viewthread&tid=9382&page=1&authorid=1 HTTP/1.1" 200 11080 "http://www.lszmn.org/forum.php?mod=viewthread&tid=9382" "Scrapy/1.7.3 (+https://scrapy.org)" "-"
113.206.196.249 - - [08/Jun/2022:09:19:44 +0800] "GET /forum.php?mod=viewthread&tid=6820 HTTP/1.1" 200 13658 "http://www.lszmn.org/forum.php?mod=viewthread&tid=6814" "Scrapy/1.7.3 (+https://scrapy.org)" "-"
144.255.16.185 - - [08/Jun/2022:09:19:45 +0800] "GET /forum.php?mod=viewthread&tid=6818 HTTP/1.1" 200 11362 "http://www.lszmn.org/forum.php?mod=viewthread&tid=6814" "Scrapy/1.7.3 (+https://scrapy.org)" "-"
150.255.181.175 - - [08/Jun/2022:09:19:45 +0800] "GET /forum.php?mod=viewthread&tid=6817 HTTP/1.1" 302 5 "http://www.lszmn.org/forum.php?mod=viewthread&tid=6814" "Scrapy/1.7.3 (+https://scrapy.org)" "-"
150.255.181.175 - - [08/Jun/2022:09:19:46 +0800] "GET /forum.php?mod=viewthread&tid=6816 HTTP/1.1" 200 12420 "http://www.lszmn.org/forum.php?mod=viewthread&tid=6814" "Scrapy/1.7.3 (+https://scrapy.org)" "-"
150.255.181.175 - - [08/Jun/2022:09:19:47 +0800] "GET /forum.php?mod=viewthread&tid=6815 HTTP/1.1" 200 12058 "http://www.lszmn.org/forum.php?mod=viewthread&tid=6814" "Scrapy/1.7.3 (+https://scrapy.org)" "-"
150.255.181.175 - - [08/Jun/2022:09:19:47 +0800] "GET /forum.php?mod=viewthread&tid=6812 HTTP/1.1" 200 11442 "http://www.lszmn.org/forum.php?mod=viewthread&tid=6814" "Scrapy/1.7.3 (+https://scrapy.org)" "-"
144.255.16.185 - - [08/Jun/2022:09:19:47 +0800] "GET /forum.php?mod=viewthread&tid=6827 HTTP/1.1" 200 11869 "http://www.lszmn.org/forum.php?mod=viewthread&tid=6814" "Scrapy/1.7.3 (+https://scrapy.org)" "-"
144.255.16.185 - - [08/Jun/2022:09:19:47 +0800] "GET /forum.php?mod=viewthread&tid=6826 HTTP/1.1" 200 11601 "http://www.lszmn.org/forum.php?mod=viewthread&tid=6814" "Scrapy/1.7.3 (+https://scrapy.org)" "-"
119.60.104.120 - - [08/Jun/2022:09:19:47 +0800] "GET /home.php?mod=spacecp&ac=share&type=thread&id=6814 HTTP/1.1" 200 4866 "http://www.lszmn.org/forum.php?mod=viewthread&tid=6814" "Scrapy/1.7.3 (+https://scrapy.org)" "-"
113.206.196.249 - - [08/Jun/2022:09:19:48 +0800] "GET /home.php?mod=spacecp&ac=follow&op=relay&tid=6814&from=forum HTTP/1.1" 200 4883 "http://www.lszmn.org/forum.php?mod=viewthread&tid=6814" "Scrapy/1.7.3 (+https://scrapy.org)" "-"
144.255.16.185 - - [08/Jun/2022:09:19:48 +0800] "GET /forum.php?mod=viewthread&tid=6817 HTTP/1.1" 200 12658 "http://www.lszmn.org/forum.php?mod=viewthread&tid=6814" "Scrapy/1.7.3 (+https://scrapy.org)" "-"
113.206.196.249 - - [08/Jun/2022:09:19:48 +0800] "GET /home.php?mod=spacecp&ac=favorite&type=thread&id=6814 HTTP/1.1" 200 4870 "http://www.lszmn.org/forum.php?mod=viewthread&tid=6814" "Scrapy/1.7.3 (+https://scrapy.org)" "-"
113.206.196.249 - - [08/Jun/2022:09:19:48 +0800] "GET /home.php?mod=spacecp&ac=plugin&id=qqconnect:spacecp&pluginop=share&sh_type=4&thread_id=6814 HTTP/1.1" 200 4947 "http://www.lszmn.org/forum.php?mod=viewthread&tid=6814" "Scrapy/1.7.3 (+https://scrapy.org)" "-"
119.60.104.120 - - [08/Jun/2022:09:19:48 +0800] "GET /misc.php?mod=tag&id=220 HTTP/1.1" 200 5232 "http://www.lszmn.org/forum.php?mod=viewthread&tid=6814" "Scrapy/1.7.3 (+https://scrapy.org)" "-"
150.255.181.175 - - [08/Jun/2022:09:19:49 +0800] "GET /misc.php?mod=tag&id=219 HTTP/1.1" 200 5233 "http://www.lszmn.org/forum.php?mod=viewthread&tid=6814" "Scrapy/1.7.3 (+https://scrapy.org)" "-"
113.206.196.249 - - [08/Jun/2022:09:19:49 +0800] "GET /misc.php?mod=tag&id=6 HTTP/1.1" 200 6987 "http://www.lszmn.org/forum.php?mod=viewthread&tid=6814" "Scrapy/1.7.3 (+https://scrapy.org)" "-"
113.206.196.249 - - [08/Jun/2022:09:19:49 +0800] "GET /forum.php?mod=attachment&aid=MTY4Nnw0N2ZkZmQzOXwxNjU0NjUxMTY3fDB8NjgxNA%3D%3D&nothumb=yes HTTP/1.1" 200 49328 "http://www.lszmn.org/forum.php?mod=viewthread&tid=6814" "Scrapy/1.7.3 (+https://scrapy.org)" "-"
185.191.171.43 - - [08/Jun/2022:09:19:49 +0800] "GET /forum.php?action=postreview&do=against&hash=cc73029a&mod=misc&pid=2464&tid=1063 HTTP/1.1" 200 4789 "-" "Mozilla/5.0 (compatible; SemrushBot/7~bl; +http://www.semrush.com/bot.html)" "-"
150.255.181.175 - - [08/Jun/2022:09:19:49 +0800] "GET /forum.php?mod=attachment&aid=MTY4N3wwZjYwMzc5YXwxNjU0NjUxMTY3fDB8NjgxNA%3D%3D&nothumb=yes HTTP/1.1" 200 51132 "http://www.lszmn.org/forum.php?mod=viewthread&tid=6814" "Scrapy/1.7.3 (+https://scrapy.org)" "-"
144.255.16.185 - - [08/Jun/2022:09:19:49 +0800] "GET /forum.php?mod=attachment&aid=MTY4MnwwMzcxMmZlMnwxNjU0NjUxMTY3fDB8NjgxNA%3D%3D&nothumb=yes HTTP/1.1" 200 93655 "http://www.lszmn.org/forum.php?mod=viewthread&tid=6814" "Scrapy/1.7.3 (+https://scrapy.org)" "-"
119.60.104.120 - - [08/Jun/2022:09:19:51 +0800] "GET /forum.php?mod=attachment&aid=MTY5Mnw2ZWZlNmU5YXwxNjU0NjUxMTY3fDB8NjgxNA%3D%3D&nothumb=yes HTTP/1.1" 200 75897 "http://www.lszmn.org/forum.php?mod=viewthread&tid=6814" "Scrapy/1.7.3 (+https://scrapy.org)" "-"
27.227.187.41 - - [08/Jun/2022:09:19:51 +0800] "GET /forum.php?mod=attachment&aid=MzM0NXxlMGQ4NWEyY3wxNjU0NjUxMTY4fDB8OTM4Mg%3D%3D&nothumb=yes HTTP/1.1" 200 282663 "http://www.lszmn.org/forum.php?mod=viewthread&tid=9382" "Scrapy/1.7.3 (+https://scrapy.org)" "-"
150.255.181.175 - - [08/Jun/2022:09:19:51 +0800] "GET /forum.php?mod=attachment&aid=MTY4OHwwZjA1NzZhZXwxNjU0NjUxMTY3fDB8NjgxNA%3D%3D&nothumb=yes HTTP/1.1" 200 58425 "http://www.lszmn.org/forum.php?mod=viewthread&tid=6814" "Scrapy/1.7.3 (+https://scrapy.org)" "-"
124.235.138.66 - - [08/Jun/2022:09:19:52 +0800] "GET /forum.php?mod=attachment&aid=MzM0NnxkMzI1MTBiY3wxNjU0NjUxMTY4fDB8OTM4Mg%3D%3D&nothumb=yes HTTP/1.1" 200 413120 "http://www.lszmn.org/forum.php?mod=viewthread&tid=9382" "Scrapy/1.7.3 (+https://scrapy.org)" "-"
150.255.181.175 - - [08/Jun/2022:09:19:52 +0800] "GET /forum.php?mod=attachment&aid=MTY5M3w5OTE5NGUzM3wxNjU0NjUxMTY3fDB8NjgxNA%3D%3D&nothumb=yes HTTP/1.1" 200 64357 "http://www.lszmn.org/forum.php?mod=viewthread&tid=6814" "Scrapy/1.7.3 (+https://scrapy.org)" "-"
144.255.18.204 - - [08/Jun/2022:09:19:52 +0800] "GET /forum.php?mod=attachment&aid=MTY4OXw4MTIzNzFmN3wxNjU0NjUxMTY3fDB8NjgxNA%3D%3D&nothumb=yes HTTP/1.1" 200 56066 "http://www.lszmn.org/forum.php?mod=viewthread&tid=6814" "Scrapy/1.7.3 (+https://scrapy.org)" "-"
185.191.171.1 - - [08/Jun/2022:09:19:52 +0800] "GET /home.php?do=share&from=space&mod=space&type=flash&uid=36762&view=me HTTP/1.1" 200 4630 "-" "Mozilla/5.0 (compatible; SemrushBot/7~bl; +http://www.semrush.com/bot.html)" "-"
113.206.196.249 - - [08/Jun/2022:09:19:52 +0800] "GET /forum.php?mod=attachment&aid=MTY5MXxjOTgzYmRhYXwxNjU0NjUxMTY3fDB8NjgxNA%3D%3D&nothumb=yes HTTP/1.1" 200 62764 "http://www.lszmn.org/forum.php?mod=viewthread&tid=6814" "Scrapy/1.7.3 (+https://scrapy.org)" "-"
58.247.216.198 - - [08/Jun/2022:09:19:53 +0800] "GET /forum.php?mod=attachment&aid=MTY5NHxjNWRkNjBiM3wxNjU0NjUxMTY3fDB8NjgxNA%3D%3D&nothumb=yes HTTP/1.1" 200 69904 "http://www.lszmn.org/forum.php?mod=viewthread&tid=6814" "Scrapy/1.7.3 (+https://scrapy.org)" "-"
140.224.64.62 - - [08/Jun/2022:09:19:53 +0800] "GET /forum.php?mod=attachment&aid=MzM0M3xhNWVhMzA1M3wxNjU0NjUxMTY4fDB8OTM4Mg%3D%3D&nothumb=yes HTTP/1.1" 200 478656 "http://www.lszmn.org/forum.php?mod=viewthread&tid=9382" "Scrapy/1.7.3 (+https://scrapy.org)" "-"
61.181.2.18 - - [08/Jun/2022:09:19:53 +0800] "GET /forum.php?mod=attachment&aid=MTY4NHwyY2M1ZjcyYXwxNjU0NjUxMTY3fDB8NjgxNA%3D%3D&nothumb=yes HTTP/1.1" 200 43100 "http://www.lszmn.org/forum.php?mod=viewthread&tid=6814" "Scrapy/1.7.3 (+https://scrapy.org)" "-"
113.206.133.123 - - [08/Jun/2022:09:19:53 +0800] "GET /forum.php?mod=attachment&aid=MTY4NXwyODVhZWVlYXwxNjU0NjUxMTY3fDB8NjgxNA%3D%3D&nothumb=yes HTTP/1.1" 200 55112 "http://www.lszmn.org/forum.php?mod=viewthread&tid=6814" "Scrapy/1.7.3 (+https://scrapy.org)" "-"
144.255.16.185 - - [08/Jun/2022:09:19:54 +0800] "GET /forum.php?mod=attachment&aid=MTY5MHxkOWM1NjBmZHwxNjU0NjUxMTY3fDB8NjgxNA%3D%3D&nothumb=yes HTTP/1.1" 200 83313 "http://www.lszmn.org/forum.php?mod=viewthread&tid=6814" "Scrapy/1.7.3 (+https://scrapy.org)" "-"
113.206.196.249 - - [08/Jun/2022:09:19:54 +0800] "GET /forum.php?mod=viewthread&tid=6814&extra=&ordertype=1 HTTP/1.1" 200 12211 "http://www.lszmn.org/forum.php?mod=viewthread&tid=6814" "Scrapy/1.7.3 (+https://scrapy.org)" "-"
58.247.216.198 - - [08/Jun/2022:09:19:55 +0800] "GET /forum.php?mod=viewthread&tid=6814&from=album HTTP/1.1" 200 8350 "http://www.lszmn.org/forum.php?mod=viewthread&tid=6814" "Scrapy/1.7.3 (+https://scrapy.org)" "-"
58.247.216.198 - - [08/Jun/2022:09:19:55 +0800] "GET /home.php?mod=spacecp&ac=follow&op=relay&tid=9377&from=forum HTTP/1.1" 200 4882 "http://www.lszmn.org/forum.php?mod=viewthread&tid=9377" "Scrapy/1.7.3 (+https://scrapy.org)" "-"
113.206.133.123 - - [08/Jun/2022:09:19:55 +0800] "GET /connect.php?mod=login&op=init&referer=forum.php%3Fmod%3Dviewthread%26tid%3D6814&statfrom=login_simple HTTP/1.1" 302 5 "http://www.lszmn.org/forum.php?mod=viewthread&tid=6814" "Scrapy/1.7.3 (+https://scrapy.org)" "-"
150.255.181.175 - - [08/Jun/2022:09:19:55 +0800] "GET /forum.php?mod=viewthread&tid=6814&page=1&authorid=1 HTTP/1.1" 200 12325 "http://www.lszmn.org/forum.php?mod=viewthread&tid=6814" "Scrapy/1.7.3 (+https://scrapy.org)" "-"
113.206.133.123 - - [08/Jun/2022:09:19:56 +0800] "GET /home.php?mod=spacecp&ac=favorite&type=thread&id=9377 HTTP/1.1" 200 4870 "http://www.lszmn.org/forum.php?mod=viewthread&tid=9377" "Scrapy/1.7.3 (+https://scrapy.org)" "-"
144.255.16.185 - - [08/Jun/2022:09:19:56 +0800] "GET /home.php?mod=spacecp&ac=plugin&id=qqconnect:spacecp&pluginop=share&sh_type=4&thread_id=9377 HTTP/1.1" 200 4947 "http://www.lszmn.org/forum.php?mod=viewthread&tid=9377" "Scrapy/1.7.3 (+https://scrapy.org)" "-"
113.206.133.123 - - [08/Jun/2022:09:19:56 +0800] "GET /forum.php?mod=viewthread&tid=9377&extra=&ordertype=1 HTTP/1.1" 200 11047 "http://www.lszmn.org/forum.php?mod=viewthread&tid=9377" "Scrapy/1.7.3 (+https://scrapy.org)" "-"
58.247.216.198 - - [08/Jun/2022:09:19:56 +0800] "GET /forum.php?mod=attachment&aid=MzMzNXxjMWEyZmU4M3wxNjU0NjUxMTYzfDB8OTM3Nw%3D%3D&nothumb=yes HTTP/1.1" 200 103492 "http://www.lszmn.org/forum.php?mod=viewthread&tid=9377" "Scrapy/1.7.3 (+https://scrapy.org)" "-"
144.255.16.185 - - [08/Jun/2022:09:19:56 +0800] "GET /forum.php?mod=attachment&aid=MzMzNHxjZGE2ZTMzM3wxNjU0NjUxMTYzfDB8OTM3Nw%3D%3D&nothumb=yes HTTP/1.1" 200 97345 "http://www.lszmn.org/forum.php?mod=viewthread&tid=9377" "Scrapy/1.7.3 (+https://scrapy.org)" "-"
113.206.196.249 - - [08/Jun/2022:09:19:56 +0800] "GET /forum.php?mod=viewthread&tid=9377&from=album HTTP/1.1" 200 8079 "http://www.lszmn.org/forum.php?mod=viewthread&tid=9377" "Scrapy/1.7.3 (+https://scrapy.org)" "-"
150.255.181.175 - - [08/Jun/2022:09:19:57 +0800] "GET /connect.php?mod=login&op=init&referer=forum.php%3Fmod%3Dviewthread%26tid%3D9377&statfrom=login_simple HTTP/1.1" 302 5 "http://www.lszmn.org/forum.php?mod=viewthread&tid=9377" "Scrapy/1.7.3 (+https://scrapy.org)" "-"
144.255.18.204 - - [08/Jun/2022:09:19:57 +0800] "GET /forum.php?mod=viewthread&tid=9377&page=1&authorid=1 HTTP/1.1" 200 11162 "http://www.lszmn.org/forum.php?mod=viewthread&tid=9377" "Scrapy/1.7.3 (+https://scrapy.org)" "-"
113.206.133.123 - - [08/Jun/2022:09:19:57 +0800] "GET /home.php?mod=spacecp&ac=share&type=thread&id=63 HTTP/1.1" 200 4859 "http://www.lszmn.org/forum.php?mod=viewthread&tid=63" "Scrapy/1.7.3 (+https://scrapy.org)" "-"
150.255.181.175 - - [08/Jun/2022:09:19:57 +0800] "GET /home.php?mod=spacecp&ac=follow&op=relay&tid=63&from=forum HTTP/1.1" 200 4879 "http://www.lszmn.org/forum.php?mod=viewthread&tid=63" "Scrapy/1.7.3 (+https://scrapy.org)" "-"
113.206.133.123 - - [08/Jun/2022:09:19:57 +0800] "GET /home.php?mod=spacecp&ac=favorite&type=thread&id=63 HTTP/1.1" 200 4865 "http://www.lszmn.org/forum.php?mod=viewthread&tid=63" "Scrapy/1.7.3 (+https://scrapy.org)" "-"
113.206.196.249 - - [08/Jun/2022:09:19:57 +0800] "GET /home.php?mod=spacecp&ac=plugin&id=qqconnect:spacecp&pluginop=share&sh_type=4&thread_id=63 HTTP/1.1" 200 4941 "http://www.lszmn.org/forum.php?mod=viewthread&tid=63" "Scrapy/1.7.3 (+https://scrapy.org)" "-"
144.255.18.204 - - [08/Jun/2022:09:19:57 +0800] "GET /connect.php?mod=login&op=init&referer=home.php%3Fmod%3Dspacecp%26ac%3Dfavorite%26type%3Dthread%26id%3D9377&statfrom=login_simple HTTP/1.1" 302 5 "http://www.lszmn.org/home.php?mod=spacecp&ac=favorite&type=thread&id=9377" "Scrapy/1.7.3 (+https://scrapy.org)" "-"
113.206.133.123 - - [08/Jun/2022:09:19:58 +0800] "GET /connect.php?mod=login&op=init&referer=home.php%3Fmod%3Dspacecp%26ac%3Dplugin%26id%3Dqqconnect%3Aspacecp%26pluginop%3Dshare%26sh_type%3D4%26thread_id%3D9377&statfrom=login_simple HTTP/1.1" 302 5 "http://www.lszmn.org/home.php?mod=spacecp&ac=plugin&id=qqconnect:spacecp&pluginop=share&sh_type=4&thread_id=9377" "Scrapy/1.7.3 (+https://scrapy.org)" "-"
113.206.196.249 - - [08/Jun/2022:09:19:58 +0800] "GET /connect.php?mod=login&op=init&referer=home.php%3Fmod%3Dspacecp%26ac%3Dfollow%26op%3Drelay%26tid%3D9377%26from%3Dforum&statfrom=login_simple HTTP/1.1" 302 5 "http://www.lszmn.org/home.php?mod=spacecp&ac=follow&op=relay&tid=9377&from=forum" "Scrapy/1.7.3 (+https://scrapy.org)" "-"
144.255.18.204 - - [08/Jun/2022:09:19:58 +0800] "GET /connect.php?mod=login&op=init&referer=forum.php%3Fmod%3Dviewthread%26tid%3D9377%26extra%3D%26ordertype%3D1&statfrom=login HTTP/1.1" 302 5 "http://www.lszmn.org/forum.php?mod=viewthread&tid=9377&extra=&ordertype=1" "Scrapy/1.7.3 (+https://scrapy.org)" "-"
150.255.181.175 - - [08/Jun/2022:09:19:58 +0800] "GET /forum.php?mod=attachment&aid=MjY0N3w4OTRkYzAwZXwxNjU0NjUxMTYzfDB8NjM%3D&nothumb=yes HTTP/1.1" 200 15824 "http://www.lszmn.org/forum.php?mod=viewthread&tid=63" "Scrapy/1.7.3 (+https://scrapy.org)" "-"
144.255.16.185 - - [08/Jun/2022:09:19:58 +0800] "GET /forum.php?mod=attachment&aid=MzMzNXxlNDQ1MjIxYnwxNjU0NjUxMTk2fDB8OTM3Nw%3D%3D&nothumb=yes HTTP/1.1" 200 103492 "http://www.lszmn.org/forum.php?mod=viewthread&tid=9377&extra=&ordertype=1" "Scrapy/1.7.3 (+https://scrapy.org)" "-"
185.191.171.33 - - [08/Jun/2022:09:19:58 +0800] "GET /forum.php?action=postreview&do=against&hash=acc19af8&mod=misc&pid=5850439&tid=7065 HTTP/1.1" 200 4798 "-" "Mozilla/5.0 (compatible; SemrushBot/7~bl; +http://www.semrush.com/bot.html)" "-"
113.206.133.123 - - [08/Jun/2022:09:19:58 +0800] "GET /connect.php?mod=login&op=init&referer=forum.php%3Fmod%3Dviewthread%26tid%3D9377%26page%3D1%26authorid%3D1&statfrom=login HTTP/1.1" 302 5 "http://www.lszmn.org/forum.php?mod=viewthread&tid=9377&page=1&authorid=1" "Scrapy/1.7.3 (+https://scrapy.org)" "-"
58.247.216.198 - - [08/Jun/2022:09:19:58 +0800] "GET /forum.php?mod=attachment&aid=MzMzNHw3ZDYyMjI5MHwxNjU0NjUxMTk2fDB8OTM3Nw%3D%3D&nothumb=yes HTTP/1.1" 200 97345 "http://www.lszmn.org/forum.php?mod=viewthread&tid=9377&extra=&ordertype=1" "Scrapy/1.7.3 (+https://scrapy.org)" "-"
150.255.181.175 - - [08/Jun/2022:09:19:59 +0800] "GET /connect.php?mod=login&op=init&referer=home.php%3Fmod%3Dspacecp%26ac%3Dfavorite%26type%3Dthread%26id%3D63&statfrom=login_simple HTTP/1.1" 302 5 "http://www.lszmn.org/home.php?mod=spacecp&ac=favorite&type=thread&id=63" "Scrapy/1.7.3 (+https://scrapy.org)" "-"
113.206.196.249 - - [08/Jun/2022:09:19:59 +0800] "GET /forum.php?mod=attachment&aid=MzMzNXw4OWNkMWZiN3wxNjU0NjUxMTk3fDB8OTM3Nw%3D%3D&nothumb=yes HTTP/1.1" 200 103492 "http://www.lszmn.org/forum.php?mod=viewthread&tid=9377&page=1&authorid=1" "Scrapy/1.7.3 (+https://scrapy.org)" "-"
113.206.133.123 - - [08/Jun/2022:09:19:59 +0800] "GET /forum.php?mod=viewthread&tid=9377&page=1 HTTP/1.1" 200 11140 "http://www.lszmn.org/forum.php?mod=viewthread&tid=9377&page=1&authorid=1" "Scrapy/1.7.3 (+https://scrapy.org)" "-"
150.255.181.175 - - [08/Jun/2022:09:19:59 +0800] "GET /connect.php?mod=login&op=init&referer=home.php%3Fmod%3Dspacecp%26ac%3Dfollow%26op%3Drelay%26tid%3D63%26from%3Dforum&statfrom=login_simple HTTP/1.1" 302 5 "http://www.lszmn.org/home.php?mod=spacecp&ac=follow&op=relay&tid=63&from=forum" "Scrapy/1.7.3 (+https://scrapy.org)" "-"
113.206.133.123 - - [08/Jun/2022:09:19:59 +0800] "GET /connect.php?mod=login&op=init&referer=home.php%3Fmod%3Dspacecp%26ac%3Dplugin%26id%3Dqqconnect%3Aspacecp%26pluginop%3Dshare%26sh_type%3D4%26thread_id%3D63&statfrom=login_simple HTTP/1.1" 302 5 "http://www.lszmn.org/home.php?mod=spacecp&ac=plugin&id=qqconnect:spacecp&pluginop=share&sh_type=4&thread_id=63" "Scrapy/1.7.3 (+https://scrapy.org)" "-"
144.255.18.204 - - [08/Jun/2022:09:20:00 +0800] "GET /forum.php?mod=attachment&aid=MzMzNHxkZTM2NGIxY3wxNjU0NjUxMTk3fDB8OTM3Nw%3D%3D&nothumb=yes HTTP/1.1" 200 97345 "http://www.lszmn.org/forum.php?mod=viewthread&tid=9377&page=1&authorid=1" "Scrapy/1.7.3 (+https://scrapy.org)" "-"
150.255.181.175 - - [08/Jun/2022:09:20:00 +0800] "GET /forum.php?mod=post&action=reply&fid=20&tid=9377&extra=&page=1&from=album HTTP/1.1" 200 5016 "http://www.lszmn.org/forum.php?mod=viewthread&tid=9377&from=album" "Scrapy/1.7.3 (+https://scrapy.org)" "-"
113.206.133.123 - - [08/Jun/2022:09:20:00 +0800] "GET /connect.php?mod=login&op=init&referer=forum.php%3Fmod%3Dviewthread%26tid%3D9377%26page%3D1%26authorid%3D1&statfrom=login_simple HTTP/1.1" 302 5 "http://www.lszmn.org/forum.php?mod=viewthread&tid=9377&page=1&authorid=1" "Scrapy/1.7.3 (+https://scrapy.org)" "-"
150.255.181.175 - - [08/Jun/2022:09:20:01 +0800] "GET /connect.php?mod=login&op=init&referer=forum.php%3Fmod%3Dviewthread%26tid%3D9377%26from%3Dalbum&statfrom=login_simple HTTP/1.1" 302 5 "http://www.lszmn.org/forum.php?mod=viewthread&tid=9377&from=album" "Scrapy/1.7.3 (+https://scrapy.org)" "-"
144.255.16.185 - - [08/Jun/2022:09:20:01 +0800] "GET /connect.php?mod=login&op=init&referer=home.php%3Fmod%3Dspacecp%26ac%3Dshare%26type%3Dthread%26id%3D63&statfrom=login_simple HTTP/1.1" 302 5 "http://www.lszmn.org/home.php?mod=spacecp&ac=share&type=thread&id=63" "Scrapy/1.7.3 (+https://scrapy.org)" "-"
113.206.133.123 - - [08/Jun/2022:09:20:01 +0800] "GET /connect.php?mod=login&op=init&referer=forum.php%3Fmod%3Dviewthread%26tid%3D9377%26extra%3D%26ordertype%3D1&statfrom=login_simple HTTP/1.1" 302 5 "http://www.lszmn.org/forum.php?mod=viewthread&tid=9377&extra=&ordertype=1" "Scrapy/1.7.3 (+https://scrapy.org)" "-"
150.255.181.175 - - [08/Jun/2022:09:20:01 +0800] "GET /forum.php?mod=viewthread&tid=9377&extra=&ordertype=2 HTTP/1.1" 200 11169 "http://www.lszmn.org/forum.php?mod=viewthread&tid=9377&extra=&ordertype=1" "Scrapy/1.7.3 (+https://scrapy.org)" "-"
119.60.104.120 - - [08/Jun/2022:09:20:01 +0800] "GET /forum.php?mod=viewthread&tid=63&extra=&ordertype=1 HTTP/1.1" 200 11999 "http://www.lszmn.org/forum.php?mod=viewthread&tid=63" "Scrapy/1.7.3 (+https://scrapy.org)" "-"
144.255.16.185 - - [08/Jun/2022:09:20:02 +0800] "GET /forum.php?mod=viewthread&tid=63&from=album HTTP/1.1" 200 8029 "http://www.lszmn.org/forum.php?mod=viewthread&tid=63" "Scrapy/1.7.3 (+https://scrapy.org)" "-"
58.247.216.198 - - [08/Jun/2022:09:20:02 +0800] "GET /forum.php?mod=post&action=reply&fid=11&tid=54&extra=&page=1 HTTP/1.1" 200 4990 "http://www.lszmn.org/forum.php?mod=viewthread&tid=54" "Scrapy/1.7.3 (+https://scrapy.org)" "-"
113.206.133.123 - - [08/Jun/2022:09:20:02 +0800] "GET /forum.php?mod=viewthread&tid=63&page=1&authorid=2 HTTP/1.1" 200 12108 "http://www.lszmn.org/forum.php?mod=viewthread&tid=63" "Scrapy/1.7.3 (+https://scrapy.org)" "-"
150.255.181.175 - - [08/Jun/2022:09:20:02 +0800] "GET /forum.php?mod=redirect&goto=nextnewset&tid=54 HTTP/1.1" 302 5 "http://www.lszmn.org/forum.php?mod=viewthread&tid=54" "Scrapy/1.7.3 (+https://scrapy.org)" "-"
144.255.18.204 - - [08/Jun/2022:09:20:02 +0800] "GET /forum.php?mod=redirect&goto=nextoldset&tid=54 HTTP/1.1" 302 5 "http://www.lszmn.org/forum.php?mod=viewthread&tid=54" "Scrapy/1.7.3 (+https://scrapy.org)" "-"
58.247.216.198 - - [08/Jun/2022:09:20:02 +0800] "GET /connect.php?mod=login&op=init&referer=forum.php%3Fmod%3Dviewthread%26tid%3D54&statfrom=login HTTP/1.1" 302 5 "http://www.lszmn.org/forum.php?mod=viewthread&tid=54" "Scrapy/1.7.3 (+https://scrapy.org)" "-"
113.206.133.123 - - [08/Jun/2022:09:20:02 +0800] "GET /forum.php?mod=post&action=reply&fid=11&tid=54 HTTP/1.1" 200 4961 "http://www.lszmn.org/forum.php?mod=viewthread&tid=54" "Scrapy/1.7.3 (+https://scrapy.org)" "-"
113.206.196.249 - - [08/Jun/2022:09:20:03 +0800] "GET /forum.php?mod=misc&action=postreview&do=against&tid=54&pid=2030&hash=df2537e5 HTTP/1.1" 200 5013 "http://www.lszmn.org/forum.php?mod=viewthread&tid=54" "Scrapy/1.7.3 (+https://scrapy.org)" "-"
144.255.16.185 - - [08/Jun/2022:09:20:03 +0800] "GET /forum.php?mod=misc&action=postreview&do=support&tid=54&pid=2030&hash=df2537e5 HTTP/1.1" 200 5011 "http://www.lszmn.org/forum.php?mod=viewthread&tid=54" "Scrapy/1.7.3 (+https://scrapy.org)" "-"
58.247.216.198 - - [08/Jun/2022:09:20:03 +0800] "GET /forum.php?mod=post&action=reply&fid=11&tid=57&extra=&page=1 HTTP/1.1" 200 4992 "http://www.lszmn.org/forum.php?mod=viewthread&tid=57" "Scrapy/1.7.3 (+https://scrapy.org)" "-"
113.206.133.123 - - [08/Jun/2022:09:20:03 +0800] "GET /connect.php?mod=login&op=init&referer=forum.php%3Fmod%3Dpost%26action%3Dreply%26fid%3D11%26tid%3D54%26extra%3D%26page%3D1&statfrom=login_simple HTTP/1.1" 302 5 "http://www.lszmn.org/forum.php?mod=post&action=reply&fid=11&tid=54&extra=&page=1" "Scrapy/1.7.3 (+https://scrapy.org)" "-"
150.255.181.175 - - [08/Jun/2022:09:20:03 +0800] "GET /forum.php?mod=redirect&goto=nextnewset&tid=57 HTTP/1.1" 302 5 "http://www.lszmn.org/forum.php?mod=viewthread&tid=57" "Scrapy/1.7.3 (+https://scrapy.org)" "-"
58.247.216.198 - - [08/Jun/2022:09:20:03 +0800] "GET /forum.php?mod=redirect&goto=findpost&ptid=54&pid=2030 HTTP/1.1" 301 5 "http://www.lszmn.org/forum.php?mod=viewthread&tid=54" "Scrapy/1.7.3 (+https://scrapy.org)" "-"
113.206.196.249 - - [08/Jun/2022:09:20:03 +0800] "GET /forum.php?mod=viewthread&tid=53 HTTP/1.1" 200 11308 "http://www.lszmn.org/forum.php?mod=viewthread&tid=54" "Scrapy/1.7.3 (+https://scrapy.org)" "-"
144.255.18.204 - - [08/Jun/2022:09:20:03 +0800] "GET /connect.php?mod=login&op=init&referer=forum.php%3Fmod%3Dviewthread%26tid%3D63%26page%3D1%26authorid%3D2&statfrom=login_simple HTTP/1.1" 302 5 "http://www.lszmn.org/forum.php?mod=viewthread&tid=63&page=1&authorid=2" "Scrapy/1.7.3 (+https://scrapy.org)" "-"
150.255.181.175 - - [08/Jun/2022:09:20:03 +0800] "GET /forum.php?mod=post&action=reply&fid=11&tid=63&extra=&page=1&from=album HTTP/1.1" 200 5013 "http://www.lszmn.org/forum.php?mod=viewthread&tid=63&from=album" "Scrapy/1.7.3 (+https://scrapy.org)" "-"
58.247.216.198 - - [08/Jun/2022:09:20:03 +0800] "GET /connect.php?mod=login&op=init&referer=forum.php%3Fmod%3Dpost%26action%3Dreply%26fid%3D11%26tid%3D54&statfrom=login_simple HTTP/1.1" 302 5 "http://www.lszmn.org/forum.php?mod=post&action=reply&fid=11&tid=54" "Scrapy/1.7.3 (+https://scrapy.org)" "-"
113.206.133.123 - - [08/Jun/2022:09:20:03 +0800] "GET /forum.php?mod=post&action=reply&fid=11&tid=54&reppost=59&extra=&page=1 HTTP/1.1" 200 5012 "http://www.lszmn.org/forum.php?mod=viewthread&tid=54" "Scrapy/1.7.3 (+https://scrapy.org)" "-"
119.60.104.120 - - [08/Jun/2022:09:20:03 +0800] "GET /connect.php?mod=login&op=init&referer=forum.php%3Fmod%3Dviewthread%26tid%3D63%26from%3Dalbum&statfrom=login_simple HTTP/1.1" 302 5 "http://www.lszmn.org/forum.php?mod=viewthread&tid=63&from=album" "Scrapy/1.7.3 (+https://scrapy.org)" "-"
58.247.216.198 - - [08/Jun/2022:09:20:03 +0800] "GET /connect.php?mod=login&op=init&referer=forum.php%3Fmod%3Dviewthread%26tid%3D63%26page%3D1%26authorid%3D2&statfrom=login HTTP/1.1" 302 5 "http://www.lszmn.org/forum.php?mod=viewthread&tid=63&page=1&authorid=2" "Scrapy/1.7.3 (+https://scrapy.org)" "-"
119.60.104.120 - - [08/Jun/2022:09:20:04 +0800] "GET /forum.php?mod=viewthread&tid=60 HTTP/1.1" 200 12027 "http://www.lszmn.org/forum.php?mod=viewthread&tid=57" "Scrapy/1.7.3 (+https://scrapy.org)" "-"
113.206.133.123 - - [08/Jun/2022:09:20:04 +0800] "GET /forum.php?mod=viewthread&tid=54&page=1 HTTP/1.1" 200 14826 "http://www.lszmn.org/forum.php?mod=viewthread&tid=54" "Scrapy/1.7.3 (+https://scrapy.org)" "-"
58.247.216.198 - - [08/Jun/2022:09:20:04 +0800] "GET /connect.php?mod=login&op=init&referer=forum.php%3Fmod%3Dmisc%26action%3Dpostreview%26do%3Dagainst%26tid%3D54%26pid%3D2030%26hash%3Ddf2537e5&statfrom=login_simple HTTP/1.1" 302 5 "http://www.lszmn.org/forum.php?mod=misc&action=postreview&do=against&tid=54&pid=2030&hash=df2537e5" "Scrapy/1.7.3 (+https://scrapy.org)" "-"
113.206.196.249 - - [08/Jun/2022:09:20:04 +0800] "GET /forum.php?mod=viewthread&tid=51 HTTP/1.1" 200 9895 "http://www.lszmn.org/forum.php?mod=viewthread&tid=54" "Scrapy/1.7.3 (+https://scrapy.org)" "-"
144.255.16.185 - - [08/Jun/2022:09:20:04 +0800] "GET /connect.php?mod=login&op=init&referer=forum.php%3Fmod%3Dpost%26action%3Dreply%26fid%3D11%26tid%3D57%26extra%3D%26page%3D1&statfrom=login_simple HTTP/1.1" 302 5 "http://www.lszmn.org/forum.php?mod=post&action=reply&fid=11&tid=57&extra=&page=1" "Scrapy/1.7.3 (+https://scrapy.org)" "-"
150.255.181.175 - - [08/Jun/2022:09:20:04 +0800] "GET /connect.php?mod=login&op=init&referer=forum.php%3Fmod%3Dviewthread%26tid%3D63%26extra%3D%26ordertype%3D1&statfrom=login_simple HTTP/1.1" 302 5 "http://www.lszmn.org/forum.php?mod=viewthread&tid=63&extra=&ordertype=1" "Scrapy/1.7.3 (+https://scrapy.org)" "-"
113.206.133.123 - - [08/Jun/2022:09:20:04 +0800] "GET /connect.php?mod=login&op=init&referer=forum.php%3Fmod%3Dviewthread%26tid%3D63%26extra%3D%26ordertype%3D1&statfrom=login HTTP/1.1" 302 5 "http://www.lszmn.org/forum.php?mod=viewthread&tid=63&extra=&ordertype=1" "Scrapy/1.7.3 (+https://scrapy.org)" "-"
144.255.16.185 - - [08/Jun/2022:09:20:04 +0800] "GET /forum.php?mod=viewthread&tid=53 HTTP/1.1" 200 11309 "http://www.lszmn.org/forum.php?mod=viewthread&tid=53" "Scrapy/1.7.3 (+https://scrapy.org)" "-"
144.255.18.204 - - [08/Jun/2022:09:20:05 +0800] "GET /forum.php?mod=attachment&aid=MjY0N3xlNTZjM2E5OHwxNjU0NjUxMjAyfDB8NjM%3D&nothumb=yes HTTP/1.1" 200 15824 "http://www.lszmn.org/forum.php?mod=viewthread&tid=63&page=1&authorid=2" "Scrapy/1.7.3 (+https://scrapy.org)" "-"
58.247.216.198 - - [08/Jun/2022:09:20:05 +0800] "GET /forum.php?mod=post&action=reply&fid=11&tid=53&extra=&page=1 HTTP/1.1" 200 4992 "http://www.lszmn.org/forum.php?mod=viewthread&tid=53" "Scrapy/1.7.3 (+https://scrapy.org)" "-"
119.60.104.120 - - [08/Jun/2022:09:20:05 +0800] "GET /forum.php?mod=redirect&goto=nextnewset&tid=53 HTTP/1.1" 302 5 "http://www.lszmn.org/forum.php?mod=viewthread&tid=53" "Scrapy/1.7.3 (+https://scrapy.org)" "-"
113.206.196.249 - - [08/Jun/2022:09:20:05 +0800] "GET /forum.php?mod=redirect&goto=nextoldset&tid=53 HTTP/1.1" 302 5 "http://www.lszmn.org/forum.php?mod=viewthread&tid=53" "Scrapy/1.7.3 (+https://scrapy.org)" "-"
113.206.133.123 - - [08/Jun/2022:09:20:05 +0800] "GET /forum.php?mod=viewthread&tid=53&page=2 HTTP/1.1" 200 4979 "http://www.lszmn.org/forum.php?mod=viewthread&tid=53" "Scrapy/1.7.3 (+https://scrapy.org)" "-"
144.255.18.204 - - [08/Jun/2022:09:20:05 +0800] "GET /connect.php?mod=login&op=init&referer=forum.php%3Fmod%3Dviewthread%26tid%3D51&statfrom=login HTTP/1.1" 302 5 "http://www.lszmn.org/forum.php?mod=viewthread&tid=51" "Scrapy/1.7.3 (+https://scrapy.org)" "-"
150.255.181.175 - - [08/Jun/2022:09:20:05 +0800] "GET /forum.php?mod=viewthread&tid=54&page=1 HTTP/1.1" 200 14826 "http://www.lszmn.org/forum.php?mod=viewthread&tid=54&page=1" "Scrapy/1.7.3 (+https://scrapy.org)" "-"
58.247.216.198 - - [08/Jun/2022:09:20:05 +0800] "GET /forum.php?mod=viewthread&tid=51&page=2 HTTP/1.1" 200 4980 "http://www.lszmn.org/forum.php?mod=viewthread&tid=51" "Scrapy/1.7.3 (+https://scrapy.org)" "-"
144.255.16.185 - - [08/Jun/2022:09:20:05 +0800] "GET /forum.php?mod=viewthread&tid=51&extra=&page=2 HTTP/1.1" 200 4993 "http://www.lszmn.org/forum.php?mod=viewthread&tid=51" "Scrapy/1.7.3 (+https://scrapy.org)" "-"
113.206.196.249 - - [08/Jun/2022:09:20:06 +0800] "GET /forum.php?mod=post&action=reply&fid=11&tid=51 HTTP/1.1" 200 4962 "http://www.lszmn.org/forum.php?mod=viewthread&tid=51" "Scrapy/1.7.3 (+https://scrapy.org)" "-"
113.206.133.123 - - [08/Jun/2022:09:20:06 +0800] "GET /forum.php?mod=post&action=reply&fid=11&tid=51&extra=&page=1 HTTP/1.1" 200 4990 "http://www.lszmn.org/forum.php?mod=viewthread&tid=51" "Scrapy/1.7.3 (+https://scrapy.org)" "-"
144.255.18.204 - - [08/Jun/2022:09:20:06 +0800] "GET /forum.php?mod=redirect&goto=nextnewset&tid=51 HTTP/1.1" 302 5 "http://www.lszmn.org/forum.php?mod=viewthread&tid=51" "Scrapy/1.7.3 (+https://scrapy.org)" "-"
58.247.216.198 - - [08/Jun/2022:09:20:06 +0800] "GET /forum.php?mod=redirect&goto=nextoldset&tid=51 HTTP/1.1" 302 5 "http://www.lszmn.org/forum.php?mod=viewthread&tid=51" "Scrapy/1.7.3 (+https://scrapy.org)" "-"
36.106.166.171 - - [08/Jun/2022:09:20:06 +0800] "GET /forum.php?mod=attachment&aid=MzM0NHwwNDM3NTZmM3wxNjU0NjUxMTY4fDB8OTM4Mg%3D%3D&nothumb=yes HTTP/1.1" 200 413120 "http://www.lszmn.org/forum.php?mod=viewthread&tid=9382" "Scrapy/1.7.3 (+https://scrapy.org)" "-"
119.60.104.120 - - [08/Jun/2022:09:20:06 +0800] "GET /forum.php?mod=viewthread&tid=54 HTTP/1.1" 200 14805 "http://www.lszmn.org/forum.php?mod=viewthread&tid=53" "Scrapy/1.7.3 (+https://scrapy.org)" "-"
106.11.156.100 - - [08/Jun/2022:09:20:06 +0800] "GET /forum.php?fid=3&mod=forumdisplay&page=4 HTTP/1.1" 200 9972 "-" "Mozilla/5.0 (Windows NT 6.1; Win64; x64) AppleWebKit/537.36 (KHTML, like Gecko) Chrome/69.0.3497.81 YisouSpider/5.0 Safari/537.36" "-"
106.11.152.116 - - [08/Jun/2022:09:20:06 +0800] "GET /data/cache/style_24_forum_forumdisplay.css?kp9 HTTP/1.1" 200 49943 "http://www.lszmn.org/forum.php?fid=3&mod=forumdisplay&page=4" "Mozilla/5.0 (Windows NT 6.1; Win64; x64) AppleWebKit/537.36 (KHTML, like Gecko) Chrome/69.0.3497.81 YisouSpider/5.0 Safari/537.36" "-"
61.181.2.18 - - [08/Jun/2022:09:20:06 +0800] "GET /forum.php?mod=post&action=reply&fid=11&tid=51&reppost=56&extra=&page=1 HTTP/1.1" 200 5011 "http://www.lszmn.org/forum.php?mod=viewthread&tid=51" "Scrapy/1.7.3 (+https://scrapy.org)" "-"
113.206.196.249 - - [08/Jun/2022:09:20:06 +0800] "GET /forum.php?mod=viewthread&tid=9383 HTTP/1.1" 200 10744 "http://www.lszmn.org/forum.php?mod=viewthread&tid=53" "Scrapy/1.7.3 (+https://scrapy.org)" "-"
58.247.216.198 - - [08/Jun/2022:09:20:06 +0800] "GET /home.php?mod=spacecp&ac=follow&op=relay&tid=51&from=forum HTTP/1.1" 200 4878 "http://www.lszmn.org/forum.php?mod=viewthread&tid=51" "Scrapy/1.7.3 (+https://scrapy.org)" "-"
106.11.154.107 - - [08/Jun/2022:09:20:06 +0800] "GET /data/cache/style_24_common.css?kp9 HTTP/1.1" 200 96034 "http://www.lszmn.org/forum.php?fid=3&mod=forumdisplay&page=4" "Mozilla/5.0 (Windows NT 6.1; Win64; x64) AppleWebKit/537.36 (KHTML, like Gecko) Chrome/69.0.3497.81 YisouSpider/5.0 Safari/537.36" "-"
144.255.18.204 - - [08/Jun/2022:09:20:06 +0800] "GET /home.php?mod=spacecp&ac=favorite&type=thread&id=51 HTTP/1.1" 200 4863 "http://www.lszmn.org/forum.php?mod=viewthread&tid=51" "Scrapy/1.7.3 (+https://scrapy.org)" "-"
144.255.16.185 - - [08/Jun/2022:09:20:06 +0800] "GET /home.php?mod=spacecp&ac=share&type=thread&id=51 HTTP/1.1" 200 4858 "http://www.lszmn.org/forum.php?mod=viewthread&tid=51" "Scrapy/1.7.3 (+https://scrapy.org)" "-"
150.255.181.175 - - [08/Jun/2022:09:20:07 +0800] "GET /home.php?mod=spacecp&ac=plugin&id=qqconnect:spacecp&pluginop=share&sh_type=4&thread_id=51 HTTP/1.1" 200 4940 "http://www.lszmn.org/forum.php?mod=viewthread&tid=51" "Scrapy/1.7.3 (+https://scrapy.org)" "-"
58.247.216.198 - - [08/Jun/2022:09:20:07 +0800] "GET /forum.php?mod=attachment&aid=NjN8MTI4Mjk3ODl8MTY1NDY1MTIwNHwwfDUx&nothumb=yes HTTP/1.1" 200 33970 "http://www.lszmn.org/forum.php?mod=viewthread&tid=51" "Scrapy/1.7.3 (+https://scrapy.org)" "-"
144.255.18.204 - - [08/Jun/2022:09:20:07 +0800] "GET /forum.php?mod=viewthread&tid=51&from=album HTTP/1.1" 200 8059 "http://www.lszmn.org/forum.php?mod=viewthread&tid=51" "Scrapy/1.7.3 (+https://scrapy.org)" "-"
119.60.104.120 - - [08/Jun/2022:09:20:07 +0800] "GET /forum.php?mod=viewthread&tid=51&page=1&authorid=2 HTTP/1.1" 200 9747 "http://www.lszmn.org/forum.php?mod=viewthread&tid=51" "Scrapy/1.7.3 (+https://scrapy.org)" "-"
113.206.133.123 - - [08/Jun/2022:09:20:07 +0800] "GET /forum.php?mod=viewthread&tid=51&extra=&ordertype=1 HTTP/1.1" 200 9848 "http://www.lszmn.org/forum.php?mod=viewthread&tid=51" "Scrapy/1.7.3 (+https://scrapy.org)" "-"
58.247.216.198 - - [08/Jun/2022:09:20:07 +0800] "GET /forum.php?mod=viewthread&tid=43 HTTP/1.1" 200 10808 "http://www.lszmn.org/forum.php?mod=viewthread&tid=51" "Scrapy/1.7.3 (+https://scrapy.org)" "-"
150.255.181.175 - - [08/Jun/2022:09:20:07 +0800] "GET /connect.php?mod=login&op=init&referer=forum.php%3Fmod%3Dviewthread%26tid%3D51&statfrom=login_simple HTTP/1.1" 302 5 "http://www.lszmn.org/forum.php?mod=viewthread&tid=51" "Scrapy/1.7.3 (+https://scrapy.org)" "-"
119.60.104.120 - - [08/Jun/2022:09:20:07 +0800] "GET /forum.php?mod=viewthread&tid=51 HTTP/1.1" 200 9900 "http://www.lszmn.org/forum.php?mod=viewthread&tid=51" "Scrapy/1.7.3 (+https://scrapy.org)" "-"
144.255.16.185 - - [08/Jun/2022:09:20:07 +0800] "GET /forum.php?mod=viewthread&tid=54 HTTP/1.1" 200 14805 "http://www.lszmn.org/forum.php?mod=viewthread&tid=51" "Scrapy/1.7.3 (+https://scrapy.org)" "-"
144.255.18.204 - - [08/Jun/2022:09:20:07 +0800] "GET /forum.php?mod=attachment&aid=MjcyMnw1NjZkNzBlY3wxNjU0NjUxMjA0fDB8NjA%3D&nothumb=yes HTTP/1.1" 200 24018 "http://www.lszmn.org/forum.php?mod=viewthread&tid=60" "Scrapy/1.7.3 (+https://scrapy.org)" "-"
58.247.216.198 - - [08/Jun/2022:09:20:07 +0800] "GET /connect.php?mod=login&op=init&referer=forum.php%3Fmod%3Dviewthread%26tid%3D54%26page%3D1&statfrom=login HTTP/1.1" 302 5 "http://www.lszmn.org/forum.php?mod=viewthread&tid=54&page=1" "Scrapy/1.7.3 (+https://scrapy.org)" "-"
150.255.181.175 - - [08/Jun/2022:09:20:08 +0800] "GET /forum.php?mod=viewthread&tid=53&extra=&page=2 HTTP/1.1" 200 4991 "http://www.lszmn.org/forum.php?mod=viewthread&tid=53" "Scrapy/1.7.3 (+https://scrapy.org)" "-"
119.60.104.120 - - [08/Jun/2022:09:20:08 +0800] "GET /connect.php?mod=login&op=init&referer=forum.php%3Fmod%3Dviewthread%26tid%3D54%26page%3D1&statfrom=login_simple HTTP/1.1" 302 5 "http://www.lszmn.org/forum.php?mod=viewthread&tid=54&page=1" "Scrapy/1.7.3 (+https://scrapy.org)" "-"
144.255.18.204 - - [08/Jun/2022:09:20:08 +0800] "GET /connect.php?mod=login&op=init&referer=forum.php%3Fmod%3Dviewthread%26tid%3D53&statfrom=login HTTP/1.1" 302 5 "http://www.lszmn.org/forum.php?mod=viewthread&tid=53" "Scrapy/1.7.3 (+https://scrapy.org)" "-"
58.247.216.198 - - [08/Jun/2022:09:20:08 +0800] "GET /forum.php?mod=post&action=reply&fid=11&tid=53 HTTP/1.1" 200 4962 "http://www.lszmn.org/forum.php?mod=viewthread&tid=53" "Scrapy/1.7.3 (+https://scrapy.org)" "-"
119.60.104.120 - - [08/Jun/2022:09:20:08 +0800] "GET /home.php?mod=spacecp&ac=share&type=thread&id=53 HTTP/1.1" 200 4859 "http://www.lszmn.org/forum.php?mod=viewthread&tid=53" "Scrapy/1.7.3 (+https://scrapy.org)" "-"
150.255.181.175 - - [08/Jun/2022:09:20:08 +0800] "GET /forum.php?mod=post&action=reply&fid=11&tid=53&reppost=58&extra=&page=1 HTTP/1.1" 200 5013 "http://www.lszmn.org/forum.php?mod=viewthread&tid=53" "Scrapy/1.7.3 (+https://scrapy.org)" "-"
144.255.16.185 - - [08/Jun/2022:09:20:08 +0800] "GET /home.php?mod=spacecp&ac=follow&op=relay&tid=53&from=forum HTTP/1.1" 200 4879 "http://www.lszmn.org/forum.php?mod=viewthread&tid=53" "Scrapy/1.7.3 (+https://scrapy.org)" "-"
58.247.216.198 - - [08/Jun/2022:09:20:08 +0800] "GET /connect.php?mod=login&op=init&referer=forum.php%3Fmod%3Dpost%26action%3Dreply%26fid%3D11%26tid%3D54%26reppost%3D59%26extra%3D%26page%3D1&statfrom=login_simple HTTP/1.1" 302 5 "http://www.lszmn.org/forum.php?mod=post&action=reply&fid=11&tid=54&reppost=59&extra=&page=1" "Scrapy/1.7.3 (+https://scrapy.org)" "-"
113.206.196.249 - - [08/Jun/2022:09:20:08 +0800] "GET /connect.php?mod=login&op=init&referer=forum.php%3Fmod%3Dmisc%26action%3Dpostreview%26do%3Dsupport%26tid%3D54%26pid%3D2030%26hash%3Ddf2537e5&statfrom=login_simple HTTP/1.1" 302 5 "http://www.lszmn.org/forum.php?mod=misc&action=postreview&do=support&tid=54&pid=2030&hash=df2537e5" "Scrapy/1.7.3 (+https://scrapy.org)" "-"
113.206.133.123 - - [08/Jun/2022:09:20:08 +0800] "GET /home.php?mod=spacecp&ac=favorite&type=thread&id=53 HTTP/1.1" 200 4865 "http://www.lszmn.org/forum.php?mod=viewthread&tid=53" "Scrapy/1.7.3 (+https://scrapy.org)" "-"
144.255.18.204 - - [08/Jun/2022:09:20:08 +0800] "GET /home.php?mod=spacecp&ac=plugin&id=qqconnect:spacecp&pluginop=share&sh_type=4&thread_id=53 HTTP/1.1" 200 4941 "http://www.lszmn.org/forum.php?mod=viewthread&tid=53" "Scrapy/1.7.3 (+https://scrapy.org)" "-"
119.60.104.120 - - [08/Jun/2022:09:20:09 +0800] "GET /forum.php?mod=viewthread&tid=53&extra=&ordertype=1 HTTP/1.1" 200 11240 "http://www.lszmn.org/forum.php?mod=viewthread&tid=53" "Scrapy/1.7.3 (+https://scrapy.org)" "-"
14.204.44.234 - - [08/Jun/2022:09:20:09 +0800] "GET / HTTP/1.1" 200 15961 "http://www.lszmn.org/forum.php?mod=viewthread&tid=53" "Scrapy/1.7.3 (+https://scrapy.org)" "-"
144.255.16.185 - - [08/Jun/2022:09:20:09 +0800] "GET /connect.php?mod=login&op=init&referer=forum.php%3Fmod%3Dviewthread%26tid%3D53&statfrom=login_simple HTTP/1.1" 302 5 "http://www.lszmn.org/forum.php?mod=viewthread&tid=53" "Scrapy/1.7.3 (+https://scrapy.org)" "-"
58.247.216.198 - - [08/Jun/2022:09:20:09 +0800] "GET /forum.php?mod=viewthread&tid=63&extra=&ordertype=2 HTTP/1.1" 200 12105 "http://www.lszmn.org/forum.php?mod=viewthread&tid=63&extra=&ordertype=1" "Scrapy/1.7.3 (+https://scrapy.org)" "-"
150.255.181.175 - - [08/Jun/2022:09:20:09 +0800] "GET /forum.php?mod=viewthread&tid=53&page=1&authorid=2 HTTP/1.1" 200 11155 "http://www.lszmn.org/forum.php?mod=viewthread&tid=53" "Scrapy/1.7.3 (+https://scrapy.org)" "-"
144.255.18.204 - - [08/Jun/2022:09:20:09 +0800] "GET /forum.php?mod=viewthread&tid=63&page=1 HTTP/1.1" 200 12068 "http://www.lszmn.org/forum.php?mod=viewthread&tid=63&page=1&authorid=2" "Scrapy/1.7.3 (+https://scrapy.org)" "-"
119.60.104.120 - - [08/Jun/2022:09:20:09 +0800] "GET /forum.php?mod=attachment&aid=MjY0N3w4Zjc4OWY1ZnwxNjU0NjUxMjAxfDB8NjM%3D&nothumb=yes HTTP/1.1" 200 15824 "http://www.lszmn.org/forum.php?mod=viewthread&tid=63&extra=&ordertype=1" "Scrapy/1.7.3 (+https://scrapy.org)" "-"
119.60.104.120 - - [08/Jun/2022:09:20:10 +0800] "GET /home.php?mod=spacecp&ac=favorite&type=thread&id=54 HTTP/1.1" 200 4865 "http://www.lszmn.org/forum.php?mod=viewthread&tid=54" "Scrapy/1.7.3 (+https://scrapy.org)" "-"
58.247.216.198 - - [08/Jun/2022:09:20:10 +0800] "GET /home.php?mod=spacecp&ac=plugin&id=qqconnect:spacecp&pluginop=share&sh_type=4&thread_id=54 HTTP/1.1" 200 4942 "http://www.lszmn.org/forum.php?mod=viewthread&tid=54" "Scrapy/1.7.3 (+https://scrapy.org)" "-"
113.206.196.249 - - [08/Jun/2022:09:20:10 +0800] "GET /home.php?mod=spacecp&ac=share&type=thread&id=54 HTTP/1.1" 200 4859 "http://www.lszmn.org/forum.php?mod=viewthread&tid=54" "Scrapy/1.7.3 (+https://scrapy.org)" "-"
113.206.133.123 - - [08/Jun/2022:09:20:10 +0800] "GET /home.php?mod=spacecp&ac=follow&op=relay&tid=54&from=forum HTTP/1.1" 200 4879 "http://www.lszmn.org/forum.php?mod=viewthread&tid=54" "Scrapy/1.7.3 (+https://scrapy.org)" "-"
150.255.181.175 - - [08/Jun/2022:09:20:10 +0800] "GET /forum.php?mod=viewthread&tid=54&extra=&ordertype=1 HTTP/1.1" 200 14743 "http://www.lszmn.org/forum.php?mod=viewthread&tid=54" "Scrapy/1.7.3 (+https://scrapy.org)" "-"
144.255.18.204 - - [08/Jun/2022:09:20:10 +0800] "GET /forum.php?mod=redirect&goto=nextoldset&tid=57 HTTP/1.1" 302 5 "http://www.lszmn.org/forum.php?mod=viewthread&tid=57" "Scrapy/1.7.3 (+https://scrapy.org)" "-"
150.255.181.175 - - [08/Jun/2022:09:20:10 +0800] "GET /connect.php?mod=login&op=init&referer=forum.php%3Fmod%3Dviewthread%26tid%3D57&statfrom=login HTTP/1.1" 302 5 "http://www.lszmn.org/forum.php?mod=viewthread&tid=57" "Scrapy/1.7.3 (+https://scrapy.org)" "-"
144.255.16.185 - - [08/Jun/2022:09:20:10 +0800] "GET /forum.php?mod=viewthread&tid=54&page=1&authorid=2 HTTP/1.1" 200 14251 "http://www.lszmn.org/forum.php?mod=viewthread&tid=54" "Scrapy/1.7.3 (+https://scrapy.org)" "-"
58.247.216.198 - - [08/Jun/2022:09:20:11 +0800] "GET /forum.php?mod=post&action=reply&fid=11&tid=57 HTTP/1.1" 200 4961 "http://www.lszmn.org/forum.php?mod=viewthread&tid=57" "Scrapy/1.7.3 (+https://scrapy.org)" "-"
119.60.104.120 - - [08/Jun/2022:09:20:11 +0800] "GET /forum.php?mod=post&action=reply&fid=11&tid=57&reppost=62&extra=&page=1 HTTP/1.1" 200 5015 "http://www.lszmn.org/forum.php?mod=viewthread&tid=57" "Scrapy/1.7.3 (+https://scrapy.org)" "-"
113.206.133.123 - - [08/Jun/2022:09:20:11 +0800] "GET /home.php?mod=spacecp&ac=follow&op=relay&tid=57&from=forum HTTP/1.1" 200 4879 "http://www.lszmn.org/forum.php?mod=viewthread&tid=57" "Scrapy/1.7.3 (+https://scrapy.org)" "-"
113.206.196.249 - - [08/Jun/2022:09:20:11 +0800] "GET /home.php?mod=spacecp&ac=share&type=thread&id=57 HTTP/1.1" 200 4859 "http://www.lszmn.org/forum.php?mod=viewthread&tid=57" "Scrapy/1.7.3 (+https://scrapy.org)" "-"
150.255.181.175 - - [08/Jun/2022:09:20:11 +0800] "GET /home.php?mod=spacecp&ac=favorite&type=thread&id=57 HTTP/1.1" 200 4865 "http://www.lszmn.org/forum.php?mod=viewthread&tid=57" "Scrapy/1.7.3 (+https://scrapy.org)" "-"
144.255.18.204 - - [08/Jun/2022:09:20:11 +0800] "GET /home.php?mod=spacecp&ac=plugin&id=qqconnect:spacecp&pluginop=share&sh_type=4&thread_id=57 HTTP/1.1" 200 4941 "http://www.lszmn.org/forum.php?mod=viewthread&tid=57" "Scrapy/1.7.3 (+https://scrapy.org)" "-"
144.255.16.185 - - [08/Jun/2022:09:20:11 +0800] "GET /forum.php?mod=viewthread&tid=63 HTTP/1.1" 200 12057 "http://www.lszmn.org/forum.php?mod=viewthread&tid=57" "Scrapy/1.7.3 (+https://scrapy.org)" "-"
61.181.2.18 - - [08/Jun/2022:09:20:11 +0800] "GET /connect.php?mod=login&op=init&referer=forum.php%3Fmod%3Dviewthread%26tid%3D54%26extra%3D%26ordertype%3D1&statfrom=login_simple HTTP/1.1" 302 5 "http://www.lszmn.org/forum.php?mod=viewthread&tid=54&extra=&ordertype=1" "Scrapy/1.7.3 (+https://scrapy.org)" "-"
