124.117.195.89 - - [08/Jun/2022:09:30:11 +0800] "GET /forum.php?mod=post&action=reply&fid=60&tid=9316&extra=&page=1 HTTP/1.1" 200 4999 "http://www.lszmn.org/forum.php?mod=viewthread&tid=9316" "Scrapy/1.7.3 (+https://scrapy.org)" "-"
175.152.108.156 - - [08/Jun/2022:09:30:11 +0800] "GET /connect.php?mod=login&op=init&referer=forum.php%3Fmod%3Dviewthread%26tid%3D9317&statfrom=login_simple HTTP/1.1" 302 5 "http://www.lszmn.org/forum.php?mod=viewthread&tid=9317" "Scrapy/1.7.3 (+https://scrapy.org)" "-"
182.138.158.29 - - [08/Jun/2022:09:30:12 +0800] "GET /home.php?mod=spacecp&ac=share&type=thread&id=8311 HTTP/1.1" 200 4866 "http://www.lszmn.org/forum.php?mod=viewthread&tid=8311" "Scrapy/1.7.3 (+https://scrapy.org)" "-"
36.32.3.30 - - [08/Jun/2022:09:30:12 +0800] "GET /connect.php?mod=login&op=init&referer=forum.php%3Fmod%3Dviewthread%26tid%3D8311&statfrom=login HTTP/1.1" 302 5 "http://www.lszmn.org/forum.php?mod=viewthread&tid=8311" "Scrapy/1.7.3 (+https://scrapy.org)" "-"
1.85.219.49 - - [08/Jun/2022:09:30:12 +0800] "GET /forum.php?mod=post&action=reply&fid=42&tid=8311 HTTP/1.1" 200 4968 "http://www.lszmn.org/forum.php?mod=viewthread&tid=8311" "Scrapy/1.7.3 (+https://scrapy.org)" "-"
175.152.108.156 - - [08/Jun/2022:09:30:12 +0800] "GET /home.php?mod=spacecp&ac=follow&op=relay&tid=8311&from=forum HTTP/1.1" 200 4883 "http://www.lszmn.org/forum.php?mod=viewthread&tid=8311" "Scrapy/1.7.3 (+https://scrapy.org)" "-"
113.200.71.110 - - [08/Jun/2022:09:30:12 +0800] "GET /forum.php?mod=post&action=reply&fid=42&tid=8311&reppost=6878264&extra=&page=1 HTTP/1.1" 200 5028 "http://www.lszmn.org/forum.php?mod=viewthread&tid=8311" "Scrapy/1.7.3 (+https://scrapy.org)" "-"
124.117.195.89 - - [08/Jun/2022:09:30:12 +0800] "GET /home.php?mod=spacecp&ac=favorite&type=thread&id=8311 HTTP/1.1" 200 4871 "http://www.lszmn.org/forum.php?mod=viewthread&tid=8311" "Scrapy/1.7.3 (+https://scrapy.org)" "-"
1.85.219.49 - - [08/Jun/2022:09:30:12 +0800] "GET /connect.php?mod=login&op=init&referer=forum.php%3Fmod%3Dviewthread%26tid%3D9317%26extra%3D%26ordertype%3D1&statfrom=login_simple HTTP/1.1" 302 5 "http://www.lszmn.org/forum.php?mod=viewthread&tid=9317&extra=&ordertype=1" "Scrapy/1.7.3 (+https://scrapy.org)" "-"
113.200.71.110 - - [08/Jun/2022:09:30:12 +0800] "GET /connect.php?mod=login&op=init&referer=forum.php%3Fmod%3Dviewthread%26tid%3D9317%26extra%3D%26ordertype%3D1&statfrom=login HTTP/1.1" 302 5 "http://www.lszmn.org/forum.php?mod=viewthread&tid=9317&extra=&ordertype=1" "Scrapy/1.7.3 (+https://scrapy.org)" "-"
182.138.158.29 - - [08/Jun/2022:09:30:12 +0800] "GET /forum.php?mod=viewthread&tid=9317 HTTP/1.1" 200 14683 "http://www.lszmn.org/forum.php?mod=viewthread&tid=9316" "Scrapy/1.7.3 (+https://scrapy.org)" "-"
36.32.3.30 - - [08/Jun/2022:09:30:13 +0800] "GET /forum.php?mod=viewthread&tid=8311&extra=&ordertype=1 HTTP/1.1" 200 11150 "http://www.lszmn.org/forum.php?mod=viewthread&tid=8311" "Scrapy/1.7.3 (+https://scrapy.org)" "-"
124.117.195.89 - - [08/Jun/2022:09:30:13 +0800] "GET /home.php?mod=spacecp&ac=plugin&id=qqconnect:spacecp&pluginop=share&sh_type=4&thread_id=8311 HTTP/1.1" 200 4948 "http://www.lszmn.org/forum.php?mod=viewthread&tid=8311" "Scrapy/1.7.3 (+https://scrapy.org)" "-"
175.152.108.156 - - [08/Jun/2022:09:30:13 +0800] "GET /forum.php?mod=viewthread&tid=8311&page=1&authorid=1893 HTTP/1.1" 200 11051 "http://www.lszmn.org/forum.php?mod=viewthread&tid=8311" "Scrapy/1.7.3 (+https://scrapy.org)" "-"
1.85.219.49 - - [08/Jun/2022:09:30:13 +0800] "GET /connect.php?mod=login&op=init&referer=forum.php%3Fmod%3Dviewthread%26tid%3D9317%26page%3D1%26authorid%3D1&statfrom=login HTTP/1.1" 302 5 "http://www.lszmn.org/forum.php?mod=viewthread&tid=9317&page=1&authorid=1" "Scrapy/1.7.3 (+https://scrapy.org)" "-"
182.138.158.29 - - [08/Jun/2022:09:30:13 +0800] "GET /connect.php?mod=login&op=init&referer=forum.php%3Fmod%3Dpost%26action%3Dreply%26fid%3D60%26tid%3D9316%26extra%3D%26page%3D1&statfrom=login_simple HTTP/1.1" 302 5 "http://www.lszmn.org/forum.php?mod=post&action=reply&fid=60&tid=9316&extra=&page=1" "Scrapy/1.7.3 (+https://scrapy.org)" "-"
113.200.71.110 - - [08/Jun/2022:09:30:13 +0800] "GET /forum.php?mod=viewthread&tid=9317&page=1 HTTP/1.1" 200 14705 "http://www.lszmn.org/forum.php?mod=viewthread&tid=9317&page=1&authorid=1" "Scrapy/1.7.3 (+https://scrapy.org)" "-"
110.87.132.118 - - [08/Jun/2022:09:30:13 +0800] "GET /connect.php?mod=login&op=init&referer=forum.php%3Fmod%3Dviewthread%26tid%3D9317%26from%3Dalbum&statfrom=login_simple HTTP/1.1" 302 5 "http://www.lszmn.org/forum.php?mod=viewthread&tid=9317&from=album" "Scrapy/1.7.3 (+https://scrapy.org)" "-"
175.152.108.156 - - [08/Jun/2022:09:30:13 +0800] "GET /connect.php?mod=login&op=init&referer=forum.php%3Fmod%3Dviewthread%26tid%3D9317%26page%3D1%26authorid%3D1&statfrom=login_simple HTTP/1.1" 302 5 "http://www.lszmn.org/forum.php?mod=viewthread&tid=9317&page=1&authorid=1" "Scrapy/1.7.3 (+https://scrapy.org)" "-"
124.117.195.89 - - [08/Jun/2022:09:30:13 +0800] "GET /connect.php?mod=login&op=init&referer=forum.php%3Fmod%3Dredirect%26goto%3Dnextoldset%26tid%3D9316&statfrom=login_simple HTTP/1.1" 302 5 "http://www.lszmn.org/forum.php?mod=redirect&goto=nextoldset&tid=9316" "Scrapy/1.7.3 (+https://scrapy.org)" "-"
36.32.3.30 - - [08/Jun/2022:09:30:13 +0800] "GET /forum.php?mod=post&action=reply&fid=60&tid=9317&extra=&page=1&from=album HTTP/1.1" 200 5018 "http://www.lszmn.org/forum.php?mod=viewthread&tid=9317&from=album" "Scrapy/1.7.3 (+https://scrapy.org)" "-"
182.138.158.29 - - [08/Jun/2022:09:30:14 +0800] "GET /connect.php?mod=login&op=init&referer=forum.php%3Fmod%3Dpost%26action%3Dreply%26fid%3D42%26tid%3D8311%26reppost%3D6878264%26extra%3D%26page%3D1&statfrom=login_simple HTTP/1.1" 302 5 "http://www.lszmn.org/forum.php?mod=post&action=reply&fid=42&tid=8311&reppost=6878264&extra=&page=1" "Scrapy/1.7.3 (+https://scrapy.org)" "-"
175.152.108.156 - - [08/Jun/2022:09:30:14 +0800] "GET /connect.php?mod=login&op=init&referer=home.php%3Fmod%3Dspacecp%26ac%3Dshare%26type%3Dthread%26id%3D8311&statfrom=login_simple HTTP/1.1" 302 5 "http://www.lszmn.org/home.php?mod=spacecp&ac=share&type=thread&id=8311" "Scrapy/1.7.3 (+https://scrapy.org)" "-"
1.85.219.49 - - [08/Jun/2022:09:30:14 +0800] "GET /connect.php?mod=login&op=init&referer=home.php%3Fmod%3Dspacecp%26ac%3Dfollow%26op%3Drelay%26tid%3D8311%26from%3Dforum&statfrom=login_simple HTTP/1.1" 302 5 "http://www.lszmn.org/home.php?mod=spacecp&ac=follow&op=relay&tid=8311&from=forum" "Scrapy/1.7.3 (+https://scrapy.org)" "-"
110.87.132.118 - - [08/Jun/2022:09:30:14 +0800] "GET /connect.php?mod=login&op=init&referer=forum.php%3Fmod%3Dpost%26action%3Dreply%26fid%3D42%26tid%3D8311&statfrom=login_simple HTTP/1.1" 302 5 "http://www.lszmn.org/forum.php?mod=post&action=reply&fid=42&tid=8311" "Scrapy/1.7.3 (+https://scrapy.org)" "-"
124.117.195.89 - - [08/Jun/2022:09:30:14 +0800] "GET /connect.php?mod=login&op=init&referer=forum.php%3Fmod%3Dviewthread%26tid%3D8311%26extra%3D%26ordertype%3D1&statfrom=login HTTP/1.1" 302 5 "http://www.lszmn.org/forum.php?mod=viewthread&tid=8311&extra=&ordertype=1" "Scrapy/1.7.3 (+https://scrapy.org)" "-"
36.32.3.30 - - [08/Jun/2022:09:30:14 +0800] "GET /forum.php?mod=viewthread&tid=8311&extra=&ordertype=1&page=2 HTTP/1.1" 200 5024 "http://www.lszmn.org/forum.php?mod=viewthread&tid=8311&extra=&ordertype=1" "Scrapy/1.7.3 (+https://scrapy.org)" "-"
113.200.71.110 - - [08/Jun/2022:09:30:14 +0800] "GET /forum.php?mod=viewthread&tid=8311&extra=&ordertype=2 HTTP/1.1" 200 11266 "http://www.lszmn.org/forum.php?mod=viewthread&tid=8311&extra=&ordertype=1" "Scrapy/1.7.3 (+https://scrapy.org)" "-"
182.138.158.29 - - [08/Jun/2022:09:30:14 +0800] "GET /connect.php?mod=login&op=init&referer=forum.php%3Fmod%3Dviewthread%26tid%3D8311%26page%3D1%26authorid%3D1893&statfrom=login HTTP/1.1" 302 5 "http://www.lszmn.org/forum.php?mod=viewthread&tid=8311&page=1&authorid=1893" "Scrapy/1.7.3 (+https://scrapy.org)" "-"
175.152.108.156 - - [08/Jun/2022:09:30:15 +0800] "GET /forum.php?mod=viewthread&tid=8311&page=1 HTTP/1.1" 200 11232 "http://www.lszmn.org/forum.php?mod=viewthread&tid=8311&page=1&authorid=1893" "Scrapy/1.7.3 (+https://scrapy.org)" "-"
1.85.219.49 - - [08/Jun/2022:09:30:15 +0800] "GET /connect.php?mod=login&op=init&referer=forum.php%3Fmod%3Dviewthread%26tid%3D8311%26extra%3D%26ordertype%3D1&statfrom=login_simple HTTP/1.1" 302 5 "http://www.lszmn.org/forum.php?mod=viewthread&tid=8311&extra=&ordertype=1" "Scrapy/1.7.3 (+https://scrapy.org)" "-"
110.87.132.118 - - [08/Jun/2022:09:30:15 +0800] "GET /connect.php?mod=login&op=init&referer=home.php%3Fmod%3Dspacecp%26ac%3Dplugin%26id%3Dqqconnect%3Aspacecp%26pluginop%3Dshare%26sh_type%3D4%26thread_id%3D8311&statfrom=login_simple HTTP/1.1" 302 5 "http://www.lszmn.org/home.php?mod=spacecp&ac=plugin&id=qqconnect:spacecp&pluginop=share&sh_type=4&thread_id=8311" "Scrapy/1.7.3 (+https://scrapy.org)" "-"
124.117.195.89 - - [08/Jun/2022:09:30:15 +0800] "GET /connect.php?mod=login&op=init&referer=forum.php%3Fmod%3Dviewthread%26tid%3D8311%26page%3D1%26authorid%3D1893&statfrom=login_simple HTTP/1.1" 302 5 "http://www.lszmn.org/forum.php?mod=viewthread&tid=8311&page=1&authorid=1893" "Scrapy/1.7.3 (+https://scrapy.org)" "-"
110.87.132.118 - - [08/Jun/2022:09:30:16 +0800] "GET /forum.php?mod=attachment&aid=Mjg3M3w2OTkyYTAyNnwxNjU0NjUxODEyfDB8OTMxNw%3D%3D&nothumb=yes HTTP/1.1" 200 43813 "http://www.lszmn.org/forum.php?mod=viewthread&tid=9317" "Scrapy/1.7.3 (+https://scrapy.org)" "-"
142.44.203.5 - - [08/Jun/2022:09:30:17 +0800] "GET /home.php?mod=space&uid=22887&do=profile HTTP/1.1" 200 4739 "http://www.lszmn.org/" "Mozilla/5.0 (Macintosh; Intel Mac OS X 10_13_2) AppleWebKit/537.36 (KHTML, like Gecko) Chrome/66.0.3359.181 Safari/537.36" "-"
58.19.45.34 - - [08/Jun/2022:09:30:17 +0800] "GET /forum.php?mod=attachment&aid=Mjg3MnxiM2QzMmJmNXwxNjU0NjUxODEyfDB8OTMxNw%3D%3D&nothumb=yes HTTP/1.1" 200 162879 "http://www.lszmn.org/forum.php?mod=viewthread&tid=9317" "Scrapy/1.7.3 (+https://scrapy.org)" "-"
110.87.132.118 - - [08/Jun/2022:09:30:21 +0800] "GET /forum.php?mod=attachment&aid=Mjg3MXxhZDgwNWY2YXwxNjU0NjUxODEyfDB8OTMxNw%3D%3D&nothumb=yes HTTP/1.1" 200 177739 "http://www.lszmn.org/forum.php?mod=viewthread&tid=9317" "Scrapy/1.7.3 (+https://scrapy.org)" "-"
113.200.71.110 - - [08/Jun/2022:09:30:22 +0800] "GET /forum.php?mod=attachment&aid=Mjg3OHxlMmJiYWEyNXwxNjU0NjUxODEyfDB8OTMxNw%3D%3D&nothumb=yes HTTP/1.1" 200 312868 "http://www.lszmn.org/forum.php?mod=viewthread&tid=9317" "Scrapy/1.7.3 (+https://scrapy.org)" "-"
182.138.158.29 - - [08/Jun/2022:09:30:22 +0800] "GET /forum.php?mod=attachment&aid=Mjg3N3xhOTA4MTBmZnwxNjU0NjUxODEyfDB8OTMxNw%3D%3D&nothumb=yes HTTP/1.1" 200 286616 "http://www.lszmn.org/forum.php?mod=viewthread&tid=9317" "Scrapy/1.7.3 (+https://scrapy.org)" "-"
142.44.203.5 - - [08/Jun/2022:09:30:23 +0800] "GET /member.php?mod=register HTTP/1.1" 302 5 "http://www.lszmn.org/" "Mozilla/5.0 (Macintosh; Intel Mac OS X 10_13_2) AppleWebKit/537.36 (KHTML, like Gecko) Chrome/66.0.3359.181 Safari/537.36" "-"
142.44.203.5 - - [08/Jun/2022:09:30:24 +0800] "GET /connect.php?mod=login&op=init&referer=forum.php&statfrom=login_simple HTTP/1.1" 302 5 "http://www.lszmn.org/member.php?mod=register" "Mozilla/5.0 (Macintosh; Intel Mac OS X 10_13_2) AppleWebKit/537.36 (KHTML, like Gecko) Chrome/66.0.3359.181 Safari/537.36" "-"
124.117.195.89 - - [08/Jun/2022:09:30:24 +0800] "GET /forum.php?mod=attachment&aid=Mjg3OXxkNDRkMDU3Y3wxNjU0NjUxODEyfDB8OTMxNw%3D%3D&nothumb=yes HTTP/1.1" 200 186492 "http://www.lszmn.org/forum.php?mod=viewthread&tid=9317" "Scrapy/1.7.3 (+https://scrapy.org)" "-"
36.32.3.30 - - [08/Jun/2022:09:30:27 +0800] "GET /forum.php?mod=attachment&aid=Mjg3NnxhZWFlY2MzNnwxNjU0NjUxODEyfDB8OTMxNw%3D%3D&nothumb=yes HTTP/1.1" 200 312162 "http://www.lszmn.org/forum.php?mod=viewthread&tid=9317" "Scrapy/1.7.3 (+https://scrapy.org)" "-"
58.19.45.34 - - [08/Jun/2022:09:30:28 +0800] "GET /connect.php?mod=login&op=init&referer=home.php%3Fmod%3Dspacecp%26ac%3Dfavorite%26type%3Dthread%26id%3D8311&statfrom=login_simple HTTP/1.1" 302 5 "http://www.lszmn.org/home.php?mod=spacecp&ac=favorite&type=thread&id=8311" "Scrapy/1.7.3 (+https://scrapy.org)" "-"
175.152.108.156 - - [08/Jun/2022:09:30:30 +0800] "GET /forum.php?mod=attachment&aid=Mjg3NHw2MjI3YTE2NHwxNjU0NjUxODEyfDB8OTMxNw%3D%3D&nothumb=yes HTTP/1.1" 200 478632 "http://www.lszmn.org/forum.php?mod=viewthread&tid=9317" "Scrapy/1.7.3 (+https://scrapy.org)" "-"
1.85.219.49 - - [08/Jun/2022:09:30:30 +0800] "GET /forum.php?mod=attachment&aid=Mjg3NXw3NGZiODk5Y3wxNjU0NjUxODEyfDB8OTMxNw%3D%3D&nothumb=yes HTTP/1.1" 200 286104 "http://www.lszmn.org/forum.php?mod=viewthread&tid=9317" "Scrapy/1.7.3 (+https://scrapy.org)" "-"
185.191.171.40 - - [08/Jun/2022:09:30:31 +0800] "GET /forum.php?action=postreview&do=against&hash=185d4a0f&mod=misc&pid=6223560&tid=210 HTTP/1.1" 200 4792 "-" "Mozilla/5.0 (compatible; SemrushBot/7~bl; +http://www.semrush.com/bot.html)" "-"
125.84.237.22 - - [08/Jun/2022:09:30:31 +0800] "GET /forum.php?mod=attachment&aid=Mjg3M3w4ZmQwZDA0ZXwxNjU0NjUxODExfDB8OTMxNw%3D%3D&nothumb=yes HTTP/1.1" 200 43813 "http://www.lszmn.org/forum.php?mod=viewthread&tid=9317&extra=&ordertype=1" "Scrapy/1.7.3 (+https://scrapy.org)" "-"
110.87.132.118 - - [08/Jun/2022:09:30:32 +0800] "GET /forum.php?mod=attachment&aid=Mjg3MnwyNDExNjI5NHwxNjU0NjUxODExfDB8OTMxNw%3D%3D&nothumb=yes HTTP/1.1" 200 162879 "http://www.lszmn.org/forum.php?mod=viewthread&tid=9317&extra=&ordertype=1" "Scrapy/1.7.3 (+https://scrapy.org)" "-"
207.46.13.27 - - [08/Jun/2022:09:30:32 +0800] "GET /forum.php?mod=viewthread&tid=74&extra=&page=72 HTTP/1.1" 200 9760 "-" "Mozilla/5.0 (compatible; bingbot/2.0; +http://www.bing.com/bingbot.htm)" "-"
171.117.204.125 - - [08/Jun/2022:09:30:36 +0800] "GET /forum.php?mod=attachment&aid=Mjg3OXxjMmNkYjJlOHwxNjU0NjUxODExfDB8OTMxNw%3D%3D&nothumb=yes HTTP/1.1" 200 186492 "http://www.lszmn.org/forum.php?mod=viewthread&tid=9317&extra=&ordertype=1" "Scrapy/1.7.3 (+https://scrapy.org)" "-"
182.138.158.29 - - [08/Jun/2022:09:30:36 +0800] "GET /forum.php?mod=attachment&aid=Mjg3NnxjNjk3NWM1MnwxNjU0NjUxODExfDB8OTMxNw%3D%3D&nothumb=yes HTTP/1.1" 200 312162 "http://www.lszmn.org/forum.php?mod=viewthread&tid=9317&extra=&ordertype=1" "Scrapy/1.7.3 (+https://scrapy.org)" "-"
110.87.132.118 - - [08/Jun/2022:09:30:37 +0800] "GET /forum.php?mod=viewthread&tid=9317&extra=&ordertype=2 HTTP/1.1" 200 14743 "http://www.lszmn.org/forum.php?mod=viewthread&tid=9317&extra=&ordertype=1" "Scrapy/1.7.3 (+https://scrapy.org)" "-"
125.84.237.22 - - [08/Jun/2022:09:30:37 +0800] "GET /forum.php?mod=attachment&aid=Mjg3MXxhMjIwMmY4MnwxNjU0NjUxODExfDB8OTMxNw%3D%3D&nothumb=yes HTTP/1.1" 200 177739 "http://www.lszmn.org/forum.php?mod=viewthread&tid=9317&extra=&ordertype=1" "Scrapy/1.7.3 (+https://scrapy.org)" "-"
113.200.71.110 - - [08/Jun/2022:09:30:41 +0800] "GET /forum.php?mod=attachment&aid=Mjg3N3wzZjU2NWE1Y3wxNjU0NjUxODExfDB8OTMxNw%3D%3D&nothumb=yes HTTP/1.1" 200 286616 "http://www.lszmn.org/forum.php?mod=viewthread&tid=9317&extra=&ordertype=1" "Scrapy/1.7.3 (+https://scrapy.org)" "-"
110.87.132.118 - - [08/Jun/2022:09:30:42 +0800] "GET /forum.php?mod=attachment&aid=MzM5NXxhYjkxZWU2NnwxNjU0NjUxNzcwfDB8OTM5MQ%3D%3D&nothumb=yes HTTP/1.1" 200 167562 "http://www.lszmn.org/forum.php?mod=viewthread&tid=9391" "Scrapy/1.7.3 (+https://scrapy.org)" "-"
58.19.45.34 - - [08/Jun/2022:09:30:43 +0800] "GET /forum.php?mod=attachment&aid=Mjg3OHw3OGM1MjJkN3wxNjU0NjUxODExfDB8OTMxNw%3D%3D&nothumb=yes HTTP/1.1" 200 282008 "http://www.lszmn.org/forum.php?mod=viewthread&tid=9317&extra=&ordertype=1" "Scrapy/1.7.3 (+https://scrapy.org)" "-"
36.32.3.30 - - [08/Jun/2022:09:30:44 +0800] "GET /forum.php?mod=attachment&aid=Mjg3NHwyNjI3NmRkZnwxNjU0NjUxODExfDB8OTMxNw%3D%3D&nothumb=yes HTTP/1.1" 200 540072 "http://www.lszmn.org/forum.php?mod=viewthread&tid=9317&extra=&ordertype=1" "Scrapy/1.7.3 (+https://scrapy.org)" "-"
185.191.171.5 - - [08/Jun/2022:09:30:45 +0800] "GET /forum.php?action=postreview&do=against&hash=9fb1d7c4&mod=misc&pid=100141&tid=104 HTTP/1.1" 200 4791 "-" "Mozilla/5.0 (compatible; SemrushBot/7~bl; +http://www.semrush.com/bot.html)" "-"
142.44.203.5 - - [08/Jun/2022:09:30:45 +0800] "GET /home.php?mod=space&uid=22887&do=profile HTTP/1.1" 200 4745 "http://www.lszmn.org/" "Mozilla/5.0 (Macintosh; Intel Mac OS X 10_13_2) AppleWebKit/537.36 (KHTML, like Gecko) Chrome/66.0.3359.181 Safari/537.36" "-"
150.255.255.192 - - [08/Jun/2022:09:30:45 +0800] "GET /forum.php?mod=attachment&aid=Mjg3NXwxNDQ3MWI1NnwxNjU0NjUxODExfDB8OTMxNw%3D%3D&nothumb=yes HTTP/1.1" 200 216472 "http://www.lszmn.org/forum.php?mod=viewthread&tid=9317&extra=&ordertype=1" "Scrapy/1.7.3 (+https://scrapy.org)" "-"
113.206.181.38 - - [08/Jun/2022:09:30:46 +0800] "GET /forum.php?mod=attachment&aid=MzM5MHxhYTJlYTcyZnwxNjU0NjUxNzcwfDB8OTM5MQ%3D%3D&nothumb=yes HTTP/1.1" 200 179143 "http://www.lszmn.org/forum.php?mod=viewthread&tid=9391" "Scrapy/1.7.3 (+https://scrapy.org)" "-"
182.138.158.29 - - [08/Jun/2022:09:30:46 +0800] "GET /forum.php?mod=attachment&aid=MzM5NHw5Y2MwNDdhN3wxNjU0NjUxNzcwfDB8OTM5MQ%3D%3D&nothumb=yes HTTP/1.1" 200 185696 "http://www.lszmn.org/forum.php?mod=viewthread&tid=9391" "Scrapy/1.7.3 (+https://scrapy.org)" "-"
110.87.132.118 - - [08/Jun/2022:09:30:47 +0800] "GET /home.php?mod=spacecp&ac=favorite&type=forum&id=60&handlekey=favoriteforum HTTP/1.1" 200 4889 "http://www.lszmn.org/forum.php?mod=viewthread&tid=9316" "Scrapy/1.7.3 (+https://scrapy.org)" "-"
110.87.132.118 - - [08/Jun/2022:09:30:47 +0800] "GET /home.php?mod=spacecp&ac=credit&op=rule&fid=60 HTTP/1.1" 200 4856 "http://www.lszmn.org/forum.php?mod=viewthread&tid=9316" "Scrapy/1.7.3 (+https://scrapy.org)" "-"
123.245.24.34 - - [08/Jun/2022:09:30:47 +0800] "GET /forum.php?mod=attachment&aid=MzM4OXwwZWRlNmNiMXwxNjU0NjUxNzcwfDB8OTM5MQ%3D%3D&nothumb=yes HTTP/1.1" 200 135220 "http://www.lszmn.org/forum.php?mod=viewthread&tid=9391" "Scrapy/1.7.3 (+https://scrapy.org)" "-"
110.87.132.118 - - [08/Jun/2022:09:30:48 +0800] "GET /connect.php?mod=login&op=init&referer=forum.php%3Fmod%3Dviewthread%26tid%3D9316&statfrom=login HTTP/1.1" 302 5 "http://www.lszmn.org/forum.php?mod=viewthread&tid=9316" "Scrapy/1.7.3 (+https://scrapy.org)" "-"
110.87.132.118 - - [08/Jun/2022:09:30:48 +0800] "GET /forum.php?mod=post&action=reply&fid=60&tid=9316 HTTP/1.1" 200 4972 "http://www.lszmn.org/forum.php?mod=viewthread&tid=9316" "Scrapy/1.7.3 (+https://scrapy.org)" "-"
110.87.132.118 - - [08/Jun/2022:09:30:48 +0800] "GET /forum.php?mod=post&action=reply&fid=60&tid=9316&reppost=6879869&extra=&page=1 HTTP/1.1" 200 5032 "http://www.lszmn.org/forum.php?mod=viewthread&tid=9316" "Scrapy/1.7.3 (+https://scrapy.org)" "-"
125.84.237.22 - - [08/Jun/2022:09:30:48 +0800] "GET /home.php?mod=spacecp&ac=share&type=thread&id=9316 HTTP/1.1" 200 4865 "http://www.lszmn.org/forum.php?mod=viewthread&tid=9316" "Scrapy/1.7.3 (+https://scrapy.org)" "-"
110.87.132.118 - - [08/Jun/2022:09:30:48 +0800] "GET /home.php?mod=spacecp&ac=follow&op=relay&tid=9316&from=forum HTTP/1.1" 200 4883 "http://www.lszmn.org/forum.php?mod=viewthread&tid=9316" "Scrapy/1.7.3 (+https://scrapy.org)" "-"
125.84.237.22 - - [08/Jun/2022:09:30:49 +0800] "GET /home.php?mod=spacecp&ac=favorite&type=thread&id=9316 HTTP/1.1" 200 4871 "http://www.lszmn.org/forum.php?mod=viewthread&tid=9316" "Scrapy/1.7.3 (+https://scrapy.org)" "-"
110.87.132.118 - - [08/Jun/2022:09:30:50 +0800] "GET /home.php?mod=spacecp&ac=plugin&id=qqconnect:spacecp&pluginop=share&sh_type=4&thread_id=9316 HTTP/1.1" 200 4947 "http://www.lszmn.org/forum.php?mod=viewthread&tid=9316" "Scrapy/1.7.3 (+https://scrapy.org)" "-"
36.106.167.96 - - [08/Jun/2022:09:30:50 +0800] "GET /forum.php?mod=attachment&aid=MzM5MnwzNmY4ZmVkNHwxNjU0NjUxNzcwfDB8OTM5MQ%3D%3D&nothumb=yes HTTP/1.1" 200 269864 "http://www.lszmn.org/forum.php?mod=viewthread&tid=9391" "Scrapy/1.7.3 (+https://scrapy.org)" "-"
142.44.203.5 - - [08/Jun/2022:09:30:50 +0800] "GET /member.php?mod=register HTTP/1.1" 302 5 "http://www.lszmn.org/" "Mozilla/5.0 (Macintosh; Intel Mac OS X 10_13_2) AppleWebKit/537.36 (KHTML, like Gecko) Chrome/66.0.3359.181 Safari/537.36" "-"
175.184.165.232 - - [08/Jun/2022:09:30:51 +0800] "GET /forum.php?mod=attachment&aid=MzM5MXw3MWM1YWI3OHwxNjU0NjUxNzcwfDB8OTM5MQ%3D%3D&nothumb=yes HTTP/1.1" 200 204724 "http://www.lszmn.org/forum.php?mod=viewthread&tid=9391" "Scrapy/1.7.3 (+https://scrapy.org)" "-"
110.87.132.118 - - [08/Jun/2022:09:30:51 +0800] "GET /connect.php?mod=login&op=init&referer=home.php%3Fmod%3Dspacecp%26ac%3Dfavorite%26type%3Dforum%26id%3D60%26handlekey%3Dfavoriteforum&statfrom=login_simple HTTP/1.1" 302 5 "http://www.lszmn.org/home.php?mod=spacecp&ac=favorite&type=forum&id=60&handlekey=favoriteforum" "Scrapy/1.7.3 (+https://scrapy.org)" "-"
142.44.203.5 - - [08/Jun/2022:09:30:51 +0800] "GET /connect.php?mod=login&op=init&referer=forum.php&statfrom=login_simple HTTP/1.1" 302 5 "http://www.lszmn.org/member.php?mod=register" "Mozilla/5.0 (Macintosh; Intel Mac OS X 10_13_2) AppleWebKit/537.36 (KHTML, like Gecko) Chrome/66.0.3359.181 Safari/537.36" "-"
110.87.132.118 - - [08/Jun/2022:09:30:51 +0800] "GET /connect.php?mod=login&op=init&referer=home.php%3Fmod%3Dspacecp%26ac%3Dcredit%26op%3Drule%26fid%3D60&statfrom=login_simple HTTP/1.1" 302 5 "http://www.lszmn.org/home.php?mod=spacecp&ac=credit&op=rule&fid=60" "Scrapy/1.7.3 (+https://scrapy.org)" "-"
110.87.132.118 - - [08/Jun/2022:09:30:51 +0800] "GET /connect.php?mod=login&op=init&referer=forum.php%3Fmod%3Dpost%26action%3Dreply%26fid%3D60%26tid%3D9316&statfrom=login_simple HTTP/1.1" 302 5 "http://www.lszmn.org/forum.php?mod=post&action=reply&fid=60&tid=9316" "Scrapy/1.7.3 (+https://scrapy.org)" "-"
110.87.132.118 - - [08/Jun/2022:09:30:52 +0800] "GET /forum.php?mod=viewthread&tid=9316&extra=&ordertype=1 HTTP/1.1" 200 10525 "http://www.lszmn.org/forum.php?mod=viewthread&tid=9316" "Scrapy/1.7.3 (+https://scrapy.org)" "-"
110.87.132.118 - - [08/Jun/2022:09:30:52 +0800] "GET /connect.php?mod=login&op=init&referer=forum.php%3Fmod%3Dpost%26action%3Dreply%26fid%3D60%26tid%3D9316%26reppost%3D6879869%26extra%3D%26page%3D1&statfrom=login_simple HTTP/1.1" 302 5 "http://www.lszmn.org/forum.php?mod=post&action=reply&fid=60&tid=9316&reppost=6879869&extra=&page=1" "Scrapy/1.7.3 (+https://scrapy.org)" "-"
110.87.132.118 - - [08/Jun/2022:09:30:52 +0800] "GET /connect.php?mod=login&op=init&referer=home.php%3Fmod%3Dspacecp%26ac%3Dshare%26type%3Dthread%26id%3D9316&statfrom=login_simple HTTP/1.1" 302 5 "http://www.lszmn.org/home.php?mod=spacecp&ac=share&type=thread&id=9316" "Scrapy/1.7.3 (+https://scrapy.org)" "-"
123.245.24.34 - - [08/Jun/2022:09:30:52 +0800] "GET /connect.php?mod=login&op=init&referer=home.php%3Fmod%3Dspacecp%26ac%3Dfollow%26op%3Drelay%26tid%3D9316%26from%3Dforum&statfrom=login_simple HTTP/1.1" 302 5 "http://www.lszmn.org/home.php?mod=spacecp&ac=follow&op=relay&tid=9316&from=forum" "Scrapy/1.7.3 (+https://scrapy.org)" "-"
110.87.132.118 - - [08/Jun/2022:09:30:53 +0800] "GET /forum.php?mod=viewthread&tid=9316&from=album HTTP/1.1" 200 8056 "http://www.lszmn.org/forum.php?mod=viewthread&tid=9316" "Scrapy/1.7.3 (+https://scrapy.org)" "-"
123.245.24.34 - - [08/Jun/2022:09:30:54 +0800] "GET /connect.php?mod=login&op=init&referer=home.php%3Fmod%3Dspacecp%26ac%3Dplugin%26id%3Dqqconnect%3Aspacecp%26pluginop%3Dshare%26sh_type%3D4%26thread_id%3D9316&statfrom=login_simple HTTP/1.1" 302 5 "http://www.lszmn.org/home.php?mod=spacecp&ac=plugin&id=qqconnect:spacecp&pluginop=share&sh_type=4&thread_id=9316" "Scrapy/1.7.3 (+https://scrapy.org)" "-"
110.87.132.118 - - [08/Jun/2022:09:30:54 +0800] "GET /connect.php?mod=login&op=init&referer=forum.php%3Fmod%3Dviewthread%26tid%3D9316%26extra%3D%26ordertype%3D1&statfrom=login HTTP/1.1" 302 5 "http://www.lszmn.org/forum.php?mod=viewthread&tid=9316&extra=&ordertype=1" "Scrapy/1.7.3 (+https://scrapy.org)" "-"
123.144.25.223 - - [08/Jun/2022:09:30:54 +0800] "GET /forum.php?mod=attachment&aid=MzM5M3w2YWNjMjEwNHwxNjU0NjUxNzcwfDB8OTM5MQ%3D%3D&nothumb=yes HTTP/1.1" 200 251139 "http://www.lszmn.org/forum.php?mod=viewthread&tid=9391" "Scrapy/1.7.3 (+https://scrapy.org)" "-"
110.87.132.118 - - [08/Jun/2022:09:30:55 +0800] "GET /connect.php?mod=login&op=init&referer=forum.php%3Fmod%3Dviewthread%26tid%3D9316%26from%3Dalbum&statfrom=login_simple HTTP/1.1" 302 5 "http://www.lszmn.org/forum.php?mod=viewthread&tid=9316&from=album" "Scrapy/1.7.3 (+https://scrapy.org)" "-"
36.106.167.96 - - [08/Jun/2022:09:30:55 +0800] "GET /forum.php?mod=post&action=reply&fid=60&tid=9316&extra=&page=1&from=album HTTP/1.1" 200 5019 "http://www.lszmn.org/forum.php?mod=viewthread&tid=9316&from=album" "Scrapy/1.7.3 (+https://scrapy.org)" "-"
110.87.132.118 - - [08/Jun/2022:09:30:55 +0800] "GET /connect.php?mod=login&op=init&referer=forum.php%3Fmod%3Dviewthread%26tid%3D9316%26extra%3D%26ordertype%3D1&statfrom=login_simple HTTP/1.1" 302 5 "http://www.lszmn.org/forum.php?mod=viewthread&tid=9316&extra=&ordertype=1" "Scrapy/1.7.3 (+https://scrapy.org)" "-"
123.245.24.34 - - [08/Jun/2022:09:30:55 +0800] "GET /forum.php?mod=viewthread&tid=9316&extra=&ordertype=2 HTTP/1.1" 200 10648 "http://www.lszmn.org/forum.php?mod=viewthread&tid=9316&extra=&ordertype=1" "Scrapy/1.7.3 (+https://scrapy.org)" "-"
36.106.167.96 - - [08/Jun/2022:09:30:55 +0800] "GET /connect.php?mod=login&op=init&referer=home.php%3Fmod%3Dspacecp%26ac%3Dfavorite%26type%3Dthread%26id%3D9316&statfrom=login_simple HTTP/1.1" 302 5 "http://www.lszmn.org/home.php?mod=spacecp&ac=favorite&type=thread&id=9316" "Scrapy/1.7.3 (+https://scrapy.org)" "-"
110.87.132.118 - - [08/Jun/2022:09:30:55 +0800] "GET /forum.php?mod=viewthread&tid=9316&page=1&authorid=1 HTTP/1.1" 200 10631 "http://www.lszmn.org/forum.php?mod=viewthread&tid=9316" "Scrapy/1.7.3 (+https://scrapy.org)" "-"
123.245.24.34 - - [08/Jun/2022:09:30:56 +0800] "GET /forum.php?mod=redirect&goto=nextnewset&tid=8318 HTTP/1.1" 302 5 "http://www.lszmn.org/forum.php?mod=viewthread&tid=8318" "Scrapy/1.7.3 (+https://scrapy.org)" "-"
36.106.167.96 - - [08/Jun/2022:09:30:56 +0800] "GET /forum.php?mod=post&action=reply&fid=42&tid=8318&extra=&page=1 HTTP/1.1" 200 4996 "http://www.lszmn.org/forum.php?mod=viewthread&tid=8318" "Scrapy/1.7.3 (+https://scrapy.org)" "-"
36.106.167.96 - - [08/Jun/2022:09:30:56 +0800] "GET /forum.php?mod=redirect&goto=nextoldset&tid=8318 HTTP/1.1" 302 5 "http://www.lszmn.org/forum.php?mod=viewthread&tid=8318" "Scrapy/1.7.3 (+https://scrapy.org)" "-"
110.87.132.118 - - [08/Jun/2022:09:30:56 +0800] "GET /forum.php?mod=post&action=reply&fid=18&tid=9390&extra=&page=1 HTTP/1.1" 200 4995 "http://www.lszmn.org/forum.php?mod=viewthread&tid=9390" "Scrapy/1.7.3 (+https://scrapy.org)" "-"
36.106.167.96 - - [08/Jun/2022:09:30:56 +0800] "GET /forum.php?mod=redirect&goto=nextnewset&tid=9390 HTTP/1.1" 200 4927 "http://www.lszmn.org/forum.php?mod=viewthread&tid=9390" "Scrapy/1.7.3 (+https://scrapy.org)" "-"
175.184.165.232 - - [08/Jun/2022:09:30:56 +0800] "GET /forum.php?mod=redirect&goto=nextoldset&tid=9390 HTTP/1.1" 302 5 "http://www.lszmn.org/forum.php?mod=viewthread&tid=9390" "Scrapy/1.7.3 (+https://scrapy.org)" "-"
110.87.132.118 - - [08/Jun/2022:09:30:56 +0800] "GET /home.php?mod=spacecp&ac=favorite&type=forum&id=18&handlekey=favoriteforum HTTP/1.1" 200 4888 "http://www.lszmn.org/forum.php?mod=viewthread&tid=9390" "Scrapy/1.7.3 (+https://scrapy.org)" "-"
36.106.167.96 - - [08/Jun/2022:09:30:57 +0800] "GET /connect.php?mod=login&op=init&referer=forum.php%3Fmod%3Dpost%26action%3Dreply%26fid%3D42%26tid%3D8318%26extra%3D%26page%3D1&statfrom=login_simple HTTP/1.1" 302 5 "http://www.lszmn.org/forum.php?mod=post&action=reply&fid=42&tid=8318&extra=&page=1" "Scrapy/1.7.3 (+https://scrapy.org)" "-"
113.206.181.38 - - [08/Jun/2022:09:30:57 +0800] "GET /forum.php?mod=viewthread&tid=8321 HTTP/1.1" 200 12203 "http://www.lszmn.org/forum.php?mod=viewthread&tid=8318" "Scrapy/1.7.3 (+https://scrapy.org)" "-"
175.184.165.232 - - [08/Jun/2022:09:30:57 +0800] "GET /connect.php?mod=login&op=init&referer=forum.php%3Fmod%3Dviewthread%26tid%3D9316%26page%3D1%26authorid%3D1&statfrom=login HTTP/1.1" 302 5 "http://www.lszmn.org/forum.php?mod=viewthread&tid=9316&page=1&authorid=1" "Scrapy/1.7.3 (+https://scrapy.org)" "-"
123.245.24.34 - - [08/Jun/2022:09:30:57 +0800] "GET /connect.php?mod=login&op=init&referer=forum.php%3Fmod%3Dviewthread%26tid%3D9316%26page%3D1%26authorid%3D1&statfrom=login_simple HTTP/1.1" 302 5 "http://www.lszmn.org/forum.php?mod=viewthread&tid=9316&page=1&authorid=1" "Scrapy/1.7.3 (+https://scrapy.org)" "-"
36.106.167.96 - - [08/Jun/2022:09:30:57 +0800] "GET /forum.php?mod=viewthread&tid=9316&page=1 HTTP/1.1" 200 10615 "http://www.lszmn.org/forum.php?mod=viewthread&tid=9316&page=1&authorid=1" "Scrapy/1.7.3 (+https://scrapy.org)" "-"
175.184.165.232 - - [08/Jun/2022:09:30:57 +0800] "GET /connect.php?mod=login&op=init&referer=forum.php%3Fmod%3Dpost%26action%3Dreply%26fid%3D18%26tid%3D9390%26extra%3D%26page%3D1&statfrom=login_simple HTTP/1.1" 302 5 "http://www.lszmn.org/forum.php?mod=post&action=reply&fid=18&tid=9390&extra=&page=1" "Scrapy/1.7.3 (+https://scrapy.org)" "-"
113.206.181.38 - - [08/Jun/2022:09:30:57 +0800] "GET /home.php?mod=spacecp&ac=credit&op=rule&fid=18 HTTP/1.1" 200 4853 "http://www.lszmn.org/forum.php?mod=viewthread&tid=9390" "Scrapy/1.7.3 (+https://scrapy.org)" "-"
175.184.165.232 - - [08/Jun/2022:09:30:57 +0800] "GET /forum.php?mod=viewthread&tid=266 HTTP/1.1" 200 14386 "http://www.lszmn.org/forum.php?mod=viewthread&tid=9390" "Scrapy/1.7.3 (+https://scrapy.org)" "-"
123.245.24.34 - - [08/Jun/2022:09:30:57 +0800] "GET /connect.php?mod=login&op=init&referer=forum.php%3Fmod%3Dviewthread%26tid%3D9390&statfrom=login HTTP/1.1" 302 5 "http://www.lszmn.org/forum.php?mod=viewthread&tid=9390" "Scrapy/1.7.3 (+https://scrapy.org)" "-"
113.206.181.38 - - [08/Jun/2022:09:30:58 +0800] "GET /forum.php?mod=viewthread&tid=8311 HTTP/1.1" 200 11215 "http://www.lszmn.org/forum.php?mod=viewthread&tid=8318" "Scrapy/1.7.3 (+https://scrapy.org)" "-"
36.106.167.96 - - [08/Jun/2022:09:30:58 +0800] "GET /connect.php?mod=login&op=init&referer=home.php%3Fmod%3Dspacecp%26ac%3Dfavorite%26type%3Dforum%26id%3D18%26handlekey%3Dfavoriteforum&statfrom=login_simple HTTP/1.1" 302 5 "http://www.lszmn.org/home.php?mod=spacecp&ac=favorite&type=forum&id=18&handlekey=favoriteforum" "Scrapy/1.7.3 (+https://scrapy.org)" "-"
113.206.181.38 - - [08/Jun/2022:09:30:58 +0800] "GET /connect.php?mod=login&op=init&referer=forum.php%3Fmod%3Dredirect%26goto%3Dnextnewset%26tid%3D9390&statfrom=login_simple HTTP/1.1" 302 5 "http://www.lszmn.org/forum.php?mod=redirect&goto=nextnewset&tid=9390" "Scrapy/1.7.3 (+https://scrapy.org)" "-"
113.206.181.38 - - [08/Jun/2022:09:30:59 +0800] "GET /connect.php?mod=login&op=init&referer=forum.php%3Fmod%3Dviewthread%26tid%3D8321&statfrom=login_simple HTTP/1.1" 302 5 "http://www.lszmn.org/forum.php?mod=viewthread&tid=8321" "Scrapy/1.7.3 (+https://scrapy.org)" "-"
36.106.167.96 - - [08/Jun/2022:09:30:59 +0800] "GET /forum.php?mod=post&action=reply&fid=5&tid=9349&extra=&page=1 HTTP/1.1" 200 4986 "http://www.lszmn.org/forum.php?mod=viewthread&tid=9349" "Scrapy/1.7.3 (+https://scrapy.org)" "-"
123.144.25.223 - - [08/Jun/2022:09:30:59 +0800] "GET /connect.php?mod=login&op=init&referer=home.php%3Fmod%3Dspacecp%26ac%3Dcredit%26op%3Drule%26fid%3D18&statfrom=login_simple HTTP/1.1" 302 5 "http://www.lszmn.org/home.php?mod=spacecp&ac=credit&op=rule&fid=18" "Scrapy/1.7.3 (+https://scrapy.org)" "-"
175.184.165.232 - - [08/Jun/2022:09:30:59 +0800] "GET /forum.php?mod=redirect&goto=nextnewset&tid=8321 HTTP/1.1" 302 5 "http://www.lszmn.org/forum.php?mod=viewthread&tid=8321" "Scrapy/1.7.3 (+https://scrapy.org)" "-"
123.245.24.34 - - [08/Jun/2022:09:30:59 +0800] "GET /forum.php?mod=post&action=reply&fid=42&tid=8321&extra=&page=1 HTTP/1.1" 200 4996 "http://www.lszmn.org/forum.php?mod=viewthread&tid=8321" "Scrapy/1.7.3 (+https://scrapy.org)" "-"
36.106.167.96 - - [08/Jun/2022:09:30:59 +0800] "GET /forum.php?mod=redirect&goto=nextoldset&tid=8321 HTTP/1.1" 302 5 "http://www.lszmn.org/forum.php?mod=viewthread&tid=8321" "Scrapy/1.7.3 (+https://scrapy.org)" "-"
113.206.181.38 - - [08/Jun/2022:09:31:00 +0800] "GET /forum.php?mod=viewthread&tid=266 HTTP/1.1" 200 14375 "http://www.lszmn.org/forum.php?mod=viewthread&tid=266" "Scrapy/1.7.3 (+https://scrapy.org)" "-"
123.144.25.223 - - [08/Jun/2022:09:31:00 +0800] "GET /connect.php?mod=login&op=init&referer=forum.php%3Fmod%3Dpost%26action%3Dreply%26fid%3D5%26tid%3D9349%26extra%3D%26page%3D1&statfrom=login_simple HTTP/1.1" 302 5 "http://www.lszmn.org/forum.php?mod=post&action=reply&fid=5&tid=9349&extra=&page=1" "Scrapy/1.7.3 (+https://scrapy.org)" "-"
36.106.167.96 - - [08/Jun/2022:09:31:00 +0800] "GET /forum.php?mod=post&action=reply&fid=18&tid=266&extra=&page=1 HTTP/1.1" 200 4991 "http://www.lszmn.org/forum.php?mod=viewthread&tid=266" "Scrapy/1.7.3 (+https://scrapy.org)" "-"
175.184.165.232 - - [08/Jun/2022:09:31:00 +0800] "GET /forum.php?mod=viewthread&tid=8318 HTTP/1.1" 200 12144 "http://www.lszmn.org/forum.php?mod=viewthread&tid=8321" "Scrapy/1.7.3 (+https://scrapy.org)" "-"
123.144.25.223 - - [08/Jun/2022:09:31:00 +0800] "GET /forum.php?mod=viewthread&tid=8325 HTTP/1.1" 200 15104 "http://www.lszmn.org/forum.php?mod=viewthread&tid=8321" "Scrapy/1.7.3 (+https://scrapy.org)" "-"
113.206.181.38 - - [08/Jun/2022:09:31:00 +0800] "GET /forum.php?mod=redirect&goto=nextnewset&tid=266 HTTP/1.1" 302 5 "http://www.lszmn.org/forum.php?mod=viewthread&tid=266" "Scrapy/1.7.3 (+https://scrapy.org)" "-"
123.245.24.34 - - [08/Jun/2022:09:31:01 +0800] "GET /forum.php?mod=redirect&goto=nextoldset&tid=266 HTTP/1.1" 302 5 "http://www.lszmn.org/forum.php?mod=viewthread&tid=266" "Scrapy/1.7.3 (+https://scrapy.org)" "-"
123.144.25.223 - - [08/Jun/2022:09:31:01 +0800] "GET /forum.php?mod=viewthread&tid=266&extra=&page=4 HTTP/1.1" 302 5 "http://www.lszmn.org/forum.php?mod=viewthread&tid=266" "Scrapy/1.7.3 (+https://scrapy.org)" "-"
36.106.167.96 - - [08/Jun/2022:09:31:01 +0800] "GET /forum.php?mod=viewthread&tid=266&page=2 HTTP/1.1" 200 11202 "http://www.lszmn.org/forum.php?mod=viewthread&tid=266" "Scrapy/1.7.3 (+https://scrapy.org)" "-"
175.184.165.232 - - [08/Jun/2022:09:31:01 +0800] "GET /forum.php?mod=viewthread&tid=266&extra=&page=5 HTTP/1.1" 200 8925 "http://www.lszmn.org/forum.php?mod=viewthread&tid=266" "Scrapy/1.7.3 (+https://scrapy.org)" "-"
113.206.181.38 - - [08/Jun/2022:09:31:01 +0800] "GET /forum.php?mod=viewthread&tid=266&extra=&page=3 HTTP/1.1" 200 11100 "http://www.lszmn.org/forum.php?mod=viewthread&tid=266" "Scrapy/1.7.3 (+https://scrapy.org)" "-"
36.106.167.96 - - [08/Jun/2022:09:31:01 +0800] "GET /forum.php?mod=viewthread&tid=266&extra=&page=2 HTTP/1.1" 200 11214 "http://www.lszmn.org/forum.php?mod=viewthread&tid=266" "Scrapy/1.7.3 (+https://scrapy.org)" "-"
175.184.165.232 - - [08/Jun/2022:09:31:01 +0800] "GET /connect.php?mod=login&op=init&referer=forum.php%3Fmod%3Dviewthread%26tid%3D266&statfrom=login HTTP/1.1" 302 5 "http://www.lszmn.org/forum.php?mod=viewthread&tid=266" "Scrapy/1.7.3 (+https://scrapy.org)" "-"
123.144.25.223 - - [08/Jun/2022:09:31:01 +0800] "GET /forum.php?mod=viewthread&tid=9390 HTTP/1.1" 200 11130 "http://www.lszmn.org/forum.php?mod=viewthread&tid=266" "Scrapy/1.7.3 (+https://scrapy.org)" "-"
113.206.181.38 - - [08/Jun/2022:09:31:01 +0800] "GET /forum.php?mod=post&action=reply&fid=18&tid=266 HTTP/1.1" 200 4966 "http://www.lszmn.org/forum.php?mod=viewthread&tid=266" "Scrapy/1.7.3 (+https://scrapy.org)" "-"
36.106.167.96 - - [08/Jun/2022:09:31:02 +0800] "GET /forum.php?mod=misc&action=postreview&do=against&tid=266&pid=2157&hash=df2537e5 HTTP/1.1" 200 5013 "http://www.lszmn.org/forum.php?mod=viewthread&tid=266" "Scrapy/1.7.3 (+https://scrapy.org)" "-"
175.184.165.232 - - [08/Jun/2022:09:31:02 +0800] "GET /forum.php?mod=misc&action=postreview&do=support&tid=266&pid=2157&hash=df2537e5 HTTP/1.1" 200 5011 "http://www.lszmn.org/forum.php?mod=viewthread&tid=266" "Scrapy/1.7.3 (+https://scrapy.org)" "-"
36.106.167.96 - - [08/Jun/2022:09:31:02 +0800] "GET /forum.php?mod=post&action=reply&fid=18&tid=266&repquote=2157&extra=&page=1 HTTP/1.1" 200 5019 "http://www.lszmn.org/forum.php?mod=viewthread&tid=266" "Scrapy/1.7.3 (+https://scrapy.org)" "-"
36.106.167.96 - - [08/Jun/2022:09:31:02 +0800] "GET /forum.php?mod=redirect&goto=findpost&ptid=266&pid=2157 HTTP/1.1" 301 5 "http://www.lszmn.org/forum.php?mod=viewthread&tid=266" "Scrapy/1.7.3 (+https://scrapy.org)" "-"
123.245.24.34 - - [08/Jun/2022:09:31:02 +0800] "GET /forum.php?mod=misc&action=postreview&do=against&tid=266&pid=2156&hash=df2537e5 HTTP/1.1" 200 5010 "http://www.lszmn.org/forum.php?mod=viewthread&tid=266" "Scrapy/1.7.3 (+https://scrapy.org)" "-"
175.184.165.232 - - [08/Jun/2022:09:31:02 +0800] "GET /forum.php?mod=viewthread&tid=266 HTTP/1.1" 200 14370 "http://www.lszmn.org/forum.php?mod=viewthread&tid=266" "Scrapy/1.7.3 (+https://scrapy.org)" "-"
36.106.167.96 - - [08/Jun/2022:09:31:03 +0800] "GET /forum.php?mod=misc&action=postreview&do=support&tid=266&pid=2156&hash=df2537e5 HTTP/1.1" 200 5008 "http://www.lszmn.org/forum.php?mod=viewthread&tid=266" "Scrapy/1.7.3 (+https://scrapy.org)" "-"
123.144.25.223 - - [08/Jun/2022:09:31:03 +0800] "GET /forum.php?mod=redirect&goto=findpost&ptid=266&pid=2156 HTTP/1.1" 301 5 "http://www.lszmn.org/forum.php?mod=viewthread&tid=266" "Scrapy/1.7.3 (+https://scrapy.org)" "-"
113.206.181.38 - - [08/Jun/2022:09:31:03 +0800] "GET /forum.php?mod=post&action=reply&fid=18&tid=266&repquote=2156&extra=&page=1 HTTP/1.1" 200 5018 "http://www.lszmn.org/forum.php?mod=viewthread&tid=266" "Scrapy/1.7.3 (+https://scrapy.org)" "-"
175.184.165.232 - - [08/Jun/2022:09:31:03 +0800] "GET /forum.php?mod=misc&action=postreview&do=against&tid=266&pid=2155&hash=df2537e5 HTTP/1.1" 200 5013 "http://www.lszmn.org/forum.php?mod=viewthread&tid=266" "Scrapy/1.7.3 (+https://scrapy.org)" "-"
36.106.167.96 - - [08/Jun/2022:09:31:03 +0800] "GET /forum.php?mod=viewthread&tid=30 HTTP/1.1" 200 19087 "http://www.lszmn.org/forum.php?mod=viewthread&tid=266" "Scrapy/1.7.3 (+https://scrapy.org)" "-"
113.206.181.38 - - [08/Jun/2022:09:31:03 +0800] "GET /forum.php?mod=redirect&goto=findpost&ptid=266&pid=2155 HTTP/1.1" 301 5 "http://www.lszmn.org/forum.php?mod=viewthread&tid=266" "Scrapy/1.7.3 (+https://scrapy.org)" "-"
36.106.167.96 - - [08/Jun/2022:09:31:03 +0800] "GET /forum.php?mod=misc&action=postreview&do=support&tid=266&pid=2155&hash=df2537e5 HTTP/1.1" 200 5011 "http://www.lszmn.org/forum.php?mod=viewthread&tid=266" "Scrapy/1.7.3 (+https://scrapy.org)" "-"
123.144.25.223 - - [08/Jun/2022:09:31:03 +0800] "GET /forum.php?mod=viewthread&tid=266&page=1 HTTP/1.1" 200 14381 "http://www.lszmn.org/forum.php?mod=viewthread&tid=266" "Scrapy/1.7.3 (+https://scrapy.org)" "-"
175.184.165.232 - - [08/Jun/2022:09:31:03 +0800] "GET /forum.php?mod=post&action=reply&fid=18&tid=266&repquote=2155&extra=&page=1 HTTP/1.1" 200 5019 "http://www.lszmn.org/forum.php?mod=viewthread&tid=266" "Scrapy/1.7.3 (+https://scrapy.org)" "-"
123.245.24.34 - - [08/Jun/2022:09:31:04 +0800] "GET /forum.php?mod=misc&action=postreview&do=against&tid=266&pid=2142&hash=df2537e5 HTTP/1.1" 200 5012 "http://www.lszmn.org/forum.php?mod=viewthread&tid=266" "Scrapy/1.7.3 (+https://scrapy.org)" "-"
36.106.167.96 - - [08/Jun/2022:09:31:04 +0800] "GET /forum.php?mod=misc&action=postreview&do=support&tid=266&pid=2142&hash=df2537e5 HTTP/1.1" 200 5011 "http://www.lszmn.org/forum.php?mod=viewthread&tid=266" "Scrapy/1.7.3 (+https://scrapy.org)" "-"
113.206.181.38 - - [08/Jun/2022:09:31:04 +0800] "GET /forum.php?mod=post&action=reply&fid=18&tid=266&repquote=2142&extra=&page=1 HTTP/1.1" 200 5019 "http://www.lszmn.org/forum.php?mod=viewthread&tid=266" "Scrapy/1.7.3 (+https://scrapy.org)" "-"
36.106.167.96 - - [08/Jun/2022:09:31:04 +0800] "GET /forum.php?mod=redirect&goto=findpost&ptid=266&pid=2142 HTTP/1.1" 301 5 "http://www.lszmn.org/forum.php?mod=viewthread&tid=266" "Scrapy/1.7.3 (+https://scrapy.org)" "-"
175.184.165.232 - - [08/Jun/2022:09:31:04 +0800] "GET /forum.php?mod=viewthread&tid=266&page=1 HTTP/1.1" 200 14365 "http://www.lszmn.org/forum.php?mod=viewthread&tid=266" "Scrapy/1.7.3 (+https://scrapy.org)" "-"
36.106.167.96 - - [08/Jun/2022:09:31:04 +0800] "GET /forum.php?mod=misc&action=postreview&do=against&tid=266&pid=2141&hash=df2537e5 HTTP/1.1" 200 5013 "http://www.lszmn.org/forum.php?mod=viewthread&tid=266" "Scrapy/1.7.3 (+https://scrapy.org)" "-"
36.106.167.96 - - [08/Jun/2022:09:31:04 +0800] "GET /forum.php?mod=misc&action=postreview&do=support&tid=266&pid=2141&hash=df2537e5 HTTP/1.1" 200 5011 "http://www.lszmn.org/forum.php?mod=viewthread&tid=266" "Scrapy/1.7.3 (+https://scrapy.org)" "-"
175.184.165.232 - - [08/Jun/2022:09:31:04 +0800] "GET /forum.php?mod=viewthread&tid=266&page=1 HTTP/1.1" 200 14367 "http://www.lszmn.org/forum.php?mod=viewthread&tid=266" "Scrapy/1.7.3 (+https://scrapy.org)" "-"
36.106.167.96 - - [08/Jun/2022:09:31:05 +0800] "GET /forum.php?mod=redirect&goto=findpost&ptid=266&pid=2141 HTTP/1.1" 301 5 "http://www.lszmn.org/forum.php?mod=viewthread&tid=266" "Scrapy/1.7.3 (+https://scrapy.org)" "-"
113.206.181.38 - - [08/Jun/2022:09:31:05 +0800] "GET /forum.php?mod=post&action=reply&fid=18&tid=266&repquote=2141&extra=&page=1 HTTP/1.1" 200 5020 "http://www.lszmn.org/forum.php?mod=viewthread&tid=266" "Scrapy/1.7.3 (+https://scrapy.org)" "-"
36.106.167.96 - - [08/Jun/2022:09:31:05 +0800] "GET /forum.php?mod=misc&action=postreview&do=against&tid=266&pid=2115&hash=df2537e5 HTTP/1.1" 200 5013 "http://www.lszmn.org/forum.php?mod=viewthread&tid=266" "Scrapy/1.7.3 (+https://scrapy.org)" "-"
36.106.167.96 - - [08/Jun/2022:09:31:05 +0800] "GET /forum.php?mod=misc&action=postreview&do=support&tid=266&pid=2115&hash=df2537e5 HTTP/1.1" 200 5012 "http://www.lszmn.org/forum.php?mod=viewthread&tid=266" "Scrapy/1.7.3 (+https://scrapy.org)" "-"
36.106.167.96 - - [08/Jun/2022:09:31:05 +0800] "GET /forum.php?mod=post&action=reply&fid=18&tid=266&repquote=2115&extra=&page=1 HTTP/1.1" 200 5019 "http://www.lszmn.org/forum.php?mod=viewthread&tid=266" "Scrapy/1.7.3 (+https://scrapy.org)" "-"
113.206.181.38 - - [08/Jun/2022:09:31:05 +0800] "GET /forum.php?mod=viewthread&tid=266&page=1 HTTP/1.1" 200 14376 "http://www.lszmn.org/forum.php?mod=viewthread&tid=266" "Scrapy/1.7.3 (+https://scrapy.org)" "-"
36.106.167.96 - - [08/Jun/2022:09:31:05 +0800] "GET /forum.php?mod=redirect&goto=findpost&ptid=266&pid=2115 HTTP/1.1" 301 5 "http://www.lszmn.org/forum.php?mod=viewthread&tid=266" "Scrapy/1.7.3 (+https://scrapy.org)" "-"
123.144.25.223 - - [08/Jun/2022:09:31:06 +0800] "GET /forum.php?mod=post&action=reply&fid=18&tid=266&repquote=2112&extra=&page=1 HTTP/1.1" 200 5018 "http://www.lszmn.org/forum.php?mod=viewthread&tid=266" "Scrapy/1.7.3 (+https://scrapy.org)" "-"
36.106.167.96 - - [08/Jun/2022:09:31:06 +0800] "GET /forum.php?mod=viewthread&tid=266&page=1 HTTP/1.1" 200 14369 "http://www.lszmn.org/forum.php?mod=viewthread&tid=266" "Scrapy/1.7.3 (+https://scrapy.org)" "-"
175.184.165.232 - - [08/Jun/2022:09:31:06 +0800] "GET /forum.php?mod=misc&action=postreview&do=support&tid=266&pid=2112&hash=df2537e5 HTTP/1.1" 200 5010 "http://www.lszmn.org/forum.php?mod=viewthread&tid=266" "Scrapy/1.7.3 (+https://scrapy.org)" "-"
123.245.24.34 - - [08/Jun/2022:09:31:06 +0800] "GET /forum.php?mod=misc&action=postreview&do=against&tid=266&pid=2112&hash=df2537e5 HTTP/1.1" 200 5011 "http://www.lszmn.org/forum.php?mod=viewthread&tid=266" "Scrapy/1.7.3 (+https://scrapy.org)" "-"
125.84.237.22 - - [08/Jun/2022:09:31:06 +0800] "GET /forum.php?mod=attachment&aid=Mjg3MHw4NmM0OWQ3Y3wxNjU0NjUxNzcwfDB8OTMxNg%3D%3D&nothumb=yes HTTP/1.1" 200 347560 "http://www.lszmn.org/forum.php?mod=viewthread&tid=9316" "Scrapy/1.7.3 (+https://scrapy.org)" "-"
123.144.25.223 - - [08/Jun/2022:09:31:06 +0800] "GET /forum.php?mod=redirect&goto=findpost&ptid=266&pid=2112 HTTP/1.1" 301 5 "http://www.lszmn.org/forum.php?mod=viewthread&tid=266" "Scrapy/1.7.3 (+https://scrapy.org)" "-"
175.184.165.232 - - [08/Jun/2022:09:31:06 +0800] "GET /forum.php?mod=misc&action=postreview&do=against&tid=266&pid=2005&hash=df2537e5 HTTP/1.1" 200 5010 "http://www.lszmn.org/forum.php?mod=viewthread&tid=266" "Scrapy/1.7.3 (+https://scrapy.org)" "-"
36.106.167.96 - - [08/Jun/2022:09:31:07 +0800] "GET /forum.php?mod=post&action=reply&fid=18&tid=266&repquote=2005&extra=&page=1 HTTP/1.1" 200 5018 "http://www.lszmn.org/forum.php?mod=viewthread&tid=266" "Scrapy/1.7.3 (+https://scrapy.org)" "-"
175.184.165.232 - - [08/Jun/2022:09:31:07 +0800] "GET /forum.php?mod=viewthread&tid=266&page=1 HTTP/1.1" 200 14368 "http://www.lszmn.org/forum.php?mod=viewthread&tid=266" "Scrapy/1.7.3 (+https://scrapy.org)" "-"
111.224.235.235 - - [08/Jun/2022:09:31:07 +0800] "GET /forum.php?mod=misc&action=postreview&do=support&tid=266&pid=2005&hash=df2537e5 HTTP/1.1" 200 5010 "http://www.lszmn.org/forum.php?mod=viewthread&tid=266" "Scrapy/1.7.3 (+https://scrapy.org)" "-"
142.44.203.5 - - [08/Jun/2022:09:31:07 +0800] "GET /home.php?mod=space&uid=22887&do=profile HTTP/1.1" 200 4740 "http://www.lszmn.org/" "Mozilla/5.0 (Macintosh; Intel Mac OS X 10_13_2) AppleWebKit/537.36 (KHTML, like Gecko) Chrome/66.0.3359.181 Safari/537.36" "-"
36.106.167.96 - - [08/Jun/2022:09:31:07 +0800] "GET /forum.php?mod=redirect&goto=findpost&ptid=266&pid=2005 HTTP/1.1" 301 5 "http://www.lszmn.org/forum.php?mod=viewthread&tid=266" "Scrapy/1.7.3 (+https://scrapy.org)" "-"
111.224.235.235 - - [08/Jun/2022:09:31:07 +0800] "GET /forum.php?mod=misc&action=postreview&do=support&tid=266&pid=1978&hash=df2537e5 HTTP/1.1" 200 5012 "http://www.lszmn.org/forum.php?mod=viewthread&tid=266" "Scrapy/1.7.3 (+https://scrapy.org)" "-"
123.144.25.223 - - [08/Jun/2022:09:31:07 +0800] "GET /forum.php?mod=misc&action=postreview&do=against&tid=266&pid=1978&hash=df2537e5 HTTP/1.1" 200 5013 "http://www.lszmn.org/forum.php?mod=viewthread&tid=266" "Scrapy/1.7.3 (+https://scrapy.org)" "-"
36.106.167.96 - - [08/Jun/2022:09:31:07 +0800] "GET /forum.php?mod=post&action=reply&fid=18&tid=266&repquote=1978&extra=&page=1 HTTP/1.1" 200 5020 "http://www.lszmn.org/forum.php?mod=viewthread&tid=266" "Scrapy/1.7.3 (+https://scrapy.org)" "-"
111.224.235.235 - - [08/Jun/2022:09:31:07 +0800] "GET /forum.php?mod=post&action=reply&fid=18&tid=266&reppost=310&extra=&page=1 HTTP/1.1" 200 5009 "http://www.lszmn.org/forum.php?mod=viewthread&tid=266" "Scrapy/1.7.3 (+https://scrapy.org)" "-"
36.106.167.96 - - [08/Jun/2022:09:31:07 +0800] "GET /home.php?mod=spacecp&ac=share&type=thread&id=266 HTTP/1.1" 200 4861 "http://www.lszmn.org/forum.php?mod=viewthread&tid=266" "Scrapy/1.7.3 (+https://scrapy.org)" "-"
123.144.25.223 - - [08/Jun/2022:09:31:07 +0800] "GET /forum.php?mod=redirect&goto=findpost&ptid=266&pid=1978 HTTP/1.1" 301 5 "http://www.lszmn.org/forum.php?mod=viewthread&tid=266" "Scrapy/1.7.3 (+https://scrapy.org)" "-"
113.206.181.38 - - [08/Jun/2022:09:31:07 +0800] "GET /home.php?mod=spacecp&ac=follow&op=relay&tid=266&from=forum HTTP/1.1" 200 4885 "http://www.lszmn.org/forum.php?mod=viewthread&tid=266" "Scrapy/1.7.3 (+https://scrapy.org)" "-"
111.224.235.235 - - [08/Jun/2022:09:31:08 +0800] "GET /forum.php?mod=viewthread&tid=266&page=1 HTTP/1.1" 200 14389 "http://www.lszmn.org/forum.php?mod=viewthread&tid=266" "Scrapy/1.7.3 (+https://scrapy.org)" "-"
36.106.167.96 - - [08/Jun/2022:09:31:08 +0800] "GET /home.php?mod=spacecp&ac=favorite&type=thread&id=266 HTTP/1.1" 200 4866 "http://www.lszmn.org/forum.php?mod=viewthread&tid=266" "Scrapy/1.7.3 (+https://scrapy.org)" "-"
123.245.24.34 - - [08/Jun/2022:09:31:08 +0800] "GET /home.php?mod=spacecp&ac=plugin&id=qqconnect:spacecp&pluginop=share&sh_type=4&thread_id=266 HTTP/1.1" 200 4943 "http://www.lszmn.org/forum.php?mod=viewthread&tid=266" "Scrapy/1.7.3 (+https://scrapy.org)" "-"
123.144.25.223 - - [08/Jun/2022:09:31:08 +0800] "GET /forum.php?mod=viewthread&tid=266&page=1 HTTP/1.1" 200 14378 "http://www.lszmn.org/forum.php?mod=viewthread&tid=266" "Scrapy/1.7.3 (+https://scrapy.org)" "-"
113.206.181.38 - - [08/Jun/2022:09:31:08 +0800] "GET /forum.php?mod=viewthread&tid=266&extra=&ordertype=1 HTTP/1.1" 200 14941 "http://www.lszmn.org/forum.php?mod=viewthread&tid=266" "Scrapy/1.7.3 (+https://scrapy.org)" "-"
175.184.165.232 - - [08/Jun/2022:09:31:08 +0800] "GET /forum.php?mod=viewthread&tid=266&from=album HTTP/1.1" 200 9671 "http://www.lszmn.org/forum.php?mod=viewthread&tid=266" "Scrapy/1.7.3 (+https://scrapy.org)" "-"
123.245.24.34 - - [08/Jun/2022:09:31:08 +0800] "GET /forum.php?mod=viewthread&tid=266&page=1&authorid=4 HTTP/1.1" 200 11320 "http://www.lszmn.org/forum.php?mod=viewthread&tid=266" "Scrapy/1.7.3 (+https://scrapy.org)" "-"
36.106.167.96 - - [08/Jun/2022:09:31:08 +0800] "GET /forum.php?mod=attachment&aid=ODMzfDdjNGEyNWEzfDE2NTQ2NTE4NTd8MHwyNjY%3D&nothumb=yes HTTP/1.1" 200 46370 "http://www.lszmn.org/forum.php?mod=viewthread&tid=266" "Scrapy/1.7.3 (+https://scrapy.org)" "-"
113.206.181.38 - - [08/Jun/2022:09:31:08 +0800] "GET /forum.php?mod=viewthread&tid=266&page=1 HTTP/1.1" 200 14366 "http://www.lszmn.org/forum.php?mod=viewthread&tid=266" "Scrapy/1.7.3 (+https://scrapy.org)" "-"
175.184.165.232 - - [08/Jun/2022:09:31:09 +0800] "GET /connect.php?mod=login&op=init&referer=forum.php%3Fmod%3Dviewthread%26tid%3D266&statfrom=login_simple HTTP/1.1" 302 5 "http://www.lszmn.org/forum.php?mod=viewthread&tid=266" "Scrapy/1.7.3 (+https://scrapy.org)" "-"
182.138.158.29 - - [08/Jun/2022:09:31:09 +0800] "GET /forum.php?mod=attachment&aid=Mjg3MHxlNDkzODcxNHwxNjU0NjUxODUyfDB8OTMxNg%3D%3D&nothumb=yes HTTP/1.1" 200 609704 "http://www.lszmn.org/forum.php?mod=viewthread&tid=9316&extra=&ordertype=1" "Scrapy/1.7.3 (+https://scrapy.org)" "-"
175.184.165.232 - - [08/Jun/2022:09:31:09 +0800] "GET /forum.php?mod=viewthread&tid=8321&page=2 HTTP/1.1" 200 4987 "http://www.lszmn.org/forum.php?mod=viewthread&tid=8321" "Scrapy/1.7.3 (+https://scrapy.org)" "-"
