123.145.19.185 - - [08/Jun/2022:09:12:16 +0800] "GET /forum.php?mod=viewthread&tid=8321&mobile=1 HTTP/1.1" 302 5 "http://www.lszmn.org/forum.php?mod=forumdisplay&fid=42&mobile=1" "Scrapy/1.7.3 (+https://scrapy.org)" "-"
1.202.112.147 - - [08/Jun/2022:09:12:17 +0800] "GET /forum.php?mod=viewthread&tid=8318&mobile=1 HTTP/1.1" 302 5 "http://www.lszmn.org/forum.php?mod=forumdisplay&fid=42&mobile=1" "Scrapy/1.7.3 (+https://scrapy.org)" "-"
140.224.64.4 - - [08/Jun/2022:09:12:17 +0800] "GET /home.php?mod=space&uid=1893&mobile=1 HTTP/1.1" 200 2467 "http://www.lszmn.org/forum.php?mod=forumdisplay&fid=42&mobile=1" "Scrapy/1.7.3 (+https://scrapy.org)" "-"
36.5.199.40 - - [08/Jun/2022:09:12:17 +0800] "GET /forum.php?mod=viewthread&tid=8311&mobile=1 HTTP/1.1" 302 5 "http://www.lszmn.org/forum.php?mod=forumdisplay&fid=42&mobile=1" "Scrapy/1.7.3 (+https://scrapy.org)" "-"
171.37.37.201 - - [08/Jun/2022:09:12:17 +0800] "GET /forum.php?mod=forumdisplay&fid=42&filter=author&orderby=dateline&mobile=1 HTTP/1.1" 200 3633 "http://www.lszmn.org/forum.php?mod=forumdisplay&fid=42&mobile=1" "Scrapy/1.7.3 (+https://scrapy.org)" "-"
60.13.138.102 - - [08/Jun/2022:09:12:17 +0800] "GET /forum.php?mod=forumdisplay&fid=42&page=33&mobile=1 HTTP/1.1" 200 3108 "http://www.lszmn.org/forum.php?mod=forumdisplay&fid=42&mobile=1" "Scrapy/1.7.3 (+https://scrapy.org)" "-"
123.145.19.185 - - [08/Jun/2022:09:12:17 +0800] "GET /forum.php?mod=forumdisplay&fid=42&page=4&mobile=1 HTTP/1.1" 200 3349 "http://www.lszmn.org/forum.php?mod=forumdisplay&fid=42&mobile=1" "Scrapy/1.7.3 (+https://scrapy.org)" "-"
125.84.236.135 - - [08/Jun/2022:09:12:17 +0800] "GET /forum.php?mod=viewthread&tid=8314&mobile=1 HTTP/1.1" 200 5019 "http://www.lszmn.org/forum.php?mod=forumdisplay&fid=42&mobile=1" "Scrapy/1.7.3 (+https://scrapy.org)" "-"
140.224.64.4 - - [08/Jun/2022:09:12:17 +0800] "GET /forum.php?mod=viewthread&tid=8325&mobile=1 HTTP/1.1" 200 8461 "http://www.lszmn.org/forum.php?mod=forumdisplay&fid=42&mobile=1" "Scrapy/1.7.3 (+https://scrapy.org)" "-"
220.250.63.19 - - [08/Jun/2022:09:12:17 +0800] "GET /forum.php?mod=forumdisplay&fid=42&page=3&mobile=1 HTTP/1.1" 200 3390 "http://www.lszmn.org/forum.php?mod=forumdisplay&fid=42&mobile=1" "Scrapy/1.7.3 (+https://scrapy.org)" "-"
171.37.37.201 - - [08/Jun/2022:09:12:17 +0800] "GET /forum.php?mod=forumdisplay&fid=42&page=2&mobile=1 HTTP/1.1" 200 3511 "http://www.lszmn.org/forum.php?mod=forumdisplay&fid=42&mobile=1" "Scrapy/1.7.3 (+https://scrapy.org)" "-"
1.202.112.147 - - [08/Jun/2022:09:12:17 +0800] "GET /forum.php?mod=viewthread&tid=8312&mobile=1 HTTP/1.1" 200 6010 "http://www.lszmn.org/forum.php?mod=forumdisplay&fid=42&mobile=1" "Scrapy/1.7.3 (+https://scrapy.org)" "-"
123.145.19.185 - - [08/Jun/2022:09:12:17 +0800] "GET /forum.php?mod=post&action=newthread&fid=42&mobile=1 HTTP/1.1" 200 2523 "http://www.lszmn.org/forum.php?mod=forumdisplay&fid=42&mobile=1" "Scrapy/1.7.3 (+https://scrapy.org)" "-"
60.13.138.102 - - [08/Jun/2022:09:12:18 +0800] "GET /forum.php?mod=post&action=reply&fid=8&tid=9398&extra=&page=1 HTTP/1.1" 200 4985 "http://www.lszmn.org/forum.php?mod=viewthread&tid=9398" "Scrapy/1.7.3 (+https://scrapy.org)" "-"
171.37.37.201 - - [08/Jun/2022:09:12:18 +0800] "GET /forum.php?mod=viewthread&tid=8321&mobile=1 HTTP/1.1" 200 6074 "http://www.lszmn.org/forum.php?mod=forumdisplay&fid=42&mobile=1" "Scrapy/1.7.3 (+https://scrapy.org)" "-"
123.145.19.185 - - [08/Jun/2022:09:12:18 +0800] "GET /forum.php?mod=redirect&goto=nextoldset&tid=9398 HTTP/1.1" 302 5 "http://www.lszmn.org/forum.php?mod=viewthread&tid=9398" "Scrapy/1.7.3 (+https://scrapy.org)" "-"
1.202.112.147 - - [08/Jun/2022:09:12:18 +0800] "GET /forum.php?mod=redirect&goto=nextnewset&tid=9398 HTTP/1.1" 200 4925 "http://www.lszmn.org/forum.php?mod=viewthread&tid=9398" "Scrapy/1.7.3 (+https://scrapy.org)" "-"
140.224.64.4 - - [08/Jun/2022:09:12:18 +0800] "GET /connect.php?mod=login&op=init&referer=forum.php%3Fmod%3Dforumdisplay%26fid%3D58%26mobile%3D1&statfrom=login_simple HTTP/1.1" 302 5 "http://www.lszmn.org/forum.php?mod=forumdisplay&fid=58&mobile=1" "Scrapy/1.7.3 (+https://scrapy.org)" "-"
125.84.236.135 - - [08/Jun/2022:09:12:18 +0800] "GET /connect.php?mod=login&op=init&referer=forum.php%3Fmod%3Dforumdisplay%26fid%3D42%26mobile%3D1&statfrom=login_simple HTTP/1.1" 302 5 "http://www.lszmn.org/forum.php?mod=forumdisplay&fid=42&mobile=1" "Scrapy/1.7.3 (+https://scrapy.org)" "-"
220.250.63.19 - - [08/Jun/2022:09:12:18 +0800] "GET /forum.php?mod=viewthread&tid=8318&mobile=1 HTTP/1.1" 200 5975 "http://www.lszmn.org/forum.php?mod=forumdisplay&fid=42&mobile=1" "Scrapy/1.7.3 (+https://scrapy.org)" "-"
171.37.37.201 - - [08/Jun/2022:09:12:18 +0800] "GET /home.php?mod=spacecp&ac=favorite&type=forum&id=8&handlekey=favoriteforum HTTP/1.1" 200 4890 "http://www.lszmn.org/forum.php?mod=viewthread&tid=9398" "Scrapy/1.7.3 (+https://scrapy.org)" "-"
36.5.199.40 - - [08/Jun/2022:09:12:18 +0800] "GET /connect.php?mod=login&op=init&referer=forum.php%3Fmod%3Dviewthread%26tid%3D9398&statfrom=login HTTP/1.1" 302 5 "http://www.lszmn.org/forum.php?mod=viewthread&tid=9398" "Scrapy/1.7.3 (+https://scrapy.org)" "-"
1.202.112.147 - - [08/Jun/2022:09:12:18 +0800] "GET /home.php?mod=spacecp&ac=credit&op=rule&fid=8 HTTP/1.1" 200 4854 "http://www.lszmn.org/forum.php?mod=viewthread&tid=9398" "Scrapy/1.7.3 (+https://scrapy.org)" "-"
123.145.19.185 - - [08/Jun/2022:09:12:18 +0800] "GET /forum.php?mod=post&action=reply&fid=8&tid=9398 HTTP/1.1" 200 4962 "http://www.lszmn.org/forum.php?mod=viewthread&tid=9398" "Scrapy/1.7.3 (+https://scrapy.org)" "-"
140.224.64.4 - - [08/Jun/2022:09:12:19 +0800] "GET /forum.php?mod=post&action=reply&fid=8&tid=9398&reppost=6879952&extra=&page=1 HTTP/1.1" 200 5017 "http://www.lszmn.org/forum.php?mod=viewthread&tid=9398" "Scrapy/1.7.3 (+https://scrapy.org)" "-"
60.13.138.102 - - [08/Jun/2022:09:12:19 +0800] "GET /home.php?mod=spacecp&ac=share&type=thread&id=9398 HTTP/1.1" 200 4866 "http://www.lszmn.org/forum.php?mod=viewthread&tid=9398" "Scrapy/1.7.3 (+https://scrapy.org)" "-"
171.37.37.201 - - [08/Jun/2022:09:12:19 +0800] "GET /home.php?mod=spacecp&ac=follow&op=relay&tid=9398&from=forum HTTP/1.1" 200 4885 "http://www.lszmn.org/forum.php?mod=viewthread&tid=9398" "Scrapy/1.7.3 (+https://scrapy.org)" "-"
1.202.112.147 - - [08/Jun/2022:09:12:19 +0800] "GET /home.php?mod=spacecp&ac=favorite&type=thread&id=9398 HTTP/1.1" 200 4872 "http://www.lszmn.org/forum.php?mod=viewthread&tid=9398" "Scrapy/1.7.3 (+https://scrapy.org)" "-"
123.145.19.185 - - [08/Jun/2022:09:12:19 +0800] "GET /forum.php?mod=viewthread&tid=9391 HTTP/1.1" 200 12106 "http://www.lszmn.org/forum.php?mod=viewthread&tid=9398" "Scrapy/1.7.3 (+https://scrapy.org)" "-"
36.5.199.40 - - [08/Jun/2022:09:12:19 +0800] "GET /forum.php?mod=viewthread&tid=8311&mobile=1 HTTP/1.1" 200 5087 "http://www.lszmn.org/forum.php?mod=forumdisplay&fid=42&mobile=1" "Scrapy/1.7.3 (+https://scrapy.org)" "-"
171.37.37.201 - - [08/Jun/2022:09:12:19 +0800] "GET /home.php?mod=spacecp&ac=plugin&id=qqconnect:spacecp&pluginop=share&sh_type=4&thread_id=9398 HTTP/1.1" 200 4949 "http://www.lszmn.org/forum.php?mod=viewthread&tid=9398" "Scrapy/1.7.3 (+https://scrapy.org)" "-"
171.37.37.201 - - [08/Jun/2022:09:12:20 +0800] "GET /connect.php?mod=login&op=init&referer=forum.php%3Fmod%3Dredirect%26goto%3Dnextnewset%26tid%3D9398&statfrom=login_simple HTTP/1.1" 302 5 "http://www.lszmn.org/forum.php?mod=redirect&goto=nextnewset&tid=9398" "Scrapy/1.7.3 (+https://scrapy.org)" "-"
60.13.138.102 - - [08/Jun/2022:09:12:20 +0800] "GET /connect.php?mod=login&op=init&referer=forum.php%3Fmod%3Dpost%26action%3Dreply%26fid%3D8%26tid%3D9398%26extra%3D%26page%3D1&statfrom=login_simple HTTP/1.1" 302 5 "http://www.lszmn.org/forum.php?mod=post&action=reply&fid=8&tid=9398&extra=&page=1" "Scrapy/1.7.3 (+https://scrapy.org)" "-"
140.224.64.4 - - [08/Jun/2022:09:12:20 +0800] "GET /connect.php?mod=login&op=init&referer=home.php%3Fmod%3Dspacecp%26ac%3Dfavorite%26type%3Dforum%26id%3D8%26handlekey%3Dfavoriteforum&statfrom=login_simple HTTP/1.1" 302 5 "http://www.lszmn.org/home.php?mod=spacecp&ac=favorite&type=forum&id=8&handlekey=favoriteforum" "Scrapy/1.7.3 (+https://scrapy.org)" "-"
171.37.37.201 - - [08/Jun/2022:09:12:20 +0800] "GET /connect.php?mod=login&op=init&referer=forum.php%3Fmod%3Dviewthread%26tid%3D9391&statfrom=login_simple HTTP/1.1" 302 5 "http://www.lszmn.org/forum.php?mod=viewthread&tid=9391" "Scrapy/1.7.3 (+https://scrapy.org)" "-"
36.5.199.40 - - [08/Jun/2022:09:12:20 +0800] "GET /connect.php?mod=login&op=init&referer=home.php%3Fmod%3Dspacecp%26ac%3Dfollow%26op%3Drelay%26tid%3D9398%26from%3Dforum&statfrom=login_simple HTTP/1.1" 302 5 "http://www.lszmn.org/home.php?mod=spacecp&ac=follow&op=relay&tid=9398&from=forum" "Scrapy/1.7.3 (+https://scrapy.org)" "-"
171.37.37.201 - - [08/Jun/2022:09:12:20 +0800] "GET /connect.php?mod=login&op=init&referer=home.php%3Fmod%3Dspacecp%26ac%3Dcredit%26op%3Drule%26fid%3D8&statfrom=login_simple HTTP/1.1" 302 5 "http://www.lszmn.org/home.php?mod=spacecp&ac=credit&op=rule&fid=8" "Scrapy/1.7.3 (+https://scrapy.org)" "-"
140.224.64.4 - - [08/Jun/2022:09:12:20 +0800] "GET /connect.php?mod=login&op=init&referer=forum.php%3Fmod%3Dpost%26action%3Dreply%26fid%3D8%26tid%3D9398&statfrom=login_simple HTTP/1.1" 302 5 "http://www.lszmn.org/forum.php?mod=post&action=reply&fid=8&tid=9398" "Scrapy/1.7.3 (+https://scrapy.org)" "-"
1.202.112.147 - - [08/Jun/2022:09:12:20 +0800] "GET /forum.php?mod=attachment&aid=MzQyNHxjZDI5YjY1NHwxNjU0NjUwNjIyfDB8OTM5OA%3D%3D&nothumb=yes HTTP/1.1" 200 235297 "http://www.lszmn.org/forum.php?mod=viewthread&tid=9398" "Scrapy/1.7.3 (+https://scrapy.org)" "-"
123.145.19.185 - - [08/Jun/2022:09:12:21 +0800] "GET /forum.php?mod=attachment&aid=MzQyNXwxNzgxMjZjMnwxNjU0NjUwNjIyfDB8OTM5OA%3D%3D&nothumb=yes HTTP/1.1" 200 232874 "http://www.lszmn.org/forum.php?mod=viewthread&tid=9398" "Scrapy/1.7.3 (+https://scrapy.org)" "-"
171.37.37.201 - - [08/Jun/2022:09:12:21 +0800] "GET /forum.php?mod=post&action=reply&fid=8&tid=9391&extra=&page=1 HTTP/1.1" 200 4987 "http://www.lszmn.org/forum.php?mod=viewthread&tid=9391" "Scrapy/1.7.3 (+https://scrapy.org)" "-"
220.250.63.19 - - [08/Jun/2022:09:12:21 +0800] "GET /connect.php?mod=login&op=init&referer=home.php%3Fmod%3Dspacecp%26ac%3Dfavorite%26type%3Dthread%26id%3D9398&statfrom=login_simple HTTP/1.1" 302 5 "http://www.lszmn.org/home.php?mod=spacecp&ac=favorite&type=thread&id=9398" "Scrapy/1.7.3 (+https://scrapy.org)" "-"
36.5.199.40 - - [08/Jun/2022:09:12:21 +0800] "GET /connect.php?mod=login&op=init&referer=home.php%3Fmod%3Dspacecp%26ac%3Dshare%26type%3Dthread%26id%3D9398&statfrom=login_simple HTTP/1.1" 302 5 "http://www.lszmn.org/home.php?mod=spacecp&ac=share&type=thread&id=9398" "Scrapy/1.7.3 (+https://scrapy.org)" "-"
171.37.37.201 - - [08/Jun/2022:09:12:22 +0800] "GET /connect.php?mod=login&op=init&referer=forum.php%3Fmod%3Dpost%26action%3Dreply%26fid%3D8%26tid%3D9398%26reppost%3D6879952%26extra%3D%26page%3D1&statfrom=login_simple HTTP/1.1" 302 5 "http://www.lszmn.org/forum.php?mod=post&action=reply&fid=8&tid=9398&reppost=6879952&extra=&page=1" "Scrapy/1.7.3 (+https://scrapy.org)" "-"
140.224.64.4 - - [08/Jun/2022:09:12:24 +0800] "GET /connect.php?mod=login&op=init&referer=home.php%3Fmod%3Dspacecp%26ac%3Dplugin%26id%3Dqqconnect%3Aspacecp%26pluginop%3Dshare%26sh_type%3D4%26thread_id%3D9398&statfrom=login_simple HTTP/1.1" 302 5 "http://www.lszmn.org/home.php?mod=spacecp&ac=plugin&id=qqconnect:spacecp&pluginop=share&sh_type=4&thread_id=9398" "Scrapy/1.7.3 (+https://scrapy.org)" "-"
220.250.63.19 - - [08/Jun/2022:09:12:24 +0800] "GET /forum.php?mod=redirect&goto=nextnewset&tid=9391 HTTP/1.1" 302 5 "http://www.lszmn.org/forum.php?mod=viewthread&tid=9391" "Scrapy/1.7.3 (+https://scrapy.org)" "-"
171.37.37.201 - - [08/Jun/2022:09:12:24 +0800] "GET /forum.php?mod=redirect&goto=nextoldset&tid=9391 HTTP/1.1" 302 5 "http://www.lszmn.org/forum.php?mod=viewthread&tid=9391" "Scrapy/1.7.3 (+https://scrapy.org)" "-"
36.5.199.40 - - [08/Jun/2022:09:12:24 +0800] "GET /connect.php?mod=login&op=init&referer=forum.php%3Fmod%3Dviewthread%26tid%3D9391&statfrom=login HTTP/1.1" 302 5 "http://www.lszmn.org/forum.php?mod=viewthread&tid=9391" "Scrapy/1.7.3 (+https://scrapy.org)" "-"
123.145.19.185 - - [08/Jun/2022:09:12:24 +0800] "GET /forum.php?mod=post&action=reply&fid=8&tid=9391 HTTP/1.1" 200 4963 "http://www.lszmn.org/forum.php?mod=viewthread&tid=9391" "Scrapy/1.7.3 (+https://scrapy.org)" "-"
1.202.112.147 - - [08/Jun/2022:09:12:24 +0800] "GET /forum.php?mod=post&action=reply&fid=8&tid=9391&reppost=6879945&extra=&page=1 HTTP/1.1" 200 5020 "http://www.lszmn.org/forum.php?mod=viewthread&tid=9391" "Scrapy/1.7.3 (+https://scrapy.org)" "-"
171.37.37.201 - - [08/Jun/2022:09:12:25 +0800] "GET /home.php?mod=spacecp&ac=share&type=thread&id=9391 HTTP/1.1" 200 4866 "http://www.lszmn.org/forum.php?mod=viewthread&tid=9391" "Scrapy/1.7.3 (+https://scrapy.org)" "-"
140.224.64.4 - - [08/Jun/2022:09:12:25 +0800] "GET /home.php?mod=spacecp&ac=follow&op=relay&tid=9391&from=forum HTTP/1.1" 200 4883 "http://www.lszmn.org/forum.php?mod=viewthread&tid=9391" "Scrapy/1.7.3 (+https://scrapy.org)" "-"
1.202.112.147 - - [08/Jun/2022:09:12:25 +0800] "GET /home.php?mod=spacecp&ac=favorite&type=thread&id=9391 HTTP/1.1" 200 4871 "http://www.lszmn.org/forum.php?mod=viewthread&tid=9391" "Scrapy/1.7.3 (+https://scrapy.org)" "-"
123.145.19.185 - - [08/Jun/2022:09:12:25 +0800] "GET /home.php?mod=spacecp&ac=plugin&id=qqconnect:spacecp&pluginop=share&sh_type=4&thread_id=9391 HTTP/1.1" 200 4949 "http://www.lszmn.org/forum.php?mod=viewthread&tid=9391" "Scrapy/1.7.3 (+https://scrapy.org)" "-"
220.250.63.19 - - [08/Jun/2022:09:12:25 +0800] "GET /forum.php?mod=viewthread&tid=9386 HTTP/1.1" 200 10360 "http://www.lszmn.org/forum.php?mod=viewthread&tid=9391" "Scrapy/1.7.3 (+https://scrapy.org)" "-"
36.5.199.40 - - [08/Jun/2022:09:12:25 +0800] "GET /forum.php?mod=viewthread&tid=9398 HTTP/1.1" 200 11132 "http://www.lszmn.org/forum.php?mod=viewthread&tid=9391" "Scrapy/1.7.3 (+https://scrapy.org)" "-"
171.37.37.201 - - [08/Jun/2022:09:12:26 +0800] "GET /forum.php?mod=attachment&aid=MzM5NXwwZmVkMTQ5Y3wxNjU0NjUwNzM5fDB8OTM5MQ%3D%3D&nothumb=yes HTTP/1.1" 200 167562 "http://www.lszmn.org/forum.php?mod=viewthread&tid=9391" "Scrapy/1.7.3 (+https://scrapy.org)" "-"
1.202.112.147 - - [08/Jun/2022:09:12:27 +0800] "GET /forum.php?mod=attachment&aid=MzM5NHwxMzYyNGE2ZXwxNjU0NjUwNzM5fDB8OTM5MQ%3D%3D&nothumb=yes HTTP/1.1" 200 185696 "http://www.lszmn.org/forum.php?mod=viewthread&tid=9391" "Scrapy/1.7.3 (+https://scrapy.org)" "-"
171.37.37.201 - - [08/Jun/2022:09:12:29 +0800] "GET /forum.php?mod=attachment&aid=MzM5MHw3MDAwZjA1NHwxNjU0NjUwNzM5fDB8OTM5MQ%3D%3D&nothumb=yes HTTP/1.1" 200 179143 "http://www.lszmn.org/forum.php?mod=viewthread&tid=9391" "Scrapy/1.7.3 (+https://scrapy.org)" "-"
123.145.19.185 - - [08/Jun/2022:09:12:31 +0800] "GET /forum.php?mod=attachment&aid=MzM5MnwzMTU1MGRjZnwxNjU0NjUwNzM5fDB8OTM5MQ%3D%3D&nothumb=yes HTTP/1.1" 200 269864 "http://www.lszmn.org/forum.php?mod=viewthread&tid=9391" "Scrapy/1.7.3 (+https://scrapy.org)" "-"
106.11.156.129 - - [08/Jun/2022:09:12:31 +0800] "GET /forum.php?mod=viewthread&tid=6726 HTTP/1.1" 302 5 "-" "Mozilla/5.0 (Windows NT 6.1; Win64; x64) AppleWebKit/537.36 (KHTML, like Gecko) Chrome/69.0.3497.81 YisouSpider/5.0 Safari/537.36" "-"
106.11.157.139 - - [08/Jun/2022:09:12:31 +0800] "GET /forum.php?mod=viewthread&tid=6726 HTTP/1.1" 200 8952 "-" "Mozilla/5.0 (Windows NT 6.1; Win64; x64) AppleWebKit/537.36 (KHTML, like Gecko) Chrome/69.0.3497.81 YisouSpider/5.0 Safari/537.36" "-"
140.224.64.4 - - [08/Jun/2022:09:12:31 +0800] "GET /forum.php?mod=attachment&aid=MzM5M3wzODA5NWJkY3wxNjU0NjUwNzM5fDB8OTM5MQ%3D%3D&nothumb=yes HTTP/1.1" 200 251139 "http://www.lszmn.org/forum.php?mod=viewthread&tid=9391" "Scrapy/1.7.3 (+https://scrapy.org)" "-"
106.11.156.149 - - [08/Jun/2022:09:12:31 +0800] "GET /data/cache/style_24_forum_viewthread.css?kp9 HTTP/1.1" 200 74995 "http://lszmn.org/forum.php?mod=viewthread&tid=6726" "Mozilla/5.0 (Windows NT 6.1; Win64; x64) AppleWebKit/537.36 (KHTML, like Gecko) Chrome/69.0.3497.81 YisouSpider/5.0 Safari/537.36" "-"
220.250.63.19 - - [08/Jun/2022:09:12:32 +0800] "GET /forum.php?mod=attachment&aid=MzM4OXw2ZDU3NTVkNnwxNjU0NjUwNzM5fDB8OTM5MQ%3D%3D&nothumb=yes HTTP/1.1" 200 135220 "http://www.lszmn.org/forum.php?mod=viewthread&tid=9391" "Scrapy/1.7.3 (+https://scrapy.org)" "-"
125.84.236.135 - - [08/Jun/2022:09:12:34 +0800] "GET /forum.php?mod=attachment&aid=MzQyNnwzNGUyZDVhZHwxNjU0NjUwNjIyfDB8OTM5OA%3D%3D&nothumb=yes HTTP/1.1" 200 208368 "http://www.lszmn.org/forum.php?mod=viewthread&tid=9398" "Scrapy/1.7.3 (+https://scrapy.org)" "-"
140.224.64.4 - - [08/Jun/2022:09:12:34 +0800] "GET /forum.php?mod=viewthread&tid=9391&from=album HTTP/1.1" 200 8424 "http://www.lszmn.org/forum.php?mod=viewthread&tid=9391" "Scrapy/1.7.3 (+https://scrapy.org)" "-"
119.60.105.64 - - [08/Jun/2022:09:12:34 +0800] "GET /forum.php?mod=viewthread&tid=9391&extra=&ordertype=1 HTTP/1.1" 200 12034 "http://www.lszmn.org/forum.php?mod=viewthread&tid=9391" "Scrapy/1.7.3 (+https://scrapy.org)" "-"
36.5.199.40 - - [08/Jun/2022:09:12:35 +0800] "GET /forum.php?mod=attachment&aid=MzM5MXwxNGUzYjhiZnwxNjU0NjUwNzM5fDB8OTM5MQ%3D%3D&nothumb=yes HTTP/1.1" 200 204724 "http://www.lszmn.org/forum.php?mod=viewthread&tid=9391" "Scrapy/1.7.3 (+https://scrapy.org)" "-"
140.224.64.4 - - [08/Jun/2022:09:12:35 +0800] "GET /forum.php?mod=viewthread&tid=9391&page=1&authorid=1 HTTP/1.1" 200 12137 "http://www.lszmn.org/forum.php?mod=viewthread&tid=9391" "Scrapy/1.7.3 (+https://scrapy.org)" "-"
60.13.138.102 - - [08/Jun/2022:09:12:35 +0800] "GET /forum.php?mod=attachment&aid=MzQyM3w4NTcwMGNhMHwxNjU0NjUwNjIyfDB8OTM5OA%3D%3D&nothumb=yes HTTP/1.1" 200 262586 "http://www.lszmn.org/forum.php?mod=viewthread&tid=9398" "Scrapy/1.7.3 (+https://scrapy.org)" "-"
1.202.112.147 - - [08/Jun/2022:09:12:36 +0800] "GET /forum.php?mod=attachment&aid=MzM4OHw0YTM5ODA0NXwxNjU0NjUwNzM5fDB8OTM5MQ%3D%3D&nothumb=yes HTTP/1.1" 200 211321 "http://www.lszmn.org/forum.php?mod=viewthread&tid=9391" "Scrapy/1.7.3 (+https://scrapy.org)" "-"
140.224.64.4 - - [08/Jun/2022:09:12:36 +0800] "GET /forum.php?mod=viewthread&tid=9398&extra=&ordertype=1 HTTP/1.1" 200 11056 "http://www.lszmn.org/forum.php?mod=viewthread&tid=9398" "Scrapy/1.7.3 (+https://scrapy.org)" "-"
125.84.237.81 - - [08/Jun/2022:09:12:37 +0800] "GET /forum.php?mod=viewthread&tid=9398&from=album HTTP/1.1" 200 8138 "http://www.lszmn.org/forum.php?mod=viewthread&tid=9398" "Scrapy/1.7.3 (+https://scrapy.org)" "-"
119.60.105.64 - - [08/Jun/2022:09:12:37 +0800] "GET /forum.php?mod=viewthread&tid=9398&page=1&authorid=1 HTTP/1.1" 200 11166 "http://www.lszmn.org/forum.php?mod=viewthread&tid=9398" "Scrapy/1.7.3 (+https://scrapy.org)" "-"
140.224.64.4 - - [08/Jun/2022:09:12:37 +0800] "GET /forum.php?gid=6 HTTP/1.1" 200 6925 "http://www.lszmn.org/forum.php?mod=viewthread&tid=9398" "Scrapy/1.7.3 (+https://scrapy.org)" "-"
140.224.64.4 - - [08/Jun/2022:09:12:38 +0800] "GET /forum.php?mod=forumdisplay&fid=60&mobile=no HTTP/1.1" 200 8575 "http://www.lszmn.org/forum.php?mod=forumdisplay&fid=60&mobile=1" "Scrapy/1.7.3 (+https://scrapy.org)" "-"
1.202.112.147 - - [08/Jun/2022:09:12:38 +0800] "GET /forum.php?mod=forumdisplay&fid=60&mobile=no&mobile=2 HTTP/1.1" 200 1795 "http://www.lszmn.org/forum.php?mod=forumdisplay&fid=60&mobile=1" "Scrapy/1.7.3 (+https://scrapy.org)" "-"
1.202.112.147 - - [08/Jun/2022:09:12:38 +0800] "GET /forum.php?mod=viewthread&tid=9316&mobile=1 HTTP/1.1" 200 4289 "http://www.lszmn.org/forum.php?mod=forumdisplay&fid=60&mobile=1" "Scrapy/1.7.3 (+https://scrapy.org)" "-"
119.60.105.64 - - [08/Jun/2022:09:12:38 +0800] "GET /forum.php?mod=viewthread&tid=9317&mobile=1 HTTP/1.1" 200 8012 "http://www.lszmn.org/forum.php?mod=forumdisplay&fid=60&mobile=1" "Scrapy/1.7.3 (+https://scrapy.org)" "-"
1.202.112.147 - - [08/Jun/2022:09:12:38 +0800] "GET /forum.php?mod=forumdisplay&fid=52&mobile=no HTTP/1.1" 200 11792 "http://www.lszmn.org/forum.php?mod=forumdisplay&fid=52&mobile=1" "Scrapy/1.7.3 (+https://scrapy.org)" "-"
123.145.19.185 - - [08/Jun/2022:09:12:38 +0800] "GET /forum.php?mod=post&action=newthread&fid=60&mobile=1 HTTP/1.1" 200 2524 "http://www.lszmn.org/forum.php?mod=forumdisplay&fid=60&mobile=1" "Scrapy/1.7.3 (+https://scrapy.org)" "-"
140.224.64.4 - - [08/Jun/2022:09:12:38 +0800] "GET /forum.php?mod=forumdisplay&fid=60&filter=author&orderby=dateline&mobile=1 HTTP/1.1" 200 2842 "http://www.lszmn.org/forum.php?mod=forumdisplay&fid=60&mobile=1" "Scrapy/1.7.3 (+https://scrapy.org)" "-"
220.250.63.19 - - [08/Jun/2022:09:12:39 +0800] "GET /connect.php?mod=login&op=init&referer=forum.php%3Fmod%3Dviewthread%26tid%3D9398%26extra%3D%26ordertype%3D1&statfrom=login HTTP/1.1" 302 5 "http://www.lszmn.org/forum.php?mod=viewthread&tid=9398&extra=&ordertype=1" "Scrapy/1.7.3 (+https://scrapy.org)" "-"
1.202.112.147 - - [08/Jun/2022:09:12:39 +0800] "GET /connect.php?mod=login&op=init&referer=forum.php%3Fgid%3D6&statfrom=login_simple HTTP/1.1" 302 5 "http://www.lszmn.org/forum.php?gid=6" "Scrapy/1.7.3 (+https://scrapy.org)" "-"
1.202.112.147 - - [08/Jun/2022:09:12:39 +0800] "GET /forum.php?mod=viewthread&tid=9398&extra=&ordertype=2 HTTP/1.1" 200 11184 "http://www.lszmn.org/forum.php?mod=viewthread&tid=9398&extra=&ordertype=1" "Scrapy/1.7.3 (+https://scrapy.org)" "-"
1.202.112.147 - - [08/Jun/2022:09:12:40 +0800] "GET /connect.php?mod=login&op=init&referer=forum.php%3Fmod%3Dviewthread%26tid%3D9398%26page%3D1%26authorid%3D1&statfrom=login_simple HTTP/1.1" 302 5 "http://www.lszmn.org/forum.php?mod=viewthread&tid=9398&page=1&authorid=1" "Scrapy/1.7.3 (+https://scrapy.org)" "-"
119.60.105.64 - - [08/Jun/2022:09:12:40 +0800] "GET /connect.php?mod=login&op=init&referer=forum.php%3Fmod%3Dviewthread%26tid%3D9398%26page%3D1%26authorid%3D1&statfrom=login HTTP/1.1" 302 5 "http://www.lszmn.org/forum.php?mod=viewthread&tid=9398&page=1&authorid=1" "Scrapy/1.7.3 (+https://scrapy.org)" "-"
171.37.37.201 - - [08/Jun/2022:09:12:42 +0800] "GET /forum.php?mod=attachment&aid=MzQyNXwxNzNiOTBhYXwxNjU0NjUwNzU2fDB8OTM5OA%3D%3D&nothumb=yes HTTP/1.1" 200 232874 "http://www.lszmn.org/forum.php?mod=viewthread&tid=9398&extra=&ordertype=1" "Scrapy/1.7.3 (+https://scrapy.org)" "-"
140.224.64.4 - - [08/Jun/2022:09:12:43 +0800] "GET /forum.php?mod=attachment&aid=MzQyNHxhY2EzODE2ZHwxNjU0NjUwNzU2fDB8OTM5OA%3D%3D&nothumb=yes HTTP/1.1" 200 235297 "http://www.lszmn.org/forum.php?mod=viewthread&tid=9398&extra=&ordertype=1" "Scrapy/1.7.3 (+https://scrapy.org)" "-"
1.202.112.147 - - [08/Jun/2022:09:12:47 +0800] "GET /forum.php?mod=attachment&aid=MzQyNnxiNDkzZmNjNXwxNjU0NjUwNzU3fDB8OTM5OA%3D%3D&nothumb=yes HTTP/1.1" 200 319543 "http://www.lszmn.org/forum.php?mod=viewthread&tid=9398&page=1&authorid=1" "Scrapy/1.7.3 (+https://scrapy.org)" "-"
171.37.37.201 - - [08/Jun/2022:09:12:47 +0800] "GET /forum.php?mod=viewthread&tid=9398&page=1 HTTP/1.1" 200 11155 "http://www.lszmn.org/forum.php?mod=viewthread&tid=9398&page=1&authorid=1" "Scrapy/1.7.3 (+https://scrapy.org)" "-"
123.145.19.185 - - [08/Jun/2022:09:12:47 +0800] "GET /forum.php?mod=attachment&aid=MzQyNnw2NmVkNGZlZXwxNjU0NjUwNzU2fDB8OTM5OA%3D%3D&nothumb=yes HTTP/1.1" 200 319543 "http://www.lszmn.org/forum.php?mod=viewthread&tid=9398&extra=&ordertype=1" "Scrapy/1.7.3 (+https://scrapy.org)" "-"
220.250.63.19 - - [08/Jun/2022:09:12:48 +0800] "GET /forum.php?mod=attachment&aid=MzQyM3w2ZWIxMGExY3wxNjU0NjUwNzU2fDB8OTM5OA%3D%3D&nothumb=yes HTTP/1.1" 200 262586 "http://www.lszmn.org/forum.php?mod=viewthread&tid=9398&extra=&ordertype=1" "Scrapy/1.7.3 (+https://scrapy.org)" "-"
140.224.64.4 - - [08/Jun/2022:09:12:49 +0800] "GET /connect.php?mod=login&op=init&referer=forum.php%3Fmod%3Dviewthread%26tid%3D9398%26extra%3D%26ordertype%3D1&statfrom=login_simple HTTP/1.1" 302 5 "http://www.lszmn.org/forum.php?mod=viewthread&tid=9398&extra=&ordertype=1" "Scrapy/1.7.3 (+https://scrapy.org)" "-"
171.37.37.201 - - [08/Jun/2022:09:12:49 +0800] "GET /forum.php?mod=forumdisplay&fid=52&mobile=no&mobile=2 HTTP/1.1" 200 1792 "http://www.lszmn.org/forum.php?mod=forumdisplay&fid=52&mobile=1" "Scrapy/1.7.3 (+https://scrapy.org)" "-"
1.202.112.147 - - [08/Jun/2022:09:12:49 +0800] "GET /forum.php?mod=post&action=reply&fid=8&tid=9398&extra=&page=1&from=album HTTP/1.1" 200 5003 "http://www.lszmn.org/forum.php?mod=viewthread&tid=9398&from=album" "Scrapy/1.7.3 (+https://scrapy.org)" "-"
185.191.171.3 - - [08/Jun/2022:09:12:49 +0800] "GET /archiver/?fid-7.html HTTP/1.1" 200 1885 "-" "Mozilla/5.0 (compatible; SemrushBot/7~bl; +http://www.semrush.com/bot.html)" "-"
140.224.64.4 - - [08/Jun/2022:09:12:49 +0800] "GET /connect.php?mod=login&op=init&referer=forum.php%3Fmod%3Dviewthread%26tid%3D9398%26from%3Dalbum&statfrom=login_simple HTTP/1.1" 302 5 "http://www.lszmn.org/forum.php?mod=viewthread&tid=9398&from=album" "Scrapy/1.7.3 (+https://scrapy.org)" "-"
1.202.112.147 - - [08/Jun/2022:09:12:50 +0800] "GET /forum.php?mod=viewthread&tid=180&mobile=1 HTTP/1.1" 302 5 "http://www.lszmn.org/forum.php?mod=forumdisplay&fid=52&mobile=1" "Scrapy/1.7.3 (+https://scrapy.org)" "-"
171.37.37.201 - - [08/Jun/2022:09:12:51 +0800] "GET /forum.php?mod=viewthread&tid=165&mobile=1 HTTP/1.1" 302 5 "http://www.lszmn.org/forum.php?mod=forumdisplay&fid=52&mobile=1" "Scrapy/1.7.3 (+https://scrapy.org)" "-"
140.224.64.4 - - [08/Jun/2022:09:12:51 +0800] "GET /forum.php?mod=viewthread&tid=169&mobile=1 HTTP/1.1" 302 5 "http://www.lszmn.org/forum.php?mod=forumdisplay&fid=52&mobile=1" "Scrapy/1.7.3 (+https://scrapy.org)" "-"
1.202.112.147 - - [08/Jun/2022:09:12:51 +0800] "GET /forum.php?mod=viewthread&tid=182&mobile=1 HTTP/1.1" 302 5 "http://www.lszmn.org/forum.php?mod=forumdisplay&fid=52&mobile=1" "Scrapy/1.7.3 (+https://scrapy.org)" "-"
171.37.37.201 - - [08/Jun/2022:09:12:52 +0800] "GET /home.php?mod=space&uid=2&mobile=1 HTTP/1.1" 200 2464 "http://www.lszmn.org/forum.php?mod=forumdisplay&fid=52&mobile=1" "Scrapy/1.7.3 (+https://scrapy.org)" "-"
123.145.19.185 - - [08/Jun/2022:09:12:52 +0800] "GET /forum.php?mod=viewthread&tid=180&mobile=1 HTTP/1.1" 200 6616 "http://www.lszmn.org/forum.php?mod=forumdisplay&fid=52&mobile=1" "Scrapy/1.7.3 (+https://scrapy.org)" "-"
220.250.63.19 - - [08/Jun/2022:09:12:52 +0800] "GET /forum.php?mod=viewthread&tid=26&mobile=1 HTTP/1.1" 302 5 "http://www.lszmn.org/forum.php?mod=forumdisplay&fid=52&mobile=1" "Scrapy/1.7.3 (+https://scrapy.org)" "-"
140.224.64.4 - - [08/Jun/2022:09:12:52 +0800] "GET /forum.php?mod=viewthread&tid=1087&mobile=1 HTTP/1.1" 302 5 "http://www.lszmn.org/forum.php?mod=forumdisplay&fid=52&mobile=1" "Scrapy/1.7.3 (+https://scrapy.org)" "-"
171.37.37.201 - - [08/Jun/2022:09:12:52 +0800] "GET /forum.php?mod=viewthread&tid=177&mobile=1 HTTP/1.1" 302 5 "http://www.lszmn.org/forum.php?mod=forumdisplay&fid=52&mobile=1" "Scrapy/1.7.3 (+https://scrapy.org)" "-"
220.250.63.19 - - [08/Jun/2022:09:12:52 +0800] "GET /forum.php?mod=viewthread&tid=169&mobile=1 HTTP/1.1" 200 4614 "http://www.lszmn.org/forum.php?mod=forumdisplay&fid=52&mobile=1" "Scrapy/1.7.3 (+https://scrapy.org)" "-"
123.145.19.185 - - [08/Jun/2022:09:12:52 +0800] "GET /forum.php?mod=viewthread&tid=182&mobile=1 HTTP/1.1" 200 3959 "http://www.lszmn.org/forum.php?mod=forumdisplay&fid=52&mobile=1" "Scrapy/1.7.3 (+https://scrapy.org)" "-"
171.37.37.201 - - [08/Jun/2022:09:12:53 +0800] "GET /forum.php?mod=viewthread&tid=1053&mobile=1 HTTP/1.1" 200 6924 "http://www.lszmn.org/forum.php?mod=forumdisplay&fid=52&mobile=1" "Scrapy/1.7.3 (+https://scrapy.org)" "-"
140.224.64.4 - - [08/Jun/2022:09:12:53 +0800] "GET /forum.php?mod=viewthread&tid=179&mobile=1 HTTP/1.1" 302 5 "http://www.lszmn.org/forum.php?mod=forumdisplay&fid=52&mobile=1" "Scrapy/1.7.3 (+https://scrapy.org)" "-"
220.250.63.19 - - [08/Jun/2022:09:12:53 +0800] "GET /forum.php?mod=viewthread&tid=26&mobile=1 HTTP/1.1" 200 10016 "http://www.lszmn.org/forum.php?mod=forumdisplay&fid=52&mobile=1" "Scrapy/1.7.3 (+https://scrapy.org)" "-"
123.145.19.185 - - [08/Jun/2022:09:12:53 +0800] "GET /forum.php?mod=viewthread&tid=8310&mobile=1 HTTP/1.1" 200 3556 "http://www.lszmn.org/forum.php?mod=forumdisplay&fid=52&mobile=1" "Scrapy/1.7.3 (+https://scrapy.org)" "-"
171.37.37.201 - - [08/Jun/2022:09:12:54 +0800] "GET /forum.php?mod=viewthread&tid=177&mobile=1 HTTP/1.1" 200 4700 "http://www.lszmn.org/forum.php?mod=forumdisplay&fid=52&mobile=1" "Scrapy/1.7.3 (+https://scrapy.org)" "-"
140.224.64.4 - - [08/Jun/2022:09:12:54 +0800] "GET /forum.php?mod=viewthread&tid=1087&mobile=1 HTTP/1.1" 200 4106 "http://www.lszmn.org/forum.php?mod=forumdisplay&fid=52&mobile=1" "Scrapy/1.7.3 (+https://scrapy.org)" "-"
123.145.19.185 - - [08/Jun/2022:09:12:54 +0800] "GET /forum.php?mod=forumdisplay&fid=52&filter=author&orderby=dateline&mobile=1 HTTP/1.1" 200 3596 "http://www.lszmn.org/forum.php?mod=forumdisplay&fid=52&mobile=1" "Scrapy/1.7.3 (+https://scrapy.org)" "-"
220.250.63.19 - - [08/Jun/2022:09:12:54 +0800] "GET /forum.php?mod=forumdisplay&fid=52&page=3&mobile=1 HTTP/1.1" 200 3209 "http://www.lszmn.org/forum.php?mod=forumdisplay&fid=52&mobile=1" "Scrapy/1.7.3 (+https://scrapy.org)" "-"
140.224.64.4 - - [08/Jun/2022:09:12:54 +0800] "GET /forum.php?mod=forumdisplay&fid=52&page=2&mobile=1 HTTP/1.1" 200 3545 "http://www.lszmn.org/forum.php?mod=forumdisplay&fid=52&mobile=1" "Scrapy/1.7.3 (+https://scrapy.org)" "-"
123.145.19.185 - - [08/Jun/2022:09:12:54 +0800] "GET /forum.php?mod=post&action=newthread&fid=52&mobile=1 HTTP/1.1" 200 2524 "http://www.lszmn.org/forum.php?mod=forumdisplay&fid=52&mobile=1" "Scrapy/1.7.3 (+https://scrapy.org)" "-"
171.37.37.201 - - [08/Jun/2022:09:12:54 +0800] "GET /forum.php?mod=viewthread&tid=179&mobile=1 HTTP/1.1" 200 12632 "http://www.lszmn.org/forum.php?mod=forumdisplay&fid=52&mobile=1" "Scrapy/1.7.3 (+https://scrapy.org)" "-"
220.250.63.19 - - [08/Jun/2022:09:12:55 +0800] "GET /forum.php?mod=viewthread&tid=154&mobile=1 HTTP/1.1" 200 4584 "http://www.lszmn.org/forum.php?mod=forumdisplay&fid=59&mobile=1" "Scrapy/1.7.3 (+https://scrapy.org)" "-"
140.224.64.4 - - [08/Jun/2022:09:12:55 +0800] "GET /forum.php?mod=viewthread&tid=157&mobile=1 HTTP/1.1" 200 3737 "http://www.lszmn.org/forum.php?mod=forumdisplay&fid=59&mobile=1" "Scrapy/1.7.3 (+https://scrapy.org)" "-"
123.145.19.185 - - [08/Jun/2022:09:12:55 +0800] "GET /forum.php?mod=viewthread&tid=159&mobile=1 HTTP/1.1" 200 5487 "http://www.lszmn.org/forum.php?mod=forumdisplay&fid=59&mobile=1" "Scrapy/1.7.3 (+https://scrapy.org)" "-"
171.37.37.201 - - [08/Jun/2022:09:12:55 +0800] "GET /forum.php?mod=viewthread&tid=174&mobile=1 HTTP/1.1" 302 5 "http://www.lszmn.org/forum.php?mod=forumdisplay&fid=59&mobile=1" "Scrapy/1.7.3 (+https://scrapy.org)" "-"
140.224.64.4 - - [08/Jun/2022:09:12:55 +0800] "GET /forum.php?mod=viewthread&tid=173&mobile=1 HTTP/1.1" 302 5 "http://www.lszmn.org/forum.php?mod=forumdisplay&fid=59&mobile=1" "Scrapy/1.7.3 (+https://scrapy.org)" "-"
123.145.19.185 - - [08/Jun/2022:09:12:55 +0800] "GET /forum.php?mod=viewthread&tid=158&mobile=1 HTTP/1.1" 302 5 "http://www.lszmn.org/forum.php?mod=forumdisplay&fid=59&mobile=1" "Scrapy/1.7.3 (+https://scrapy.org)" "-"
220.250.63.19 - - [08/Jun/2022:09:12:55 +0800] "GET /forum.php?mod=viewthread&tid=171&mobile=1 HTTP/1.1" 302 5 "http://www.lszmn.org/forum.php?mod=forumdisplay&fid=59&mobile=1" "Scrapy/1.7.3 (+https://scrapy.org)" "-"
171.37.37.201 - - [08/Jun/2022:09:12:55 +0800] "GET /forum.php?mod=viewthread&tid=170&mobile=1 HTTP/1.1" 302 5 "http://www.lszmn.org/forum.php?mod=forumdisplay&fid=59&mobile=1" "Scrapy/1.7.3 (+https://scrapy.org)" "-"
119.60.105.64 - - [08/Jun/2022:09:12:55 +0800] "GET /forum.php?mod=attachment&aid=MzQyNXwxMDdhYjg3OXwxNjU0NjUwNzU3fDB8OTM5OA%3D%3D&nothumb=yes HTTP/1.1" 200 146928 "http://www.lszmn.org/forum.php?mod=viewthread&tid=9398&page=1&authorid=1" "Scrapy/1.7.3 (+https://scrapy.org)" "-"
140.224.64.4 - - [08/Jun/2022:09:12:55 +0800] "GET /home.php?mod=space&uid=1&mobile=1 HTTP/1.1" 200 2464 "http://www.lszmn.org/forum.php?mod=forumdisplay&fid=59&mobile=1" "Scrapy/1.7.3 (+https://scrapy.org)" "-"
171.37.37.201 - - [08/Jun/2022:09:12:56 +0800] "GET /forum.php?mod=forumdisplay&fid=59&filter=author&orderby=dateline&mobile=1 HTTP/1.1" 200 3571 "http://www.lszmn.org/forum.php?mod=forumdisplay&fid=59&mobile=1" "Scrapy/1.7.3 (+https://scrapy.org)" "-"
123.145.19.185 - - [08/Jun/2022:09:12:56 +0800] "GET /forum.php?mod=viewthread&tid=172&mobile=1 HTTP/1.1" 200 4176 "http://www.lszmn.org/forum.php?mod=forumdisplay&fid=59&mobile=1" "Scrapy/1.7.3 (+https://scrapy.org)" "-"
171.37.37.201 - - [08/Jun/2022:09:12:56 +0800] "GET /forum.php?mod=forumdisplay&fid=59&page=2&mobile=1 HTTP/1.1" 200 3016 "http://www.lszmn.org/forum.php?mod=forumdisplay&fid=59&mobile=1" "Scrapy/1.7.3 (+https://scrapy.org)" "-"
140.224.64.4 - - [08/Jun/2022:09:12:56 +0800] "GET /forum.php?mod=post&action=newthread&fid=59&mobile=1 HTTP/1.1" 200 2524 "http://www.lszmn.org/forum.php?mod=forumdisplay&fid=59&mobile=1" "Scrapy/1.7.3 (+https://scrapy.org)" "-"
123.145.19.185 - - [08/Jun/2022:09:12:56 +0800] "GET /forum.php?mod=viewthread&tid=174&mobile=1 HTTP/1.1" 200 3635 "http://www.lszmn.org/forum.php?mod=forumdisplay&fid=59&mobile=1" "Scrapy/1.7.3 (+https://scrapy.org)" "-"
171.37.37.201 - - [08/Jun/2022:09:12:56 +0800] "GET /forum.php?mod=post&action=reply&fid=3&tid=6851&extra=&page=1 HTTP/1.1" 200 4987 "http://www.lszmn.org/forum.php?mod=viewthread&tid=6851" "Scrapy/1.7.3 (+https://scrapy.org)" "-"
140.224.64.4 - - [08/Jun/2022:09:12:56 +0800] "GET /forum.php?mod=viewthread&tid=173&mobile=1 HTTP/1.1" 200 5329 "http://www.lszmn.org/forum.php?mod=forumdisplay&fid=59&mobile=1" "Scrapy/1.7.3 (+https://scrapy.org)" "-"
123.145.19.185 - - [08/Jun/2022:09:12:56 +0800] "GET /forum.php?mod=viewthread&tid=158&mobile=1 HTTP/1.1" 200 9254 "http://www.lszmn.org/forum.php?mod=forumdisplay&fid=59&mobile=1" "Scrapy/1.7.3 (+https://scrapy.org)" "-"
220.250.63.19 - - [08/Jun/2022:09:12:56 +0800] "GET /forum.php?mod=redirect&goto=nextnewset&tid=6851 HTTP/1.1" 302 5 "http://www.lszmn.org/forum.php?mod=viewthread&tid=6851" "Scrapy/1.7.3 (+https://scrapy.org)" "-"
171.37.37.201 - - [08/Jun/2022:09:12:56 +0800] "GET /forum.php?mod=viewthread&tid=170&mobile=1 HTTP/1.1" 200 4010 "http://www.lszmn.org/forum.php?mod=forumdisplay&fid=59&mobile=1" "Scrapy/1.7.3 (+https://scrapy.org)" "-"
140.224.64.4 - - [08/Jun/2022:09:12:56 +0800] "GET /forum.php?mod=redirect&goto=nextoldset&tid=6851 HTTP/1.1" 302 5 "http://www.lszmn.org/forum.php?mod=viewthread&tid=6851" "Scrapy/1.7.3 (+https://scrapy.org)" "-"
123.145.19.185 - - [08/Jun/2022:09:12:57 +0800] "GET /home.php?mod=spacecp&ac=favorite&type=forum&id=3&handlekey=favoriteforum HTTP/1.1" 200 4890 "http://www.lszmn.org/forum.php?mod=viewthread&tid=6851" "Scrapy/1.7.3 (+https://scrapy.org)" "-"
171.37.37.201 - - [08/Jun/2022:09:12:57 +0800] "GET /forum.php?mod=viewthread&tid=6851&page=2 HTTP/1.1" 200 4987 "http://www.lszmn.org/forum.php?mod=viewthread&tid=6851" "Scrapy/1.7.3 (+https://scrapy.org)" "-"
140.224.64.4 - - [08/Jun/2022:09:12:57 +0800] "GET /forum.php?mod=viewthread&tid=6851&extra=&page=2 HTTP/1.1" 200 5002 "http://www.lszmn.org/forum.php?mod=viewthread&tid=6851" "Scrapy/1.7.3 (+https://scrapy.org)" "-"
171.37.37.201 - - [08/Jun/2022:09:12:57 +0800] "GET /connect.php?mod=login&op=init&referer=forum.php%3Fmod%3Dforumdisplay%26fid%3D59%26mobile%3D1&statfrom=login_simple HTTP/1.1" 302 5 "http://www.lszmn.org/forum.php?mod=forumdisplay&fid=59&mobile=1" "Scrapy/1.7.3 (+https://scrapy.org)" "-"
171.37.37.201 - - [08/Jun/2022:09:12:57 +0800] "GET /forum.php?mod=viewthread&tid=171&mobile=1 HTTP/1.1" 200 5846 "http://www.lszmn.org/forum.php?mod=forumdisplay&fid=59&mobile=1" "Scrapy/1.7.3 (+https://scrapy.org)" "-"
123.145.19.185 - - [08/Jun/2022:09:12:57 +0800] "GET /home.php?mod=spacecp&ac=credit&op=rule&fid=3 HTTP/1.1" 200 4855 "http://www.lszmn.org/forum.php?mod=viewthread&tid=6851" "Scrapy/1.7.3 (+https://scrapy.org)" "-"
140.224.64.4 - - [08/Jun/2022:09:12:57 +0800] "GET /connect.php?mod=login&op=init&referer=forum.php%3Fmod%3Dviewthread%26tid%3D6851&statfrom=login HTTP/1.1" 302 5 "http://www.lszmn.org/forum.php?mod=viewthread&tid=6851" "Scrapy/1.7.3 (+https://scrapy.org)" "-"
220.250.63.19 - - [08/Jun/2022:09:12:57 +0800] "GET /connect.php?mod=login&op=init&referer=forum.php%3Fmod%3Dpost%26action%3Dreply%26fid%3D3%26tid%3D6851%26extra%3D%26page%3D1&statfrom=login_simple HTTP/1.1" 302 5 "http://www.lszmn.org/forum.php?mod=post&action=reply&fid=3&tid=6851&extra=&page=1" "Scrapy/1.7.3 (+https://scrapy.org)" "-"
171.37.37.201 - - [08/Jun/2022:09:12:57 +0800] "GET /member.php?mod=logging&action=login HTTP/1.1" 200 5584 "http://www.lszmn.org/forum.php?mod=viewthread&tid=6851" "Scrapy/1.7.3 (+https://scrapy.org)" "-"
140.224.64.4 - - [08/Jun/2022:09:12:57 +0800] "GET /forum.php?mod=viewthread&tid=6871 HTTP/1.1" 302 5 "http://www.lszmn.org/forum.php?mod=viewthread&tid=6851" "Scrapy/1.7.3 (+https://scrapy.org)" "-"
124.235.138.75 - - [08/Jun/2022:09:12:57 +0800] "GET /forum.php?mod=attachment&aid=MzQyNHw2MGIzYzVmZnwxNjU0NjUwNzU3fDB8OTM5OA%3D%3D&nothumb=yes HTTP/1.1" 200 155120 "http://www.lszmn.org/forum.php?mod=viewthread&tid=9398&page=1&authorid=1" "Scrapy/1.7.3 (+https://scrapy.org)" "-"
171.37.37.201 - - [08/Jun/2022:09:12:57 +0800] "GET /forum.php?mod=post&action=reply&fid=3&tid=6851 HTTP/1.1" 200 4964 "http://www.lszmn.org/forum.php?mod=viewthread&tid=6851" "Scrapy/1.7.3 (+https://scrapy.org)" "-"
220.250.63.19 - - [08/Jun/2022:09:12:57 +0800] "GET /connect.php?mod=login&op=init&referer=forum.php%3Fmod%3Dviewthread%26tid%3D6851%26page%3D2&statfrom=login_simple HTTP/1.1" 302 5 "http://www.lszmn.org/forum.php?mod=viewthread&tid=6851&page=2" "Scrapy/1.7.3 (+https://scrapy.org)" "-"
140.224.64.4 - - [08/Jun/2022:09:12:58 +0800] "GET /forum.php?mod=post&action=reply&fid=3&tid=6851&extra=&page= HTTP/1.1" 200 4989 "http://www.lszmn.org/forum.php?mod=viewthread&tid=6851&page=2" "Scrapy/1.7.3 (+https://scrapy.org)" "-"
123.145.19.185 - - [08/Jun/2022:09:12:58 +0800] "GET /forum.php?mod=viewthread&tid=6854 HTTP/1.1" 302 5 "http://www.lszmn.org/forum.php?mod=viewthread&tid=6851" "Scrapy/1.7.3 (+https://scrapy.org)" "-"
171.37.37.201 - - [08/Jun/2022:09:12:58 +0800] "GET /connect.php?mod=login&op=init&referer=forum.php%3Fmod%3Dviewthread%26tid%3D6851%26extra%3D%26page%3D2&statfrom=login_simple HTTP/1.1" 302 5 "http://www.lszmn.org/forum.php?mod=viewthread&tid=6851&extra=&page=2" "Scrapy/1.7.3 (+https://scrapy.org)" "-"
220.250.63.19 - - [08/Jun/2022:09:12:58 +0800] "GET /connect.php?mod=login&op=init&referer=home.php%3Fmod%3Dspacecp%26ac%3Dfavorite%26type%3Dforum%26id%3D3%26handlekey%3Dfavoriteforum&statfrom=login_simple HTTP/1.1" 302 5 "http://www.lszmn.org/home.php?mod=spacecp&ac=favorite&type=forum&id=3&handlekey=favoriteforum" "Scrapy/1.7.3 (+https://scrapy.org)" "-"
140.224.64.4 - - [08/Jun/2022:09:12:58 +0800] "GET /forum.php?mod=post&action=reply&fid=3&tid=6851&reppost=135409&extra=&page=1 HTTP/1.1" 200 5016 "http://www.lszmn.org/forum.php?mod=viewthread&tid=6851" "Scrapy/1.7.3 (+https://scrapy.org)" "-"
123.145.19.185 - - [08/Jun/2022:09:12:58 +0800] "GET /forum.php?mod=viewthread&tid=6871 HTTP/1.1" 200 16503 "http://www.lszmn.org/forum.php?mod=viewthread&tid=6851" "Scrapy/1.7.3 (+https://scrapy.org)" "-"
171.37.37.201 - - [08/Jun/2022:09:12:58 +0800] "GET /connect.php?mod=login&op=init&referer=http%3A%2F%2Fwww.lszmn.org%2Fforum.php%3Fmod%3Dviewthread%26tid%3D6851&statfrom=login HTTP/1.1" 302 5 "http://www.lszmn.org/member.php?mod=logging&action=login" "Scrapy/1.7.3 (+https://scrapy.org)" "-"
220.250.63.19 - - [08/Jun/2022:09:12:58 +0800] "GET /forum.php?mod=viewthread&tid=6854 HTTP/1.1" 200 11268 "http://www.lszmn.org/forum.php?mod=viewthread&tid=6851" "Scrapy/1.7.3 (+https://scrapy.org)" "-"
140.224.64.4 - - [08/Jun/2022:09:12:59 +0800] "GET /connect.php?mod=login&op=init&referer=forum.php%3Fmod%3Dpost%26action%3Dreply%26fid%3D3%26tid%3D6851&statfrom=login_simple HTTP/1.1" 302 5 "http://www.lszmn.org/forum.php?mod=post&action=reply&fid=3&tid=6851" "Scrapy/1.7.3 (+https://scrapy.org)" "-"
60.13.138.109 - - [08/Jun/2022:09:12:59 +0800] "GET /home.php?mod=spacecp&ac=share&type=thread&id=6851 HTTP/1.1" 200 4866 "http://www.lszmn.org/forum.php?mod=viewthread&tid=6851" "Scrapy/1.7.3 (+https://scrapy.org)" "-"
171.37.37.201 - - [08/Jun/2022:09:12:59 +0800] "GET /connect.php?mod=login&op=init&referer=home.php%3Fmod%3Dspacecp%26ac%3Dcredit%26op%3Drule%26fid%3D3&statfrom=login_simple HTTP/1.1" 302 5 "http://www.lszmn.org/home.php?mod=spacecp&ac=credit&op=rule&fid=3" "Scrapy/1.7.3 (+https://scrapy.org)" "-"
123.145.19.185 - - [08/Jun/2022:09:13:00 +0800] "GET /home.php?mod=spacecp&ac=follow&op=relay&tid=6851&from=forum HTTP/1.1" 200 4884 "http://www.lszmn.org/forum.php?mod=viewthread&tid=6851" "Scrapy/1.7.3 (+https://scrapy.org)" "-"
140.224.64.4 - - [08/Jun/2022:09:13:00 +0800] "GET /connect.php?mod=login&op=init&referer=forum.php%3Fmod%3Dpost%26action%3Dreply%26fid%3D3%26tid%3D6851%26reppost%3D135409%26extra%3D%26page%3D1&statfrom=login_simple HTTP/1.1" 302 5 "http://www.lszmn.org/forum.php?mod=post&action=reply&fid=3&tid=6851&reppost=135409&extra=&page=1" "Scrapy/1.7.3 (+https://scrapy.org)" "-"
171.37.37.201 - - [08/Jun/2022:09:13:00 +0800] "GET /forum.php?mod=attachment&aid=MjI1N3w2NGE1NmFhMnwxNjU0NjUwNzc4fDB8Njg3MQ%3D%3D&nothumb=yes HTTP/1.1" 200 79684 "http://www.lszmn.org/forum.php?mod=viewthread&tid=6871" "Scrapy/1.7.3 (+https://scrapy.org)" "-"
220.250.63.19 - - [08/Jun/2022:09:13:00 +0800] "GET /forum.php?mod=attachment&aid=MjI1OHxiZDVjM2E4ZHwxNjU0NjUwNzc4fDB8Njg3MQ%3D%3D&nothumb=yes HTTP/1.1" 200 118442 "http://www.lszmn.org/forum.php?mod=viewthread&tid=6871" "Scrapy/1.7.3 (+https://scrapy.org)" "-"
60.13.138.109 - - [08/Jun/2022:09:13:00 +0800] "GET /home.php?mod=spacecp&ac=favorite&type=thread&id=6854 HTTP/1.1" 200 4871 "http://www.lszmn.org/forum.php?mod=viewthread&tid=6854" "Scrapy/1.7.3 (+https://scrapy.org)" "-"
140.224.64.4 - - [08/Jun/2022:09:13:01 +0800] "GET /connect.php?mod=login&op=init&referer=home.php%3Fmod%3Dspacecp%26ac%3Dshare%26type%3Dthread%26id%3D6851&statfrom=login_simple HTTP/1.1" 302 5 "http://www.lszmn.org/home.php?mod=spacecp&ac=share&type=thread&id=6851" "Scrapy/1.7.3 (+https://scrapy.org)" "-"
123.145.19.185 - - [08/Jun/2022:09:13:01 +0800] "GET /forum.php?mod=post&action=reply&fid=3&tid=6854&extra=&page=1 HTTP/1.1" 200 4989 "http://www.lszmn.org/forum.php?mod=viewthread&tid=6854" "Scrapy/1.7.3 (+https://scrapy.org)" "-"
171.37.37.201 - - [08/Jun/2022:09:13:01 +0800] "GET /forum.php?mod=redirect&goto=nextnewset&tid=6854 HTTP/1.1" 302 5 "http://www.lszmn.org/forum.php?mod=viewthread&tid=6854" "Scrapy/1.7.3 (+https://scrapy.org)" "-"
60.13.138.109 - - [08/Jun/2022:09:13:01 +0800] "GET /connect.php?mod=login&op=init&referer=home.php%3Fmod%3Dspacecp%26ac%3Dfollow%26op%3Drelay%26tid%3D6851%26from%3Dforum&statfrom=login_simple HTTP/1.1" 302 5 "http://www.lszmn.org/home.php?mod=spacecp&ac=follow&op=relay&tid=6851&from=forum" "Scrapy/1.7.3 (+https://scrapy.org)" "-"
140.224.64.4 - - [08/Jun/2022:09:13:01 +0800] "GET /forum.php?mod=redirect&goto=nextoldset&tid=6854 HTTP/1.1" 302 5 "http://www.lszmn.org/forum.php?mod=viewthread&tid=6854" "Scrapy/1.7.3 (+https://scrapy.org)" "-"
171.37.37.201 - - [08/Jun/2022:09:13:01 +0800] "GET /connect.php?mod=login&op=init&referer=forum.php%3Fmod%3Dviewthread%26tid%3D6854&statfrom=login HTTP/1.1" 302 5 "http://www.lszmn.org/forum.php?mod=viewthread&tid=6854" "Scrapy/1.7.3 (+https://scrapy.org)" "-"
60.13.138.109 - - [08/Jun/2022:09:13:01 +0800] "GET /forum.php?mod=post&action=reply&fid=3&tid=6854 HTTP/1.1" 200 4964 "http://www.lszmn.org/forum.php?mod=viewthread&tid=6854" "Scrapy/1.7.3 (+https://scrapy.org)" "-"
125.84.237.81 - - [08/Jun/2022:09:13:02 +0800] "GET /forum.php?mod=attachment&aid=MzQyM3w2YzQzNzg5ZHwxNjU0NjUwNzU3fDB8OTM5OA%3D%3D&nothumb=yes HTTP/1.1" 200 151024 "http://www.lszmn.org/forum.php?mod=viewthread&tid=9398&page=1&authorid=1" "Scrapy/1.7.3 (+https://scrapy.org)" "-"
123.145.19.185 - - [08/Jun/2022:09:13:02 +0800] "GET /forum.php?mod=post&action=reply&fid=3&tid=6854&reppost=135412&extra=&page=1 HTTP/1.1" 200 5012 "http://www.lszmn.org/forum.php?mod=viewthread&tid=6854" "Scrapy/1.7.3 (+https://scrapy.org)" "-"
171.37.37.201 - - [08/Jun/2022:09:13:02 +0800] "GET /home.php?mod=spacecp&ac=share&type=thread&id=6854 HTTP/1.1" 200 4864 "http://www.lszmn.org/forum.php?mod=viewthread&tid=6854" "Scrapy/1.7.3 (+https://scrapy.org)" "-"
60.13.138.109 - - [08/Jun/2022:09:13:02 +0800] "GET /forum.php?mod=viewthread&tid=6858 HTTP/1.1" 200 10669 "http://www.lszmn.org/forum.php?mod=viewthread&tid=6854" "Scrapy/1.7.3 (+https://scrapy.org)" "-"
220.250.63.19 - - [08/Jun/2022:09:13:02 +0800] "GET /home.php?mod=spacecp&ac=follow&op=relay&tid=6854&from=forum HTTP/1.1" 200 4882 "http://www.lszmn.org/forum.php?mod=viewthread&tid=6854" "Scrapy/1.7.3 (+https://scrapy.org)" "-"
140.224.64.4 - - [08/Jun/2022:09:13:02 +0800] "GET /home.php?mod=spacecp&ac=plugin&id=qqconnect:spacecp&pluginop=share&sh_type=4&thread_id=6854 HTTP/1.1" 200 4945 "http://www.lszmn.org/forum.php?mod=viewthread&tid=6854" "Scrapy/1.7.3 (+https://scrapy.org)" "-"
171.37.37.201 - - [08/Jun/2022:09:13:02 +0800] "GET /forum.php?mod=attachment&aid=MjA4M3xiZWMxYjU3OHwxNjU0NjUwNzc4fDB8Njg1NA%3D%3D&nothumb=yes HTTP/1.1" 200 21002 "http://www.lszmn.org/forum.php?mod=viewthread&tid=6854" "Scrapy/1.7.3 (+https://scrapy.org)" "-"
60.13.138.109 - - [08/Jun/2022:09:13:02 +0800] "GET /forum.php?mod=viewthread&tid=6851 HTTP/1.1" 200 11263 "http://www.lszmn.org/forum.php?mod=viewthread&tid=6854" "Scrapy/1.7.3 (+https://scrapy.org)" "-"
123.145.19.185 - - [08/Jun/2022:09:13:04 +0800] "GET /forum.php?mod=attachment&aid=MjA4Mnw2MDJlZTdlOHwxNjU0NjUwNzc4fDB8Njg1NA%3D%3D&nothumb=yes HTTP/1.1" 200 301105 "http://www.lszmn.org/forum.php?mod=viewthread&tid=6854" "Scrapy/1.7.3 (+https://scrapy.org)" "-"
171.37.37.201 - - [08/Jun/2022:09:13:05 +0800] "GET /forum.php?mod=attachment&aid=MjA4MHwyYWJmOTA4ZnwxNjU0NjUwNzc4fDB8Njg1NA%3D%3D&nothumb=yes HTTP/1.1" 200 186712 "http://www.lszmn.org/forum.php?mod=viewthread&tid=6854" "Scrapy/1.7.3 (+https://scrapy.org)" "-"
112.80.138.189 - - [08/Jun/2022:09:13:08 +0800] "GET /forum.php?mod=attachment&aid=MjA3OXxkYWM4MmI2MXwxNjU0NjUwNzc4fDB8Njg1NA%3D%3D&nothumb=yes HTTP/1.1" 200 280271 "http://www.lszmn.org/forum.php?mod=viewthread&tid=6854" "Scrapy/1.7.3 (+https://scrapy.org)" "-"
36.230.65.57 - - [08/Jun/2022:09:13:09 +0800] "GET /home.php?mod=space&do=friend&view=online&type=member&page=1 HTTP/1.1" 200 5058 "http://www.lszmn.org/home.php?mod=space&do=friend&view=online&type=member&page=1" "Mozilla/5.0 (Windows NT 6.1; WOW64; rv:43.0) Gecko/20100101 Firefox/43.0" "-"
171.37.37.201 - - [08/Jun/2022:09:13:10 +0800] "GET /forum.php?mod=attachment&aid=MjA3NXw1MGYxNDEwZXwxNjU0NjUwNzc4fDB8Njg1NA%3D%3D&nothumb=yes HTTP/1.1" 200 188593 "http://www.lszmn.org/forum.php?mod=viewthread&tid=6854" "Scrapy/1.7.3 (+https://scrapy.org)" "-"
123.145.19.185 - - [08/Jun/2022:09:13:11 +0800] "GET /forum.php?mod=attachment&aid=MjA3NHw4MGY1ZTA4NnwxNjU0NjUwNzc4fDB8Njg1NA%3D%3D&nothumb=yes HTTP/1.1" 200 205257 "http://www.lszmn.org/forum.php?mod=viewthread&tid=6854" "Scrapy/1.7.3 (+https://scrapy.org)" "-"
140.224.64.4 - - [08/Jun/2022:09:13:13 +0800] "GET /forum.php?mod=attachment&aid=MjA3N3w0NTBhZGI0ZXwxNjU0NjUwNzc4fDB8Njg1NA%3D%3D&nothumb=yes HTTP/1.1" 200 275750 "http://www.lszmn.org/forum.php?mod=viewthread&tid=6854" "Scrapy/1.7.3 (+https://scrapy.org)" "-"
171.37.37.201 - - [08/Jun/2022:09:13:13 +0800] "GET /forum.php?mod=attachment&aid=MjA3MnxjYWZkY2VkY3wxNjU0NjUwNzc4fDB8Njg1NA%3D%3D&nothumb=yes HTTP/1.1" 200 41032 "http://www.lszmn.org/forum.php?mod=viewthread&tid=6854" "Scrapy/1.7.3 (+https://scrapy.org)" "-"
112.80.138.189 - - [08/Jun/2022:09:13:14 +0800] "GET /forum.php?mod=attachment&aid=MjA3M3xhMzhjM2IxOXwxNjU0NjUwNzc4fDB8Njg1NA%3D%3D&nothumb=yes HTTP/1.1" 200 204017 "http://www.lszmn.org/forum.php?mod=viewthread&tid=6854" "Scrapy/1.7.3 (+https://scrapy.org)" "-"
123.145.19.185 - - [08/Jun/2022:09:13:15 +0800] "GET /forum.php?mod=viewthread&tid=6854&extra=&ordertype=1 HTTP/1.1" 200 11195 "http://www.lszmn.org/forum.php?mod=viewthread&tid=6854" "Scrapy/1.7.3 (+https://scrapy.org)" "-"
171.37.37.201 - - [08/Jun/2022:09:13:15 +0800] "GET /forum.php?mod=viewthread&tid=6854&from=album HTTP/1.1" 200 8263 "http://www.lszmn.org/forum.php?mod=viewthread&tid=6854" "Scrapy/1.7.3 (+https://scrapy.org)" "-"
60.13.138.109 - - [08/Jun/2022:09:13:15 +0800] "GET /forum.php?mod=attachment&aid=MjA3OHxkMjdmYjg0NXwxNjU0NjUwNzc4fDB8Njg1NA%3D%3D&nothumb=yes HTTP/1.1" 200 273491 "http://www.lszmn.org/forum.php?mod=viewthread&tid=6854" "Scrapy/1.7.3 (+https://scrapy.org)" "-"
171.37.37.201 - - [08/Jun/2022:09:13:15 +0800] "GET /forum.php?mod=viewthread&tid=165&mobile=1 HTTP/1.1" 200 4279 "http://www.lszmn.org/forum.php?mod=forumdisplay&fid=52&mobile=1" "Scrapy/1.7.3 (+https://scrapy.org)" "-"
186.79.60.202 - - [08/Jun/2022:09:13:15 +0800] "GET /forum.php?mod=viewthread&tid=1027&extra=&page=238861&mobile=no HTTP/1.1" 200 19991 "-" "Mozilla/5.0 (Macintosh; Intel Mac OS X 8.0.2; rv:52.51) Gecko/20100101 Firefox/52.51" "-"
171.37.37.201 - - [08/Jun/2022:09:13:15 +0800] "GET /connect.php?mod=login&op=init&referer=forum.php%3Fmod%3Dviewthread%26tid%3D6854&statfrom=login_simple HTTP/1.1" 302 5 "http://www.lszmn.org/forum.php?mod=viewthread&tid=6854" "Scrapy/1.7.3 (+https://scrapy.org)" "-"
171.37.37.201 - - [08/Jun/2022:09:13:15 +0800] "GET /forum.php?mod=post&action=reply&fid=3&tid=6871&extra=&page=1 HTTP/1.1" 200 4989 "http://www.lszmn.org/forum.php?mod=viewthread&tid=6871" "Scrapy/1.7.3 (+https://scrapy.org)" "-"
140.224.64.4 - - [08/Jun/2022:09:13:16 +0800] "GET /forum.php?mod=redirect&goto=nextoldset&tid=6871 HTTP/1.1" 302 5 "http://www.lszmn.org/forum.php?mod=viewthread&tid=6871" "Scrapy/1.7.3 (+https://scrapy.org)" "-"
