111.85.200.78 - - [08/Jun/2022:09:41:41 +0800] "GET /forum.php?mod=viewthread&tid=9354&page=1&authorid=1 HTTP/1.1" 200 14196 "http://www.lszmn.org/forum.php?mod=viewthread&tid=9354" "Scrapy/1.7.3 (+https://scrapy.org)" "-"
124.31.107.36 - - [08/Jun/2022:09:41:41 +0800] "GET /forum.php?mod=viewthread&tid=9354&from=album HTTP/1.1" 200 8663 "http://www.lszmn.org/forum.php?mod=viewthread&tid=9354" "Scrapy/1.7.3 (+https://scrapy.org)" "-"
111.85.200.78 - - [08/Jun/2022:09:41:41 +0800] "GET /connect.php?mod=login&op=init&referer=forum.php%3Fmod%3Dviewthread%26tid%3D9354&statfrom=login_simple HTTP/1.1" 302 5 "http://www.lszmn.org/forum.php?mod=viewthread&tid=9354" "Scrapy/1.7.3 (+https://scrapy.org)" "-"
54.36.148.2 - - [08/Jun/2022:09:41:41 +0800] "GET /forum.php?mod=viewthread&tid=982&pid=6614452&page=5&extra= HTTP/1.1" 200 16660 "-" "Mozilla/5.0 (compatible; AhrefsBot/7.0; +http://ahrefs.com/robot/)" "-"
111.85.200.78 - - [08/Jun/2022:09:41:42 +0800] "GET /forum.php?mod=attachment&aid=MzAwN3w1YzJjOGNkZXwxNjU0NjUyNDg0fDB8OTMzOQ%3D%3D&nothumb=yes HTTP/1.1" 200 50164 "http://www.lszmn.org/forum.php?mod=viewthread&tid=9339" "Scrapy/1.7.3 (+https://scrapy.org)" "-"
58.18.161.22 - - [08/Jun/2022:09:41:42 +0800] "GET /forum.php?mod=attachment&aid=MzAwNnw1MjViZTdiMXwxNjU0NjUyNDg0fDB8OTMzOQ%3D%3D&nothumb=yes HTTP/1.1" 200 59861 "http://www.lszmn.org/forum.php?mod=viewthread&tid=9339" "Scrapy/1.7.3 (+https://scrapy.org)" "-"
124.31.107.36 - - [08/Jun/2022:09:41:42 +0800] "GET /forum.php?mod=attachment&aid=MzAwNXxjNDA1MjhiZXwxNjU0NjUyNDg0fDB8OTMzOQ%3D%3D&nothumb=yes HTTP/1.1" 200 52681 "http://www.lszmn.org/forum.php?mod=viewthread&tid=9339" "Scrapy/1.7.3 (+https://scrapy.org)" "-"
185.191.171.40 - - [08/Jun/2022:09:41:42 +0800] "GET /forum.php?action=postreview&do=against&hash=0b838be6&mod=misc&pid=1221&tid=972 HTTP/1.1" 200 4782 "-" "Mozilla/5.0 (compatible; SemrushBot/7~bl; +http://www.semrush.com/bot.html)" "-"
120.0.52.21 - - [08/Jun/2022:09:41:42 +0800] "GET /forum.php?mod=attachment&aid=MzAwNHxmNzE4NTljMHwxNjU0NjUyNDg0fDB8OTMzOQ%3D%3D&nothumb=yes HTTP/1.1" 200 98044 "http://www.lszmn.org/forum.php?mod=viewthread&tid=9339" "Scrapy/1.7.3 (+https://scrapy.org)" "-"
144.255.17.85 - - [08/Jun/2022:09:41:42 +0800] "GET /forum.php?mod=attachment&aid=MzAwM3xjZTM2ZTFhOHwxNjU0NjUyNDg0fDB8OTMzOQ%3D%3D&nothumb=yes HTTP/1.1" 200 66820 "http://www.lszmn.org/forum.php?mod=viewthread&tid=9339" "Scrapy/1.7.3 (+https://scrapy.org)" "-"
111.224.248.134 - - [08/Jun/2022:09:41:44 +0800] "GET /forum.php?mod=attachment&aid=MzAwMXxjZWZlYjAyNXwxNjU0NjUyNDg0fDB8OTMzOQ%3D%3D&nothumb=yes HTTP/1.1" 200 71121 "http://www.lszmn.org/forum.php?mod=viewthread&tid=9339" "Scrapy/1.7.3 (+https://scrapy.org)" "-"
111.224.235.60 - - [08/Jun/2022:09:41:45 +0800] "GET /forum.php?mod=attachment&aid=MzAwMnxhYzMzYmUyZXwxNjU0NjUyNDg0fDB8OTMzOQ%3D%3D&nothumb=yes HTTP/1.1" 200 101898 "http://www.lszmn.org/forum.php?mod=viewthread&tid=9339" "Scrapy/1.7.3 (+https://scrapy.org)" "-"
124.117.195.223 - - [08/Jun/2022:09:41:45 +0800] "GET /forum.php?mod=attachment&aid=Mjk5OXwyMzc4MmM3ZHwxNjU0NjUyNDg0fDB8OTMzOQ%3D%3D&nothumb=yes HTTP/1.1" 200 103221 "http://www.lszmn.org/forum.php?mod=viewthread&tid=9339" "Scrapy/1.7.3 (+https://scrapy.org)" "-"
111.85.200.78 - - [08/Jun/2022:09:41:45 +0800] "GET /forum.php?mod=attachment&aid=MzAwMHw3YzE0MzNhN3wxNjU0NjUyNDg0fDB8OTMzOQ%3D%3D&nothumb=yes HTTP/1.1" 200 88115 "http://www.lszmn.org/forum.php?mod=viewthread&tid=9339" "Scrapy/1.7.3 (+https://scrapy.org)" "-"
58.18.161.22 - - [08/Jun/2022:09:41:46 +0800] "GET /forum.php?mod=attachment&aid=Mjk5NXxhNDgxN2Y0NHwxNjU0NjUyNDg0fDB8OTMzOQ%3D%3D&nothumb=yes HTTP/1.1" 200 83911 "http://www.lszmn.org/forum.php?mod=viewthread&tid=9339" "Scrapy/1.7.3 (+https://scrapy.org)" "-"
144.255.17.85 - - [08/Jun/2022:09:41:46 +0800] "GET /forum.php?mod=attachment&aid=Mjk5OHw3Njg2NDM5OXwxNjU0NjUyNDg0fDB8OTMzOQ%3D%3D&nothumb=yes HTTP/1.1" 200 83022 "http://www.lszmn.org/forum.php?mod=viewthread&tid=9339" "Scrapy/1.7.3 (+https://scrapy.org)" "-"
58.18.161.22 - - [08/Jun/2022:09:41:48 +0800] "GET /forum.php?mod=attachment&aid=Mjk5NHw2MDQ2ZmZmOHwxNjU0NjUyNDg0fDB8OTMzOQ%3D%3D&nothumb=yes HTTP/1.1" 200 61957 "http://www.lszmn.org/forum.php?mod=viewthread&tid=9339" "Scrapy/1.7.3 (+https://scrapy.org)" "-"
124.31.107.36 - - [08/Jun/2022:09:41:48 +0800] "GET /forum.php?mod=attachment&aid=Mjk5Nnw0ODEyODZiYnwxNjU0NjUyNDg0fDB8OTMzOQ%3D%3D&nothumb=yes HTTP/1.1" 200 68360 "http://www.lszmn.org/forum.php?mod=viewthread&tid=9339" "Scrapy/1.7.3 (+https://scrapy.org)" "-"
111.224.248.134 - - [08/Jun/2022:09:41:49 +0800] "GET /forum.php?mod=attachment&aid=Mjk5N3wwYTUzNzZkNnwxNjU0NjUyNDg0fDB8OTMzOQ%3D%3D&nothumb=yes HTTP/1.1" 200 120213 "http://www.lszmn.org/forum.php?mod=viewthread&tid=9339" "Scrapy/1.7.3 (+https://scrapy.org)" "-"
58.18.161.22 - - [08/Jun/2022:09:41:49 +0800] "GET /forum.php?mod=attachment&aid=Mjk5M3xhYzI1Mzg2NXwxNjU0NjUyNDg0fDB8OTMzOQ%3D%3D&nothumb=yes HTTP/1.1" 200 103270 "http://www.lszmn.org/forum.php?mod=viewthread&tid=9339" "Scrapy/1.7.3 (+https://scrapy.org)" "-"
144.255.17.85 - - [08/Jun/2022:09:41:50 +0800] "GET /forum.php?mod=attachment&aid=Mjk5MXw3ZTc0YzBlM3wxNjU0NjUyNDg0fDB8OTMzOQ%3D%3D&nothumb=yes HTTP/1.1" 200 53970 "http://www.lszmn.org/forum.php?mod=viewthread&tid=9339" "Scrapy/1.7.3 (+https://scrapy.org)" "-"
111.224.235.60 - - [08/Jun/2022:09:41:50 +0800] "GET /forum.php?mod=attachment&aid=Mjk5MnwzNTAyZTdhOHwxNjU0NjUyNDg0fDB8OTMzOQ%3D%3D&nothumb=yes HTTP/1.1" 200 92916 "http://www.lszmn.org/forum.php?mod=viewthread&tid=9339" "Scrapy/1.7.3 (+https://scrapy.org)" "-"
120.0.52.21 - - [08/Jun/2022:09:41:51 +0800] "GET /forum.php?mod=attachment&aid=Mjk5MHw0NGU4OTA3NHwxNjU0NjUyNDg0fDB8OTMzOQ%3D%3D&nothumb=yes HTTP/1.1" 200 99272 "http://www.lszmn.org/forum.php?mod=viewthread&tid=9339" "Scrapy/1.7.3 (+https://scrapy.org)" "-"
144.255.17.85 - - [08/Jun/2022:09:41:52 +0800] "GET /forum.php?mod=attachment&aid=Mjk4N3w3NGEzYzU4NnwxNjU0NjUyNDg0fDB8OTMzOQ%3D%3D&nothumb=yes HTTP/1.1" 200 54410 "http://www.lszmn.org/forum.php?mod=viewthread&tid=9339" "Scrapy/1.7.3 (+https://scrapy.org)" "-"
124.117.195.223 - - [08/Jun/2022:09:41:52 +0800] "GET /forum.php?mod=attachment&aid=Mjk4OXw1ODBlYzM1NHwxNjU0NjUyNDg0fDB8OTMzOQ%3D%3D&nothumb=yes HTTP/1.1" 200 131177 "http://www.lszmn.org/forum.php?mod=viewthread&tid=9339" "Scrapy/1.7.3 (+https://scrapy.org)" "-"
111.85.200.78 - - [08/Jun/2022:09:41:53 +0800] "GET /forum.php?mod=attachment&aid=Mjk4OHxmYjFhOGE3ZnwxNjU0NjUyNDg0fDB8OTMzOQ%3D%3D&nothumb=yes HTTP/1.1" 200 131177 "http://www.lszmn.org/forum.php?mod=viewthread&tid=9339" "Scrapy/1.7.3 (+https://scrapy.org)" "-"
144.255.17.85 - - [08/Jun/2022:09:41:53 +0800] "GET /forum.php?mod=attachment&aid=Mjk4NnwyZjUwMGQ1ZnwxNjU0NjUyNDg0fDB8OTMzOQ%3D%3D&nothumb=yes HTTP/1.1" 200 101009 "http://www.lszmn.org/forum.php?mod=viewthread&tid=9339" "Scrapy/1.7.3 (+https://scrapy.org)" "-"
58.18.161.22 - - [08/Jun/2022:09:41:54 +0800] "GET /forum.php?mod=attachment&aid=Mjk4NXwyYTQ2ZDc2N3wxNjU0NjUyNDg0fDB8OTMzOQ%3D%3D&nothumb=yes HTTP/1.1" 200 117957 "http://www.lszmn.org/forum.php?mod=viewthread&tid=9339" "Scrapy/1.7.3 (+https://scrapy.org)" "-"
111.224.235.60 - - [08/Jun/2022:09:41:55 +0800] "GET /forum.php?mod=attachment&aid=Mjk4NHxjMjU4MTY0NXwxNjU0NjUyNDg0fDB8OTMzOQ%3D%3D&nothumb=yes HTTP/1.1" 200 94676 "http://www.lszmn.org/forum.php?mod=viewthread&tid=9339" "Scrapy/1.7.3 (+https://scrapy.org)" "-"
120.0.52.21 - - [08/Jun/2022:09:41:56 +0800] "GET /forum.php?mod=attachment&aid=Mjk4Mnw4YTZhNjEzZXwxNjU0NjUyNDg0fDB8OTMzOQ%3D%3D&nothumb=yes HTTP/1.1" 200 111409 "http://www.lszmn.org/forum.php?mod=viewthread&tid=9339" "Scrapy/1.7.3 (+https://scrapy.org)" "-"
111.85.200.78 - - [08/Jun/2022:09:41:58 +0800] "GET /forum.php?mod=attachment&aid=Mjk4MHw0ZTM0ZjUwY3wxNjU0NjUyNDg0fDB8OTMzOQ%3D%3D&nothumb=yes HTTP/1.1" 200 124649 "http://www.lszmn.org/forum.php?mod=viewthread&tid=9339" "Scrapy/1.7.3 (+https://scrapy.org)" "-"
111.224.248.134 - - [08/Jun/2022:09:41:58 +0800] "GET /forum.php?mod=attachment&aid=Mjk4M3wxMTBmOTdlOHwxNjU0NjUyNDg0fDB8OTMzOQ%3D%3D&nothumb=yes HTTP/1.1" 200 56823 "http://www.lszmn.org/forum.php?mod=viewthread&tid=9339" "Scrapy/1.7.3 (+https://scrapy.org)" "-"
124.31.107.36 - - [08/Jun/2022:09:41:58 +0800] "GET /forum.php?mod=attachment&aid=Mjk4MXxmNDkwMDExMXwxNjU0NjUyNDg0fDB8OTMzOQ%3D%3D&nothumb=yes HTTP/1.1" 200 87094 "http://www.lszmn.org/forum.php?mod=viewthread&tid=9339" "Scrapy/1.7.3 (+https://scrapy.org)" "-"
144.255.17.85 - - [08/Jun/2022:09:41:58 +0800] "GET /home.php?mod=spacecp&ac=favorite&type=thread&id=9333 HTTP/1.1" 200 4870 "http://www.lszmn.org/forum.php?mod=viewthread&tid=9333" "Scrapy/1.7.3 (+https://scrapy.org)" "-"
111.224.235.60 - - [08/Jun/2022:09:41:59 +0800] "GET /home.php?mod=spacecp&ac=plugin&id=qqconnect:spacecp&pluginop=share&sh_type=4&thread_id=9333 HTTP/1.1" 200 4947 "http://www.lszmn.org/forum.php?mod=viewthread&tid=9333" "Scrapy/1.7.3 (+https://scrapy.org)" "-"
111.224.235.60 - - [08/Jun/2022:09:41:59 +0800] "GET /forum.php?mod=attachment&aid=Mjk0Nnw0YWY3MTE4YXwxNjU0NjUyMzMwfDB8OTMzMw%3D%3D&nothumb=yes HTTP/1.1" 200 49263 "http://www.lszmn.org/forum.php?mod=viewthread&tid=9333" "Scrapy/1.7.3 (+https://scrapy.org)" "-"
144.255.17.85 - - [08/Jun/2022:09:41:59 +0800] "GET /forum.php?mod=attachment&aid=Mjk0Mnw1NDU3OTBkZXwxNjU0NjUyMzMwfDB8OTMzMw%3D%3D&nothumb=yes HTTP/1.1" 200 41181 "http://www.lszmn.org/forum.php?mod=viewthread&tid=9333" "Scrapy/1.7.3 (+https://scrapy.org)" "-"
111.224.235.60 - - [08/Jun/2022:09:42:00 +0800] "GET /forum.php?mod=attachment&aid=Mjk0M3w5MmUxZmM4MHwxNjU0NjUyMzMwfDB8OTMzMw%3D%3D&nothumb=yes HTTP/1.1" 200 42005 "http://www.lszmn.org/forum.php?mod=viewthread&tid=9333" "Scrapy/1.7.3 (+https://scrapy.org)" "-"
185.191.171.16 - - [08/Jun/2022:09:42:00 +0800] "GET /forum.php?action=postreview&do=support&hash=8f1b8eb7&mod=misc&pid=2014&tid=234 HTTP/1.1" 200 4780 "-" "Mozilla/5.0 (compatible; SemrushBot/7~bl; +http://www.semrush.com/bot.html)" "-"
124.117.195.223 - - [08/Jun/2022:09:42:01 +0800] "GET /forum.php?mod=attachment&aid=Mjk0N3wwZjRjMmI5N3wxNjU0NjUyMzMwfDB8OTMzMw%3D%3D&nothumb=yes HTTP/1.1" 200 50777 "http://www.lszmn.org/forum.php?mod=viewthread&tid=9333" "Scrapy/1.7.3 (+https://scrapy.org)" "-"
58.18.161.22 - - [08/Jun/2022:09:42:02 +0800] "GET /forum.php?mod=attachment&aid=Mjk0NHw2MmZhNDA0NnwxNjU0NjUyMzMwfDB8OTMzMw%3D%3D&nothumb=yes HTTP/1.1" 200 91874 "http://www.lszmn.org/forum.php?mod=viewthread&tid=9333" "Scrapy/1.7.3 (+https://scrapy.org)" "-"
111.224.248.134 - - [08/Jun/2022:09:42:02 +0800] "GET /forum.php?mod=attachment&aid=MjkzNHw3MjkzYjc2MHwxNjU0NjUyMzMwfDB8OTMzMw%3D%3D&nothumb=yes HTTP/1.1" 200 82760 "http://www.lszmn.org/forum.php?mod=viewthread&tid=9333" "Scrapy/1.7.3 (+https://scrapy.org)" "-"
144.255.17.85 - - [08/Jun/2022:09:42:02 +0800] "GET /forum.php?mod=attachment&aid=MjkzN3xlOTVkNWI0NXwxNjU0NjUyMzMwfDB8OTMzMw%3D%3D&nothumb=yes HTTP/1.1" 200 64068 "http://www.lszmn.org/forum.php?mod=viewthread&tid=9333" "Scrapy/1.7.3 (+https://scrapy.org)" "-"
111.224.235.60 - - [08/Jun/2022:09:42:03 +0800] "GET /forum.php?mod=attachment&aid=Mjk0NXxmOGE3Y2E3NXwxNjU0NjUyMzMwfDB8OTMzMw%3D%3D&nothumb=yes HTTP/1.1" 200 41815 "http://www.lszmn.org/forum.php?mod=viewthread&tid=9333" "Scrapy/1.7.3 (+https://scrapy.org)" "-"
111.85.200.78 - - [08/Jun/2022:09:42:03 +0800] "GET /connect.php?mod=login&op=init&referer=home.php%3Fmod%3Dspacecp%26ac%3Dplugin%26id%3Dqqconnect%3Aspacecp%26pluginop%3Dshare%26sh_type%3D4%26thread_id%3D9333&statfrom=login_simple HTTP/1.1" 302 5 "http://www.lszmn.org/home.php?mod=spacecp&ac=plugin&id=qqconnect:spacecp&pluginop=share&sh_type=4&thread_id=9333" "Scrapy/1.7.3 (+https://scrapy.org)" "-"
120.0.52.21 - - [08/Jun/2022:09:42:03 +0800] "GET /forum.php?mod=viewthread&tid=9333&extra=&ordertype=1 HTTP/1.1" 200 11557 "http://www.lszmn.org/forum.php?mod=viewthread&tid=9333" "Scrapy/1.7.3 (+https://scrapy.org)" "-"
106.11.159.17 - - [08/Jun/2022:09:42:03 +0800] "GET /forum.php?fid=4&filter=reply&mod=forumdisplay&mod=forumdisplay&orderby=views&orderby=views&page=6 HTTP/1.1" 200 8491 "-" "Mozilla/5.0 (Windows NT 6.1; Win64; x64) AppleWebKit/537.36 (KHTML, like Gecko) Chrome/69.0.3497.81 YisouSpider/5.0 Safari/537.36" "-"
111.85.200.78 - - [08/Jun/2022:09:42:03 +0800] "GET /connect.php?mod=login&op=init&referer=home.php%3Fmod%3Dspacecp%26ac%3Dfavorite%26type%3Dthread%26id%3D9333&statfrom=login_simple HTTP/1.1" 302 5 "http://www.lszmn.org/home.php?mod=spacecp&ac=favorite&type=thread&id=9333" "Scrapy/1.7.3 (+https://scrapy.org)" "-"
111.85.200.78 - - [08/Jun/2022:09:42:04 +0800] "GET /forum.php?mod=viewthread&tid=9333&from=album HTTP/1.1" 200 8349 "http://www.lszmn.org/forum.php?mod=viewthread&tid=9333" "Scrapy/1.7.3 (+https://scrapy.org)" "-"
120.0.52.21 - - [08/Jun/2022:09:42:04 +0800] "GET /forum.php?mod=viewthread&tid=9333&page=1&authorid=1 HTTP/1.1" 200 11685 "http://www.lszmn.org/forum.php?mod=viewthread&tid=9333" "Scrapy/1.7.3 (+https://scrapy.org)" "-"
124.117.195.223 - - [08/Jun/2022:09:42:04 +0800] "GET /home.php?mod=spacecp&ac=follow&op=relay&tid=9345&from=forum HTTP/1.1" 200 4883 "http://www.lszmn.org/forum.php?mod=viewthread&tid=9345" "Scrapy/1.7.3 (+https://scrapy.org)" "-"
144.255.17.85 - - [08/Jun/2022:09:42:05 +0800] "GET /home.php?mod=spacecp&ac=favorite&type=thread&id=9345 HTTP/1.1" 200 4871 "http://www.lszmn.org/forum.php?mod=viewthread&tid=9345" "Scrapy/1.7.3 (+https://scrapy.org)" "-"
124.31.107.36 - - [08/Jun/2022:09:42:05 +0800] "GET /home.php?mod=spacecp&ac=plugin&id=qqconnect:spacecp&pluginop=share&sh_type=4&thread_id=9345 HTTP/1.1" 200 4945 "http://www.lszmn.org/forum.php?mod=viewthread&tid=9345" "Scrapy/1.7.3 (+https://scrapy.org)" "-"
144.255.17.85 - - [08/Jun/2022:09:42:05 +0800] "GET /forum.php?mod=attachment&aid=MzAyOXw4ZGRiODJhN3wxNjU0NjUyMzMwfDB8OTM0NQ%3D%3D&nothumb=yes HTTP/1.1" 200 35972 "http://www.lszmn.org/forum.php?mod=viewthread&tid=9345" "Scrapy/1.7.3 (+https://scrapy.org)" "-"
120.0.52.21 - - [08/Jun/2022:09:42:05 +0800] "GET /forum.php?mod=attachment&aid=MzAyOHwzMGNkNzllM3wxNjU0NjUyMzMwfDB8OTM0NQ%3D%3D&nothumb=yes HTTP/1.1" 200 52719 "http://www.lszmn.org/forum.php?mod=viewthread&tid=9345" "Scrapy/1.7.3 (+https://scrapy.org)" "-"
111.85.200.78 - - [08/Jun/2022:09:42:05 +0800] "GET /connect.php?mod=login&op=init&referer=forum.php%3Fmod%3Dviewthread%26tid%3D9333%26extra%3D%26ordertype%3D1&statfrom=login HTTP/1.1" 302 5 "http://www.lszmn.org/forum.php?mod=viewthread&tid=9333&extra=&ordertype=1" "Scrapy/1.7.3 (+https://scrapy.org)" "-"
124.31.107.36 - - [08/Jun/2022:09:42:06 +0800] "GET /forum.php?mod=attachment&aid=MzAzMHwzZjk2NmM1M3wxNjU0NjUyMzMwfDB8OTM0NQ%3D%3D&nothumb=yes HTTP/1.1" 200 39423 "http://www.lszmn.org/forum.php?mod=viewthread&tid=9345" "Scrapy/1.7.3 (+https://scrapy.org)" "-"
124.117.195.223 - - [08/Jun/2022:09:42:06 +0800] "GET /forum.php?mod=attachment&aid=Mjk0M3xiMDEyODJlZXwxNjU0NjUyNTIzfDB8OTMzMw%3D%3D&nothumb=yes HTTP/1.1" 200 42005 "http://www.lszmn.org/forum.php?mod=viewthread&tid=9333&extra=&ordertype=1" "Scrapy/1.7.3 (+https://scrapy.org)" "-"
144.255.17.85 - - [08/Jun/2022:09:42:06 +0800] "GET /forum.php?mod=attachment&aid=Mjk0Nnw2NmNiMjA1MnwxNjU0NjUyNTIzfDB8OTMzMw%3D%3D&nothumb=yes HTTP/1.1" 200 49263 "http://www.lszmn.org/forum.php?mod=viewthread&tid=9333&extra=&ordertype=1" "Scrapy/1.7.3 (+https://scrapy.org)" "-"
111.224.248.134 - - [08/Jun/2022:09:42:06 +0800] "GET /forum.php?mod=attachment&aid=Mjk0N3xiOTVmNmM5OHwxNjU0NjUyNTIzfDB8OTMzMw%3D%3D&nothumb=yes HTTP/1.1" 200 50777 "http://www.lszmn.org/forum.php?mod=viewthread&tid=9333&extra=&ordertype=1" "Scrapy/1.7.3 (+https://scrapy.org)" "-"
111.224.235.60 - - [08/Jun/2022:09:42:06 +0800] "GET /connect.php?mod=login&op=init&referer=forum.php%3Fmod%3Dviewthread%26tid%3D9333%26page%3D1%26authorid%3D1&statfrom=login_simple HTTP/1.1" 302 5 "http://www.lszmn.org/forum.php?mod=viewthread&tid=9333&page=1&authorid=1" "Scrapy/1.7.3 (+https://scrapy.org)" "-"
111.85.200.78 - - [08/Jun/2022:09:42:06 +0800] "GET /forum.php?mod=attachment&aid=Mjk0MnxmZDI0ZDg1MnwxNjU0NjUyNTIzfDB8OTMzMw%3D%3D&nothumb=yes HTTP/1.1" 200 41181 "http://www.lszmn.org/forum.php?mod=viewthread&tid=9333&extra=&ordertype=1" "Scrapy/1.7.3 (+https://scrapy.org)" "-"
111.224.235.60 - - [08/Jun/2022:09:42:07 +0800] "GET /connect.php?mod=login&op=init&referer=home.php%3Fmod%3Dspacecp%26ac%3Dplugin%26id%3Dqqconnect%3Aspacecp%26pluginop%3Dshare%26sh_type%3D4%26thread_id%3D9345&statfrom=login_simple HTTP/1.1" 302 5 "http://www.lszmn.org/home.php?mod=spacecp&ac=plugin&id=qqconnect:spacecp&pluginop=share&sh_type=4&thread_id=9345" "Scrapy/1.7.3 (+https://scrapy.org)" "-"
124.31.107.36 - - [08/Jun/2022:09:42:07 +0800] "GET /connect.php?mod=login&op=init&referer=home.php%3Fmod%3Dspacecp%26ac%3Dfavorite%26type%3Dthread%26id%3D9345&statfrom=login_simple HTTP/1.1" 302 5 "http://www.lszmn.org/home.php?mod=spacecp&ac=favorite&type=thread&id=9345" "Scrapy/1.7.3 (+https://scrapy.org)" "-"
111.224.235.60 - - [08/Jun/2022:09:42:07 +0800] "GET /forum.php?mod=post&action=reply&fid=20&tid=9333&extra=&page=1&from=album HTTP/1.1" 200 5018 "http://www.lszmn.org/forum.php?mod=viewthread&tid=9333&from=album" "Scrapy/1.7.3 (+https://scrapy.org)" "-"
144.255.17.85 - - [08/Jun/2022:09:42:07 +0800] "GET /connect.php?mod=login&op=init&referer=forum.php%3Fmod%3Dviewthread%26tid%3D9333%26from%3Dalbum&statfrom=login_simple HTTP/1.1" 302 5 "http://www.lszmn.org/forum.php?mod=viewthread&tid=9333&from=album" "Scrapy/1.7.3 (+https://scrapy.org)" "-"
124.31.107.36 - - [08/Jun/2022:09:42:07 +0800] "GET /connect.php?mod=login&op=init&referer=home.php%3Fmod%3Dspacecp%26ac%3Dfollow%26op%3Drelay%26tid%3D9345%26from%3Dforum&statfrom=login_simple HTTP/1.1" 302 5 "http://www.lszmn.org/home.php?mod=spacecp&ac=follow&op=relay&tid=9345&from=forum" "Scrapy/1.7.3 (+https://scrapy.org)" "-"
111.85.200.78 - - [08/Jun/2022:09:42:07 +0800] "GET /connect.php?mod=login&op=init&referer=forum.php%3Fmod%3Dviewthread%26tid%3D9333%26page%3D1%26authorid%3D1&statfrom=login HTTP/1.1" 302 5 "http://www.lszmn.org/forum.php?mod=viewthread&tid=9333&page=1&authorid=1" "Scrapy/1.7.3 (+https://scrapy.org)" "-"
144.255.17.85 - - [08/Jun/2022:09:42:07 +0800] "GET /forum.php?mod=attachment&aid=Mjk0Mnw3Y2NlNWFiN3wxNjU0NjUyNTI0fDB8OTMzMw%3D%3D&nothumb=yes HTTP/1.1" 200 41181 "http://www.lszmn.org/forum.php?mod=viewthread&tid=9333&page=1&authorid=1" "Scrapy/1.7.3 (+https://scrapy.org)" "-"
124.117.195.223 - - [08/Jun/2022:09:42:07 +0800] "GET /forum.php?mod=attachment&aid=Mjk0NnwwNzg1YzFkZnwxNjU0NjUyNTI0fDB8OTMzMw%3D%3D&nothumb=yes HTTP/1.1" 200 49263 "http://www.lszmn.org/forum.php?mod=viewthread&tid=9333&page=1&authorid=1" "Scrapy/1.7.3 (+https://scrapy.org)" "-"
111.85.200.78 - - [08/Jun/2022:09:42:08 +0800] "GET /forum.php?mod=attachment&aid=Mjk0N3xiYjZkNDYzZnwxNjU0NjUyNTI0fDB8OTMzMw%3D%3D&nothumb=yes HTTP/1.1" 200 50777 "http://www.lszmn.org/forum.php?mod=viewthread&tid=9333&page=1&authorid=1" "Scrapy/1.7.3 (+https://scrapy.org)" "-"
124.31.107.36 - - [08/Jun/2022:09:42:08 +0800] "GET /forum.php?mod=attachment&aid=Mjk0M3wzODIzN2IyN3wxNjU0NjUyNTI0fDB8OTMzMw%3D%3D&nothumb=yes HTTP/1.1" 200 42005 "http://www.lszmn.org/forum.php?mod=viewthread&tid=9333&page=1&authorid=1" "Scrapy/1.7.3 (+https://scrapy.org)" "-"
120.0.52.21 - - [08/Jun/2022:09:42:08 +0800] "GET /forum.php?mod=attachment&aid=MjkzNHwwOTQ5YzIyYnwxNjU0NjUyNTI0fDB8OTMzMw%3D%3D&nothumb=yes HTTP/1.1" 200 82760 "http://www.lszmn.org/forum.php?mod=viewthread&tid=9333&page=1&authorid=1" "Scrapy/1.7.3 (+https://scrapy.org)" "-"
111.224.248.134 - - [08/Jun/2022:09:42:08 +0800] "GET /forum.php?mod=attachment&aid=Mjk0NXw2OWY1OTQ3MHwxNjU0NjUyNTI0fDB8OTMzMw%3D%3D&nothumb=yes HTTP/1.1" 200 41815 "http://www.lszmn.org/forum.php?mod=viewthread&tid=9333&page=1&authorid=1" "Scrapy/1.7.3 (+https://scrapy.org)" "-"
111.224.235.60 - - [08/Jun/2022:09:42:08 +0800] "GET /forum.php?mod=attachment&aid=Mjk0NHxlMGEwZWU5YnwxNjU0NjUyNTI0fDB8OTMzMw%3D%3D&nothumb=yes HTTP/1.1" 200 91874 "http://www.lszmn.org/forum.php?mod=viewthread&tid=9333&page=1&authorid=1" "Scrapy/1.7.3 (+https://scrapy.org)" "-"
144.255.17.85 - - [08/Jun/2022:09:42:09 +0800] "GET /forum.php?mod=viewthread&tid=9333&page=1 HTTP/1.1" 200 11665 "http://www.lszmn.org/forum.php?mod=viewthread&tid=9333&page=1&authorid=1" "Scrapy/1.7.3 (+https://scrapy.org)" "-"
58.18.161.22 - - [08/Jun/2022:09:42:09 +0800] "GET /forum.php?mod=attachment&aid=MjkzN3xjNTNjMzFmNXwxNjU0NjUyNTI0fDB8OTMzMw%3D%3D&nothumb=yes HTTP/1.1" 200 64068 "http://www.lszmn.org/forum.php?mod=viewthread&tid=9333&page=1&authorid=1" "Scrapy/1.7.3 (+https://scrapy.org)" "-"
111.85.200.78 - - [08/Jun/2022:09:42:11 +0800] "GET /forum.php?mod=attachment&aid=MjkzNHwxZDUzODYzZHwxNjU0NjUyNTIzfDB8OTMzMw%3D%3D&nothumb=yes HTTP/1.1" 200 82760 "http://www.lszmn.org/forum.php?mod=viewthread&tid=9333&extra=&ordertype=1" "Scrapy/1.7.3 (+https://scrapy.org)" "-"
111.224.248.134 - - [08/Jun/2022:09:42:11 +0800] "GET /forum.php?mod=attachment&aid=MjkzN3xhNDU3YjI5N3wxNjU0NjUyNTIzfDB8OTMzMw%3D%3D&nothumb=yes HTTP/1.1" 200 64068 "http://www.lszmn.org/forum.php?mod=viewthread&tid=9333&extra=&ordertype=1" "Scrapy/1.7.3 (+https://scrapy.org)" "-"
185.191.171.11 - - [08/Jun/2022:09:42:11 +0800] "GET /forum.php?action=postreview&do=against&hash=a3463d9e&mod=misc&pid=6222788&tid=982 HTTP/1.1" 200 4796 "-" "Mozilla/5.0 (compatible; SemrushBot/7~bl; +http://www.semrush.com/bot.html)" "-"
144.255.17.85 - - [08/Jun/2022:09:42:11 +0800] "GET /forum.php?mod=attachment&aid=Mjk0NHwyZGZjMDRjNnwxNjU0NjUyNTIzfDB8OTMzMw%3D%3D&nothumb=yes HTTP/1.1" 200 91874 "http://www.lszmn.org/forum.php?mod=viewthread&tid=9333&extra=&ordertype=1" "Scrapy/1.7.3 (+https://scrapy.org)" "-"
120.0.52.21 - - [08/Jun/2022:09:42:11 +0800] "GET /forum.php?mod=viewthread&tid=9333&extra=&ordertype=2 HTTP/1.1" 200 11695 "http://www.lszmn.org/forum.php?mod=viewthread&tid=9333&extra=&ordertype=1" "Scrapy/1.7.3 (+https://scrapy.org)" "-"
124.117.195.223 - - [08/Jun/2022:09:42:11 +0800] "GET /connect.php?mod=login&op=init&referer=forum.php%3Fmod%3Dviewthread%26tid%3D9333%26extra%3D%26ordertype%3D1&statfrom=login_simple HTTP/1.1" 302 5 "http://www.lszmn.org/forum.php?mod=viewthread&tid=9333&extra=&ordertype=1" "Scrapy/1.7.3 (+https://scrapy.org)" "-"
124.117.195.223 - - [08/Jun/2022:09:42:12 +0800] "GET /forum.php?mod=attachment&aid=MzAzMXxiOGRlM2U3ZXwxNjU0NjUyMzMwfDB8OTM0NQ%3D%3D&nothumb=yes HTTP/1.1" 200 53942 "http://www.lszmn.org/forum.php?mod=viewthread&tid=9345" "Scrapy/1.7.3 (+https://scrapy.org)" "-"
124.31.107.36 - - [08/Jun/2022:09:42:12 +0800] "GET /forum.php?mod=attachment&aid=Mjk0NXxiZWYwMDI1NHwxNjU0NjUyNTIzfDB8OTMzMw%3D%3D&nothumb=yes HTTP/1.1" 200 41815 "http://www.lszmn.org/forum.php?mod=viewthread&tid=9333&extra=&ordertype=1" "Scrapy/1.7.3 (+https://scrapy.org)" "-"
111.85.200.78 - - [08/Jun/2022:09:42:12 +0800] "GET /forum.php?mod=attachment&aid=MzAzMnw4Yzc3MWNiMXwxNjU0NjUyMzMwfDB8OTM0NQ%3D%3D&nothumb=yes HTTP/1.1" 200 57689 "http://www.lszmn.org/forum.php?mod=viewthread&tid=9345" "Scrapy/1.7.3 (+https://scrapy.org)" "-"
111.224.248.134 - - [08/Jun/2022:09:42:13 +0800] "GET /forum.php?mod=attachment&aid=MzAzM3wxMTJkYzFhN3wxNjU0NjUyMzMwfDB8OTM0NQ%3D%3D&nothumb=yes HTTP/1.1" 200 57475 "http://www.lszmn.org/forum.php?mod=viewthread&tid=9345" "Scrapy/1.7.3 (+https://scrapy.org)" "-"
58.18.161.22 - - [08/Jun/2022:09:42:13 +0800] "GET /forum.php?mod=attachment&aid=MzAyN3wzNzdhNjAwYXwxNjU0NjUyMzMwfDB8OTM0NQ%3D%3D&nothumb=yes HTTP/1.1" 200 68088 "http://www.lszmn.org/forum.php?mod=viewthread&tid=9345" "Scrapy/1.7.3 (+https://scrapy.org)" "-"
124.31.107.36 - - [08/Jun/2022:09:42:14 +0800] "GET /forum.php?mod=viewthread&tid=9345&extra=&ordertype=1 HTTP/1.1" 200 11320 "http://www.lszmn.org/forum.php?mod=viewthread&tid=9345" "Scrapy/1.7.3 (+https://scrapy.org)" "-"
120.0.52.21 - - [08/Jun/2022:09:42:14 +0800] "GET /forum.php?mod=viewthread&tid=9345&from=album HTTP/1.1" 200 8170 "http://www.lszmn.org/forum.php?mod=viewthread&tid=9345" "Scrapy/1.7.3 (+https://scrapy.org)" "-"
120.0.52.21 - - [08/Jun/2022:09:42:14 +0800] "GET /forum.php?mod=viewthread&tid=9345&page=1&authorid=1 HTTP/1.1" 200 11423 "http://www.lszmn.org/forum.php?mod=viewthread&tid=9345" "Scrapy/1.7.3 (+https://scrapy.org)" "-"
124.117.195.223 - - [08/Jun/2022:09:42:14 +0800] "GET /connect.php?mod=login&op=init&referer=forum.php%3Fmod%3Dviewthread%26tid%3D9361&statfrom=login HTTP/1.1" 302 5 "http://www.lszmn.org/forum.php?mod=viewthread&tid=9361" "Scrapy/1.7.3 (+https://scrapy.org)" "-"
58.18.161.22 - - [08/Jun/2022:09:42:14 +0800] "GET /forum.php?mod=post&action=reply&fid=5&tid=9361 HTTP/1.1" 200 4962 "http://www.lszmn.org/forum.php?mod=viewthread&tid=9361" "Scrapy/1.7.3 (+https://scrapy.org)" "-"
124.117.195.223 - - [08/Jun/2022:09:42:14 +0800] "GET /forum.php?mod=post&action=reply&fid=5&tid=9361&reppost=6879915&extra=&page=1 HTTP/1.1" 200 5018 "http://www.lszmn.org/forum.php?mod=viewthread&tid=9361" "Scrapy/1.7.3 (+https://scrapy.org)" "-"
120.0.52.21 - - [08/Jun/2022:09:42:15 +0800] "GET /home.php?mod=spacecp&ac=follow&op=relay&tid=9361&from=forum HTTP/1.1" 200 4884 "http://www.lszmn.org/forum.php?mod=viewthread&tid=9361" "Scrapy/1.7.3 (+https://scrapy.org)" "-"
58.18.161.22 - - [08/Jun/2022:09:42:15 +0800] "GET /connect.php?mod=login&op=init&referer=forum.php%3Fmod%3Dviewthread%26tid%3D9333&statfrom=login_simple HTTP/1.1" 302 5 "http://www.lszmn.org/forum.php?mod=viewthread&tid=9333" "Scrapy/1.7.3 (+https://scrapy.org)" "-"
111.224.235.60 - - [08/Jun/2022:09:42:15 +0800] "GET /connect.php?mod=login&op=init&referer=forum.php%3Fmod%3Dviewthread%26tid%3D9345&statfrom=login_simple HTTP/1.1" 302 5 "http://www.lszmn.org/forum.php?mod=viewthread&tid=9345" "Scrapy/1.7.3 (+https://scrapy.org)" "-"
124.117.195.223 - - [08/Jun/2022:09:42:15 +0800] "GET /connect.php?mod=login&op=init&referer=home.php%3Fmod%3Dspacecp%26ac%3Dcredit%26op%3Drule%26fid%3D17&statfrom=login_simple HTTP/1.1" 302 5 "http://www.lszmn.org/home.php?mod=spacecp&ac=credit&op=rule&fid=17" "Scrapy/1.7.3 (+https://scrapy.org)" "-"
111.224.235.60 - - [08/Jun/2022:09:42:15 +0800] "GET /connect.php?mod=login&op=init&referer=forum.php%3Fmod%3Dviewthread%26tid%3D9345%26from%3Dalbum&statfrom=login_simple HTTP/1.1" 302 5 "http://www.lszmn.org/forum.php?mod=viewthread&tid=9345&from=album" "Scrapy/1.7.3 (+https://scrapy.org)" "-"
58.18.161.22 - - [08/Jun/2022:09:42:15 +0800] "GET /forum.php?mod=post&action=reply&fid=20&tid=9345&extra=&page=1&from=album HTTP/1.1" 200 5018 "http://www.lszmn.org/forum.php?mod=viewthread&tid=9345&from=album" "Scrapy/1.7.3 (+https://scrapy.org)" "-"
124.117.195.223 - - [08/Jun/2022:09:42:15 +0800] "GET /connect.php?mod=login&op=init&referer=forum.php%3Fmod%3Dviewthread%26tid%3D9345%26page%3D1%26authorid%3D1&statfrom=login_simple HTTP/1.1" 302 5 "http://www.lszmn.org/forum.php?mod=viewthread&tid=9345&page=1&authorid=1" "Scrapy/1.7.3 (+https://scrapy.org)" "-"
58.18.161.22 - - [08/Jun/2022:09:42:15 +0800] "GET /connect.php?mod=login&op=init&referer=forum.php%3Fmod%3Dviewthread%26tid%3D9345%26page%3D1%26authorid%3D1&statfrom=login HTTP/1.1" 302 5 "http://www.lszmn.org/forum.php?mod=viewthread&tid=9345&page=1&authorid=1" "Scrapy/1.7.3 (+https://scrapy.org)" "-"
124.31.107.36 - - [08/Jun/2022:09:42:16 +0800] "GET /connect.php?mod=login&op=init&referer=forum.php%3Fmod%3Dpost%26action%3Dreply%26fid%3D5%26tid%3D9361%26reppost%3D6879915%26extra%3D%26page%3D1&statfrom=login_simple HTTP/1.1" 302 5 "http://www.lszmn.org/forum.php?mod=post&action=reply&fid=5&tid=9361&reppost=6879915&extra=&page=1" "Scrapy/1.7.3 (+https://scrapy.org)" "-"
124.117.195.223 - - [08/Jun/2022:09:42:16 +0800] "GET /connect.php?mod=login&op=init&referer=home.php%3Fmod%3Dspacecp%26ac%3Dfollow%26op%3Drelay%26tid%3D9361%26from%3Dforum&statfrom=login_simple HTTP/1.1" 302 5 "http://www.lszmn.org/home.php?mod=spacecp&ac=follow&op=relay&tid=9361&from=forum" "Scrapy/1.7.3 (+https://scrapy.org)" "-"
58.18.161.22 - - [08/Jun/2022:09:42:16 +0800] "GET /connect.php?mod=login&op=init&referer=forum.php%3Fmod%3Dpost%26action%3Dreply%26fid%3D5%26tid%3D9361&statfrom=login_simple HTTP/1.1" 302 5 "http://www.lszmn.org/forum.php?mod=post&action=reply&fid=5&tid=9361" "Scrapy/1.7.3 (+https://scrapy.org)" "-"
124.31.107.36 - - [08/Jun/2022:09:42:16 +0800] "GET /connect.php?mod=login&op=init&referer=forum.php%3Fmod%3Dviewthread%26tid%3D9345%26extra%3D%26ordertype%3D1&statfrom=login HTTP/1.1" 302 5 "http://www.lszmn.org/forum.php?mod=viewthread&tid=9345&extra=&ordertype=1" "Scrapy/1.7.3 (+https://scrapy.org)" "-"
58.18.161.22 - - [08/Jun/2022:09:42:16 +0800] "GET /forum.php?mod=attachment&aid=MzAyOHxmMjhkMzVmYXwxNjU0NjUyNTMzfDB8OTM0NQ%3D%3D&nothumb=yes HTTP/1.1" 200 52719 "http://www.lszmn.org/forum.php?mod=viewthread&tid=9345&extra=&ordertype=1" "Scrapy/1.7.3 (+https://scrapy.org)" "-"
111.224.248.134 - - [08/Jun/2022:09:42:17 +0800] "GET /forum.php?mod=attachment&aid=MzAyOHw0NjhjNDgwZXwxNjU0NjUyNTM0fDB8OTM0NQ%3D%3D&nothumb=yes HTTP/1.1" 200 52719 "http://www.lszmn.org/forum.php?mod=viewthread&tid=9345&page=1&authorid=1" "Scrapy/1.7.3 (+https://scrapy.org)" "-"
111.85.200.78 - - [08/Jun/2022:09:42:17 +0800] "GET /forum.php?mod=attachment&aid=MzAzMnw2NTNjMzJkNnwxNjU0NjUyNTMzfDB8OTM0NQ%3D%3D&nothumb=yes HTTP/1.1" 200 57689 "http://www.lszmn.org/forum.php?mod=viewthread&tid=9345&extra=&ordertype=1" "Scrapy/1.7.3 (+https://scrapy.org)" "-"
124.117.195.223 - - [08/Jun/2022:09:42:18 +0800] "GET /forum.php?mod=attachment&aid=MzAyOXwxMmRlZDk2ZHwxNjU0NjUyNTMzfDB8OTM0NQ%3D%3D&nothumb=yes HTTP/1.1" 200 35972 "http://www.lszmn.org/forum.php?mod=viewthread&tid=9345&extra=&ordertype=1" "Scrapy/1.7.3 (+https://scrapy.org)" "-"
124.31.107.36 - - [08/Jun/2022:09:42:18 +0800] "GET /forum.php?mod=attachment&aid=MzAzMHxkMzFiNDM4ZnwxNjU0NjUyNTMzfDB8OTM0NQ%3D%3D&nothumb=yes HTTP/1.1" 200 39423 "http://www.lszmn.org/forum.php?mod=viewthread&tid=9345&extra=&ordertype=1" "Scrapy/1.7.3 (+https://scrapy.org)" "-"
185.191.171.19 - - [08/Jun/2022:09:42:19 +0800] "GET /home.php?ac=follow&fuid=1&hash=356af628&mod=spacecp&op=add HTTP/1.1" 200 4659 "-" "Mozilla/5.0 (compatible; SemrushBot/7~bl; +http://www.semrush.com/bot.html)" "-"
58.18.161.22 - - [08/Jun/2022:09:42:19 +0800] "GET /forum.php?mod=attachment&aid=MzAzMXw1OGFkN2JkOHwxNjU0NjUyNTMzfDB8OTM0NQ%3D%3D&nothumb=yes HTTP/1.1" 200 53942 "http://www.lszmn.org/forum.php?mod=viewthread&tid=9345&extra=&ordertype=1" "Scrapy/1.7.3 (+https://scrapy.org)" "-"
124.117.195.223 - - [08/Jun/2022:09:42:19 +0800] "GET /forum.php?mod=attachment&aid=MzAyN3xmMTBmYTEyNHwxNjU0NjUyNTMzfDB8OTM0NQ%3D%3D&nothumb=yes HTTP/1.1" 200 68088 "http://www.lszmn.org/forum.php?mod=viewthread&tid=9345&extra=&ordertype=1" "Scrapy/1.7.3 (+https://scrapy.org)" "-"
111.224.248.134 - - [08/Jun/2022:09:42:20 +0800] "GET /forum.php?mod=attachment&aid=MzAzM3xiYjNjMDRjZXwxNjU0NjUyNTMzfDB8OTM0NQ%3D%3D&nothumb=yes HTTP/1.1" 200 57475 "http://www.lszmn.org/forum.php?mod=viewthread&tid=9345&extra=&ordertype=1" "Scrapy/1.7.3 (+https://scrapy.org)" "-"
111.85.200.78 - - [08/Jun/2022:09:42:20 +0800] "GET /forum.php?mod=viewthread&tid=9345&extra=&ordertype=2 HTTP/1.1" 200 11435 "http://www.lszmn.org/forum.php?mod=viewthread&tid=9345&extra=&ordertype=1" "Scrapy/1.7.3 (+https://scrapy.org)" "-"
124.31.107.36 - - [08/Jun/2022:09:42:20 +0800] "GET /connect.php?mod=login&op=init&referer=forum.php%3Fmod%3Dviewthread%26tid%3D9345%26extra%3D%26ordertype%3D1&statfrom=login_simple HTTP/1.1" 302 5 "http://www.lszmn.org/forum.php?mod=viewthread&tid=9345&extra=&ordertype=1" "Scrapy/1.7.3 (+https://scrapy.org)" "-"
124.31.107.36 - - [08/Jun/2022:09:42:20 +0800] "GET /forum.php?mod=attachment&aid=MzAyOXwzMjMwYzgzMnwxNjU0NjUyNTM0fDB8OTM0NQ%3D%3D&nothumb=yes HTTP/1.1" 200 35972 "http://www.lszmn.org/forum.php?mod=viewthread&tid=9345&page=1&authorid=1" "Scrapy/1.7.3 (+https://scrapy.org)" "-"
58.18.161.22 - - [08/Jun/2022:09:42:21 +0800] "GET /forum.php?mod=attachment&aid=MzAzMHw0MGI3NTg4N3wxNjU0NjUyNTM0fDB8OTM0NQ%3D%3D&nothumb=yes HTTP/1.1" 200 39423 "http://www.lszmn.org/forum.php?mod=viewthread&tid=9345&page=1&authorid=1" "Scrapy/1.7.3 (+https://scrapy.org)" "-"
144.255.17.85 - - [08/Jun/2022:09:42:22 +0800] "GET /forum.php?mod=attachment&aid=MzAzMnw3Y2E3MWEzZHwxNjU0NjUyNTM0fDB8OTM0NQ%3D%3D&nothumb=yes HTTP/1.1" 200 57689 "http://www.lszmn.org/forum.php?mod=viewthread&tid=9345&page=1&authorid=1" "Scrapy/1.7.3 (+https://scrapy.org)" "-"
111.85.200.78 - - [08/Jun/2022:09:42:22 +0800] "GET /forum.php?mod=attachment&aid=MzAzMXw2ODdjODFiZnwxNjU0NjUyNTM0fDB8OTM0NQ%3D%3D&nothumb=yes HTTP/1.1" 200 53942 "http://www.lszmn.org/forum.php?mod=viewthread&tid=9345&page=1&authorid=1" "Scrapy/1.7.3 (+https://scrapy.org)" "-"
58.18.161.22 - - [08/Jun/2022:09:42:23 +0800] "GET /forum.php?mod=attachment&aid=MzAzM3xlODUwOWE3NHwxNjU0NjUyNTM0fDB8OTM0NQ%3D%3D&nothumb=yes HTTP/1.1" 200 57475 "http://www.lszmn.org/forum.php?mod=viewthread&tid=9345&page=1&authorid=1" "Scrapy/1.7.3 (+https://scrapy.org)" "-"
124.31.107.36 - - [08/Jun/2022:09:42:23 +0800] "GET /forum.php?mod=viewthread&tid=9345&page=1 HTTP/1.1" 200 11403 "http://www.lszmn.org/forum.php?mod=viewthread&tid=9345&page=1&authorid=1" "Scrapy/1.7.3 (+https://scrapy.org)" "-"
124.117.195.223 - - [08/Jun/2022:09:42:24 +0800] "GET /forum.php?mod=attachment&aid=MzAyN3xkMTFlMDkyMnwxNjU0NjUyNTM0fDB8OTM0NQ%3D%3D&nothumb=yes HTTP/1.1" 200 68088 "http://www.lszmn.org/forum.php?mod=viewthread&tid=9345&page=1&authorid=1" "Scrapy/1.7.3 (+https://scrapy.org)" "-"
185.191.171.4 - - [08/Jun/2022:09:42:29 +0800] "GET /forum.php?action=postreview&do=support&hash=0ef730b9&mod=misc&pid=2647&tid=988 HTTP/1.1" 200 4781 "-" "Mozilla/5.0 (compatible; SemrushBot/7~bl; +http://www.semrush.com/bot.html)" "-"
120.0.52.21 - - [08/Jun/2022:09:42:30 +0800] "GET /forum.php?mod=attachment&aid=MzA4MHwwYzZhZTk5ZnwxNjU0NjUyMzI5fDB8OTM1MQ%3D%3D&nothumb=yes HTTP/1.1" 200 613784 "http://www.lszmn.org/forum.php?mod=viewthread&tid=9351" "Scrapy/1.7.3 (+https://scrapy.org)" "-"
142.44.203.5 - - [08/Jun/2022:09:42:30 +0800] "GET /home.php?mod=space&uid=22887&do=profile HTTP/1.1" 200 4742 "http://www.lszmn.org/" "Mozilla/5.0 (Macintosh; Intel Mac OS X 10_13_2) AppleWebKit/537.36 (KHTML, like Gecko) Chrome/66.0.3359.181 Safari/537.36" "-"
121.29.188.187 - - [08/Jun/2022:09:42:30 +0800] "GET /home.php?mod=spacecp&ac=plugin&id=qqconnect:spacecp&pluginop=share&sh_type=4&thread_id=9361 HTTP/1.1" 200 4948 "http://www.lszmn.org/forum.php?mod=viewthread&tid=9361" "Scrapy/1.7.3 (+https://scrapy.org)" "-"
111.224.235.60 - - [08/Jun/2022:09:42:30 +0800] "GET /forum.php?mod=attachment&aid=MzA3OXxkZmYyZDYyZXwxNjU0NjUyMzI5fDB8OTM1MQ%3D%3D&nothumb=yes HTTP/1.1" 200 220568 "http://www.lszmn.org/forum.php?mod=viewthread&tid=9351" "Scrapy/1.7.3 (+https://scrapy.org)" "-"
58.18.161.22 - - [08/Jun/2022:09:42:34 +0800] "GET /forum.php?mod=attachment&aid=MzA3OHw1YzM5MmI1N3wxNjU0NjUyMzI5fDB8OTM1MQ%3D%3D&nothumb=yes HTTP/1.1" 200 621393 "http://www.lszmn.org/forum.php?mod=viewthread&tid=9351" "Scrapy/1.7.3 (+https://scrapy.org)" "-"
142.44.203.5 - - [08/Jun/2022:09:42:35 +0800] "GET /member.php?mod=register HTTP/1.1" 302 5 "http://www.lszmn.org/" "Mozilla/5.0 (Macintosh; Intel Mac OS X 10_13_2) AppleWebKit/537.36 (KHTML, like Gecko) Chrome/66.0.3359.181 Safari/537.36" "-"
142.44.203.5 - - [08/Jun/2022:09:42:36 +0800] "GET /connect.php?mod=login&op=init&referer=forum.php&statfrom=login_simple HTTP/1.1" 302 5 "http://www.lszmn.org/member.php?mod=register" "Mozilla/5.0 (Macintosh; Intel Mac OS X 10_13_2) AppleWebKit/537.36 (KHTML, like Gecko) Chrome/66.0.3359.181 Safari/537.36" "-"
124.31.107.36 - - [08/Jun/2022:09:42:40 +0800] "GET /forum.php?mod=attachment&aid=MzA3N3xkN2NjZjEwOXwxNjU0NjUyMzI5fDB8OTM1MQ%3D%3D&nothumb=yes HTTP/1.1" 200 216472 "http://www.lszmn.org/forum.php?mod=viewthread&tid=9351" "Scrapy/1.7.3 (+https://scrapy.org)" "-"
185.191.171.24 - - [08/Jun/2022:09:42:41 +0800] "GET /forum.php?action=postreview&do=support&hash=678bbbd0&mod=misc&pid=2920&tid=218 HTTP/1.1" 200 4780 "-" "Mozilla/5.0 (compatible; SemrushBot/7~bl; +http://www.semrush.com/bot.html)" "-"
144.255.17.85 - - [08/Jun/2022:09:42:41 +0800] "GET /forum.php?mod=attachment&aid=MzA3Nnw2MDIxODlkZXwxNjU0NjUyMzI5fDB8OTM1MQ%3D%3D&nothumb=yes HTTP/1.1" 200 413080 "http://www.lszmn.org/forum.php?mod=viewthread&tid=9351" "Scrapy/1.7.3 (+https://scrapy.org)" "-"
124.117.195.223 - - [08/Jun/2022:09:42:42 +0800] "GET /forum.php?mod=attachment&aid=MzA3NXw2ZjIyOTNmZHwxNjU0NjUyMzI5fDB8OTM1MQ%3D%3D&nothumb=yes HTTP/1.1" 200 343448 "http://www.lszmn.org/forum.php?mod=viewthread&tid=9351" "Scrapy/1.7.3 (+https://scrapy.org)" "-"
111.224.248.134 - - [08/Jun/2022:09:42:43 +0800] "GET /forum.php?mod=attachment&aid=MzA3NHxlMGZkMWU5MnwxNjU0NjUyMzI5fDB8OTM1MQ%3D%3D&nothumb=yes HTTP/1.1" 200 146840 "http://www.lszmn.org/forum.php?mod=viewthread&tid=9351" "Scrapy/1.7.3 (+https://scrapy.org)" "-"
111.85.200.78 - - [08/Jun/2022:09:42:43 +0800] "GET /forum.php?mod=attachment&aid=MzA3M3wxMDNhNDA2ZHwxNjU0NjUyMzI5fDB8OTM1MQ%3D%3D&nothumb=yes HTTP/1.1" 200 310680 "http://www.lszmn.org/forum.php?mod=viewthread&tid=9351" "Scrapy/1.7.3 (+https://scrapy.org)" "-"
36.248.89.196 - - [08/Jun/2022:09:42:45 +0800] "GET /forum.php?mod=attachment&aid=MzE5NHw4ZWQ4MjRkZHwxNjU0NjUyMzI5fDB8OTM2MQ%3D%3D&nothumb=yes HTTP/1.1" 200 413120 "http://www.lszmn.org/forum.php?mod=viewthread&tid=9361" "Scrapy/1.7.3 (+https://scrapy.org)" "-"
121.29.188.187 - - [08/Jun/2022:09:42:46 +0800] "GET /forum.php?mod=attachment&aid=MzE5M3wxYjQ5ZDgwZXwxNjU0NjUyMzI5fDB8OTM2MQ%3D%3D&nothumb=yes HTTP/1.1" 200 208320 "http://www.lszmn.org/forum.php?mod=viewthread&tid=9361" "Scrapy/1.7.3 (+https://scrapy.org)" "-"
60.25.55.29 - - [08/Jun/2022:09:42:46 +0800] "GET /connect.php?mod=login&op=init&referer=home.php%3Fmod%3Dspacecp%26ac%3Dplugin%26id%3Dqqconnect%3Aspacecp%26pluginop%3Dshare%26sh_type%3D4%26thread_id%3D9361&statfrom=login_simple HTTP/1.1" 302 5 "http://www.lszmn.org/home.php?mod=spacecp&ac=plugin&id=qqconnect:spacecp&pluginop=share&sh_type=4&thread_id=9361" "Scrapy/1.7.3 (+https://scrapy.org)" "-"
185.191.171.6 - - [08/Jun/2022:09:42:48 +0800] "GET /forum.php?action=postreview&do=against&hash=3d24c2b3&mod=misc&pid=6095989&tid=985 HTTP/1.1" 200 4797 "-" "Mozilla/5.0 (compatible; SemrushBot/7~bl; +http://www.semrush.com/bot.html)" "-"
185.191.171.43 - - [08/Jun/2022:09:42:50 +0800] "GET /forum.php?action=postreview&do=against&hash=8743fa76&mod=misc&pid=2976&tid=221 HTTP/1.1" 200 4781 "-" "Mozilla/5.0 (compatible; SemrushBot/7~bl; +http://www.semrush.com/bot.html)" "-"
60.25.55.29 - - [08/Jun/2022:09:42:51 +0800] "GET /forum.php?mod=viewthread&tid=9361&extra=&ordertype=1 HTTP/1.1" 200 11488 "http://www.lszmn.org/forum.php?mod=viewthread&tid=9361" "Scrapy/1.7.3 (+https://scrapy.org)" "-"
207.46.13.27 - - [08/Jun/2022:09:42:51 +0800] "GET /forum.php?mod=viewthread&tid=988&extra=&page=384 HTTP/1.1" 200 9629 "-" "Mozilla/5.0 (compatible; bingbot/2.0; +http://www.bing.com/bingbot.htm)" "-"
58.18.161.22 - - [08/Jun/2022:09:42:52 +0800] "GET /forum.php?mod=attachment&aid=MzE5MnwxNjY2Mzg3ZXwxNjU0NjUyMzI5fDB8OTM2MQ%3D%3D&nothumb=yes HTTP/1.1" 200 413120 "http://www.lszmn.org/forum.php?mod=viewthread&tid=9361" "Scrapy/1.7.3 (+https://scrapy.org)" "-"
120.0.52.202 - - [08/Jun/2022:09:42:53 +0800] "GET /forum.php?mod=viewthread&tid=9361&from=album HTTP/1.1" 200 8308 "http://www.lszmn.org/forum.php?mod=viewthread&tid=9361" "Scrapy/1.7.3 (+https://scrapy.org)" "-"
60.25.55.29 - - [08/Jun/2022:09:42:53 +0800] "GET /forum.php?mod=viewthread&tid=9361&page=1&authorid=1 HTTP/1.1" 200 11606 "http://www.lszmn.org/forum.php?mod=viewthread&tid=9361" "Scrapy/1.7.3 (+https://scrapy.org)" "-"
120.0.52.202 - - [08/Jun/2022:09:42:53 +0800] "GET /forum.php?mod=post&action=reply&fid=5&tid=9393&extra=&page=1 HTTP/1.1" 200 4987 "http://www.lszmn.org/forum.php?mod=viewthread&tid=9393" "Scrapy/1.7.3 (+https://scrapy.org)" "-"
60.25.55.29 - - [08/Jun/2022:09:42:54 +0800] "GET /forum.php?mod=redirect&goto=nextnewset&tid=9393 HTTP/1.1" 200 4924 "http://www.lszmn.org/forum.php?mod=viewthread&tid=9393" "Scrapy/1.7.3 (+https://scrapy.org)" "-"
120.0.52.202 - - [08/Jun/2022:09:42:55 +0800] "GET /forum.php?mod=redirect&goto=nextoldset&tid=9393 HTTP/1.1" 302 5 "http://www.lszmn.org/forum.php?mod=viewthread&tid=9393" "Scrapy/1.7.3 (+https://scrapy.org)" "-"
142.44.203.5 - - [08/Jun/2022:09:42:55 +0800] "GET /home.php?mod=space&uid=22887&do=profile HTTP/1.1" 200 4743 "http://www.lszmn.org/" "Mozilla/5.0 (Macintosh; Intel Mac OS X 10_13_2) AppleWebKit/537.36 (KHTML, like Gecko) Chrome/66.0.3359.181 Safari/537.36" "-"
120.0.52.202 - - [08/Jun/2022:09:42:55 +0800] "GET /connect.php?mod=login&op=init&referer=forum.php%3Fmod%3Dviewthread%26tid%3D9393&statfrom=login HTTP/1.1" 302 5 "http://www.lszmn.org/forum.php?mod=viewthread&tid=9393" "Scrapy/1.7.3 (+https://scrapy.org)" "-"
36.5.220.105 - - [08/Jun/2022:09:42:55 +0800] "GET /forum.php?mod=attachment&aid=MzE5MXxjZmVlYzdlZnwxNjU0NjUyMzI5fDB8OTM2MQ%3D%3D&nothumb=yes HTTP/1.1" 200 413120 "http://www.lszmn.org/forum.php?mod=viewthread&tid=9361" "Scrapy/1.7.3 (+https://scrapy.org)" "-"
60.25.55.29 - - [08/Jun/2022:09:42:55 +0800] "GET /connect.php?mod=login&op=init&referer=forum.php%3Fmod%3Dviewthread%26tid%3D9361&statfrom=login_simple HTTP/1.1" 302 5 "http://www.lszmn.org/forum.php?mod=viewthread&tid=9361" "Scrapy/1.7.3 (+https://scrapy.org)" "-"
58.18.161.195 - - [08/Jun/2022:09:42:56 +0800] "GET /forum.php?mod=post&action=reply&fid=5&tid=9393 HTTP/1.1" 200 4962 "http://www.lszmn.org/forum.php?mod=viewthread&tid=9393" "Scrapy/1.7.3 (+https://scrapy.org)" "-"
144.255.31.203 - - [08/Jun/2022:09:42:56 +0800] "GET /forum.php?mod=attachment&aid=MzE5MHxjMTVhMTg1MHwxNjU0NjUyMzI5fDB8OTM2MQ%3D%3D&nothumb=yes HTTP/1.1" 200 347584 "http://www.lszmn.org/forum.php?mod=viewthread&tid=9361" "Scrapy/1.7.3 (+https://scrapy.org)" "-"
60.25.55.29 - - [08/Jun/2022:09:42:56 +0800] "GET /forum.php?mod=post&action=reply&fid=5&tid=9361&extra=&page=1&from=album HTTP/1.1" 200 5007 "http://www.lszmn.org/forum.php?mod=viewthread&tid=9361&from=album" "Scrapy/1.7.3 (+https://scrapy.org)" "-"
58.18.161.195 - - [08/Jun/2022:09:42:56 +0800] "GET /connect.php?mod=login&op=init&referer=forum.php%3Fmod%3Dviewthread%26tid%3D9361%26page%3D1%26authorid%3D1&statfrom=login_simple HTTP/1.1" 302 5 "http://www.lszmn.org/forum.php?mod=viewthread&tid=9361&page=1&authorid=1" "Scrapy/1.7.3 (+https://scrapy.org)" "-"
58.18.161.195 - - [08/Jun/2022:09:42:56 +0800] "GET /forum.php?mod=viewthread&tid=9361 HTTP/1.1" 200 11579 "http://www.lszmn.org/forum.php?mod=viewthread&tid=9393" "Scrapy/1.7.3 (+https://scrapy.org)" "-"
1.202.113.78 - - [08/Jun/2022:09:42:57 +0800] "GET /forum.php?mod=attachment&aid=MzE4OXxmMjdhODU4N3wxNjU0NjUyMzI5fDB8OTM2MQ%3D%3D&nothumb=yes HTTP/1.1" 200 347584 "http://www.lszmn.org/forum.php?mod=viewthread&tid=9361" "Scrapy/1.7.3 (+https://scrapy.org)" "-"
119.60.105.81 - - [08/Jun/2022:09:42:57 +0800] "GET /connect.php?mod=login&op=init&referer=forum.php%3Fmod%3Dpost%26action%3Dreply%26fid%3D5%26tid%3D9393%26extra%3D%26page%3D1&statfrom=login_simple HTTP/1.1" 302 5 "http://www.lszmn.org/forum.php?mod=post&action=reply&fid=5&tid=9393&extra=&page=1" "Scrapy/1.7.3 (+https://scrapy.org)" "-"
119.60.105.81 - - [08/Jun/2022:09:42:58 +0800] "GET /connect.php?mod=login&op=init&referer=forum.php%3Fmod%3Dviewthread%26tid%3D9361%26page%3D1%26authorid%3D1&statfrom=login HTTP/1.1" 302 5 "http://www.lszmn.org/forum.php?mod=viewthread&tid=9361&page=1&authorid=1" "Scrapy/1.7.3 (+https://scrapy.org)" "-"
59.173.181.164 - - [08/Jun/2022:09:42:58 +0800] "GET /forum.php?mod=attachment&aid=MzE4OHxhYmU0ZGFmMHwxNjU0NjUyMzI5fDB8OTM2MQ%3D%3D&nothumb=yes HTTP/1.1" 200 413120 "http://www.lszmn.org/forum.php?mod=viewthread&tid=9361" "Scrapy/1.7.3 (+https://scrapy.org)" "-"
58.18.161.195 - - [08/Jun/2022:09:42:58 +0800] "GET /connect.php?mod=login&op=init&referer=forum.php%3Fmod%3Dredirect%26goto%3Dnextnewset%26tid%3D9393&statfrom=login_simple HTTP/1.1" 302 5 "http://www.lszmn.org/forum.php?mod=redirect&goto=nextnewset&tid=9393" "Scrapy/1.7.3 (+https://scrapy.org)" "-"
58.18.161.195 - - [08/Jun/2022:09:42:58 +0800] "GET /connect.php?mod=login&op=init&referer=forum.php%3Fmod%3Dpost%26action%3Dreply%26fid%3D5%26tid%3D9393&statfrom=login_simple HTTP/1.1" 302 5 "http://www.lszmn.org/forum.php?mod=post&action=reply&fid=5&tid=9393" "Scrapy/1.7.3 (+https://scrapy.org)" "-"
124.90.48.116 - - [08/Jun/2022:09:42:58 +0800] "GET /forum.php?mod=attachment&aid=MzE4N3w1YjQzNjExNHwxNjU0NjUyMzI5fDB8OTM2MQ%3D%3D&nothumb=yes HTTP/1.1" 200 343488 "http://www.lszmn.org/forum.php?mod=viewthread&tid=9361" "Scrapy/1.7.3 (+https://scrapy.org)" "-"
120.0.52.202 - - [08/Jun/2022:09:42:59 +0800] "GET /forum.php?mod=attachment&aid=MzA3MnxkNjg0ODAwM3wxNjU0NjUyMzI5fDB8OTM1MQ%3D%3D&nothumb=yes HTTP/1.1" 200 233234 "http://www.lszmn.org/forum.php?mod=viewthread&tid=9351" "Scrapy/1.7.3 (+https://scrapy.org)" "-"
142.44.203.5 - - [08/Jun/2022:09:43:00 +0800] "GET /member.php?mod=register HTTP/1.1" 302 5 "http://www.lszmn.org/" "Mozilla/5.0 (Macintosh; Intel Mac OS X 10_13_2) AppleWebKit/537.36 (KHTML, like Gecko) Chrome/66.0.3359.181 Safari/537.36" "-"
58.247.217.27 - - [08/Jun/2022:09:43:00 +0800] "GET /forum.php?mod=attachment&aid=MzE4NnxhYjgzNWY1NXwxNjU0NjUyMzI5fDB8OTM2MQ%3D%3D&nothumb=yes HTTP/1.1" 200 347584 "http://www.lszmn.org/forum.php?mod=viewthread&tid=9361" "Scrapy/1.7.3 (+https://scrapy.org)" "-"
142.44.203.5 - - [08/Jun/2022:09:43:01 +0800] "GET /connect.php?mod=login&op=init&referer=forum.php&statfrom=login_simple HTTP/1.1" 302 5 "http://www.lszmn.org/member.php?mod=register" "Mozilla/5.0 (Macintosh; Intel Mac OS X 10_13_2) AppleWebKit/537.36 (KHTML, like Gecko) Chrome/66.0.3359.181 Safari/537.36" "-"
221.199.93.112 - - [08/Jun/2022:09:43:03 +0800] "GET /connect.php?mod=login&op=init&referer=forum.php%3Fmod%3Dviewthread%26tid%3D9361%26extra%3D%26ordertype%3D1&statfrom=login HTTP/1.1" 302 5 "http://www.lszmn.org/forum.php?mod=viewthread&tid=9361&extra=&ordertype=1" "Scrapy/1.7.3 (+https://scrapy.org)" "-"
185.191.171.45 - - [08/Jun/2022:09:43:04 +0800] "GET /forum.php?action=postreview&do=support&hash=76be1b8d&mod=misc&pid=2692&tid=969 HTTP/1.1" 200 4780 "-" "Mozilla/5.0 (compatible; SemrushBot/7~bl; +http://www.semrush.com/bot.html)" "-"
119.60.105.81 - - [08/Jun/2022:09:43:13 +0800] "GET /forum.php?mod=attachment&aid=MzE5NHwwYmNiMWE0NXwxNjU0NjUyNTczfDB8OTM2MQ%3D%3D&nothumb=yes HTTP/1.1" 200 536000 "http://www.lszmn.org/forum.php?mod=viewthread&tid=9361&page=1&authorid=1" "Scrapy/1.7.3 (+https://scrapy.org)" "-"
60.25.55.29 - - [08/Jun/2022:09:43:13 +0800] "GET /forum.php?mod=attachment&aid=MzE5M3xjNDQ5ZjIwM3wxNjU0NjUyNTczfDB8OTM2MQ%3D%3D&nothumb=yes HTTP/1.1" 200 81344 "http://www.lszmn.org/forum.php?mod=viewthread&tid=9361&page=1&authorid=1" "Scrapy/1.7.3 (+https://scrapy.org)" "-"
58.18.161.195 - - [08/Jun/2022:09:43:13 +0800] "GET /forum.php?mod=attachment&aid=MzE5Mnw3MjZkN2YzZnwxNjU0NjUyNTczfDB8OTM2MQ%3D%3D&nothumb=yes HTTP/1.1" 200 544288 "http://www.lszmn.org/forum.php?mod=viewthread&tid=9361&page=1&authorid=1" "Scrapy/1.7.3 (+https://scrapy.org)" "-"
125.36.253.157 - - [08/Jun/2022:09:43:14 +0800] "GET /forum.php?mod=attachment&aid=MzE4Nnw3ZGRmMzJlMHwxNjU0NjUyNTc2fDB8OTM2MQ%3D%3D&nothumb=yes HTTP/1.1" 200 150976 "http://www.lszmn.org/forum.php?mod=viewthread&tid=9361" "Scrapy/1.7.3 (+https://scrapy.org)" "-"
101.68.126.215 - - [08/Jun/2022:09:43:14 +0800] "GET /forum.php?mod=attachment&aid=MzE5NHxkNWFlOTY1NHwxNjU0NjUyNTc2fDB8OTM2MQ%3D%3D&nothumb=yes HTTP/1.1" 200 216512 "http://www.lszmn.org/forum.php?mod=viewthread&tid=9361" "Scrapy/1.7.3 (+https://scrapy.org)" "-"
110.177.178.122 - - [08/Jun/2022:09:43:15 +0800] "GET /forum.php?mod=attachment&aid=MzE5M3w1MTc2ZWI3MnwxNjU0NjUyNTc2fDB8OTM2MQ%3D%3D&nothumb=yes HTTP/1.1" 200 540096 "http://www.lszmn.org/forum.php?mod=viewthread&tid=9361" "Scrapy/1.7.3 (+https://scrapy.org)" "-"
120.0.52.202 - - [08/Jun/2022:09:43:20 +0800] "GET /forum.php?mod=attachment&aid=MzE5Mnw1YjMyNDI3MHwxNjU0NjUyNTc2fDB8OTM2MQ%3D%3D&nothumb=yes HTTP/1.1" 200 544192 "http://www.lszmn.org/forum.php?mod=viewthread&tid=9361" "Scrapy/1.7.3 (+https://scrapy.org)" "-"
221.199.93.112 - - [08/Jun/2022:09:43:20 +0800] "GET /forum.php?mod=attachment&aid=MzE5MXw1NGQ2NmVkNXwxNjU0NjUyNTc2fDB8OTM2MQ%3D%3D&nothumb=yes HTTP/1.1" 200 85440 "http://www.lszmn.org/forum.php?mod=viewthread&tid=9361" "Scrapy/1.7.3 (+https://scrapy.org)" "-"
185.191.171.3 - - [08/Jun/2022:09:43:22 +0800] "GET /forum.php?action=postreview&do=against&hash=4fc06262&mod=misc&pid=1200&tid=226 HTTP/1.1" 200 4785 "-" "Mozilla/5.0 (compatible; SemrushBot/7~bl; +http://www.semrush.com/bot.html)" "-"
185.191.171.23 - - [08/Jun/2022:09:43:24 +0800] "GET /forum.php?action=postreview&do=support&hash=b7404c62&mod=misc&pid=88268&tid=1035 HTTP/1.1" 200 4790 "-" "Mozilla/5.0 (compatible; SemrushBot/7~bl; +http://www.semrush.com/bot.html)" "-"
185.191.171.20 - - [08/Jun/2022:09:43:26 +0800] "GET /home.php?ac=follow&fuid=1&hash=9c2554ca&mod=spacecp&op=add HTTP/1.1" 200 4661 "-" "Mozilla/5.0 (compatible; SemrushBot/7~bl; +http://www.semrush.com/bot.html)" "-"
58.48.159.8 - - [08/Jun/2022:09:43:27 +0800] "GET /forum.php?mod=attachment&aid=MzE5MHwwYjI1YzZiN3wxNjU0NjUyNTc2fDB8OTM2MQ%3D%3D&nothumb=yes HTTP/1.1" 200 633384 "http://www.lszmn.org/forum.php?mod=viewthread&tid=9361" "Scrapy/1.7.3 (+https://scrapy.org)" "-"
150.255.248.74 - - [08/Jun/2022:09:43:28 +0800] "GET /forum.php?mod=attachment&aid=MzE4OXwwZGU3NDU3YXwxNjU0NjUyNTc2fDB8OTM2MQ%3D%3D&nothumb=yes HTTP/1.1" 200 347584 "http://www.lszmn.org/forum.php?mod=viewthread&tid=9361" "Scrapy/1.7.3 (+https://scrapy.org)" "-"
171.37.207.111 - - [08/Jun/2022:09:43:28 +0800] "GET /forum.php?mod=attachment&aid=MzE4OHw1ZjM0MDZhYnwxNjU0NjUyNTc2fDB8OTM2MQ%3D%3D&nothumb=yes HTTP/1.1" 200 478656 "http://www.lszmn.org/forum.php?mod=viewthread&tid=9361" "Scrapy/1.7.3 (+https://scrapy.org)" "-"
