116.179.37.201 - - [08/Jun/2022:09:15:47 +0800] "GET /data/attachment/forum/202011/23/125648auph0rh08jvphujv.jpg HTTP/1.1" 200 98044 "http://lszmn.org/forum.php?mod=viewthread&tid=9339" "Mozilla/5.0 (compatible; Baiduspider-render/2.0; +http://www.baidu.com/search/spider.html)" "-"
221.11.51.21 - - [08/Jun/2022:09:15:47 +0800] "GET /forum.php?mod=viewthread&tid=204&from=album HTTP/1.1" 200 8132 "http://www.lszmn.org/forum.php?mod=viewthread&tid=204" "Scrapy/1.7.3 (+https://scrapy.org)" "-"
116.179.37.68 - - [08/Jun/2022:09:15:47 +0800] "GET /data/attachment/forum/202011/23/125643kb48c1lmzkle4u14.jpg HTTP/1.1" 200 120213 "http://lszmn.org/forum.php?mod=viewthread&tid=9339" "Mozilla/5.0 (compatible; Baiduspider-render/2.0; +http://www.baidu.com/search/spider.html)" "-"
116.179.37.86 - - [08/Jun/2022:09:15:48 +0800] "GET /data/attachment/forum/202011/23/125652pcddibh6vucllle5.jpg HTTP/1.1" 200 105471 "http://lszmn.org/forum.php?mod=viewthread&tid=9339" "Mozilla/5.0 (compatible; Baiduspider-render/2.0; +http://www.baidu.com/search/spider.html)" "-"
185.191.171.22 - - [08/Jun/2022:09:15:48 +0800] "GET /forum.php?extra&mod=viewthread&page=269&tid=30 HTTP/1.1" 302 5 "-" "Mozilla/5.0 (compatible; SemrushBot/7~bl; +http://www.semrush.com/bot.html)" "-"
221.11.51.21 - - [08/Jun/2022:09:15:48 +0800] "GET /forum.php?mod=viewthread&tid=204&page=1&authorid=1 HTTP/1.1" 200 10072 "http://www.lszmn.org/forum.php?mod=viewthread&tid=204" "Scrapy/1.7.3 (+https://scrapy.org)" "-"
221.11.51.21 - - [08/Jun/2022:09:15:49 +0800] "GET /forum.php?mod=attachment&aid=MjU3NHw4NDA2Njc5MnwxNjU0NjUwODk3fDB8NzI2NA%3D%3D&nothumb=yes HTTP/1.1" 200 41494 "http://www.lszmn.org/forum.php?mod=viewthread&tid=7264" "Scrapy/1.7.3 (+https://scrapy.org)" "-"
116.179.37.230 - - [08/Jun/2022:09:15:49 +0800] "GET /data/attachment/forum/202011/23/125641c73ra6dwfg2hhfdv.jpg HTTP/1.1" 200 53970 "http://lszmn.org/forum.php?mod=viewthread&tid=9339" "Mozilla/5.0 (iPhone; CPU iPhone OS 9_1 like Mac OS X) AppleWebKit/601.1.46 (KHTML, like Gecko) Version/9.0 Mobile/13B143 Safari/601.1 (compatible; Baiduspider-render/2.0; +http://www.baidu.com/search/spider.html)" "-"
116.179.37.198 - - [08/Jun/2022:09:15:49 +0800] "GET /data/attachment/forum/202011/23/125635fujb6rx9yyepjzu4.jpg HTTP/1.1" 200 56823 "http://lszmn.org/forum.php?mod=viewthread&tid=9339" "Mozilla/5.0 (iPhone; CPU iPhone OS 9_1 like Mac OS X) AppleWebKit/601.1.46 (KHTML, like Gecko) Version/9.0 Mobile/13B143 Safari/601.1 (compatible; Baiduspider-render/2.0; +http://www.baidu.com/search/spider.html)" "-"
116.179.37.18 - - [08/Jun/2022:09:15:49 +0800] "GET /data/attachment/forum/202011/23/125641eu366q623qf4j4hd.jpg HTTP/1.1" 200 92916 "http://lszmn.org/forum.php?mod=viewthread&tid=9339" "Mozilla/5.0 (compatible; Baiduspider-render/2.0; +http://www.baidu.com/search/spider.html)" "-"
116.179.37.9 - - [08/Jun/2022:09:15:49 +0800] "GET /data/attachment/forum/202011/23/125642f6uh76a7yrk7ah7h.jpg HTTP/1.1" 200 61957 "http://lszmn.org/forum.php?mod=viewthread&tid=9339" "Mozilla/5.0 (iPhone; CPU iPhone OS 9_1 like Mac OS X) AppleWebKit/601.1.46 (KHTML, like Gecko) Version/9.0 Mobile/13B143 Safari/601.1 (compatible; Baiduspider-render/2.0; +http://www.baidu.com/search/spider.html)" "-"
116.179.37.42 - - [08/Jun/2022:09:15:50 +0800] "GET /data/attachment/forum/202011/23/125640fq4wct275dldlzx7.jpg HTTP/1.1" 200 65536 "http://lszmn.org/forum.php?mod=viewthread&tid=9339" "Mozilla/5.0 (compatible; Baiduspider-render/2.0; +http://www.baidu.com/search/spider.html)" "-"
121.56.26.114 - - [08/Jun/2022:09:15:51 +0800] "GET /forum.php?mod=post&action=reply&fid=48&tid=999&extra=&page=1 HTTP/1.1" 200 4919 "http://www.lszmn.org/forum.php?mod=viewthread&tid=999" "Scrapy/1.7.3 (+https://scrapy.org)" "-"
121.56.26.114 - - [08/Jun/2022:09:15:51 +0800] "GET /forum.php?mod=redirect&goto=nextnewset&tid=999 HTTP/1.1" 302 5 "http://www.lszmn.org/forum.php?mod=viewthread&tid=999" "Scrapy/1.7.3 (+https://scrapy.org)" "-"
121.56.26.114 - - [08/Jun/2022:09:15:51 +0800] "GET /forum.php?mod=redirect&goto=nextoldset&tid=999 HTTP/1.1" 302 5 "http://www.lszmn.org/forum.php?mod=viewthread&tid=999" "Scrapy/1.7.3 (+https://scrapy.org)" "-"
121.56.26.114 - - [08/Jun/2022:09:15:51 +0800] "GET /forum.php?mod=viewthread&tid=999&page=2 HTTP/1.1" 200 4904 "http://www.lszmn.org/forum.php?mod=viewthread&tid=999" "Scrapy/1.7.3 (+https://scrapy.org)" "-"
121.56.26.114 - - [08/Jun/2022:09:15:52 +0800] "GET /forum.php?mod=viewthread&tid=999&extra=&page=2 HTTP/1.1" 200 4925 "http://www.lszmn.org/forum.php?mod=viewthread&tid=999" "Scrapy/1.7.3 (+https://scrapy.org)" "-"
121.56.26.114 - - [08/Jun/2022:09:15:52 +0800] "GET /connect.php?mod=login&op=init&referer=home.php%3Fmod%3Dspacecp%26ac%3Dcredit%26op%3Drule%26fid%3D7&statfrom=login_simple HTTP/1.1" 302 5 "http://www.lszmn.org/home.php?mod=spacecp&ac=credit&op=rule&fid=7" "Scrapy/1.7.3 (+https://scrapy.org)" "-"
221.11.51.21 - - [08/Jun/2022:09:15:52 +0800] "GET /connect.php?mod=login&op=init&referer=forum.php%3Fmod%3Dviewthread%26tid%3D999&statfrom=login HTTP/1.1" 302 5 "http://www.lszmn.org/forum.php?mod=viewthread&tid=999" "Scrapy/1.7.3 (+https://scrapy.org)" "-"
116.179.37.139 - - [08/Jun/2022:09:15:53 +0800] "GET /data/attachment/forum/202011/23/125634lkwalhjph6px4hjj.jpg HTTP/1.1" 200 111409 "http://lszmn.org/forum.php?mod=viewthread&tid=9339" "Mozilla/5.0 (iPhone; CPU iPhone OS 9_1 like Mac OS X) AppleWebKit/601.1.46 (KHTML, like Gecko) Version/9.0 Mobile/13B143 Safari/601.1 (compatible; Baiduspider-render/2.0; +http://www.baidu.com/search/spider.html)" "-"
221.11.51.21 - - [08/Jun/2022:09:15:53 +0800] "GET /forum.php?mod=post&action=reply&fid=48&tid=999 HTTP/1.1" 200 4897 "http://www.lszmn.org/forum.php?mod=viewthread&tid=999" "Scrapy/1.7.3 (+https://scrapy.org)" "-"
116.179.37.9 - - [08/Jun/2022:09:15:53 +0800] "GET /data/attachment/forum/202011/23/125641eu366q623qf4j4hd.jpg HTTP/1.1" 200 92916 "http://lszmn.org/forum.php?mod=viewthread&tid=9339" "Mozilla/5.0 (iPhone; CPU iPhone OS 9_1 like Mac OS X) AppleWebKit/601.1.46 (KHTML, like Gecko) Version/9.0 Mobile/13B143 Safari/601.1 (compatible; Baiduspider-render/2.0; +http://www.baidu.com/search/spider.html)" "-"
121.56.26.114 - - [08/Jun/2022:09:15:54 +0800] "GET /forum.php?mod=post&action=reply&fid=48&tid=999&reppost=1076&extra=&page=1 HTTP/1.1" 200 4947 "http://www.lszmn.org/forum.php?mod=viewthread&tid=999" "Scrapy/1.7.3 (+https://scrapy.org)" "-"
221.11.51.21 - - [08/Jun/2022:09:15:54 +0800] "GET /home.php?mod=spacecp&ac=share&type=thread&id=999 HTTP/1.1" 200 4796 "http://www.lszmn.org/forum.php?mod=viewthread&tid=999" "Scrapy/1.7.3 (+https://scrapy.org)" "-"
42.48.78.178 - - [08/Jun/2022:09:15:54 +0800] "GET /forum.php?mod=attachment&aid=NTMwfDBlYTI4ODBkfDE2NTQ2NTA5MzF8MHwyMDQ%3D&nothumb=yes HTTP/1.1" 200 256448 "http://www.lszmn.org/forum.php?mod=viewthread&tid=204" "Scrapy/1.7.3 (+https://scrapy.org)" "-"
116.179.37.95 - - [08/Jun/2022:09:15:54 +0800] "GET /data/attachment/forum/202011/23/125640fq4wct275dldlzx7.jpg HTTP/1.1" 200 99272 "http://lszmn.org/forum.php?mod=viewthread&tid=9339" "Mozilla/5.0 (iPhone; CPU iPhone OS 9_1 like Mac OS X) AppleWebKit/601.1.46 (KHTML, like Gecko) Version/9.0 Mobile/13B143 Safari/601.1 (compatible; Baiduspider-render/2.0; +http://www.baidu.com/search/spider.html)" "-"
116.179.37.244 - - [08/Jun/2022:09:15:55 +0800] "GET /data/attachment/forum/202011/23/125643emew555jc5i5z11b.jpg HTTP/1.1" 200 68360 "http://lszmn.org/forum.php?mod=viewthread&tid=9339" "Mozilla/5.0 (iPhone; CPU iPhone OS 9_1 like Mac OS X) AppleWebKit/601.1.46 (KHTML, like Gecko) Version/9.0 Mobile/13B143 Safari/601.1 (compatible; Baiduspider-render/2.0; +http://www.baidu.com/search/spider.html)" "-"
221.11.51.21 - - [08/Jun/2022:09:15:56 +0800] "GET /forum.php?mod=viewthread&tid=185 HTTP/1.1" 302 5 "http://www.lszmn.org/forum.php?mod=viewthread&tid=999" "Scrapy/1.7.3 (+https://scrapy.org)" "-"
221.11.51.21 - - [08/Jun/2022:09:15:56 +0800] "GET /connect.php?mod=login&op=init&referer=forum.php%3Fmod%3Dpost%26action%3Dreply%26fid%3D48%26tid%3D999%26extra%3D%26page%3D1&statfrom=login_simple HTTP/1.1" 302 5 "http://www.lszmn.org/forum.php?mod=post&action=reply&fid=48&tid=999&extra=&page=1" "Scrapy/1.7.3 (+https://scrapy.org)" "-"
111.175.7.40 - - [08/Jun/2022:09:15:56 +0800] "GET /forum.php?mod=attachment&aid=NTI5fDdiYmMwYmM4fDE2NTQ2NTA5MzF8MHwyMDQ%3D&nothumb=yes HTTP/1.1" 200 151064 "http://www.lszmn.org/forum.php?mod=viewthread&tid=204" "Scrapy/1.7.3 (+https://scrapy.org)" "-"
116.179.37.159 - - [08/Jun/2022:09:15:56 +0800] "GET /data/attachment/forum/202011/23/125652y11mzbgzabx7hgeg.jpg HTTP/1.1" 200 79424 "http://lszmn.org/forum.php?mod=viewthread&tid=9339" "Mozilla/5.0 (compatible; Baiduspider-render/2.0; +http://www.baidu.com/search/spider.html)" "-"
221.11.51.21 - - [08/Jun/2022:09:15:56 +0800] "GET /connect.php?mod=login&op=init&referer=forum.php%3Fmod%3Dviewthread%26tid%3D999%26extra%3D%26page%3D2&statfrom=login_simple HTTP/1.1" 302 5 "http://www.lszmn.org/forum.php?mod=viewthread&tid=999&extra=&page=2" "Scrapy/1.7.3 (+https://scrapy.org)" "-"
116.179.37.250 - - [08/Jun/2022:09:15:56 +0800] "GET /data/attachment/forum/202011/23/125649zdktf8fcits7ciu8.jpg HTTP/1.1" 200 59861 "http://lszmn.org/forum.php?mod=viewthread&tid=9339" "Mozilla/5.0 (iPhone; CPU iPhone OS 9_1 like Mac OS X) AppleWebKit/601.1.46 (KHTML, like Gecko) Version/9.0 Mobile/13B143 Safari/601.1 (compatible; Baiduspider-render/2.0; +http://www.baidu.com/search/spider.html)" "-"
222.94.163.44 - - [08/Jun/2022:09:15:56 +0800] "GET /forum.php?mod=post&action=reply&fid=48&tid=999&extra=&page= HTTP/1.1" 200 4918 "http://www.lszmn.org/forum.php?mod=viewthread&tid=999&page=2" "Scrapy/1.7.3 (+https://scrapy.org)" "-"
60.13.138.59 - - [08/Jun/2022:09:15:56 +0800] "GET /forum.php?mod=attachment&aid=NTI4fDhhMTQ2ZmUyfDE2NTQ2NTA5MzF8MHwyMDQ%3D&nothumb=yes HTTP/1.1" 200 216600 "http://www.lszmn.org/forum.php?mod=viewthread&tid=204" "Scrapy/1.7.3 (+https://scrapy.org)" "-"
58.18.161.243 - - [08/Jun/2022:09:15:56 +0800] "GET /forum.php?mod=viewthread&tid=190 HTTP/1.1" 200 11498 "http://www.lszmn.org/forum.php?mod=viewthread&tid=999" "Scrapy/1.7.3 (+https://scrapy.org)" "-"
221.11.51.21 - - [08/Jun/2022:09:15:56 +0800] "GET /connect.php?mod=login&op=init&referer=forum.php%3Fmod%3Dviewthread%26tid%3D999%26page%3D2&statfrom=login_simple HTTP/1.1" 302 5 "http://www.lszmn.org/forum.php?mod=viewthread&tid=999&page=2" "Scrapy/1.7.3 (+https://scrapy.org)" "-"
175.152.28.148 - - [08/Jun/2022:09:15:56 +0800] "GET /forum.php?mod=attachment&aid=NTI3fDc3YmY0MWMzfDE2NTQ2NTA5MzF8MHwyMDQ%3D&nothumb=yes HTTP/1.1" 200 216600 "http://www.lszmn.org/forum.php?mod=viewthread&tid=204" "Scrapy/1.7.3 (+https://scrapy.org)" "-"
60.13.138.202 - - [08/Jun/2022:09:15:56 +0800] "GET /forum.php?mod=attachment&aid=NTI2fDEwMTg5YWU5fDE2NTQ2NTA5MzF8MHwyMDQ%3D&nothumb=yes HTTP/1.1" 200 212504 "http://www.lszmn.org/forum.php?mod=viewthread&tid=204" "Scrapy/1.7.3 (+https://scrapy.org)" "-"
1.202.114.178 - - [08/Jun/2022:09:15:56 +0800] "GET /connect.php?mod=login&op=init&referer=forum.php%3Fmod%3Dpost%26action%3Dreply%26fid%3D48%26tid%3D999&statfrom=login_simple HTTP/1.1" 302 5 "http://www.lszmn.org/forum.php?mod=post&action=reply&fid=48&tid=999" "Scrapy/1.7.3 (+https://scrapy.org)" "-"
221.11.51.21 - - [08/Jun/2022:09:15:56 +0800] "GET /forum.php?mod=viewthread&tid=185 HTTP/1.1" 200 10788 "http://www.lszmn.org/forum.php?mod=viewthread&tid=999" "Scrapy/1.7.3 (+https://scrapy.org)" "-"
1.202.114.178 - - [08/Jun/2022:09:15:57 +0800] "GET /connect.php?mod=login&op=init&referer=home.php%3Fmod%3Dspacecp%26ac%3Dshare%26type%3Dthread%26id%3D999&statfrom=login_simple HTTP/1.1" 302 5 "http://www.lszmn.org/home.php?mod=spacecp&ac=share&type=thread&id=999" "Scrapy/1.7.3 (+https://scrapy.org)" "-"
116.179.37.168 - - [08/Jun/2022:09:15:57 +0800] "GET /data/attachment/forum/202011/23/125639innptn6aota2nf6f.jpg HTTP/1.1" 200 65536 "http://lszmn.org/forum.php?mod=viewthread&tid=9339" "Mozilla/5.0 (compatible; Baiduspider-render/2.0; +http://www.baidu.com/search/spider.html)" "-"
116.179.37.84 - - [08/Jun/2022:09:15:57 +0800] "GET /data/attachment/forum/202011/23/125633k6y3z36liu0cico6.jpg HTTP/1.1" 200 65536 "http://lszmn.org/forum.php?mod=viewthread&tid=9339" "Mozilla/5.0 (compatible; Baiduspider-render/2.0; +http://www.baidu.com/search/spider.html)" "-"
36.32.3.184 - - [08/Jun/2022:09:15:57 +0800] "GET /home.php?mod=spacecp&ac=follow&op=relay&tid=999&from=forum HTTP/1.1" 200 4819 "http://www.lszmn.org/forum.php?mod=viewthread&tid=999" "Scrapy/1.7.3 (+https://scrapy.org)" "-"
1.202.114.178 - - [08/Jun/2022:09:15:57 +0800] "GET /home.php?mod=spacecp&ac=favorite&type=thread&id=999 HTTP/1.1" 200 4800 "http://www.lszmn.org/forum.php?mod=viewthread&tid=999" "Scrapy/1.7.3 (+https://scrapy.org)" "-"
58.18.161.23 - - [08/Jun/2022:09:15:57 +0800] "GET /forum.php?mod=attachment&aid=NTI1fDhkMGE3ZjEzfDE2NTQ2NTA5MzF8MHwyMDQ%3D&nothumb=yes HTTP/1.1" 200 155160 "http://www.lszmn.org/forum.php?mod=viewthread&tid=204" "Scrapy/1.7.3 (+https://scrapy.org)" "-"
121.29.178.204 - - [08/Jun/2022:09:15:57 +0800] "GET /home.php?mod=spacecp&ac=plugin&id=qqconnect:spacecp&pluginop=share&sh_type=4&thread_id=999 HTTP/1.1" 200 4875 "http://www.lszmn.org/forum.php?mod=viewthread&tid=999" "Scrapy/1.7.3 (+https://scrapy.org)" "-"
1.202.114.178 - - [08/Jun/2022:09:15:57 +0800] "GET /forum.php?mod=viewthread&tid=999&extra=&ordertype=1 HTTP/1.1" 200 8841 "http://www.lszmn.org/forum.php?mod=viewthread&tid=999" "Scrapy/1.7.3 (+https://scrapy.org)" "-"
116.179.37.42 - - [08/Jun/2022:09:15:57 +0800] "GET /data/attachment/forum/202011/23/125651uetsyz3le3po57ru.jpg HTTP/1.1" 200 65536 "http://lszmn.org/forum.php?mod=viewthread&tid=9339" "Mozilla/5.0 (compatible; Baiduspider-render/2.0; +http://www.baidu.com/search/spider.html)" "-"
116.179.37.244 - - [08/Jun/2022:09:15:58 +0800] "GET /data/attachment/forum/202011/23/125647v1oorrq7p1rg22r0.jpg HTTP/1.1" 200 66820 "http://lszmn.org/forum.php?mod=viewthread&tid=9339" "Mozilla/5.0 (compatible; Baiduspider-render/2.0; +http://www.baidu.com/search/spider.html)" "-"
116.179.37.100 - - [08/Jun/2022:09:15:58 +0800] "GET /data/attachment/forum/202011/23/125651uetsyz3le3po57ru.jpg HTTP/1.1" 200 106065 "http://lszmn.org/forum.php?mod=viewthread&tid=9339" "Mozilla/5.0 (iPhone; CPU iPhone OS 9_1 like Mac OS X) AppleWebKit/601.1.46 (KHTML, like Gecko) Version/9.0 Mobile/13B143 Safari/601.1 (compatible; Baiduspider-render/2.0; +http://www.baidu.com/search/spider.html)" "-"
121.29.178.204 - - [08/Jun/2022:09:15:58 +0800] "GET /forum.php?mod=redirect&goto=nextoldset&tid=9386 HTTP/1.1" 302 5 "http://www.lszmn.org/forum.php?mod=viewthread&tid=9386" "Scrapy/1.7.3 (+https://scrapy.org)" "-"
36.32.3.184 - - [08/Jun/2022:09:15:58 +0800] "GET /forum.php?mod=viewthread&tid=999&page=1&authorid=90 HTTP/1.1" 200 8734 "http://www.lszmn.org/forum.php?mod=viewthread&tid=999" "Scrapy/1.7.3 (+https://scrapy.org)" "-"
116.179.37.95 - - [08/Jun/2022:09:15:58 +0800] "GET /data/attachment/forum/202011/23/125646eliwsbo5hllswgre.jpg HTTP/1.1" 200 101898 "http://lszmn.org/forum.php?mod=viewthread&tid=9339" "Mozilla/5.0 (iPhone; CPU iPhone OS 9_1 like Mac OS X) AppleWebKit/601.1.46 (KHTML, like Gecko) Version/9.0 Mobile/13B143 Safari/601.1 (compatible; Baiduspider-render/2.0; +http://www.baidu.com/search/spider.html)" "-"
222.94.163.44 - - [08/Jun/2022:09:15:58 +0800] "GET /connect.php?mod=login&op=init&referer=forum.php%3Fmod%3Dviewthread%26tid%3D9386&statfrom=login HTTP/1.1" 302 5 "http://www.lszmn.org/forum.php?mod=viewthread&tid=9386" "Scrapy/1.7.3 (+https://scrapy.org)" "-"
116.179.37.18 - - [08/Jun/2022:09:15:58 +0800] "GET /data/attachment/forum/202011/23/125652y11mzbgzabx7hgeg.jpg HTTP/1.1" 200 79424 "http://lszmn.org/forum.php?mod=viewthread&tid=9339" "Mozilla/5.0 (iPhone; CPU iPhone OS 9_1 like Mac OS X) AppleWebKit/601.1.46 (KHTML, like Gecko) Version/9.0 Mobile/13B143 Safari/601.1 (compatible; Baiduspider-render/2.0; +http://www.baidu.com/search/spider.html)" "-"
1.202.114.178 - - [08/Jun/2022:09:15:59 +0800] "GET /connect.php?mod=login&op=init&referer=home.php%3Fmod%3Dspacecp%26ac%3Dfollow%26op%3Drelay%26tid%3D999%26from%3Dforum&statfrom=login_simple HTTP/1.1" 302 5 "http://www.lszmn.org/home.php?mod=spacecp&ac=follow&op=relay&tid=999&from=forum" "Scrapy/1.7.3 (+https://scrapy.org)" "-"
222.94.163.44 - - [08/Jun/2022:09:15:59 +0800] "GET /connect.php?mod=login&op=init&referer=home.php%3Fmod%3Dspacecp%26ac%3Dplugin%26id%3Dqqconnect%3Aspacecp%26pluginop%3Dshare%26sh_type%3D4%26thread_id%3D999&statfrom=login_simple HTTP/1.1" 302 5 "http://www.lszmn.org/home.php?mod=spacecp&ac=plugin&id=qqconnect:spacecp&pluginop=share&sh_type=4&thread_id=999" "Scrapy/1.7.3 (+https://scrapy.org)" "-"
121.29.178.204 - - [08/Jun/2022:09:15:59 +0800] "GET /connect.php?mod=login&op=init&referer=home.php%3Fmod%3Dspacecp%26ac%3Dfavorite%26type%3Dthread%26id%3D999&statfrom=login_simple HTTP/1.1" 302 5 "http://www.lszmn.org/home.php?mod=spacecp&ac=favorite&type=thread&id=999" "Scrapy/1.7.3 (+https://scrapy.org)" "-"
116.179.37.169 - - [08/Jun/2022:09:15:59 +0800] "GET /data/attachment/forum/202011/23/125639innptn6aota2nf6f.jpg HTTP/1.1" 200 131177 "http://lszmn.org/forum.php?mod=viewthread&tid=9339" "Mozilla/5.0 (iPhone; CPU iPhone OS 9_1 like Mac OS X) AppleWebKit/601.1.46 (KHTML, like Gecko) Version/9.0 Mobile/13B143 Safari/601.1 (compatible; Baiduspider-render/2.0; +http://www.baidu.com/search/spider.html)" "-"
1.202.114.178 - - [08/Jun/2022:09:15:59 +0800] "GET /forum.php?mod=post&action=reply&fid=8&tid=9386 HTTP/1.1" 200 4894 "http://www.lszmn.org/forum.php?mod=viewthread&tid=9386" "Scrapy/1.7.3 (+https://scrapy.org)" "-"
222.94.163.44 - - [08/Jun/2022:09:15:59 +0800] "GET /forum.php?mod=viewthread&tid=999&extra=&ordertype=1&page=2 HTTP/1.1" 200 4947 "http://www.lszmn.org/forum.php?mod=viewthread&tid=999&extra=&ordertype=1" "Scrapy/1.7.3 (+https://scrapy.org)" "-"
221.11.51.21 - - [08/Jun/2022:09:15:59 +0800] "GET /connect.php?mod=login&op=init&referer=forum.php%3Fmod%3Dviewthread%26tid%3D999%26extra%3D%26ordertype%3D1&statfrom=login HTTP/1.1" 302 5 "http://www.lszmn.org/forum.php?mod=viewthread&tid=999&extra=&ordertype=1" "Scrapy/1.7.3 (+https://scrapy.org)" "-"
221.11.51.21 - - [08/Jun/2022:09:15:59 +0800] "GET /forum.php?mod=viewthread&tid=999&extra=&ordertype=2 HTTP/1.1" 200 8941 "http://www.lszmn.org/forum.php?mod=viewthread&tid=999&extra=&ordertype=1" "Scrapy/1.7.3 (+https://scrapy.org)" "-"
121.29.178.204 - - [08/Jun/2022:09:15:59 +0800] "GET /forum.php?mod=viewthread&tid=9347 HTTP/1.1" 200 11515 "http://www.lszmn.org/forum.php?mod=viewthread&tid=9386" "Scrapy/1.7.3 (+https://scrapy.org)" "-"
1.202.114.178 - - [08/Jun/2022:09:16:00 +0800] "GET /connect.php?mod=login&op=init&referer=forum.php%3Fmod%3Dviewthread%26tid%3D999%26extra%3D%26ordertype%3D1&statfrom=login_simple HTTP/1.1" 302 5 "http://www.lszmn.org/forum.php?mod=viewthread&tid=999&extra=&ordertype=1" "Scrapy/1.7.3 (+https://scrapy.org)" "-"
1.202.114.178 - - [08/Jun/2022:09:16:00 +0800] "GET /forum.php?mod=redirect&goto=nextnewset&tid=185 HTTP/1.1" 302 5 "http://www.lszmn.org/forum.php?mod=viewthread&tid=185" "Scrapy/1.7.3 (+https://scrapy.org)" "-"
222.94.163.44 - - [08/Jun/2022:09:16:00 +0800] "GET /forum.php?mod=post&action=reply&fid=48&tid=185&extra=&page=1 HTTP/1.1" 200 4919 "http://www.lszmn.org/forum.php?mod=viewthread&tid=185" "Scrapy/1.7.3 (+https://scrapy.org)" "-"
121.56.26.114 - - [08/Jun/2022:09:16:00 +0800] "GET /forum.php?mod=redirect&goto=nextoldset&tid=185 HTTP/1.1" 302 5 "http://www.lszmn.org/forum.php?mod=viewthread&tid=185" "Scrapy/1.7.3 (+https://scrapy.org)" "-"
1.202.114.178 - - [08/Jun/2022:09:16:01 +0800] "GET /connect.php?mod=login&op=init&referer=forum.php%3Fmod%3Dpost%26action%3Dreply%26fid%3D8%26tid%3D9386&statfrom=login_simple HTTP/1.1" 302 5 "http://www.lszmn.org/forum.php?mod=post&action=reply&fid=8&tid=9386" "Scrapy/1.7.3 (+https://scrapy.org)" "-"
116.179.37.213 - - [08/Jun/2022:09:16:01 +0800] "GET /data/attachment/forum/202011/23/125633k6y3z36liu0cico6.jpg HTTP/1.1" 200 87094 "http://lszmn.org/forum.php?mod=viewthread&tid=9339" "Mozilla/5.0 (iPhone; CPU iPhone OS 9_1 like Mac OS X) AppleWebKit/601.1.46 (KHTML, like Gecko) Version/9.0 Mobile/13B143 Safari/601.1 (compatible; Baiduspider-render/2.0; +http://www.baidu.com/search/spider.html)" "-"
121.56.26.114 - - [08/Jun/2022:09:16:01 +0800] "GET /connect.php?mod=login&op=init&referer=forum.php%3Fmod%3Dviewthread%26tid%3D185&statfrom=login HTTP/1.1" 302 5 "http://www.lszmn.org/forum.php?mod=viewthread&tid=185" "Scrapy/1.7.3 (+https://scrapy.org)" "-"
222.94.163.44 - - [08/Jun/2022:09:16:01 +0800] "GET /forum.php?mod=viewthread&tid=999 HTTP/1.1" 200 8898 "http://www.lszmn.org/forum.php?mod=viewthread&tid=185" "Scrapy/1.7.3 (+https://scrapy.org)" "-"
1.202.114.178 - - [08/Jun/2022:09:16:01 +0800] "GET /forum.php?mod=viewthread&tid=183 HTTP/1.1" 302 5 "http://www.lszmn.org/forum.php?mod=viewthread&tid=185" "Scrapy/1.7.3 (+https://scrapy.org)" "-"
116.179.37.165 - - [08/Jun/2022:09:16:01 +0800] "GET /data/attachment/forum/202011/23/125644qn24p62odosq7s22.jpg HTTP/1.1" 200 83022 "http://lszmn.org/forum.php?mod=viewthread&tid=9339" "Mozilla/5.0 (iPhone; CPU iPhone OS 9_1 like Mac OS X) AppleWebKit/601.1.46 (KHTML, like Gecko) Version/9.0 Mobile/13B143 Safari/601.1 (compatible; Baiduspider-render/2.0; +http://www.baidu.com/search/spider.html)" "-"
1.202.114.178 - - [08/Jun/2022:09:16:01 +0800] "GET /forum.php?mod=post&action=reply&fid=48&tid=185 HTTP/1.1" 200 4897 "http://www.lszmn.org/forum.php?mod=viewthread&tid=185" "Scrapy/1.7.3 (+https://scrapy.org)" "-"
111.85.200.56 - - [08/Jun/2022:09:16:01 +0800] "GET /connect.php?mod=login&op=init&referer=forum.php%3Fmod%3Dpost%26action%3Dreply%26fid%3D48%26tid%3D999%26reppost%3D1076%26extra%3D%26page%3D1&statfrom=login_simple HTTP/1.1" 302 5 "http://www.lszmn.org/forum.php?mod=post&action=reply&fid=48&tid=999&reppost=1076&extra=&page=1" "Scrapy/1.7.3 (+https://scrapy.org)" "-"
221.11.51.21 - - [08/Jun/2022:09:16:02 +0800] "GET /forum.php?mod=post&action=reply&fid=48&tid=185&reppost=224&extra=&page=1 HTTP/1.1" 200 4942 "http://www.lszmn.org/forum.php?mod=viewthread&tid=185" "Scrapy/1.7.3 (+https://scrapy.org)" "-"
1.202.114.178 - - [08/Jun/2022:09:16:02 +0800] "GET /home.php?mod=spacecp&ac=share&type=thread&id=185 HTTP/1.1" 200 4794 "http://www.lszmn.org/forum.php?mod=viewthread&tid=185" "Scrapy/1.7.3 (+https://scrapy.org)" "-"
111.85.200.56 - - [08/Jun/2022:09:16:02 +0800] "GET /home.php?mod=spacecp&ac=follow&op=relay&tid=185&from=forum HTTP/1.1" 200 4819 "http://www.lszmn.org/forum.php?mod=viewthread&tid=185" "Scrapy/1.7.3 (+https://scrapy.org)" "-"
36.32.3.184 - - [08/Jun/2022:09:16:02 +0800] "GET /home.php?mod=spacecp&ac=favorite&type=thread&id=185 HTTP/1.1" 200 4799 "http://www.lszmn.org/forum.php?mod=viewthread&tid=185" "Scrapy/1.7.3 (+https://scrapy.org)" "-"
121.56.26.114 - - [08/Jun/2022:09:16:02 +0800] "GET /forum.php?mod=viewthread&tid=183 HTTP/1.1" 200 13792 "http://www.lszmn.org/forum.php?mod=viewthread&tid=185" "Scrapy/1.7.3 (+https://scrapy.org)" "-"
221.11.51.21 - - [08/Jun/2022:09:16:02 +0800] "GET /home.php?mod=spacecp&ac=plugin&id=qqconnect:spacecp&pluginop=share&sh_type=4&thread_id=185 HTTP/1.1" 200 4874 "http://www.lszmn.org/forum.php?mod=viewthread&tid=185" "Scrapy/1.7.3 (+https://scrapy.org)" "-"
222.94.163.44 - - [08/Jun/2022:09:16:02 +0800] "GET /forum.php?mod=viewthread&tid=185&extra=&ordertype=1 HTTP/1.1" 200 10722 "http://www.lszmn.org/forum.php?mod=viewthread&tid=185" "Scrapy/1.7.3 (+https://scrapy.org)" "-"
36.32.3.184 - - [08/Jun/2022:09:16:03 +0800] "GET /forum.php?mod=viewthread&tid=185&page=1&authorid=1 HTTP/1.1" 200 10830 "http://www.lszmn.org/forum.php?mod=viewthread&tid=185" "Scrapy/1.7.3 (+https://scrapy.org)" "-"
1.202.114.178 - - [08/Jun/2022:09:16:03 +0800] "GET /forum.php?mod=viewthread&tid=185 HTTP/1.1" 200 10793 "http://www.lszmn.org/forum.php?mod=viewthread&tid=185" "Scrapy/1.7.3 (+https://scrapy.org)" "-"
222.94.163.44 - - [08/Jun/2022:09:16:03 +0800] "GET /connect.php?mod=login&op=init&referer=forum.php%3Fmod%3Dviewthread%26tid%3D185&statfrom=login_simple HTTP/1.1" 302 5 "http://www.lszmn.org/forum.php?mod=viewthread&tid=185" "Scrapy/1.7.3 (+https://scrapy.org)" "-"
121.29.178.204 - - [08/Jun/2022:09:16:03 +0800] "GET /connect.php?mod=login&op=init&referer=forum.php%3Fmod%3Dviewthread%26tid%3D999%26page%3D1%26authorid%3D90&statfrom=login HTTP/1.1" 302 5 "http://www.lszmn.org/forum.php?mod=viewthread&tid=999&page=1&authorid=90" "Scrapy/1.7.3 (+https://scrapy.org)" "-"
111.85.200.56 - - [08/Jun/2022:09:16:03 +0800] "GET /connect.php?mod=login&op=init&referer=forum.php%3Fmod%3Dviewthread%26tid%3D999%26page%3D1%26authorid%3D90&statfrom=login_simple HTTP/1.1" 302 5 "http://www.lszmn.org/forum.php?mod=viewthread&tid=999&page=1&authorid=90" "Scrapy/1.7.3 (+https://scrapy.org)" "-"
222.94.163.44 - - [08/Jun/2022:09:16:03 +0800] "GET /home.php?mod=spacecp&ac=share&type=thread&id=9386 HTTP/1.1" 200 4802 "http://www.lszmn.org/forum.php?mod=viewthread&tid=9386" "Scrapy/1.7.3 (+https://scrapy.org)" "-"
36.32.3.184 - - [08/Jun/2022:09:16:03 +0800] "GET /home.php?mod=spacecp&ac=follow&op=relay&tid=9386&from=forum HTTP/1.1" 200 4818 "http://www.lszmn.org/forum.php?mod=viewthread&tid=9386" "Scrapy/1.7.3 (+https://scrapy.org)" "-"
111.85.200.56 - - [08/Jun/2022:09:16:03 +0800] "GET /home.php?mod=spacecp&ac=favorite&type=thread&id=9386 HTTP/1.1" 200 4806 "http://www.lszmn.org/forum.php?mod=viewthread&tid=9386" "Scrapy/1.7.3 (+https://scrapy.org)" "-"
221.11.51.21 - - [08/Jun/2022:09:16:03 +0800] "GET /forum.php?mod=post&action=reply&fid=8&tid=9386&reppost=6879940&extra=&page=1 HTTP/1.1" 200 4952 "http://www.lszmn.org/forum.php?mod=viewthread&tid=9386" "Scrapy/1.7.3 (+https://scrapy.org)" "-"
1.202.114.178 - - [08/Jun/2022:09:16:03 +0800] "GET /forum.php?mod=viewthread&tid=999&page=1 HTTP/1.1" 200 8911 "http://www.lszmn.org/forum.php?mod=viewthread&tid=999&page=1&authorid=90" "Scrapy/1.7.3 (+https://scrapy.org)" "-"
221.11.51.21 - - [08/Jun/2022:09:16:04 +0800] "GET /home.php?mod=spacecp&ac=plugin&id=qqconnect:spacecp&pluginop=share&sh_type=4&thread_id=9386 HTTP/1.1" 200 4881 "http://www.lszmn.org/forum.php?mod=viewthread&tid=9386" "Scrapy/1.7.3 (+https://scrapy.org)" "-"
116.179.37.73 - - [08/Jun/2022:09:16:04 +0800] "GET /data/attachment/forum/202011/23/125639w6ves66db6zrggfs.jpg HTTP/1.1" 200 131072 "http://lszmn.org/forum.php?mod=viewthread&tid=9339" "Mozilla/5.0 (compatible; Baiduspider-render/2.0; +http://www.baidu.com/search/spider.html)" "-"
116.179.37.239 - - [08/Jun/2022:09:16:04 +0800] "GET /data/attachment/forum/202011/23/125647v1oorrq7p1rg22r0.jpg HTTP/1.1" 200 66820 "http://lszmn.org/forum.php?mod=viewthread&tid=9339" "Mozilla/5.0 (iPhone; CPU iPhone OS 9_1 like Mac OS X) AppleWebKit/601.1.46 (KHTML, like Gecko) Version/9.0 Mobile/13B143 Safari/601.1 (compatible; Baiduspider-render/2.0; +http://www.baidu.com/search/spider.html)" "-"
116.179.37.26 - - [08/Jun/2022:09:16:04 +0800] "GET /data/attachment/forum/202011/23/125645nf1c0cclm99hyfss.jpg HTTP/1.1" 200 65536 "http://lszmn.org/forum.php?mod=viewthread&tid=9339" "Mozilla/5.0 (compatible; Baiduspider-render/2.0; +http://www.baidu.com/search/spider.html)" "-"
116.179.37.82 - - [08/Jun/2022:09:16:04 +0800] "GET /data/attachment/forum/202011/23/125650vqo1fqz1z7pd5y5q.jpg HTTP/1.1" 200 65536 "http://lszmn.org/forum.php?mod=viewthread&tid=9339" "Mozilla/5.0 (compatible; Baiduspider-render/2.0; +http://www.baidu.com/search/spider.html)" "-"
1.202.114.178 - - [08/Jun/2022:09:16:04 +0800] "GET /connect.php?mod=login&op=init&referer=home.php%3Fmod%3Dspacecp%26ac%3Dfollow%26op%3Drelay%26tid%3D9386%26from%3Dforum&statfrom=login_simple HTTP/1.1" 302 5 "http://www.lszmn.org/home.php?mod=spacecp&ac=follow&op=relay&tid=9386&from=forum" "Scrapy/1.7.3 (+https://scrapy.org)" "-"
1.202.114.178 - - [08/Jun/2022:09:16:05 +0800] "GET /connect.php?mod=login&op=init&referer=forum.php%3Fmod%3Dpost%26action%3Dreply%26fid%3D8%26tid%3D9386%26reppost%3D6879940%26extra%3D%26page%3D1&statfrom=login_simple HTTP/1.1" 302 5 "http://www.lszmn.org/forum.php?mod=post&action=reply&fid=8&tid=9386&reppost=6879940&extra=&page=1" "Scrapy/1.7.3 (+https://scrapy.org)" "-"
1.202.114.178 - - [08/Jun/2022:09:16:05 +0800] "GET /connect.php?mod=login&op=init&referer=home.php%3Fmod%3Dspacecp%26ac%3Dshare%26type%3Dthread%26id%3D9386&statfrom=login_simple HTTP/1.1" 302 5 "http://www.lszmn.org/home.php?mod=spacecp&ac=share&type=thread&id=9386" "Scrapy/1.7.3 (+https://scrapy.org)" "-"
1.202.114.178 - - [08/Jun/2022:09:16:05 +0800] "GET /connect.php?mod=login&op=init&referer=home.php%3Fmod%3Dspacecp%26ac%3Dplugin%26id%3Dqqconnect%3Aspacecp%26pluginop%3Dshare%26sh_type%3D4%26thread_id%3D9386&statfrom=login_simple HTTP/1.1" 302 5 "http://www.lszmn.org/home.php?mod=spacecp&ac=plugin&id=qqconnect:spacecp&pluginop=share&sh_type=4&thread_id=9386" "Scrapy/1.7.3 (+https://scrapy.org)" "-"
1.202.114.178 - - [08/Jun/2022:09:16:05 +0800] "GET /connect.php?mod=login&op=init&referer=home.php%3Fmod%3Dspacecp%26ac%3Dfavorite%26type%3Dthread%26id%3D9386&statfrom=login_simple HTTP/1.1" 302 5 "http://www.lszmn.org/home.php?mod=spacecp&ac=favorite&type=thread&id=9386" "Scrapy/1.7.3 (+https://scrapy.org)" "-"
116.179.37.14 - - [08/Jun/2022:09:16:05 +0800] "GET /data/attachment/forum/202011/23/125648auph0rh08jvphujv.jpg HTTP/1.1" 200 98044 "http://lszmn.org/forum.php?mod=viewthread&tid=9339" "Mozilla/5.0 (iPhone; CPU iPhone OS 9_1 like Mac OS X) AppleWebKit/601.1.46 (KHTML, like Gecko) Version/9.0 Mobile/13B143 Safari/601.1 (compatible; Baiduspider-render/2.0; +http://www.baidu.com/search/spider.html)" "-"
116.179.37.11 - - [08/Jun/2022:09:16:07 +0800] "GET /data/attachment/forum/202011/23/125644voapcchncfdbfna8.jpg HTTP/1.1" 200 103221 "http://lszmn.org/forum.php?mod=viewthread&tid=9339" "Mozilla/5.0 (iPhone; CPU iPhone OS 9_1 like Mac OS X) AppleWebKit/601.1.46 (KHTML, like Gecko) Version/9.0 Mobile/13B143 Safari/601.1 (compatible; Baiduspider-render/2.0; +http://www.baidu.com/search/spider.html)" "-"
116.179.37.180 - - [08/Jun/2022:09:16:07 +0800] "GET /data/attachment/forum/202011/23/125643kb48c1lmzkle4u14.jpg HTTP/1.1" 200 120213 "http://lszmn.org/forum.php?mod=viewthread&tid=9339" "Mozilla/5.0 (iPhone; CPU iPhone OS 9_1 like Mac OS X) AppleWebKit/601.1.46 (KHTML, like Gecko) Version/9.0 Mobile/13B143 Safari/601.1 (compatible; Baiduspider-render/2.0; +http://www.baidu.com/search/spider.html)" "-"
116.179.37.170 - - [08/Jun/2022:09:16:08 +0800] "GET /data/attachment/forum/202011/23/125645nf1c0cclm99hyfss.jpg HTTP/1.1" 200 71121 "http://lszmn.org/forum.php?mod=viewthread&tid=9339" "Mozilla/5.0 (iPhone; CPU iPhone OS 9_1 like Mac OS X) AppleWebKit/601.1.46 (KHTML, like Gecko) Version/9.0 Mobile/13B143 Safari/601.1 (compatible; Baiduspider-render/2.0; +http://www.baidu.com/search/spider.html)" "-"
116.179.37.240 - - [08/Jun/2022:09:16:09 +0800] "GET /data/attachment/forum/202011/23/125635wn1wdwczonc16oud.jpg HTTP/1.1" 200 65536 "http://lszmn.org/forum.php?mod=viewthread&tid=9339" "Mozilla/5.0 (compatible; Baiduspider-render/2.0; +http://www.baidu.com/search/spider.html)" "-"
116.179.37.70 - - [08/Jun/2022:09:16:10 +0800] "GET /data/attachment/forum/202011/23/125639w6ves66db6zrggfs.jpg HTTP/1.1" 200 131177 "http://lszmn.org/forum.php?mod=viewthread&tid=9339" "Mozilla/5.0 (iPhone; CPU iPhone OS 9_1 like Mac OS X) AppleWebKit/601.1.46 (KHTML, like Gecko) Version/9.0 Mobile/13B143 Safari/601.1 (compatible; Baiduspider-render/2.0; +http://www.baidu.com/search/spider.html)" "-"
185.191.171.45 - - [08/Jun/2022:09:16:10 +0800] "GET /forum.php?extra=page%3D1&mod=viewthread&tid=6728 HTTP/1.1" 200 10423 "-" "Mozilla/5.0 (compatible; SemrushBot/7~bl; +http://www.semrush.com/bot.html)" "-"
116.179.37.153 - - [08/Jun/2022:09:16:11 +0800] "GET /data/attachment/forum/202011/23/125635wn1wdwczonc16oud.jpg HTTP/1.1" 200 94676 "http://lszmn.org/forum.php?mod=viewthread&tid=9339" "Mozilla/5.0 (iPhone; CPU iPhone OS 9_1 like Mac OS X) AppleWebKit/601.1.46 (KHTML, like Gecko) Version/9.0 Mobile/13B143 Safari/601.1 (compatible; Baiduspider-render/2.0; +http://www.baidu.com/search/spider.html)" "-"
185.191.171.23 - - [08/Jun/2022:09:16:13 +0800] "GET /forum.php?mod=viewthread&tid=6728 HTTP/1.1" 200 10394 "-" "Mozilla/5.0 (compatible; SemrushBot/7~bl; +http://www.semrush.com/bot.html)" "-"
116.179.37.145 - - [08/Jun/2022:09:16:13 +0800] "GET /data/attachment/forum/202011/23/125644qn24p62odosq7s22.jpg HTTP/1.1" 200 65536 "http://lszmn.org/forum.php?mod=viewthread&tid=9339" "Mozilla/5.0 (compatible; Baiduspider-render/2.0; +http://www.baidu.com/search/spider.html)" "-"
116.179.37.159 - - [08/Jun/2022:09:16:14 +0800] "GET /data/attachment/forum/202011/23/125646eliwsbo5hllswgre.jpg HTTP/1.1" 200 65536 "http://lszmn.org/forum.php?mod=viewthread&tid=9339" "Mozilla/5.0 (compatible; Baiduspider-render/2.0; +http://www.baidu.com/search/spider.html)" "-"
116.179.37.87 - - [08/Jun/2022:09:16:15 +0800] "GET /data/attachment/forum/202011/23/125650vqo1fqz1z7pd5y5q.jpg HTTP/1.1" 200 81537 "http://lszmn.org/forum.php?mod=viewthread&tid=9339" "Mozilla/5.0 (iPhone; CPU iPhone OS 9_1 like Mac OS X) AppleWebKit/601.1.46 (KHTML, like Gecko) Version/9.0 Mobile/13B143 Safari/601.1 (compatible; Baiduspider-render/2.0; +http://www.baidu.com/search/spider.html)" "-"
185.191.171.42 - - [08/Jun/2022:09:16:18 +0800] "GET /forum.php?fid=19&mod=forumdisplay&page=1 HTTP/1.1" 200 10018 "-" "Mozilla/5.0 (compatible; SemrushBot/7~bl; +http://www.semrush.com/bot.html)" "-"
121.29.178.204 - - [08/Jun/2022:09:16:19 +0800] "GET /forum.php?mod=attachment&aid=MzM2NnxjNzI4ZWFlYXwxNjU0NjUwODk3fDB8OTM4Ng%3D%3D&nothumb=yes HTTP/1.1" 200 155072 "http://www.lszmn.org/forum.php?mod=viewthread&tid=9386" "Scrapy/1.7.3 (+https://scrapy.org)" "-"
36.32.3.184 - - [08/Jun/2022:09:16:19 +0800] "GET /forum.php?mod=attachment&aid=MzM2NXw2YjgwY2Q0MnwxNjU0NjUwODk3fDB8OTM4Ng%3D%3D&nothumb=yes HTTP/1.1" 200 220608 "http://www.lszmn.org/forum.php?mod=viewthread&tid=9386" "Scrapy/1.7.3 (+https://scrapy.org)" "-"
221.11.51.21 - - [08/Jun/2022:09:16:19 +0800] "GET /forum.php?mod=attachment&aid=MzA2MXw0ODQwZTViM3wxNjU0NjUwOTU5fDB8OTM0Nw%3D%3D&nothumb=yes HTTP/1.1" 200 417176 "http://www.lszmn.org/forum.php?mod=viewthread&tid=9347" "Scrapy/1.7.3 (+https://scrapy.org)" "-"
222.94.163.44 - - [08/Jun/2022:09:16:19 +0800] "GET /forum.php?mod=attachment&aid=MzA2Nnw3OGMxYTQ4NHwxNjU0NjUwOTU5fDB8OTM0Nw%3D%3D&nothumb=yes HTTP/1.1" 200 351640 "http://www.lszmn.org/forum.php?mod=viewthread&tid=9347" "Scrapy/1.7.3 (+https://scrapy.org)" "-"
111.85.200.56 - - [08/Jun/2022:09:16:19 +0800] "GET /forum.php?mod=attachment&aid=MzA2NXxlMTUwMzZhN3wxNjU0NjUwOTU5fDB8OTM0Nw%3D%3D&nothumb=yes HTTP/1.1" 200 282008 "http://www.lszmn.org/forum.php?mod=viewthread&tid=9347" "Scrapy/1.7.3 (+https://scrapy.org)" "-"
61.52.87.216 - - [08/Jun/2022:09:16:20 +0800] "GET /connect.php?mod=login&op=init&referer=forum.php%3Fmod%3Dviewthread%26tid%3D190&statfrom=login_simple HTTP/1.1" 302 5 "http://www.lszmn.org/forum.php?mod=viewthread&tid=190" "Scrapy/1.7.3 (+https://scrapy.org)" "-"
58.18.161.243 - - [08/Jun/2022:09:16:20 +0800] "GET /forum.php?mod=attachment&aid=MzA2NHxjN2EyZmJkOXwxNjU0NjUwOTU5fDB8OTM0Nw%3D%3D&nothumb=yes HTTP/1.1" 200 150936 "http://www.lszmn.org/forum.php?mod=viewthread&tid=9347" "Scrapy/1.7.3 (+https://scrapy.org)" "-"
182.88.233.191 - - [08/Jun/2022:09:16:21 +0800] "GET /forum.php?mod=redirect&goto=nextnewset&tid=190 HTTP/1.1" 302 5 "http://www.lszmn.org/forum.php?mod=viewthread&tid=190" "Scrapy/1.7.3 (+https://scrapy.org)" "-"
61.52.87.216 - - [08/Jun/2022:09:16:21 +0800] "GET /forum.php?mod=post&action=reply&fid=48&tid=190&extra=&page=1 HTTP/1.1" 200 4920 "http://www.lszmn.org/forum.php?mod=viewthread&tid=190" "Scrapy/1.7.3 (+https://scrapy.org)" "-"
182.88.233.191 - - [08/Jun/2022:09:16:21 +0800] "GET /forum.php?mod=redirect&goto=nextoldset&tid=190 HTTP/1.1" 302 5 "http://www.lszmn.org/forum.php?mod=viewthread&tid=190" "Scrapy/1.7.3 (+https://scrapy.org)" "-"
61.52.87.216 - - [08/Jun/2022:09:16:21 +0800] "GET /forum.php?mod=viewthread&tid=190&extra=&page=2 HTTP/1.1" 200 4927 "http://www.lszmn.org/forum.php?mod=viewthread&tid=190" "Scrapy/1.7.3 (+https://scrapy.org)" "-"
182.88.233.191 - - [08/Jun/2022:09:16:21 +0800] "GET /forum.php?mod=viewthread&tid=190&page=2 HTTP/1.1" 200 4907 "http://www.lszmn.org/forum.php?mod=viewthread&tid=190" "Scrapy/1.7.3 (+https://scrapy.org)" "-"
61.52.87.216 - - [08/Jun/2022:09:16:21 +0800] "GET /forum.php?mod=post&action=reply&fid=48&tid=190 HTTP/1.1" 200 4896 "http://www.lszmn.org/forum.php?mod=viewthread&tid=190" "Scrapy/1.7.3 (+https://scrapy.org)" "-"
1.202.114.178 - - [08/Jun/2022:09:16:22 +0800] "GET /forum.php?mod=attachment&aid=MzA2M3xmNTBjZmQ1YXwxNjU0NjUwOTU5fDB8OTM0Nw%3D%3D&nothumb=yes HTTP/1.1" 200 417176 "http://www.lszmn.org/forum.php?mod=viewthread&tid=9347" "Scrapy/1.7.3 (+https://scrapy.org)" "-"
61.52.87.216 - - [08/Jun/2022:09:16:22 +0800] "GET /home.php?mod=spacecp&ac=share&type=thread&id=190 HTTP/1.1" 200 4795 "http://www.lszmn.org/forum.php?mod=viewthread&tid=190" "Scrapy/1.7.3 (+https://scrapy.org)" "-"
182.88.233.191 - - [08/Jun/2022:09:16:22 +0800] "GET /forum.php?mod=post&action=reply&fid=48&tid=190&reppost=229&extra=&page=1 HTTP/1.1" 200 4942 "http://www.lszmn.org/forum.php?mod=viewthread&tid=190" "Scrapy/1.7.3 (+https://scrapy.org)" "-"
124.117.197.198 - - [08/Jun/2022:09:16:22 +0800] "GET /connect.php?mod=login&op=init&referer=forum.php%3Fmod%3Dviewthread%26tid%3D190&statfrom=login HTTP/1.1" 302 5 "http://www.lszmn.org/forum.php?mod=viewthread&tid=190" "Scrapy/1.7.3 (+https://scrapy.org)" "-"
185.191.171.24 - - [08/Jun/2022:09:16:22 +0800] "GET /forum.php?action=postreview&do=support&hash=71ba7de7&mod=misc&pid=6358911&tid=6884 HTTP/1.1" 200 4792 "-" "Mozilla/5.0 (compatible; SemrushBot/7~bl; +http://www.semrush.com/bot.html)" "-"
61.52.87.216 - - [08/Jun/2022:09:16:22 +0800] "GET /home.php?mod=spacecp&ac=favorite&type=thread&id=190 HTTP/1.1" 200 4800 "http://www.lszmn.org/forum.php?mod=viewthread&tid=190" "Scrapy/1.7.3 (+https://scrapy.org)" "-"
182.88.233.191 - - [08/Jun/2022:09:16:22 +0800] "GET /home.php?mod=spacecp&ac=plugin&id=qqconnect:spacecp&pluginop=share&sh_type=4&thread_id=190 HTTP/1.1" 200 4874 "http://www.lszmn.org/forum.php?mod=viewthread&tid=190" "Scrapy/1.7.3 (+https://scrapy.org)" "-"
144.255.19.158 - - [08/Jun/2022:09:16:22 +0800] "GET /home.php?mod=spacecp&ac=follow&op=relay&tid=190&from=forum HTTP/1.1" 200 4818 "http://www.lszmn.org/forum.php?mod=viewthread&tid=190" "Scrapy/1.7.3 (+https://scrapy.org)" "-"
175.184.164.25 - - [08/Jun/2022:09:16:22 +0800] "GET /forum.php?mod=viewthread&tid=999 HTTP/1.1" 200 8899 "http://www.lszmn.org/forum.php?mod=viewthread&tid=190" "Scrapy/1.7.3 (+https://scrapy.org)" "-"
182.88.233.191 - - [08/Jun/2022:09:16:22 +0800] "GET /forum.php?mod=viewthread&tid=190&from=album HTTP/1.1" 200 7930 "http://www.lszmn.org/forum.php?mod=viewthread&tid=190" "Scrapy/1.7.3 (+https://scrapy.org)" "-"
144.255.19.158 - - [08/Jun/2022:09:16:22 +0800] "GET /forum.php?mod=viewthread&tid=190&page=1&authorid=1 HTTP/1.1" 200 11352 "http://www.lszmn.org/forum.php?mod=viewthread&tid=190" "Scrapy/1.7.3 (+https://scrapy.org)" "-"
183.160.248.117 - - [08/Jun/2022:09:16:23 +0800] "GET /forum.php?mod=viewthread&tid=188 HTTP/1.1" 200 11347 "http://www.lszmn.org/forum.php?mod=viewthread&tid=190" "Scrapy/1.7.3 (+https://scrapy.org)" "-"
124.117.197.198 - - [08/Jun/2022:09:16:23 +0800] "GET /forum.php?mod=attachment&aid=NDk5fDM0ZTNiZmU1fDE2NTQ2NTA5NTZ8MHwxOTA%3D&nothumb=yes HTTP/1.1" 200 20178 "http://www.lszmn.org/forum.php?mod=viewthread&tid=190" "Scrapy/1.7.3 (+https://scrapy.org)" "-"
182.88.233.191 - - [08/Jun/2022:09:16:23 +0800] "GET /forum.php?mod=viewthread&tid=190 HTTP/1.1" 200 11502 "http://www.lszmn.org/forum.php?mod=viewthread&tid=190" "Scrapy/1.7.3 (+https://scrapy.org)" "-"
61.52.87.216 - - [08/Jun/2022:09:16:23 +0800] "GET /forum.php?mod=viewthread&tid=190&extra=&ordertype=1 HTTP/1.1" 200 11433 "http://www.lszmn.org/forum.php?mod=viewthread&tid=190" "Scrapy/1.7.3 (+https://scrapy.org)" "-"
144.255.19.158 - - [08/Jun/2022:09:16:23 +0800] "GET /forum.php?mod=viewthread&tid=9386&extra=&ordertype=1 HTTP/1.1" 200 10200 "http://www.lszmn.org/forum.php?mod=viewthread&tid=9386" "Scrapy/1.7.3 (+https://scrapy.org)" "-"
61.52.87.216 - - [08/Jun/2022:09:16:23 +0800] "GET /forum.php?mod=viewthread&tid=9386&from=album HTTP/1.1" 200 8041 "http://www.lszmn.org/forum.php?mod=viewthread&tid=9386" "Scrapy/1.7.3 (+https://scrapy.org)" "-"
124.117.197.198 - - [08/Jun/2022:09:16:23 +0800] "GET /forum.php?mod=viewthread&tid=9386&page=1&authorid=1 HTTP/1.1" 200 10313 "http://www.lszmn.org/forum.php?mod=viewthread&tid=9386" "Scrapy/1.7.3 (+https://scrapy.org)" "-"
61.52.87.216 - - [08/Jun/2022:09:16:24 +0800] "GET /archiver/?fid-60.html HTTP/1.1" 200 1092 "http://www.lszmn.org/archiver/" "Scrapy/1.7.3 (+https://scrapy.org)" "-"
61.52.87.216 - - [08/Jun/2022:09:16:24 +0800] "GET /archiver/?fid-58.html HTTP/1.1" 200 1294 "http://www.lszmn.org/archiver/" "Scrapy/1.7.3 (+https://scrapy.org)" "-"
61.52.87.216 - - [08/Jun/2022:09:16:24 +0800] "GET /archiver/?fid-59.html HTTP/1.1" 200 1409 "http://www.lszmn.org/archiver/" "Scrapy/1.7.3 (+https://scrapy.org)" "-"
183.160.248.117 - - [08/Jun/2022:09:16:24 +0800] "GET /archiver/?fid-52.html HTTP/1.1" 200 1662 "http://www.lszmn.org/archiver/" "Scrapy/1.7.3 (+https://scrapy.org)" "-"
61.52.87.216 - - [08/Jun/2022:09:16:24 +0800] "GET /archiver/?fid-42.html HTTP/1.1" 200 1664 "http://www.lszmn.org/archiver/" "Scrapy/1.7.3 (+https://scrapy.org)" "-"
144.255.19.158 - - [08/Jun/2022:09:16:25 +0800] "GET /archiver/?fid-48.html HTTP/1.1" 200 1411 "http://www.lszmn.org/archiver/" "Scrapy/1.7.3 (+https://scrapy.org)" "-"
183.160.248.117 - - [08/Jun/2022:09:16:25 +0800] "GET /archiver/?fid-7.html HTTP/1.1" 200 1883 "http://www.lszmn.org/archiver/" "Scrapy/1.7.3 (+https://scrapy.org)" "-"
144.255.19.158 - - [08/Jun/2022:09:16:25 +0800] "GET /forum.php?mod=post&action=reply&fid=8&tid=9386&extra=&page=1&from=album HTTP/1.1" 200 4940 "http://www.lszmn.org/forum.php?mod=viewthread&tid=9386&from=album" "Scrapy/1.7.3 (+https://scrapy.org)" "-"
124.117.197.198 - - [08/Jun/2022:09:16:25 +0800] "GET /forum.php?mod=forumdisplay&fid=60&page=1 HTTP/1.1" 200 8565 "http://www.lszmn.org/archiver/?fid-60.html" "Scrapy/1.7.3 (+https://scrapy.org)" "-"
61.52.87.216 - - [08/Jun/2022:09:16:25 +0800] "GET /archiver/?fid-8.html HTTP/1.1" 200 1834 "http://www.lszmn.org/archiver/" "Scrapy/1.7.3 (+https://scrapy.org)" "-"
183.160.248.117 - - [08/Jun/2022:09:16:26 +0800] "GET /forum.php?mod=forumdisplay&fid=58&page=1 HTTP/1.1" 200 9090 "http://www.lszmn.org/archiver/?fid-58.html" "Scrapy/1.7.3 (+https://scrapy.org)" "-"
124.117.197.198 - - [08/Jun/2022:09:16:26 +0800] "GET /archiver/?tid-100.html HTTP/1.1" 200 3969 "http://www.lszmn.org/archiver/?fid-58.html" "Scrapy/1.7.3 (+https://scrapy.org)" "-"
116.179.37.136 - - [08/Jun/2022:09:16:26 +0800] "GET /data/attachment/forum/202011/23/125645g219766q6qcq9962.jpg HTTP/1.1" 200 65536 "http://lszmn.org/forum.php?mod=viewthread&tid=9339" "Mozilla/5.0 (iPhone; CPU iPhone OS 9_1 like Mac OS X) AppleWebKit/601.1.46 (KHTML, like Gecko) Version/9.0 Mobile/13B143 Safari/601.1 (compatible; Baiduspider-render/2.0; +http://www.baidu.com/search/spider.html)" "-"
144.255.19.158 - - [08/Jun/2022:09:16:26 +0800] "GET /connect.php?mod=login&op=init&referer=forum.php%3Fmod%3Dviewthread%26tid%3D9386%26extra%3D%26ordertype%3D1&statfrom=login_simple HTTP/1.1" 302 5 "http://www.lszmn.org/forum.php?mod=viewthread&tid=9386&extra=&ordertype=1" "Scrapy/1.7.3 (+https://scrapy.org)" "-"
183.160.248.117 - - [08/Jun/2022:09:16:26 +0800] "GET /forum.php?mod=forumdisplay&fid=59&page=1 HTTP/1.1" 200 9504 "http://www.lszmn.org/archiver/?fid-59.html" "Scrapy/1.7.3 (+https://scrapy.org)" "-"
124.117.197.198 - - [08/Jun/2022:09:16:26 +0800] "GET /archiver/?tid-152.html HTTP/1.1" 200 1540 "http://www.lszmn.org/archiver/?fid-59.html" "Scrapy/1.7.3 (+https://scrapy.org)" "-"
144.255.19.158 - - [08/Jun/2022:09:16:26 +0800] "GET /archiver/?tid-8311.html HTTP/1.1" 200 2924 "http://www.lszmn.org/archiver/?fid-42.html" "Scrapy/1.7.3 (+https://scrapy.org)" "-"
144.255.19.158 - - [08/Jun/2022:09:16:26 +0800] "GET /connect.php?mod=login&op=init&referer=forum.php%3Fmod%3Dviewthread%26tid%3D9386%26page%3D1%26authorid%3D1&statfrom=login HTTP/1.1" 302 5 "http://www.lszmn.org/forum.php?mod=viewthread&tid=9386&page=1&authorid=1" "Scrapy/1.7.3 (+https://scrapy.org)" "-"
124.117.197.198 - - [08/Jun/2022:09:16:26 +0800] "GET /forum.php?mod=forumdisplay&fid=42&page=1 HTTP/1.1" 200 11883 "http://www.lszmn.org/archiver/?fid-42.html" "Scrapy/1.7.3 (+https://scrapy.org)" "-"
144.255.19.158 - - [08/Jun/2022:09:16:27 +0800] "GET /forum.php?mod=viewthread&tid=9386&page=1 HTTP/1.1" 200 10292 "http://www.lszmn.org/forum.php?mod=viewthread&tid=9386&page=1&authorid=1" "Scrapy/1.7.3 (+https://scrapy.org)" "-"
61.52.87.216 - - [08/Jun/2022:09:16:27 +0800] "GET /archiver/?tid-9316.html HTTP/1.1" 200 2021 "http://www.lszmn.org/archiver/?fid-60.html" "Scrapy/1.7.3 (+https://scrapy.org)" "-"
61.52.87.216 - - [08/Jun/2022:09:16:27 +0800] "GET /forum.php?mod=forumdisplay&fid=8&page=1 HTTP/1.1" 200 11140 "http://www.lszmn.org/archiver/?fid-8.html" "Scrapy/1.7.3 (+https://scrapy.org)" "-"
144.255.19.158 - - [08/Jun/2022:09:16:28 +0800] "GET /forum.php?mod=forumdisplay&fid=7&page=1 HTTP/1.1" 200 11223 "http://www.lszmn.org/archiver/?fid-7.html" "Scrapy/1.7.3 (+https://scrapy.org)" "-"
74.50.125.8 - - [08/Jun/2022:09:16:28 +0800] "GET /member.php?mod=register&inajax=1 HTTP/1.1" 302 5 "http://www.lszmn.org/" "Mozilla/5.0 (Macintosh; Intel Mac OS X 10_13_1) AppleWebKit/537.36 (KHTML, like Gecko) Chrome/67.0.3396.87 Safari/537.36" "-"
124.117.197.198 - - [08/Jun/2022:09:16:28 +0800] "GET /archiver/?fid-7.html&page=2 HTTP/1.1" 200 1230 "http://www.lszmn.org/archiver/?fid-7.html" "Scrapy/1.7.3 (+https://scrapy.org)" "-"
74.50.125.8 - - [08/Jun/2022:09:16:28 +0800] "GET /connect.php?mod=login&op=init&referer=forum.php&statfrom=login_simple HTTP/1.1" 302 5 "http://www.lszmn.org/member.php?mod=register&inajax=1" "Mozilla/5.0 (Macintosh; Intel Mac OS X 10_13_1) AppleWebKit/537.36 (KHTML, like Gecko) Chrome/67.0.3396.87 Safari/537.36" "-"
144.255.19.158 - - [08/Jun/2022:09:16:29 +0800] "GET /archiver/?tid-6882.html HTTP/1.1" 302 5 "http://www.lszmn.org/archiver/?fid-7.html" "Scrapy/1.7.3 (+https://scrapy.org)" "-"
144.255.19.158 - - [08/Jun/2022:09:16:29 +0800] "GET /archiver/?tid-233.html HTTP/1.1" 302 5 "http://www.lszmn.org/archiver/?fid-7.html" "Scrapy/1.7.3 (+https://scrapy.org)" "-"
124.117.197.198 - - [08/Jun/2022:09:16:29 +0800] "GET /archiver/?tid-6655.html HTTP/1.1" 302 5 "http://www.lszmn.org/archiver/?fid-7.html" "Scrapy/1.7.3 (+https://scrapy.org)" "-"
38.55.176.226 - - [08/Jun/2022:09:16:29 +0800] "GET http://www.lszmn.org/home.php?mod=space&uid=45850&do=profile HTTP/1.0" 200 12703 "http://www.lszmn.org/" "Mozilla/5.0 (Macintosh; Intel Mac OS X 10_13_4) AppleWebKit/537.36 (KHTML, like Gecko) Chrome/67.0.3396.10 Safari/537.36" "-"
144.255.19.158 - - [08/Jun/2022:09:16:30 +0800] "GET /archiver/?tid-6820.html HTTP/1.1" 302 5 "http://www.lszmn.org/archiver/?fid-7.html" "Scrapy/1.7.3 (+https://scrapy.org)" "-"
124.117.197.198 - - [08/Jun/2022:09:16:30 +0800] "GET /archiver/?tid-6809.html HTTP/1.1" 302 5 "http://www.lszmn.org/archiver/?fid-7.html" "Scrapy/1.7.3 (+https://scrapy.org)" "-"
144.255.19.158 - - [08/Jun/2022:09:16:30 +0800] "GET /archiver/?tid-6907.html HTTP/1.1" 302 5 "http://www.lszmn.org/archiver/?fid-7.html" "Scrapy/1.7.3 (+https://scrapy.org)" "-"
61.52.87.216 - - [08/Jun/2022:09:16:30 +0800] "GET /archiver/?tid-229.html HTTP/1.1" 200 2760 "http://www.lszmn.org/archiver/?fid-7.html" "Scrapy/1.7.3 (+https://scrapy.org)" "-"
124.117.197.198 - - [08/Jun/2022:09:16:30 +0800] "GET /forum.php?mod=viewthread&tid=6882 HTTP/1.1" 200 10033 "http://www.lszmn.org/archiver/?fid-7.html" "Scrapy/1.7.3 (+https://scrapy.org)" "-"
106.11.158.102 - - [08/Jun/2022:09:16:31 +0800] "GET /forum.php?mod=viewthread&tid=9331 HTTP/1.1" 200 9011 "-" "Mozilla/5.0 (Windows NT 6.1; Win64; x64) AppleWebKit/537.36 (KHTML, like Gecko) Chrome/69.0.3497.81 YisouSpider/5.0 Safari/537.36" "-"
144.255.19.158 - - [08/Jun/2022:09:16:31 +0800] "GET /archiver/?tid-1227.html HTTP/1.1" 200 1784 "http://www.lszmn.org/archiver/?fid-7.html" "Scrapy/1.7.3 (+https://scrapy.org)" "-"
183.160.248.117 - - [08/Jun/2022:09:16:31 +0800] "GET /forum.php?mod=viewthread&tid=233 HTTP/1.1" 200 10651 "http://www.lszmn.org/archiver/?fid-7.html" "Scrapy/1.7.3 (+https://scrapy.org)" "-"
185.191.171.17 - - [08/Jun/2022:09:16:32 +0800] "GET /forum.php?action=postreview&do=against&hash=639c96dc&mod=misc&pid=6710401&tid=1108 HTTP/1.1" 200 4795 "-" "Mozilla/5.0 (compatible; SemrushBot/7~bl; +http://www.semrush.com/bot.html)" "-"
61.52.87.216 - - [08/Jun/2022:09:16:32 +0800] "GET /forum.php?mod=viewthread&tid=6655 HTTP/1.1" 200 12406 "http://www.lszmn.org/archiver/?fid-7.html" "Scrapy/1.7.3 (+https://scrapy.org)" "-"
124.117.197.198 - - [08/Jun/2022:09:16:32 +0800] "GET /archiver/?tid-270.html HTTP/1.1" 200 2337 "http://www.lszmn.org/archiver/?fid-7.html" "Scrapy/1.7.3 (+https://scrapy.org)" "-"
144.255.19.158 - - [08/Jun/2022:09:16:32 +0800] "GET /forum.php?mod=viewthread&tid=6809 HTTP/1.1" 200 11305 "http://www.lszmn.org/archiver/?fid-7.html" "Scrapy/1.7.3 (+https://scrapy.org)" "-"
106.11.153.114 - - [08/Jun/2022:09:16:32 +0800] "GET /data/cache/style_24_forum_viewthread.css?kp9 HTTP/1.1" 200 74995 "http://lszmn.org/forum.php?mod=viewthread&tid=9331" "Mozilla/5.0 (Windows NT 6.1; Win64; x64) AppleWebKit/537.36 (KHTML, like Gecko) Chrome/69.0.3497.81 YisouSpider/5.0 Safari/537.36" "-"
