112.80.136.2 - - [08/Jun/2022:09:36:15 +0800] "GET /forum.php?mod=attachment&aid=MjczNnxmYTE5ZTIzMHwxNjU0NjUyMTczfDB8MTEy&nothumb=yes HTTP/1.1" 200 71507 "http://www.lszmn.org/forum.php?mod=viewthread&tid=112&page=1" "Scrapy/1.7.3 (+https://scrapy.org)" "-"
222.94.163.220 - - [08/Jun/2022:09:36:16 +0800] "GET /forum.php?mod=attachment&aid=MjczM3xjZDNkODE2NnwxNjU0NjUyMTczfDB8MTEy&nothumb=yes HTTP/1.1" 200 84703 "http://www.lszmn.org/forum.php?mod=viewthread&tid=112&page=1" "Scrapy/1.7.3 (+https://scrapy.org)" "-"
58.247.216.239 - - [08/Jun/2022:09:36:16 +0800] "GET /forum.php?mod=attachment&aid=Mjc0MHxhMWQyMTYzNnwxNjU0NjUyMTczfDB8MTEy&nothumb=yes HTTP/1.1" 200 118313 "http://www.lszmn.org/forum.php?mod=viewthread&tid=112&page=1" "Scrapy/1.7.3 (+https://scrapy.org)" "-"
58.247.217.104 - - [08/Jun/2022:09:36:16 +0800] "GET /forum.php?mod=attachment&aid=MjczOXw2YTcwMWY1MHwxNjU0NjUyMTczfDB8MTEy&nothumb=yes HTTP/1.1" 200 103100 "http://www.lszmn.org/forum.php?mod=viewthread&tid=112&page=1" "Scrapy/1.7.3 (+https://scrapy.org)" "-"
221.11.5.52 - - [08/Jun/2022:09:36:17 +0800] "GET /forum.php?mod=attachment&aid=Mjc0MXw3YzUyMjE3MHwxNjU0NjUyMTczfDB8MTEy&nothumb=yes HTTP/1.1" 200 200968 "http://www.lszmn.org/forum.php?mod=viewthread&tid=112&page=1" "Scrapy/1.7.3 (+https://scrapy.org)" "-"
185.191.171.35 - - [08/Jun/2022:09:36:18 +0800] "GET /forum.php?action=postreview&do=against&hash=cf7d3454&mod=misc&pid=97353&tid=1077 HTTP/1.1" 200 4794 "-" "Mozilla/5.0 (compatible; SemrushBot/7~bl; +http://www.semrush.com/bot.html)" "-"
59.50.182.37 - - [08/Jun/2022:09:36:18 +0800] "GET /forum.php?mod=attachment&aid=MjczOHxkMDU2MjVkMnwxNjU0NjUyMTczfDB8MTEy&nothumb=yes HTTP/1.1" 200 94367 "http://www.lszmn.org/forum.php?mod=viewthread&tid=112&page=1" "Scrapy/1.7.3 (+https://scrapy.org)" "-"
112.80.136.2 - - [08/Jun/2022:09:36:20 +0800] "GET /forum.php?mod=attachment&aid=MjczN3wwYjlkZTQzZnwxNjU0NjUyMTczfDB8MTEy&nothumb=yes HTTP/1.1" 200 92756 "http://www.lszmn.org/forum.php?mod=viewthread&tid=112&page=1" "Scrapy/1.7.3 (+https://scrapy.org)" "-"
185.191.171.41 - - [08/Jun/2022:09:36:20 +0800] "GET /forum.php?action=postreview&do=support&hash=fa294a65&mod=misc&pid=2933&tid=1070 HTTP/1.1" 200 4788 "-" "Mozilla/5.0 (compatible; SemrushBot/7~bl; +http://www.semrush.com/bot.html)" "-"
222.94.163.220 - - [08/Jun/2022:09:36:21 +0800] "GET /forum.php?mod=attachment&aid=MjczNHxjNDU3NGQwMnwxNjU0NjUyMTczfDB8MTEy&nothumb=yes HTTP/1.1" 200 71272 "http://www.lszmn.org/forum.php?mod=viewthread&tid=112&page=1" "Scrapy/1.7.3 (+https://scrapy.org)" "-"
59.50.182.37 - - [08/Jun/2022:09:36:23 +0800] "GET /forum.php?mod=attachment&aid=MjczMHw4ZTQyOTFlOHwxNjU0NjUyMTczfDB8MTEy&nothumb=yes HTTP/1.1" 200 59553 "http://www.lszmn.org/forum.php?mod=viewthread&tid=112&page=1" "Scrapy/1.7.3 (+https://scrapy.org)" "-"
222.94.163.220 - - [08/Jun/2022:09:36:24 +0800] "GET /forum.php?mod=attachment&aid=MjczMnw4YjBhZDA3MXwxNjU0NjUyMTczfDB8MTEy&nothumb=yes HTTP/1.1" 200 78297 "http://www.lszmn.org/forum.php?mod=viewthread&tid=112&page=1" "Scrapy/1.7.3 (+https://scrapy.org)" "-"
221.11.5.52 - - [08/Jun/2022:09:36:24 +0800] "GET /forum.php?mod=attachment&aid=MjcyOXw4YjA2MWE1ZHwxNjU0NjUyMTczfDB8MTEy&nothumb=yes HTTP/1.1" 200 100075 "http://www.lszmn.org/forum.php?mod=viewthread&tid=112&page=1" "Scrapy/1.7.3 (+https://scrapy.org)" "-"
58.247.216.239 - - [08/Jun/2022:09:36:25 +0800] "GET /forum.php?mod=attachment&aid=MjcyOHxlYmJiNjZjNnwxNjU0NjUyMTczfDB8MTEy&nothumb=yes HTTP/1.1" 200 74411 "http://www.lszmn.org/forum.php?mod=viewthread&tid=112&page=1" "Scrapy/1.7.3 (+https://scrapy.org)" "-"
150.255.177.115 - - [08/Jun/2022:09:36:25 +0800] "GET /forum.php?mod=attachment&aid=MTY4MHxiMDNiY2RlNXwxNjU0NjUxNzY5fDB8NjgxMw%3D%3D&nothumb=yes HTTP/1.1" 200 343584 "http://www.lszmn.org/forum.php?mod=viewthread&tid=6813" "Scrapy/1.7.3 (+https://scrapy.org)" "-"
58.247.217.104 - - [08/Jun/2022:09:36:26 +0800] "GET /forum.php?mod=attachment&aid=MjcyN3w0MDAxZTcxNHwxNjU0NjUyMTczfDB8MTEy&nothumb=yes HTTP/1.1" 200 99122 "http://www.lszmn.org/forum.php?mod=viewthread&tid=112&page=1" "Scrapy/1.7.3 (+https://scrapy.org)" "-"
14.204.44.110 - - [08/Jun/2022:09:36:26 +0800] "GET /forum.php?mod=attachment&aid=MjcyNXwzNjU2ZTczMHwxNjU0NjUyMTczfDB8MTEy&nothumb=yes HTTP/1.1" 200 106923 "http://www.lszmn.org/forum.php?mod=viewthread&tid=112&page=1" "Scrapy/1.7.3 (+https://scrapy.org)" "-"
112.80.136.2 - - [08/Jun/2022:09:36:26 +0800] "GET /forum.php?mod=attachment&aid=MjcyNnxiODE0NDQxOHwxNjU0NjUyMTczfDB8MTEy&nothumb=yes HTTP/1.1" 200 81422 "http://www.lszmn.org/forum.php?mod=viewthread&tid=112&page=1" "Scrapy/1.7.3 (+https://scrapy.org)" "-"
221.11.5.52 - - [08/Jun/2022:09:36:27 +0800] "GET /forum.php?mod=attachment&aid=MjcyM3xjOTM1YmVmZnwxNjU0NjUyMTczfDB8MTEy&nothumb=yes HTTP/1.1" 200 110800 "http://www.lszmn.org/forum.php?mod=viewthread&tid=112&page=1" "Scrapy/1.7.3 (+https://scrapy.org)" "-"
222.94.163.220 - - [08/Jun/2022:09:36:28 +0800] "GET /forum.php?mod=attachment&aid=MjczMXwyYTZmZjY3ZHwxNjU0NjUyMTczfDB8MTEy&nothumb=yes HTTP/1.1" 200 59835 "http://www.lszmn.org/forum.php?mod=viewthread&tid=112&page=1" "Scrapy/1.7.3 (+https://scrapy.org)" "-"
1.85.219.232 - - [08/Jun/2022:09:36:29 +0800] "GET /forum.php?mod=attachment&aid=MTY4MHwxZTg4NmZkNHwxNjU0NjUyMTcxfDB8NjgxMw%3D%3D&nothumb=yes HTTP/1.1" 200 478848 "http://www.lszmn.org/forum.php?mod=viewthread&tid=6813&extra=&ordertype=1" "Scrapy/1.7.3 (+https://scrapy.org)" "-"
59.50.182.37 - - [08/Jun/2022:09:36:29 +0800] "GET /forum.php?mod=attachment&aid=MjcyNHw1NTQ5ZDllN3wxNjU0NjUyMTczfDB8MTEy&nothumb=yes HTTP/1.1" 200 101515 "http://www.lszmn.org/forum.php?mod=viewthread&tid=112&page=1" "Scrapy/1.7.3 (+https://scrapy.org)" "-"
58.247.216.239 - - [08/Jun/2022:09:36:30 +0800] "GET /connect.php?mod=login&op=init&referer=home.php%3Fmod%3Dspacecp%26ac%3Dfollow%26op%3Drelay%26tid%3D112%26from%3Dforum&statfrom=login_simple HTTP/1.1" 302 5 "http://www.lszmn.org/home.php?mod=spacecp&ac=follow&op=relay&tid=112&from=forum" "Scrapy/1.7.3 (+https://scrapy.org)" "-"
58.247.216.239 - - [08/Jun/2022:09:36:30 +0800] "GET /connect.php?mod=login&op=init&referer=forum.php%3Fmod%3Dviewthread%26tid%3D6813%26extra%3D%26ordertype%3D1&statfrom=login_simple HTTP/1.1" 302 5 "http://www.lszmn.org/forum.php?mod=viewthread&tid=6813&extra=&ordertype=1" "Scrapy/1.7.3 (+https://scrapy.org)" "-"
58.247.216.239 - - [08/Jun/2022:09:36:30 +0800] "GET /connect.php?mod=login&op=init&referer=home.php%3Fmod%3Dspacecp%26ac%3Dshare%26type%3Dthread%26id%3D112&statfrom=login_simple HTTP/1.1" 302 5 "http://www.lszmn.org/home.php?mod=spacecp&ac=share&type=thread&id=112" "Scrapy/1.7.3 (+https://scrapy.org)" "-"
58.247.217.104 - - [08/Jun/2022:09:36:31 +0800] "GET /forum.php?mod=attachment&aid=MTY4MXw0MzViN2RmN3wxNjU0NjUyMTcyfDB8NjgxMw%3D%3D&nothumb=yes HTTP/1.1" 200 36339 "http://www.lszmn.org/forum.php?mod=viewthread&tid=6813&page=1&authorid=1" "Scrapy/1.7.3 (+https://scrapy.org)" "-"
222.94.163.220 - - [08/Jun/2022:09:36:31 +0800] "GET /forum.php?mod=attachment&aid=MTY3OHw0Y2VhM2U0OXwxNjU0NjUyMTcyfDB8NjgxMw%3D%3D&nothumb=yes HTTP/1.1" 200 33678 "http://www.lszmn.org/forum.php?mod=viewthread&tid=6813&page=1&authorid=1" "Scrapy/1.7.3 (+https://scrapy.org)" "-"
185.191.171.18 - - [08/Jun/2022:09:36:31 +0800] "GET /forum.php?action=postreview&do=against&hash=23bc2e50&mod=misc&pid=109327&tid=1036 HTTP/1.1" 200 4794 "-" "Mozilla/5.0 (compatible; SemrushBot/7~bl; +http://www.semrush.com/bot.html)" "-"
112.80.136.2 - - [08/Jun/2022:09:36:31 +0800] "GET /forum.php?mod=viewthread&tid=6813&page=1 HTTP/1.1" 200 10925 "http://www.lszmn.org/forum.php?mod=viewthread&tid=6813&page=1&authorid=1" "Scrapy/1.7.3 (+https://scrapy.org)" "-"
112.80.136.2 - - [08/Jun/2022:09:36:33 +0800] "GET /forum.php?mod=attachment&aid=Mjc0MHxkOWNiODI3MXwxNjU0NjUxNzY5fDB8MTEy&nothumb=yes HTTP/1.1" 200 118313 "http://www.lszmn.org/forum.php?mod=viewthread&tid=112" "Scrapy/1.7.3 (+https://scrapy.org)" "-"
58.247.217.104 - - [08/Jun/2022:09:36:33 +0800] "GET /forum.php?mod=attachment&aid=MjczM3xhZTUwZmRjOXwxNjU0NjUxNzY5fDB8MTEy&nothumb=yes HTTP/1.1" 200 84703 "http://www.lszmn.org/forum.php?mod=viewthread&tid=112" "Scrapy/1.7.3 (+https://scrapy.org)" "-"
59.50.182.37 - - [08/Jun/2022:09:36:33 +0800] "GET /forum.php?mod=attachment&aid=MjczOXw4NjVkNWYxN3wxNjU0NjUxNzY5fDB8MTEy&nothumb=yes HTTP/1.1" 200 103100 "http://www.lszmn.org/forum.php?mod=viewthread&tid=112" "Scrapy/1.7.3 (+https://scrapy.org)" "-"
171.34.179.12 - - [08/Jun/2022:09:36:34 +0800] "GET /forum.php?mod=attachment&aid=MzczfDZjZTU1ZTY2fDE2NTQ2NTIxNzN8MHwxMTI%3D&nothumb=yes HTTP/1.1" 200 69933 "http://www.lszmn.org/forum.php?mod=viewthread&tid=112&page=1" "Scrapy/1.7.3 (+https://scrapy.org)" "-"
14.204.44.110 - - [08/Jun/2022:09:36:34 +0800] "GET /forum.php?mod=attachment&aid=MjczOHxkZmM5Y2JhZHwxNjU0NjUxNzY5fDB8MTEy&nothumb=yes HTTP/1.1" 200 94367 "http://www.lszmn.org/forum.php?mod=viewthread&tid=112" "Scrapy/1.7.3 (+https://scrapy.org)" "-"
221.11.5.52 - - [08/Jun/2022:09:36:35 +0800] "GET /forum.php?mod=attachment&aid=MjczN3w0NTlkM2RiNnwxNjU0NjUxNzY5fDB8MTEy&nothumb=yes HTTP/1.1" 200 92756 "http://www.lszmn.org/forum.php?mod=viewthread&tid=112" "Scrapy/1.7.3 (+https://scrapy.org)" "-"
222.94.163.220 - - [08/Jun/2022:09:36:37 +0800] "GET /forum.php?mod=attachment&aid=MjczNHw3MDNlYTY5YnwxNjU0NjUxNzY5fDB8MTEy&nothumb=yes HTTP/1.1" 200 71272 "http://www.lszmn.org/forum.php?mod=viewthread&tid=112" "Scrapy/1.7.3 (+https://scrapy.org)" "-"
58.247.217.104 - - [08/Jun/2022:09:36:37 +0800] "GET /forum.php?mod=attachment&aid=MjczMHxkOTY5YjU4MXwxNjU0NjUxNzY5fDB8MTEy&nothumb=yes HTTP/1.1" 200 59553 "http://www.lszmn.org/forum.php?mod=viewthread&tid=112" "Scrapy/1.7.3 (+https://scrapy.org)" "-"
112.80.136.2 - - [08/Jun/2022:09:36:37 +0800] "GET /connect.php?mod=login&op=init&referer=forum.php%3Fmod%3Dviewthread%26tid%3D6805&statfrom=login_simple HTTP/1.1" 302 5 "http://www.lszmn.org/forum.php?mod=viewthread&tid=6805" "Scrapy/1.7.3 (+https://scrapy.org)" "-"
59.50.182.37 - - [08/Jun/2022:09:36:37 +0800] "GET /connect.php?mod=login&op=init&referer=forum.php%3Fmod%3Dviewthread%26tid%3D6813&statfrom=login_simple HTTP/1.1" 302 5 "http://www.lszmn.org/forum.php?mod=viewthread&tid=6813" "Scrapy/1.7.3 (+https://scrapy.org)" "-"
59.50.182.37 - - [08/Jun/2022:09:36:38 +0800] "GET /forum.php?mod=attachment&aid=MjcyNXw0ODdkMzBhMHwxNjU0NjUxNzY5fDB8MTEy&nothumb=yes HTTP/1.1" 200 106923 "http://www.lszmn.org/forum.php?mod=viewthread&tid=112" "Scrapy/1.7.3 (+https://scrapy.org)" "-"
112.80.136.2 - - [08/Jun/2022:09:36:38 +0800] "GET /forum.php?mod=attachment&aid=MjcyN3wwMDYzMjQzY3wxNjU0NjUxNzY5fDB8MTEy&nothumb=yes HTTP/1.1" 200 99122 "http://www.lszmn.org/forum.php?mod=viewthread&tid=112" "Scrapy/1.7.3 (+https://scrapy.org)" "-"
222.94.163.220 - - [08/Jun/2022:09:36:39 +0800] "GET /forum.php?mod=attachment&aid=MjcyNHxjMzU5ZjQzN3wxNjU0NjUxNzY5fDB8MTEy&nothumb=yes HTTP/1.1" 200 101515 "http://www.lszmn.org/forum.php?mod=viewthread&tid=112" "Scrapy/1.7.3 (+https://scrapy.org)" "-"
221.11.5.52 - - [08/Jun/2022:09:36:40 +0800] "GET /forum.php?mod=attachment&aid=MjcyNnxjOTNhZDM4ZnwxNjU0NjUxNzY5fDB8MTEy&nothumb=yes HTTP/1.1" 200 81422 "http://www.lszmn.org/forum.php?mod=viewthread&tid=112" "Scrapy/1.7.3 (+https://scrapy.org)" "-"
58.247.217.104 - - [08/Jun/2022:09:36:40 +0800] "GET /forum.php?mod=attachment&aid=MjcyM3w0MDczOTIwNXwxNjU0NjUxNzY5fDB8MTEy&nothumb=yes HTTP/1.1" 200 110800 "http://www.lszmn.org/forum.php?mod=viewthread&tid=112" "Scrapy/1.7.3 (+https://scrapy.org)" "-"
185.191.171.24 - - [08/Jun/2022:09:36:41 +0800] "GET /robots.txt HTTP/1.1" 200 705 "-" "Mozilla/5.0 (compatible; SemrushBot/7~bl; +http://www.semrush.com/bot.html)" "-"
14.204.44.110 - - [08/Jun/2022:09:36:42 +0800] "GET /forum.php?mod=attachment&aid=MjczMXw0ZmRkZDY4OXwxNjU0NjUxNzY5fDB8MTEy&nothumb=yes HTTP/1.1" 200 59835 "http://www.lszmn.org/forum.php?mod=viewthread&tid=112" "Scrapy/1.7.3 (+https://scrapy.org)" "-"
185.191.171.10 - - [08/Jun/2022:09:36:42 +0800] "GET /forum.php?extra=page%3D1&mod=viewthread&tid=252 HTTP/1.1" 200 11075 "-" "Mozilla/5.0 (compatible; SemrushBot/7~bl; +http://www.semrush.com/bot.html)" "-"
112.80.136.2 - - [08/Jun/2022:09:36:44 +0800] "GET /forum.php?mod=attachment&aid=MzczfDFhYzQwNzY0fDE2NTQ2NTE3Njl8MHwxMTI%3D&nothumb=yes HTTP/1.1" 200 69933 "http://www.lszmn.org/forum.php?mod=viewthread&tid=112" "Scrapy/1.7.3 (+https://scrapy.org)" "-"
222.94.163.220 - - [08/Jun/2022:09:36:44 +0800] "GET /forum.php?mod=viewthread&tid=112&extra=&ordertype=1 HTTP/1.1" 200 15555 "http://www.lszmn.org/forum.php?mod=viewthread&tid=112" "Scrapy/1.7.3 (+https://scrapy.org)" "-"
42.63.252.103 - - [08/Jun/2022:09:36:44 +0800] "GET /forum.php?mod=viewthread&tid=112&from=album HTTP/1.1" 200 8940 "http://www.lszmn.org/forum.php?mod=viewthread&tid=112" "Scrapy/1.7.3 (+https://scrapy.org)" "-"
58.247.217.104 - - [08/Jun/2022:09:36:44 +0800] "GET /forum.php?mod=viewthread&tid=112&page=1&authorid=3 HTTP/1.1" 200 15261 "http://www.lszmn.org/forum.php?mod=viewthread&tid=112" "Scrapy/1.7.3 (+https://scrapy.org)" "-"
221.11.5.52 - - [08/Jun/2022:09:36:44 +0800] "GET /home.php?mod=space&uid=3&do=profile HTTP/1.1" 200 4261 "http://www.lszmn.org/forum.php?mod=viewthread&tid=112" "Scrapy/1.7.3 (+https://scrapy.org)" "-"
14.204.44.110 - - [08/Jun/2022:09:36:45 +0800] "GET /connect.php?mod=login&op=init&referer=forum.php%3Fmod%3Dviewthread%26tid%3D112&statfrom=login_simple HTTP/1.1" 302 5 "http://www.lszmn.org/forum.php?mod=viewthread&tid=112" "Scrapy/1.7.3 (+https://scrapy.org)" "-"
185.191.171.45 - - [08/Jun/2022:09:36:45 +0800] "GET /forum.php?mod=viewthread&tid=252 HTTP/1.1" 200 11026 "-" "Mozilla/5.0 (compatible; SemrushBot/7~bl; +http://www.semrush.com/bot.html)" "-"
222.94.163.220 - - [08/Jun/2022:09:36:45 +0800] "GET /forum.php?mod=viewthread&tid=990&extra=&page=26 HTTP/1.1" 200 10739 "http://www.lszmn.org/forum.php?mod=viewthread&tid=990" "Scrapy/1.7.3 (+https://scrapy.org)" "-"
58.247.216.239 - - [08/Jun/2022:09:36:45 +0800] "GET /forum.php?mod=attachment&aid=MTY4MHxmMzVhMWYyZXwxNjU0NjUyMTcyfDB8NjgxMw%3D%3D&nothumb=yes HTTP/1.1" 200 540192 "http://www.lszmn.org/forum.php?mod=viewthread&tid=6813&page=1&authorid=1" "Scrapy/1.7.3 (+https://scrapy.org)" "-"
222.94.163.220 - - [08/Jun/2022:09:36:46 +0800] "GET /forum.php?mod=viewthread&tid=7484 HTTP/1.1" 200 11319 "http://www.lszmn.org" "Scrapy/1.7.3 (+https://scrapy.org)" "-"
58.247.217.104 - - [08/Jun/2022:09:36:46 +0800] "GET /forum.php?mod=attachment&aid=NjgwfGYwNzA0OWY4fDE2NTQ2NTE3Njh8MHw5OTA%3D&nothumb=yes HTTP/1.1" 200 51005 "http://www.lszmn.org/forum.php?mod=viewthread&tid=990" "Scrapy/1.7.3 (+https://scrapy.org)" "-"
14.204.44.110 - - [08/Jun/2022:09:36:46 +0800] "GET /forum.php?mod=attachment&aid=Njc5fGNiYTEzM2JjfDE2NTQ2NTE3Njh8MHw5OTA%3D&nothumb=yes HTTP/1.1" 200 63017 "http://www.lszmn.org/forum.php?mod=viewthread&tid=990" "Scrapy/1.7.3 (+https://scrapy.org)" "-"
221.11.5.52 - - [08/Jun/2022:09:36:46 +0800] "GET /connect.php?mod=login&op=init&referer=forum.php%3Fmod%3Dviewthread%26tid%3D112%26extra%3D%26ordertype%3D1&statfrom=login_simple HTTP/1.1" 302 5 "http://www.lszmn.org/forum.php?mod=viewthread&tid=112&extra=&ordertype=1" "Scrapy/1.7.3 (+https://scrapy.org)" "-"
112.80.136.2 - - [08/Jun/2022:09:36:46 +0800] "GET /forum.php?mod=viewthread&tid=7350 HTTP/1.1" 200 11034 "http://www.lszmn.org" "Scrapy/1.7.3 (+https://scrapy.org)" "-"
112.80.136.2 - - [08/Jun/2022:09:36:46 +0800] "GET /connect.php?mod=login&op=init&referer=forum.php%3Fmod%3Dviewthread%26tid%3D112%26from%3Dalbum&statfrom=login_simple HTTP/1.1" 302 5 "http://www.lszmn.org/forum.php?mod=viewthread&tid=112&from=album" "Scrapy/1.7.3 (+https://scrapy.org)" "-"
221.11.5.52 - - [08/Jun/2022:09:36:46 +0800] "GET /forum.php?mod=viewthread&tid=6894 HTTP/1.1" 200 17032 "http://www.lszmn.org" "Scrapy/1.7.3 (+https://scrapy.org)" "-"
42.63.252.103 - - [08/Jun/2022:09:36:46 +0800] "GET /forum.php?mod=attachment&aid=Njc4fDIyNDhiYjI0fDE2NTQ2NTE3Njh8MHw5OTA%3D&nothumb=yes HTTP/1.1" 200 34853 "http://www.lszmn.org/forum.php?mod=viewthread&tid=990" "Scrapy/1.7.3 (+https://scrapy.org)" "-"
59.50.182.37 - - [08/Jun/2022:09:36:47 +0800] "GET /forum.php?mod=attachment&aid=NjgyfDA3NDNjOGNmfDE2NTQ2NTE3Njh8MHw5OTA%3D&nothumb=yes HTTP/1.1" 200 49648 "http://www.lszmn.org/forum.php?mod=viewthread&tid=990" "Scrapy/1.7.3 (+https://scrapy.org)" "-"
222.94.163.220 - - [08/Jun/2022:09:36:47 +0800] "GET /connect.php?mod=login&op=init&referer=forum.php%3Fmod%3Dviewthread%26tid%3D112%26extra%3D%26ordertype%3D1&statfrom=login HTTP/1.1" 302 5 "http://www.lszmn.org/forum.php?mod=viewthread&tid=112&extra=&ordertype=1" "Scrapy/1.7.3 (+https://scrapy.org)" "-"
112.80.136.2 - - [08/Jun/2022:09:36:47 +0800] "GET /forum.php?mod=post&action=reply&fid=5&tid=112&extra=&page=1&from=album HTTP/1.1" 200 5008 "http://www.lszmn.org/forum.php?mod=viewthread&tid=112&from=album" "Scrapy/1.7.3 (+https://scrapy.org)" "-"
112.80.136.2 - - [08/Jun/2022:09:36:47 +0800] "GET /forum.php?mod=post&action=reply&fid=5&tid=990&extra=&page=26 HTTP/1.1" 200 4988 "http://www.lszmn.org/forum.php?mod=viewthread&tid=990&extra=&page=26" "Scrapy/1.7.3 (+https://scrapy.org)" "-"
42.63.252.103 - - [08/Jun/2022:09:36:47 +0800] "GET /home.php?mod=spacecp&ac=pm&op=showmsg&handlekey=showmsg_3&touid=3&pmid=0&daterange=2 HTTP/1.1" 200 4921 "http://www.lszmn.org/home.php?mod=space&uid=3&do=profile" "Scrapy/1.7.3 (+https://scrapy.org)" "-"
221.11.5.52 - - [08/Jun/2022:09:36:47 +0800] "GET /connect.php?mod=login&op=init&referer=forum.php%3Fmod%3Dviewthread%26tid%3D7350&statfrom=login_simple HTTP/1.1" 302 5 "http://www.lszmn.org/forum.php?mod=viewthread&tid=7350" "Scrapy/1.7.3 (+https://scrapy.org)" "-"
58.247.217.104 - - [08/Jun/2022:09:36:48 +0800] "GET /connect.php?mod=login&op=init&referer=forum.php%3Fmod%3Dviewthread%26tid%3D7484&statfrom=login_simple HTTP/1.1" 302 5 "http://www.lszmn.org/forum.php?mod=viewthread&tid=7484" "Scrapy/1.7.3 (+https://scrapy.org)" "-"
112.80.136.2 - - [08/Jun/2022:09:36:48 +0800] "GET /forum.php?mod=post&action=reply&fid=19&tid=7350 HTTP/1.1" 200 4967 "http://www.lszmn.org/forum.php?mod=viewthread&tid=7350" "Scrapy/1.7.3 (+https://scrapy.org)" "-"
14.204.44.110 - - [08/Jun/2022:09:36:48 +0800] "GET /forum.php?mod=redirect&goto=nextnewset&tid=7484 HTTP/1.1" 302 5 "http://www.lszmn.org/forum.php?mod=viewthread&tid=7484" "Scrapy/1.7.3 (+https://scrapy.org)" "-"
221.11.5.52 - - [08/Jun/2022:09:36:48 +0800] "GET /forum.php?mod=post&action=reply&fid=19&tid=7484&extra=&page=1 HTTP/1.1" 200 4994 "http://www.lszmn.org/forum.php?mod=viewthread&tid=7484" "Scrapy/1.7.3 (+https://scrapy.org)" "-"
42.63.252.103 - - [08/Jun/2022:09:36:48 +0800] "GET /home.php?mod=spacecp&ac=share&type=thread&id=7484 HTTP/1.1" 200 4865 "http://www.lszmn.org/forum.php?mod=viewthread&tid=7484" "Scrapy/1.7.3 (+https://scrapy.org)" "-"
175.184.164.201 - - [08/Jun/2022:09:36:48 +0800] "GET /forum.php?mod=misc&action=postreview&do=support&tid=990&pid=111088&hash=df2537e5 HTTP/1.1" 200 5019 "http://www.lszmn.org/forum.php?mod=viewthread&tid=990&extra=&page=26" "Scrapy/1.7.3 (+https://scrapy.org)" "-"
58.247.217.104 - - [08/Jun/2022:09:36:48 +0800] "GET /connect.php?mod=login&op=init&referer=forum.php%3Fmod%3Dviewthread%26tid%3D6894&statfrom=login_simple HTTP/1.1" 302 5 "http://www.lszmn.org/forum.php?mod=viewthread&tid=6894" "Scrapy/1.7.3 (+https://scrapy.org)" "-"
112.80.136.2 - - [08/Jun/2022:09:36:48 +0800] "GET /forum.php?mod=redirect&goto=nextoldset&tid=7484 HTTP/1.1" 302 5 "http://www.lszmn.org/forum.php?mod=viewthread&tid=7484" "Scrapy/1.7.3 (+https://scrapy.org)" "-"
14.204.44.110 - - [08/Jun/2022:09:36:48 +0800] "GET /forum.php?mod=post&action=reply&fid=19&tid=6894&extra=&page=1 HTTP/1.1" 200 4996 "http://www.lszmn.org/forum.php?mod=viewthread&tid=6894" "Scrapy/1.7.3 (+https://scrapy.org)" "-"
42.63.252.103 - - [08/Jun/2022:09:36:48 +0800] "GET /connect.php?mod=login&op=init&referer=forum.php%3Fmod%3Dpost%26action%3Dreply%26fid%3D19%26tid%3D7350&statfrom=login_simple HTTP/1.1" 302 5 "http://www.lszmn.org/forum.php?mod=post&action=reply&fid=19&tid=7350" "Scrapy/1.7.3 (+https://scrapy.org)" "-"
221.11.5.52 - - [08/Jun/2022:09:36:48 +0800] "GET /forum.php?mod=redirect&goto=nextnewset&tid=6894 HTTP/1.1" 302 5 "http://www.lszmn.org/forum.php?mod=viewthread&tid=6894" "Scrapy/1.7.3 (+https://scrapy.org)" "-"
58.247.217.104 - - [08/Jun/2022:09:36:49 +0800] "GET /forum.php?mod=viewthread&tid=6894 HTTP/1.1" 200 16973 "http://www.lszmn.org/forum.php?mod=viewthread&tid=7484" "Scrapy/1.7.3 (+https://scrapy.org)" "-"
112.80.136.2 - - [08/Jun/2022:09:36:49 +0800] "GET /forum.php?mod=redirect&goto=nextoldset&tid=6894 HTTP/1.1" 302 5 "http://www.lszmn.org/forum.php?mod=viewthread&tid=6894" "Scrapy/1.7.3 (+https://scrapy.org)" "-"
222.94.163.220 - - [08/Jun/2022:09:36:49 +0800] "GET /forum.php?mod=attachment&aid=Mjc0MXw4NjhjNzI4N3wxNjU0NjUyMjA0fDB8MTEy&nothumb=yes HTTP/1.1" 200 200968 "http://www.lszmn.org/forum.php?mod=viewthread&tid=112&extra=&ordertype=1" "Scrapy/1.7.3 (+https://scrapy.org)" "-"
42.63.252.103 - - [08/Jun/2022:09:36:49 +0800] "GET /connect.php?mod=login&op=init&referer=forum.php%3Fmod%3Dviewthread%26tid%3D6894&statfrom=login HTTP/1.1" 302 5 "http://www.lszmn.org/forum.php?mod=viewthread&tid=6894" "Scrapy/1.7.3 (+https://scrapy.org)" "-"
221.11.5.52 - - [08/Jun/2022:09:36:49 +0800] "GET /forum.php?mod=post&action=reply&fid=19&tid=6894 HTTP/1.1" 200 4968 "http://www.lszmn.org/forum.php?mod=viewthread&tid=6894" "Scrapy/1.7.3 (+https://scrapy.org)" "-"
59.50.182.37 - - [08/Jun/2022:09:36:49 +0800] "GET /connect.php?mod=login&op=init&referer=home.php%3Fmod%3Dspacecp%26ac%3Dshare%26type%3Dthread%26id%3D7484&statfrom=login_simple HTTP/1.1" 302 5 "http://www.lszmn.org/home.php?mod=spacecp&ac=share&type=thread&id=7484" "Scrapy/1.7.3 (+https://scrapy.org)" "-"
175.184.164.201 - - [08/Jun/2022:09:36:49 +0800] "GET /connect.php?mod=login&op=init&referer=forum.php%3Fmod%3Dpost%26action%3Dreply%26fid%3D19%26tid%3D7484%26extra%3D%26page%3D1&statfrom=login_simple HTTP/1.1" 302 5 "http://www.lszmn.org/forum.php?mod=post&action=reply&fid=19&tid=7484&extra=&page=1" "Scrapy/1.7.3 (+https://scrapy.org)" "-"
14.204.44.110 - - [08/Jun/2022:09:36:49 +0800] "GET /forum.php?mod=viewthread&tid=9395 HTTP/1.1" 200 11208 "http://www.lszmn.org/forum.php?mod=viewthread&tid=6894" "Scrapy/1.7.3 (+https://scrapy.org)" "-"
58.247.217.104 - - [08/Jun/2022:09:36:49 +0800] "GET /home.php?mod=spacecp&ac=share&type=thread&id=6894 HTTP/1.1" 200 4866 "http://www.lszmn.org/forum.php?mod=viewthread&tid=6894" "Scrapy/1.7.3 (+https://scrapy.org)" "-"
42.63.252.103 - - [08/Jun/2022:09:36:49 +0800] "GET /forum.php?mod=viewthread&tid=7484 HTTP/1.1" 200 11317 "http://www.lszmn.org/forum.php?mod=viewthread&tid=6894" "Scrapy/1.7.3 (+https://scrapy.org)" "-"
112.80.136.2 - - [08/Jun/2022:09:36:49 +0800] "GET /forum.php?mod=viewthread&tid=206 HTTP/1.1" 200 18386 "http://www.lszmn.org/forum.php?mod=viewthread&tid=7484" "Scrapy/1.7.3 (+https://scrapy.org)" "-"
221.11.5.52 - - [08/Jun/2022:09:36:49 +0800] "GET /forum.php?mod=post&action=reply&fid=19&tid=6894&reppost=4996097&extra=&page=1 HTTP/1.1" 200 5029 "http://www.lszmn.org/forum.php?mod=viewthread&tid=6894" "Scrapy/1.7.3 (+https://scrapy.org)" "-"
175.184.164.201 - - [08/Jun/2022:09:36:50 +0800] "GET /home.php?mod=spacecp&ac=favorite&type=thread&id=6894 HTTP/1.1" 200 4871 "http://www.lszmn.org/forum.php?mod=viewthread&tid=6894" "Scrapy/1.7.3 (+https://scrapy.org)" "-"
58.247.217.104 - - [08/Jun/2022:09:36:50 +0800] "GET /home.php?mod=spacecp&ac=follow&op=relay&tid=6894&from=forum HTTP/1.1" 200 4883 "http://www.lszmn.org/forum.php?mod=viewthread&tid=6894" "Scrapy/1.7.3 (+https://scrapy.org)" "-"
59.50.182.37 - - [08/Jun/2022:09:36:50 +0800] "GET /connect.php?mod=login&op=init&referer=forum.php%3Fmod%3Dpost%26action%3Dreply%26fid%3D19%26tid%3D6894%26extra%3D%26page%3D1&statfrom=login_simple HTTP/1.1" 302 5 "http://www.lszmn.org/forum.php?mod=post&action=reply&fid=19&tid=6894&extra=&page=1" "Scrapy/1.7.3 (+https://scrapy.org)" "-"
14.204.44.110 - - [08/Jun/2022:09:36:50 +0800] "GET /home.php?mod=spacecp&ac=plugin&id=qqconnect:spacecp&pluginop=share&sh_type=4&thread_id=6894 HTTP/1.1" 200 4948 "http://www.lszmn.org/forum.php?mod=viewthread&tid=6894" "Scrapy/1.7.3 (+https://scrapy.org)" "-"
14.204.44.110 - - [08/Jun/2022:09:36:50 +0800] "GET /connect.php?mod=login&op=init&referer=forum.php%3Fmod%3Dpost%26action%3Dreply%26fid%3D19%26tid%3D6894&statfrom=login_simple HTTP/1.1" 302 5 "http://www.lszmn.org/forum.php?mod=post&action=reply&fid=19&tid=6894" "Scrapy/1.7.3 (+https://scrapy.org)" "-"
58.247.217.104 - - [08/Jun/2022:09:36:50 +0800] "GET /connect.php?mod=login&op=init&referer=home.php%3Fmod%3Dspacecp%26ac%3Dshare%26type%3Dthread%26id%3D6894&statfrom=login_simple HTTP/1.1" 302 5 "http://www.lszmn.org/home.php?mod=spacecp&ac=share&type=thread&id=6894" "Scrapy/1.7.3 (+https://scrapy.org)" "-"
222.94.163.220 - - [08/Jun/2022:09:36:50 +0800] "GET /forum.php?mod=attachment&aid=MjQ0OHxiNzdhN2EzNHwxNjU0NjUyMjA2fDB8Njg5NA%3D%3D&nothumb=yes HTTP/1.1" 200 63830 "http://www.lszmn.org/forum.php?mod=viewthread&tid=6894" "Scrapy/1.7.3 (+https://scrapy.org)" "-"
42.63.252.103 - - [08/Jun/2022:09:36:50 +0800] "GET /forum.php?mod=attachment&aid=MjQyNHxiYWE0ZDRhOXwxNjU0NjUyMjA4fDB8Njg5NA%3D%3D&nothumb=yes HTTP/1.1" 200 93645 "http://www.lszmn.org/forum.php?mod=viewthread&tid=6894" "Scrapy/1.7.3 (+https://scrapy.org)" "-"
221.11.5.52 - - [08/Jun/2022:09:36:51 +0800] "GET /forum.php?mod=attachment&aid=MjQ0OXxjMWVmNTgxYnwxNjU0NjUyMjA2fDB8Njg5NA%3D%3D&nothumb=yes HTTP/1.1" 200 110105 "http://www.lszmn.org/forum.php?mod=viewthread&tid=6894" "Scrapy/1.7.3 (+https://scrapy.org)" "-"
59.50.182.37 - - [08/Jun/2022:09:36:51 +0800] "GET /forum.php?mod=attachment&aid=Mjc1OHwzNDA2ODE1OHwxNjU0NjUyMjA5fDB8NzQ4NA%3D%3D&nothumb=yes HTTP/1.1" 200 58515 "http://www.lszmn.org/forum.php?mod=viewthread&tid=7484" "Scrapy/1.7.3 (+https://scrapy.org)" "-"
175.184.164.201 - - [08/Jun/2022:09:36:51 +0800] "GET /forum.php?mod=attachment&aid=Mjc1NnwyZDQwNWQxMHwxNjU0NjUyMjA5fDB8NzQ4NA%3D%3D&nothumb=yes HTTP/1.1" 200 63371 "http://www.lszmn.org/forum.php?mod=viewthread&tid=7484" "Scrapy/1.7.3 (+https://scrapy.org)" "-"
58.247.217.104 - - [08/Jun/2022:09:36:51 +0800] "GET /forum.php?mod=attachment&aid=Mjc1NHxmNTQzNTQxN3wxNjU0NjUyMjA5fDB8NzQ4NA%3D%3D&nothumb=yes HTTP/1.1" 200 66003 "http://www.lszmn.org/forum.php?mod=viewthread&tid=7484" "Scrapy/1.7.3 (+https://scrapy.org)" "-"
112.80.136.2 - - [08/Jun/2022:09:36:52 +0800] "GET /forum.php?mod=attachment&aid=Mjc1N3xmMDk5NGEwN3wxNjU0NjUyMjA5fDB8NzQ4NA%3D%3D&nothumb=yes HTTP/1.1" 200 62213 "http://www.lszmn.org/forum.php?mod=viewthread&tid=7484" "Scrapy/1.7.3 (+https://scrapy.org)" "-"
14.204.44.110 - - [08/Jun/2022:09:36:53 +0800] "GET /forum.php?mod=attachment&aid=Mjc1NXxlNzJmZjRmNHwxNjU0NjUyMjA5fDB8NzQ4NA%3D%3D&nothumb=yes HTTP/1.1" 200 172028 "http://www.lszmn.org/forum.php?mod=viewthread&tid=7484" "Scrapy/1.7.3 (+https://scrapy.org)" "-"
42.63.252.103 - - [08/Jun/2022:09:36:53 +0800] "GET /forum.php?mod=misc&action=postreview&do=against&tid=206&pid=2028&hash=df2537e5 HTTP/1.1" 200 5012 "http://www.lszmn.org/forum.php?mod=viewthread&tid=206" "Scrapy/1.7.3 (+https://scrapy.org)" "-"
112.80.136.2 - - [08/Jun/2022:09:36:54 +0800] "GET /forum.php?mod=post&action=reply&fid=19&tid=206&extra=&page=1 HTTP/1.1" 200 4988 "http://www.lszmn.org/forum.php?mod=viewthread&tid=206" "Scrapy/1.7.3 (+https://scrapy.org)" "-"
112.80.136.2 - - [08/Jun/2022:09:36:54 +0800] "GET /forum.php?mod=redirect&goto=nextnewset&tid=206 HTTP/1.1" 302 5 "http://www.lszmn.org/forum.php?mod=viewthread&tid=206" "Scrapy/1.7.3 (+https://scrapy.org)" "-"
116.252.21.156 - - [08/Jun/2022:09:36:54 +0800] "GET /forum.php?mod=redirect&goto=nextoldset&tid=206 HTTP/1.1" 302 5 "http://www.lszmn.org/forum.php?mod=viewthread&tid=206" "Scrapy/1.7.3 (+https://scrapy.org)" "-"
116.252.21.156 - - [08/Jun/2022:09:36:54 +0800] "GET /forum.php?mod=viewthread&tid=206&page=2 HTTP/1.1" 200 11997 "http://www.lszmn.org/forum.php?mod=viewthread&tid=206" "Scrapy/1.7.3 (+https://scrapy.org)" "-"
42.63.252.103 - - [08/Jun/2022:09:36:55 +0800] "GET /forum.php?mod=viewthread&tid=206&extra=&page=35 HTTP/1.1" 200 9218 "http://www.lszmn.org/forum.php?mod=viewthread&tid=206" "Scrapy/1.7.3 (+https://scrapy.org)" "-"
42.63.252.103 - - [08/Jun/2022:09:36:55 +0800] "GET /forum.php?mod=viewthread&tid=206&extra=&page=10 HTTP/1.1" 200 10638 "http://www.lszmn.org/forum.php?mod=viewthread&tid=206" "Scrapy/1.7.3 (+https://scrapy.org)" "-"
59.50.182.37 - - [08/Jun/2022:09:36:55 +0800] "GET /forum.php?mod=viewthread&tid=206&extra=&page=9 HTTP/1.1" 200 10635 "http://www.lszmn.org/forum.php?mod=viewthread&tid=206" "Scrapy/1.7.3 (+https://scrapy.org)" "-"
58.247.217.104 - - [08/Jun/2022:09:36:55 +0800] "GET /forum.php?mod=viewthread&tid=206&extra=&page=8 HTTP/1.1" 200 10631 "http://www.lszmn.org/forum.php?mod=viewthread&tid=206" "Scrapy/1.7.3 (+https://scrapy.org)" "-"
116.252.21.156 - - [08/Jun/2022:09:36:55 +0800] "GET /forum.php?mod=viewthread&tid=7484 HTTP/1.1" 200 11311 "http://www.lszmn.org/forum.php?mod=viewthread&tid=206" "Scrapy/1.7.3 (+https://scrapy.org)" "-"
14.204.44.110 - - [08/Jun/2022:09:36:56 +0800] "GET /forum.php?mod=viewthread&tid=219 HTTP/1.1" 200 12497 "http://www.lszmn.org/forum.php?mod=viewthread&tid=206" "Scrapy/1.7.3 (+https://scrapy.org)" "-"
221.11.5.52 - - [08/Jun/2022:09:36:56 +0800] "GET /forum.php?mod=viewthread&tid=206&extra=&page=7 HTTP/1.1" 200 10642 "http://www.lszmn.org/forum.php?mod=viewthread&tid=206" "Scrapy/1.7.3 (+https://scrapy.org)" "-"
14.204.44.110 - - [08/Jun/2022:09:36:56 +0800] "GET /forum.php?mod=viewthread&tid=206&extra=&page=6 HTTP/1.1" 200 10672 "http://www.lszmn.org/forum.php?mod=viewthread&tid=206" "Scrapy/1.7.3 (+https://scrapy.org)" "-"
222.94.163.220 - - [08/Jun/2022:09:36:56 +0800] "GET /forum.php?mod=attachment&aid=MzQxMnwyOTNhOWUxYXwxNjU0NjUyMjA5fDB8OTM5NQ%3D%3D&nothumb=yes HTTP/1.1" 200 189899 "http://www.lszmn.org/forum.php?mod=viewthread&tid=9395" "Scrapy/1.7.3 (+https://scrapy.org)" "-"
221.11.5.52 - - [08/Jun/2022:09:36:56 +0800] "GET /forum.php?mod=viewthread&tid=206&extra=&page=5 HTTP/1.1" 200 10585 "http://www.lszmn.org/forum.php?mod=viewthread&tid=206" "Scrapy/1.7.3 (+https://scrapy.org)" "-"
58.247.217.104 - - [08/Jun/2022:09:36:56 +0800] "GET /forum.php?mod=viewthread&tid=206&extra=&page=4 HTTP/1.1" 200 10602 "http://www.lszmn.org/forum.php?mod=viewthread&tid=206" "Scrapy/1.7.3 (+https://scrapy.org)" "-"
42.63.252.103 - - [08/Jun/2022:09:36:56 +0800] "GET /forum.php?mod=viewthread&tid=206&extra=&page=3 HTTP/1.1" 200 11835 "http://www.lszmn.org/forum.php?mod=viewthread&tid=206" "Scrapy/1.7.3 (+https://scrapy.org)" "-"
116.252.21.156 - - [08/Jun/2022:09:36:57 +0800] "GET /forum.php?mod=viewthread&tid=206&extra=&page=2 HTTP/1.1" 200 12018 "http://www.lszmn.org/forum.php?mod=viewthread&tid=206" "Scrapy/1.7.3 (+https://scrapy.org)" "-"
58.247.217.104 - - [08/Jun/2022:09:36:57 +0800] "GET /connect.php?mod=login&op=init&referer=forum.php%3Fmod%3Dviewthread%26tid%3D206&statfrom=login HTTP/1.1" 302 5 "http://www.lszmn.org/forum.php?mod=viewthread&tid=206" "Scrapy/1.7.3 (+https://scrapy.org)" "-"
116.252.21.156 - - [08/Jun/2022:09:36:57 +0800] "GET /forum.php?mod=post&action=reply&fid=19&tid=206 HTTP/1.1" 200 4965 "http://www.lszmn.org/forum.php?mod=viewthread&tid=206" "Scrapy/1.7.3 (+https://scrapy.org)" "-"
42.63.252.103 - - [08/Jun/2022:09:36:57 +0800] "GET /forum.php?mod=misc&action=postreview&do=against&tid=206&pid=84403&hash=df2537e5 HTTP/1.1" 200 5019 "http://www.lszmn.org/forum.php?mod=viewthread&tid=206" "Scrapy/1.7.3 (+https://scrapy.org)" "-"
221.11.5.52 - - [08/Jun/2022:09:36:57 +0800] "GET /forum.php?mod=misc&action=postreview&do=support&tid=206&pid=84403&hash=df2537e5 HTTP/1.1" 200 5018 "http://www.lszmn.org/forum.php?mod=viewthread&tid=206" "Scrapy/1.7.3 (+https://scrapy.org)" "-"
58.247.217.104 - - [08/Jun/2022:09:36:57 +0800] "GET /forum.php?mod=misc&action=postreview&do=against&tid=206&pid=84402&hash=df2537e5 HTTP/1.1" 200 5018 "http://www.lszmn.org/forum.php?mod=viewthread&tid=206" "Scrapy/1.7.3 (+https://scrapy.org)" "-"
116.252.21.156 - - [08/Jun/2022:09:36:57 +0800] "GET /forum.php?mod=post&action=reply&fid=19&tid=206&repquote=84403&extra=&page=1 HTTP/1.1" 200 5018 "http://www.lszmn.org/forum.php?mod=viewthread&tid=206" "Scrapy/1.7.3 (+https://scrapy.org)" "-"
42.63.252.103 - - [08/Jun/2022:09:36:57 +0800] "GET /forum.php?mod=redirect&goto=findpost&ptid=206&pid=84403 HTTP/1.1" 301 5 "http://www.lszmn.org/forum.php?mod=viewthread&tid=206" "Scrapy/1.7.3 (+https://scrapy.org)" "-"
59.50.182.37 - - [08/Jun/2022:09:36:58 +0800] "GET /forum.php?mod=misc&action=postreview&do=against&tid=206&pid=84401&hash=df2537e5 HTTP/1.1" 200 5019 "http://www.lszmn.org/forum.php?mod=viewthread&tid=206" "Scrapy/1.7.3 (+https://scrapy.org)" "-"
42.63.252.103 - - [08/Jun/2022:09:36:58 +0800] "GET /forum.php?mod=post&action=reply&fid=19&tid=206&repquote=84402&extra=&page=1 HTTP/1.1" 200 5017 "http://www.lszmn.org/forum.php?mod=viewthread&tid=206" "Scrapy/1.7.3 (+https://scrapy.org)" "-"
58.247.217.104 - - [08/Jun/2022:09:36:58 +0800] "GET /forum.php?mod=redirect&goto=findpost&ptid=206&pid=84402 HTTP/1.1" 301 5 "http://www.lszmn.org/forum.php?mod=viewthread&tid=206" "Scrapy/1.7.3 (+https://scrapy.org)" "-"
14.204.44.110 - - [08/Jun/2022:09:36:58 +0800] "GET /forum.php?mod=misc&action=postreview&do=support&tid=206&pid=84401&hash=df2537e5 HTTP/1.1" 200 5018 "http://www.lszmn.org/forum.php?mod=viewthread&tid=206" "Scrapy/1.7.3 (+https://scrapy.org)" "-"
116.252.21.156 - - [08/Jun/2022:09:36:58 +0800] "GET /forum.php?mod=misc&action=postreview&do=support&tid=206&pid=84402&hash=df2537e5 HTTP/1.1" 200 5017 "http://www.lszmn.org/forum.php?mod=viewthread&tid=206" "Scrapy/1.7.3 (+https://scrapy.org)" "-"
222.94.163.220 - - [08/Jun/2022:09:36:58 +0800] "GET /forum.php?mod=post&action=reply&fid=19&tid=206&repquote=84401&extra=&page=1 HTTP/1.1" 200 5017 "http://www.lszmn.org/forum.php?mod=viewthread&tid=206" "Scrapy/1.7.3 (+https://scrapy.org)" "-"
58.247.217.104 - - [08/Jun/2022:09:36:59 +0800] "GET /forum.php?mod=misc&action=postreview&do=support&tid=206&pid=84400&hash=df2537e5 HTTP/1.1" 200 5016 "http://www.lszmn.org/forum.php?mod=viewthread&tid=206" "Scrapy/1.7.3 (+https://scrapy.org)" "-"
59.50.182.37 - - [08/Jun/2022:09:36:59 +0800] "GET /forum.php?mod=misc&action=postreview&do=against&tid=206&pid=84400&hash=df2537e5 HTTP/1.1" 200 5017 "http://www.lszmn.org/forum.php?mod=viewthread&tid=206" "Scrapy/1.7.3 (+https://scrapy.org)" "-"
116.252.21.156 - - [08/Jun/2022:09:36:59 +0800] "GET /forum.php?mod=misc&action=postreview&do=against&tid=206&pid=55298&hash=df2537e5 HTTP/1.1" 200 5019 "http://www.lszmn.org/forum.php?mod=viewthread&tid=206" "Scrapy/1.7.3 (+https://scrapy.org)" "-"
14.204.44.110 - - [08/Jun/2022:09:36:59 +0800] "GET /forum.php?mod=redirect&goto=findpost&ptid=206&pid=84400 HTTP/1.1" 301 5 "http://www.lszmn.org/forum.php?mod=viewthread&tid=206" "Scrapy/1.7.3 (+https://scrapy.org)" "-"
221.11.5.52 - - [08/Jun/2022:09:36:59 +0800] "GET /forum.php?mod=redirect&goto=findpost&ptid=206&pid=84401 HTTP/1.1" 301 5 "http://www.lszmn.org/forum.php?mod=viewthread&tid=206" "Scrapy/1.7.3 (+https://scrapy.org)" "-"
222.94.163.220 - - [08/Jun/2022:09:36:59 +0800] "GET /forum.php?mod=viewthread&tid=206&page=1 HTTP/1.1" 200 18404 "http://www.lszmn.org/forum.php?mod=viewthread&tid=206" "Scrapy/1.7.3 (+https://scrapy.org)" "-"
42.63.252.103 - - [08/Jun/2022:09:36:59 +0800] "GET /forum.php?mod=post&action=reply&fid=19&tid=206&repquote=84400&extra=&page=1 HTTP/1.1" 200 5017 "http://www.lszmn.org/forum.php?mod=viewthread&tid=206" "Scrapy/1.7.3 (+https://scrapy.org)" "-"
58.247.217.104 - - [08/Jun/2022:09:36:59 +0800] "GET /forum.php?mod=misc&action=postreview&do=support&tid=206&pid=55298&hash=df2537e5 HTTP/1.1" 200 5017 "http://www.lszmn.org/forum.php?mod=viewthread&tid=206" "Scrapy/1.7.3 (+https://scrapy.org)" "-"
42.63.252.103 - - [08/Jun/2022:09:36:59 +0800] "GET /forum.php?mod=misc&action=postreview&do=against&tid=206&pid=7403&hash=df2537e5 HTTP/1.1" 200 5014 "http://www.lszmn.org/forum.php?mod=viewthread&tid=206" "Scrapy/1.7.3 (+https://scrapy.org)" "-"
116.252.21.156 - - [08/Jun/2022:09:36:59 +0800] "GET /forum.php?mod=viewthread&tid=206&page=1 HTTP/1.1" 200 18404 "http://www.lszmn.org/forum.php?mod=viewthread&tid=206" "Scrapy/1.7.3 (+https://scrapy.org)" "-"
14.204.44.110 - - [08/Jun/2022:09:36:59 +0800] "GET /forum.php?mod=redirect&goto=findpost&ptid=206&pid=55298 HTTP/1.1" 301 5 "http://www.lszmn.org/forum.php?mod=viewthread&tid=206" "Scrapy/1.7.3 (+https://scrapy.org)" "-"
222.94.163.220 - - [08/Jun/2022:09:36:59 +0800] "GET /forum.php?mod=post&action=reply&fid=19&tid=206&repquote=55298&extra=&page=1 HTTP/1.1" 200 5018 "http://www.lszmn.org/forum.php?mod=viewthread&tid=206" "Scrapy/1.7.3 (+https://scrapy.org)" "-"
221.11.5.52 - - [08/Jun/2022:09:36:59 +0800] "GET /forum.php?mod=misc&action=postreview&do=support&tid=206&pid=7403&hash=df2537e5 HTTP/1.1" 200 5012 "http://www.lszmn.org/forum.php?mod=viewthread&tid=206" "Scrapy/1.7.3 (+https://scrapy.org)" "-"
222.94.163.220 - - [08/Jun/2022:09:37:00 +0800] "GET /forum.php?mod=redirect&goto=findpost&ptid=206&pid=7120 HTTP/1.1" 301 5 "http://www.lszmn.org/forum.php?mod=viewthread&tid=206" "Scrapy/1.7.3 (+https://scrapy.org)" "-"
116.252.21.156 - - [08/Jun/2022:09:37:00 +0800] "GET /forum.php?mod=viewthread&tid=206&page=1 HTTP/1.1" 200 18406 "http://www.lszmn.org/forum.php?mod=viewthread&tid=206" "Scrapy/1.7.3 (+https://scrapy.org)" "-"
58.247.217.104 - - [08/Jun/2022:09:37:00 +0800] "GET /forum.php?mod=misc&action=postreview&do=against&tid=206&pid=7120&hash=df2537e5 HTTP/1.1" 200 5013 "http://www.lszmn.org/forum.php?mod=viewthread&tid=206" "Scrapy/1.7.3 (+https://scrapy.org)" "-"
14.204.44.110 - - [08/Jun/2022:09:37:00 +0800] "GET /forum.php?mod=post&action=reply&fid=19&tid=206&repquote=7120&extra=&page=1 HTTP/1.1" 200 5017 "http://www.lszmn.org/forum.php?mod=viewthread&tid=206" "Scrapy/1.7.3 (+https://scrapy.org)" "-"
221.11.5.52 - - [08/Jun/2022:09:37:00 +0800] "GET /forum.php?mod=viewthread&tid=206&page=1 HTTP/1.1" 200 18406 "http://www.lszmn.org/forum.php?mod=viewthread&tid=206" "Scrapy/1.7.3 (+https://scrapy.org)" "-"
42.63.252.103 - - [08/Jun/2022:09:37:00 +0800] "GET /forum.php?mod=misc&action=postreview&do=support&tid=206&pid=7120&hash=df2537e5 HTTP/1.1" 200 5012 "http://www.lszmn.org/forum.php?mod=viewthread&tid=206" "Scrapy/1.7.3 (+https://scrapy.org)" "-"
59.50.182.37 - - [08/Jun/2022:09:37:00 +0800] "GET /forum.php?mod=redirect&goto=findpost&ptid=206&pid=7403 HTTP/1.1" 301 5 "http://www.lszmn.org/forum.php?mod=viewthread&tid=206" "Scrapy/1.7.3 (+https://scrapy.org)" "-"
175.184.164.201 - - [08/Jun/2022:09:37:00 +0800] "GET /forum.php?mod=post&action=reply&fid=19&tid=206&repquote=7403&extra=&page=1 HTTP/1.1" 200 5019 "http://www.lszmn.org/forum.php?mod=viewthread&tid=206" "Scrapy/1.7.3 (+https://scrapy.org)" "-"
58.247.217.104 - - [08/Jun/2022:09:37:01 +0800] "GET /forum.php?mod=misc&action=postreview&do=support&tid=206&pid=6285&hash=df2537e5 HTTP/1.1" 200 5013 "http://www.lszmn.org/forum.php?mod=viewthread&tid=206" "Scrapy/1.7.3 (+https://scrapy.org)" "-"
59.50.182.37 - - [08/Jun/2022:09:37:01 +0800] "GET /forum.php?mod=post&action=reply&fid=19&tid=206&repquote=2028&extra=&page=1 HTTP/1.1" 200 5017 "http://www.lszmn.org/forum.php?mod=viewthread&tid=206" "Scrapy/1.7.3 (+https://scrapy.org)" "-"
42.63.252.103 - - [08/Jun/2022:09:37:01 +0800] "GET /forum.php?mod=misc&action=postreview&do=support&tid=206&pid=2028&hash=df2537e5 HTTP/1.1" 200 5012 "http://www.lszmn.org/forum.php?mod=viewthread&tid=206" "Scrapy/1.7.3 (+https://scrapy.org)" "-"
116.252.21.156 - - [08/Jun/2022:09:37:01 +0800] "GET /forum.php?mod=misc&action=postreview&do=against&tid=206&pid=6285&hash=df2537e5 HTTP/1.1" 200 5014 "http://www.lszmn.org/forum.php?mod=viewthread&tid=206" "Scrapy/1.7.3 (+https://scrapy.org)" "-"
222.94.163.220 - - [08/Jun/2022:09:37:01 +0800] "GET /forum.php?mod=viewthread&tid=206&page=1 HTTP/1.1" 200 18406 "http://www.lszmn.org/forum.php?mod=viewthread&tid=206" "Scrapy/1.7.3 (+https://scrapy.org)" "-"
14.204.44.110 - - [08/Jun/2022:09:37:01 +0800] "GET /forum.php?mod=post&action=reply&fid=19&tid=206&repquote=6285&extra=&page=1 HTTP/1.1" 200 5019 "http://www.lszmn.org/forum.php?mod=viewthread&tid=206" "Scrapy/1.7.3 (+https://scrapy.org)" "-"
221.11.5.52 - - [08/Jun/2022:09:37:01 +0800] "GET /forum.php?mod=redirect&goto=findpost&ptid=206&pid=6285 HTTP/1.1" 301 5 "http://www.lszmn.org/forum.php?mod=viewthread&tid=206" "Scrapy/1.7.3 (+https://scrapy.org)" "-"
58.247.217.104 - - [08/Jun/2022:09:37:01 +0800] "GET /forum.php?mod=redirect&goto=findpost&ptid=206&pid=2028 HTTP/1.1" 301 5 "http://www.lszmn.org/forum.php?mod=viewthread&tid=206" "Scrapy/1.7.3 (+https://scrapy.org)" "-"
59.50.182.37 - - [08/Jun/2022:09:37:01 +0800] "GET /forum.php?mod=viewthread&tid=206&page=1 HTTP/1.1" 200 18406 "http://www.lszmn.org/forum.php?mod=viewthread&tid=206" "Scrapy/1.7.3 (+https://scrapy.org)" "-"
42.63.252.103 - - [08/Jun/2022:09:37:02 +0800] "GET /forum.php?mod=post&action=reply&fid=19&tid=206&reppost=245&extra=&page=1 HTTP/1.1" 200 5003 "http://www.lszmn.org/forum.php?mod=viewthread&tid=206" "Scrapy/1.7.3 (+https://scrapy.org)" "-"
14.204.44.110 - - [08/Jun/2022:09:37:02 +0800] "GET /home.php?mod=spacecp&ac=favorite&type=thread&id=206 HTTP/1.1" 200 4864 "http://www.lszmn.org/forum.php?mod=viewthread&tid=206" "Scrapy/1.7.3 (+https://scrapy.org)" "-"
222.94.163.220 - - [08/Jun/2022:09:37:02 +0800] "GET /home.php?mod=spacecp&ac=follow&op=relay&tid=206&from=forum HTTP/1.1" 200 4882 "http://www.lszmn.org/forum.php?mod=viewthread&tid=206" "Scrapy/1.7.3 (+https://scrapy.org)" "-"
58.247.217.104 - - [08/Jun/2022:09:37:02 +0800] "GET /home.php?mod=spacecp&ac=share&type=thread&id=206 HTTP/1.1" 200 4858 "http://www.lszmn.org/forum.php?mod=viewthread&tid=206" "Scrapy/1.7.3 (+https://scrapy.org)" "-"
116.252.21.156 - - [08/Jun/2022:09:37:02 +0800] "GET /forum.php?mod=viewthread&tid=206&page=1 HTTP/1.1" 200 18403 "http://www.lszmn.org/forum.php?mod=viewthread&tid=206" "Scrapy/1.7.3 (+https://scrapy.org)" "-"
221.11.5.52 - - [08/Jun/2022:09:37:02 +0800] "GET /forum.php?mod=viewthread&tid=206&extra=&ordertype=1 HTTP/1.1" 200 14421 "http://www.lszmn.org/forum.php?mod=viewthread&tid=206" "Scrapy/1.7.3 (+https://scrapy.org)" "-"
175.184.164.201 - - [08/Jun/2022:09:37:02 +0800] "GET /home.php?mod=spacecp&ac=plugin&id=qqconnect:spacecp&pluginop=share&sh_type=4&thread_id=206 HTTP/1.1" 200 4940 "http://www.lszmn.org/forum.php?mod=viewthread&tid=206" "Scrapy/1.7.3 (+https://scrapy.org)" "-"
59.50.182.37 - - [08/Jun/2022:09:37:02 +0800] "GET /forum.php?mod=viewthread&tid=206&page=1&authorid=1 HTTP/1.1" 200 11230 "http://www.lszmn.org/forum.php?mod=viewthread&tid=206" "Scrapy/1.7.3 (+https://scrapy.org)" "-"
221.11.5.52 - - [08/Jun/2022:09:37:02 +0800] "GET /connect.php?mod=login&op=init&referer=forum.php%3Fmod%3Dpost%26action%3Dreply%26fid%3D19%26tid%3D6894%26reppost%3D4996097%26extra%3D%26page%3D1&statfrom=login_simple HTTP/1.1" 302 5 "http://www.lszmn.org/forum.php?mod=post&action=reply&fid=19&tid=6894&reppost=4996097&extra=&page=1" "Scrapy/1.7.3 (+https://scrapy.org)" "-"
116.252.21.156 - - [08/Jun/2022:09:37:02 +0800] "GET /connect.php?mod=login&op=init&referer=home.php%3Fmod%3Dspacecp%26ac%3Dfollow%26op%3Drelay%26tid%3D6894%26from%3Dforum&statfrom=login_simple HTTP/1.1" 302 5 "http://www.lszmn.org/home.php?mod=spacecp&ac=follow&op=relay&tid=6894&from=forum" "Scrapy/1.7.3 (+https://scrapy.org)" "-"
59.50.182.37 - - [08/Jun/2022:09:37:02 +0800] "GET /connect.php?mod=login&op=init&referer=forum.php%3Fmod%3Dviewthread%26tid%3D206&statfrom=login_simple HTTP/1.1" 302 5 "http://www.lszmn.org/forum.php?mod=viewthread&tid=206" "Scrapy/1.7.3 (+https://scrapy.org)" "-"
222.94.163.220 - - [08/Jun/2022:09:37:03 +0800] "GET /forum.php?mod=viewthread&tid=206&page=1 HTTP/1.1" 200 18403 "http://www.lszmn.org/forum.php?mod=viewthread&tid=206" "Scrapy/1.7.3 (+https://scrapy.org)" "-"
175.184.164.201 - - [08/Jun/2022:09:37:03 +0800] "GET /connect.php?mod=login&op=init&referer=home.php%3Fmod%3Dspacecp%26ac%3Dplugin%26id%3Dqqconnect%3Aspacecp%26pluginop%3Dshare%26sh_type%3D4%26thread_id%3D6894&statfrom=login_simple HTTP/1.1" 302 5 "http://www.lszmn.org/home.php?mod=spacecp&ac=plugin&id=qqconnect:spacecp&pluginop=share&sh_type=4&thread_id=6894" "Scrapy/1.7.3 (+https://scrapy.org)" "-"
58.247.217.104 - - [08/Jun/2022:09:37:03 +0800] "GET /forum.php?mod=viewthread&tid=206&page=1 HTTP/1.1" 200 18403 "http://www.lszmn.org/forum.php?mod=viewthread&tid=206" "Scrapy/1.7.3 (+https://scrapy.org)" "-"
42.63.252.103 - - [08/Jun/2022:09:37:03 +0800] "GET /connect.php?mod=login&op=init&referer=home.php%3Fmod%3Dspacecp%26ac%3Dfavorite%26type%3Dthread%26id%3D6894&statfrom=login_simple HTTP/1.1" 302 5 "http://www.lszmn.org/home.php?mod=spacecp&ac=favorite&type=thread&id=6894" "Scrapy/1.7.3 (+https://scrapy.org)" "-"
14.204.44.110 - - [08/Jun/2022:09:37:03 +0800] "GET /forum.php?mod=viewthread&tid=206 HTTP/1.1" 200 18385 "http://www.lszmn.org/forum.php?mod=viewthread&tid=206" "Scrapy/1.7.3 (+https://scrapy.org)" "-"
116.252.21.156 - - [08/Jun/2022:09:37:03 +0800] "GET /forum.php?mod=attachment&aid=MzQwOXw1YzhjNTEwY3wxNjU0NjUyMjA5fDB8OTM5NQ%3D%3D&nothumb=yes HTTP/1.1" 200 94441 "http://www.lszmn.org/forum.php?mod=viewthread&tid=9395" "Scrapy/1.7.3 (+https://scrapy.org)" "-"
59.50.182.37 - - [08/Jun/2022:09:37:03 +0800] "GET /forum.php?mod=attachment&aid=MzQxMHxhNDQ1NjUxOHwxNjU0NjUyMjA5fDB8OTM5NQ%3D%3D&nothumb=yes HTTP/1.1" 200 74354 "http://www.lszmn.org/forum.php?mod=viewthread&tid=9395" "Scrapy/1.7.3 (+https://scrapy.org)" "-"
222.94.163.220 - - [08/Jun/2022:09:37:04 +0800] "GET /forum.php?mod=attachment&aid=MzQxMXwzYTFiNDc4NXwxNjU0NjUyMjA5fDB8OTM5NQ%3D%3D&nothumb=yes HTTP/1.1" 200 50338 "http://www.lszmn.org/forum.php?mod=viewthread&tid=9395" "Scrapy/1.7.3 (+https://scrapy.org)" "-"
42.63.252.103 - - [08/Jun/2022:09:37:04 +0800] "GET /forum.php?mod=attachment&aid=Mjc1M3w3MDU4ZDc3OXwxNjU0NjUyMjA5fDB8NzQ4NA%3D%3D&nothumb=yes HTTP/1.1" 200 68467 "http://www.lszmn.org/forum.php?mod=viewthread&tid=7484" "Scrapy/1.7.3 (+https://scrapy.org)" "-"
185.191.171.11 - - [08/Jun/2022:09:37:05 +0800] "GET /robots.txt HTTP/1.1" 200 705 "-" "Mozilla/5.0 (compatible; SemrushBot/7~bl; +http://www.semrush.com/bot.html)" "-"
116.252.21.156 - - [08/Jun/2022:09:37:05 +0800] "GET /forum.php?mod=attachment&aid=MjQ0OHwyN2M3NDJlY3wxNjU0NjUyMjA4fDB8Njg5NA%3D%3D&nothumb=yes HTTP/1.1" 200 63830 "http://www.lszmn.org/forum.php?mod=viewthread&tid=6894" "Scrapy/1.7.3 (+https://scrapy.org)" "-"
175.184.164.201 - - [08/Jun/2022:09:37:05 +0800] "GET /forum.php?mod=attachment&aid=MjQ0OXw1YjJjMDBmNXwxNjU0NjUyMjA4fDB8Njg5NA%3D%3D&nothumb=yes HTTP/1.1" 200 110105 "http://www.lszmn.org/forum.php?mod=viewthread&tid=6894" "Scrapy/1.7.3 (+https://scrapy.org)" "-"
59.50.182.37 - - [08/Jun/2022:09:37:05 +0800] "GET /forum.php?mod=attachment&aid=MjQ0N3wyNDdmY2IxNXwxNjU0NjUyMjA4fDB8Njg5NA%3D%3D&nothumb=yes HTTP/1.1" 200 53043 "http://www.lszmn.org/forum.php?mod=viewthread&tid=6894" "Scrapy/1.7.3 (+https://scrapy.org)" "-"
221.11.5.52 - - [08/Jun/2022:09:37:05 +0800] "GET /forum.php?mod=attachment&aid=MzQwOHw1MDkxZTgyN3wxNjU0NjUyMjA5fDB8OTM5NQ%3D%3D&nothumb=yes HTTP/1.1" 200 189899 "http://www.lszmn.org/forum.php?mod=viewthread&tid=9395" "Scrapy/1.7.3 (+https://scrapy.org)" "-"
185.191.171.22 - - [08/Jun/2022:09:37:05 +0800] "GET /forum.php?action=postreview&do=against&hash=3a5e6130&mod=misc&pid=88363&tid=271 HTTP/1.1" 200 4792 "-" "Mozilla/5.0 (compatible; SemrushBot/7~bl; +http://www.semrush.com/bot.html)" "-"
42.63.252.103 - - [08/Jun/2022:09:37:05 +0800] "GET /forum.php?mod=attachment&aid=MjQ0NnxkYzQzZDI3MXwxNjU0NjUyMjA4fDB8Njg5NA%3D%3D&nothumb=yes HTTP/1.1" 200 63966 "http://www.lszmn.org/forum.php?mod=viewthread&tid=6894" "Scrapy/1.7.3 (+https://scrapy.org)" "-"
222.94.163.220 - - [08/Jun/2022:09:37:06 +0800] "GET /forum.php?mod=attachment&aid=MjQ0NHw5YjY5MzFiNHwxNjU0NjUyMjA4fDB8Njg5NA%3D%3D&nothumb=yes HTTP/1.1" 200 93645 "http://www.lszmn.org/forum.php?mod=viewthread&tid=6894" "Scrapy/1.7.3 (+https://scrapy.org)" "-"
42.63.252.103 - - [08/Jun/2022:09:37:07 +0800] "GET /forum.php?mod=attachment&aid=MjQ0M3w3MDdlOWYwNnwxNjU0NjUyMjA4fDB8Njg5NA%3D%3D&nothumb=yes HTTP/1.1" 200 92454 "http://www.lszmn.org/forum.php?mod=viewthread&tid=6894" "Scrapy/1.7.3 (+https://scrapy.org)" "-"
59.50.182.37 - - [08/Jun/2022:09:37:11 +0800] "GET /forum.php?mod=attachment&aid=MjQ0MHwxMDZlYWZlOXwxNjU0NjUyMjA4fDB8Njg5NA%3D%3D&nothumb=yes HTTP/1.1" 200 90970 "http://www.lszmn.org/forum.php?mod=viewthread&tid=6894" "Scrapy/1.7.3 (+https://scrapy.org)" "-"
222.94.163.220 - - [08/Jun/2022:09:37:11 +0800] "GET /forum.php?mod=attachment&aid=MjQzOXw0ZTQ2ZGUwNXwxNjU0NjUyMjA4fDB8Njg5NA%3D%3D&nothumb=yes HTTP/1.1" 200 76020 "http://www.lszmn.org/forum.php?mod=viewthread&tid=6894" "Scrapy/1.7.3 (+https://scrapy.org)" "-"
221.11.5.52 - - [08/Jun/2022:09:37:11 +0800] "GET /forum.php?mod=attachment&aid=MjQ0Mnw3ZWRlYzdmNHwxNjU0NjUyMjA4fDB8Njg5NA%3D%3D&nothumb=yes HTTP/1.1" 200 202572 "http://www.lszmn.org/forum.php?mod=viewthread&tid=6894" "Scrapy/1.7.3 (+https://scrapy.org)" "-"
116.252.21.156 - - [08/Jun/2022:09:37:12 +0800] "GET /forum.php?mod=attachment&aid=MjQ0MXw3YWZlZGQzMHwxNjU0NjUyMjA4fDB8Njg5NA%3D%3D&nothumb=yes HTTP/1.1" 200 74657 "http://www.lszmn.org/forum.php?mod=viewthread&tid=6894" "Scrapy/1.7.3 (+https://scrapy.org)" "-"
42.63.252.103 - - [08/Jun/2022:09:37:12 +0800] "GET /forum.php?mod=attachment&aid=MjQzOHw1MTk5YjllOXwxNjU0NjUyMjA4fDB8Njg5NA%3D%3D&nothumb=yes HTTP/1.1" 200 81560 "http://www.lszmn.org/forum.php?mod=viewthread&tid=6894" "Scrapy/1.7.3 (+https://scrapy.org)" "-"
