123.158.61.18 - - [08/Jun/2022:09:21:00 +0800] "GET /forum.php?mod=viewthread&tid=49 HTTP/1.1" 200 12504 "http://www.lszmn.org/forum.php?mod=viewthread&tid=52" "Scrapy/1.7.3 (+https://scrapy.org)" "-"
113.206.133.123 - - [08/Jun/2022:09:21:00 +0800] "GET /home.php?mod=spacecp&ac=follow&op=relay&tid=52&from=forum HTTP/1.1" 200 4879 "http://www.lszmn.org/forum.php?mod=viewthread&tid=52" "Scrapy/1.7.3 (+https://scrapy.org)" "-"
58.247.216.198 - - [08/Jun/2022:09:21:00 +0800] "GET /home.php?mod=spacecp&ac=favorite&type=thread&id=52 HTTP/1.1" 200 4866 "http://www.lszmn.org/forum.php?mod=viewthread&tid=52" "Scrapy/1.7.3 (+https://scrapy.org)" "-"
119.60.104.120 - - [08/Jun/2022:09:21:00 +0800] "GET /home.php?mod=spacecp&ac=plugin&id=qqconnect:spacecp&pluginop=share&sh_type=4&thread_id=52 HTTP/1.1" 200 4942 "http://www.lszmn.org/forum.php?mod=viewthread&tid=52" "Scrapy/1.7.3 (+https://scrapy.org)" "-"
58.247.216.198 - - [08/Jun/2022:09:21:00 +0800] "GET /forum.php?mod=viewthread&tid=52&page=1&authorid=2 HTTP/1.1" 200 15151 "http://www.lszmn.org/forum.php?mod=viewthread&tid=52" "Scrapy/1.7.3 (+https://scrapy.org)" "-"
144.255.16.185 - - [08/Jun/2022:09:21:00 +0800] "GET /forum.php?mod=viewthread&tid=52&extra=&ordertype=1 HTTP/1.1" 200 15244 "http://www.lszmn.org/forum.php?mod=viewthread&tid=52" "Scrapy/1.7.3 (+https://scrapy.org)" "-"
123.158.61.18 - - [08/Jun/2022:09:21:00 +0800] "GET /connect.php?mod=login&op=init&referer=forum.php%3Fmod%3Dviewthread%26tid%3D52&statfrom=login_simple HTTP/1.1" 302 5 "http://www.lszmn.org/forum.php?mod=viewthread&tid=52" "Scrapy/1.7.3 (+https://scrapy.org)" "-"
58.247.216.198 - - [08/Jun/2022:09:21:00 +0800] "GET /connect.php?mod=login&op=init&referer=forum.php%3Fmod%3Dviewthread%26tid%3D49%26extra%3D%26ordertype%3D1&statfrom=login_simple HTTP/1.1" 302 5 "http://www.lszmn.org/forum.php?mod=viewthread&tid=49&extra=&ordertype=1" "Scrapy/1.7.3 (+https://scrapy.org)" "-"
119.60.104.120 - - [08/Jun/2022:09:21:01 +0800] "GET /forum.php?mod=viewthread&tid=49&extra=&ordertype=2 HTTP/1.1" 200 12550 "http://www.lszmn.org/forum.php?mod=viewthread&tid=49&extra=&ordertype=1" "Scrapy/1.7.3 (+https://scrapy.org)" "-"
123.158.61.18 - - [08/Jun/2022:09:21:01 +0800] "GET /connect.php?mod=login&op=init&referer=forum.php%3Fmod%3Dviewthread%26tid%3D49%26from%3Dalbum&statfrom=login_simple HTTP/1.1" 302 5 "http://www.lszmn.org/forum.php?mod=viewthread&tid=49&from=album" "Scrapy/1.7.3 (+https://scrapy.org)" "-"
113.206.133.123 - - [08/Jun/2022:09:21:01 +0800] "GET /forum.php?mod=post&action=reply&fid=11&tid=49&extra=&page=1&from=album HTTP/1.1" 200 5012 "http://www.lszmn.org/forum.php?mod=viewthread&tid=49&from=album" "Scrapy/1.7.3 (+https://scrapy.org)" "-"
123.158.61.18 - - [08/Jun/2022:09:21:01 +0800] "GET /home.php?mod=spacecp&ac=favorite&type=thread&id=64 HTTP/1.1" 200 4865 "http://www.lszmn.org/forum.php?mod=viewthread&tid=64" "Scrapy/1.7.3 (+https://scrapy.org)" "-"
58.247.216.198 - - [08/Jun/2022:09:21:01 +0800] "GET /home.php?mod=spacecp&ac=plugin&id=qqconnect:spacecp&pluginop=share&sh_type=4&thread_id=64 HTTP/1.1" 200 4942 "http://www.lszmn.org/forum.php?mod=viewthread&tid=64" "Scrapy/1.7.3 (+https://scrapy.org)" "-"
58.247.216.198 - - [08/Jun/2022:09:21:01 +0800] "GET /forum.php?mod=viewthread&tid=64&from=album HTTP/1.1" 200 8097 "http://www.lszmn.org/forum.php?mod=viewthread&tid=64" "Scrapy/1.7.3 (+https://scrapy.org)" "-"
113.206.133.123 - - [08/Jun/2022:09:21:01 +0800] "GET /forum.php?mod=viewthread&tid=64&extra=&ordertype=1 HTTP/1.1" 200 10351 "http://www.lszmn.org/forum.php?mod=viewthread&tid=64" "Scrapy/1.7.3 (+https://scrapy.org)" "-"
123.158.61.18 - - [08/Jun/2022:09:21:01 +0800] "GET /forum.php?mod=viewthread&tid=64&page=1&authorid=2 HTTP/1.1" 200 10463 "http://www.lszmn.org/forum.php?mod=viewthread&tid=64" "Scrapy/1.7.3 (+https://scrapy.org)" "-"
113.206.133.123 - - [08/Jun/2022:09:21:02 +0800] "GET /connect.php?mod=login&op=init&referer=forum.php%3Fmod%3Dviewthread%26tid%3D60&statfrom=login_simple HTTP/1.1" 302 5 "http://www.lszmn.org/forum.php?mod=viewthread&tid=60" "Scrapy/1.7.3 (+https://scrapy.org)" "-"
58.247.216.198 - - [08/Jun/2022:09:21:02 +0800] "GET /home.php?mod=space&uid=2&do=profile HTTP/1.1" 200 4458 "http://www.lszmn.org/forum.php?mod=viewthread&tid=64" "Scrapy/1.7.3 (+https://scrapy.org)" "-"
123.158.61.18 - - [08/Jun/2022:09:21:02 +0800] "GET /connect.php?mod=login&op=init&referer=forum.php%3Fmod%3Dviewthread%26tid%3D64&statfrom=login_simple HTTP/1.1" 302 5 "http://www.lszmn.org/forum.php?mod=viewthread&tid=64" "Scrapy/1.7.3 (+https://scrapy.org)" "-"
58.19.47.150 - - [08/Jun/2022:09:21:02 +0800] "GET /connect.php?mod=login&op=init&referer=forum.php%3Fmod%3Dviewthread%26tid%3D49&statfrom=login_simple HTTP/1.1" 302 5 "http://www.lszmn.org/forum.php?mod=viewthread&tid=49" "Scrapy/1.7.3 (+https://scrapy.org)" "-"
58.247.216.198 - - [08/Jun/2022:09:21:02 +0800] "GET /forum.php?mod=redirect&goto=nextoldset&tid=9334 HTTP/1.1" 302 5 "http://www.lszmn.org/forum.php?mod=viewthread&tid=9334" "Scrapy/1.7.3 (+https://scrapy.org)" "-"
123.158.61.18 - - [08/Jun/2022:09:21:02 +0800] "GET /connect.php?mod=login&op=init&referer=home.php%3Fmod%3Dspacecp%26ac%3Dplugin%26id%3Dqqconnect%3Aspacecp%26pluginop%3Dshare%26sh_type%3D4%26thread_id%3D64&statfrom=login_simple HTTP/1.1" 302 5 "http://www.lszmn.org/home.php?mod=spacecp&ac=plugin&id=qqconnect:spacecp&pluginop=share&sh_type=4&thread_id=64" "Scrapy/1.7.3 (+https://scrapy.org)" "-"
58.19.47.150 - - [08/Jun/2022:09:21:02 +0800] "GET /connect.php?mod=login&op=init&referer=home.php%3Fmod%3Dspacecp%26ac%3Dfavorite%26type%3Dthread%26id%3D64&statfrom=login_simple HTTP/1.1" 302 5 "http://www.lszmn.org/home.php?mod=spacecp&ac=favorite&type=thread&id=64" "Scrapy/1.7.3 (+https://scrapy.org)" "-"
119.60.104.120 - - [08/Jun/2022:09:21:02 +0800] "GET /forum.php?mod=attachment&aid=MjY0OHxiNTJjMTQyMXwxNjU0NjUxMTYyfDB8NjQ%3D&nothumb=yes HTTP/1.1" 200 225454 "http://www.lszmn.org/forum.php?mod=viewthread&tid=64" "Scrapy/1.7.3 (+https://scrapy.org)" "-"
113.206.133.123 - - [08/Jun/2022:09:21:02 +0800] "GET /connect.php?mod=login&op=init&referer=forum.php%3Fmod%3Dviewthread%26tid%3D64%26extra%3D%26ordertype%3D1&statfrom=login HTTP/1.1" 302 5 "http://www.lszmn.org/forum.php?mod=viewthread&tid=64&extra=&ordertype=1" "Scrapy/1.7.3 (+https://scrapy.org)" "-"
144.255.16.185 - - [08/Jun/2022:09:21:02 +0800] "GET /forum.php?mod=viewthread&tid=231 HTTP/1.1" 200 9694 "http://www.lszmn.org/forum.php?mod=viewthread&tid=9334" "Scrapy/1.7.3 (+https://scrapy.org)" "-"
58.19.47.150 - - [08/Jun/2022:09:21:03 +0800] "GET /home.php?mod=spacecp&ac=pm&op=showmsg&handlekey=showmsg_2&touid=2&pmid=0&daterange=2 HTTP/1.1" 200 4922 "http://www.lszmn.org/home.php?mod=space&uid=2&do=profile" "Scrapy/1.7.3 (+https://scrapy.org)" "-"
123.158.61.18 - - [08/Jun/2022:09:21:03 +0800] "GET /home.php?mod=spacecp&ac=poke&op=send&uid=2&handlekey=propokehk_2 HTTP/1.1" 200 4893 "http://www.lszmn.org/home.php?mod=space&uid=2&do=profile" "Scrapy/1.7.3 (+https://scrapy.org)" "-"
113.206.133.123 - - [08/Jun/2022:09:21:03 +0800] "GET /home.php?mod=spacecp&ac=friend&op=add&uid=2&handlekey=addfriendhk_2 HTTP/1.1" 200 4893 "http://www.lszmn.org/home.php?mod=space&uid=2&do=profile" "Scrapy/1.7.3 (+https://scrapy.org)" "-"
119.60.104.120 - - [08/Jun/2022:09:21:03 +0800] "GET /home.php?mod=spacecp&ac=follow&op=add&hash=df2537e5&fuid=2 HTTP/1.1" 200 4886 "http://www.lszmn.org/home.php?mod=space&uid=2&do=profile" "Scrapy/1.7.3 (+https://scrapy.org)" "-"
61.181.2.18 - - [08/Jun/2022:09:21:03 +0800] "GET /home.php?mod=spacecp&ac=usergroup&gid=2 HTTP/1.1" 200 4842 "http://www.lszmn.org/home.php?mod=space&uid=2&do=profile" "Scrapy/1.7.3 (+https://scrapy.org)" "-"
58.247.216.198 - - [08/Jun/2022:09:21:03 +0800] "GET /forum.php?mod=attachment&aid=MjY0OHxmZDgyYTgwYnwxNjU0NjUxMjYxfDB8NjQ%3D&nothumb=yes HTTP/1.1" 200 225454 "http://www.lszmn.org/forum.php?mod=viewthread&tid=64&extra=&ordertype=1" "Scrapy/1.7.3 (+https://scrapy.org)" "-"
58.19.47.150 - - [08/Jun/2022:09:21:04 +0800] "GET /home.php?mod=space&uid=2&do=thread&view=me&type=thread&from=space HTTP/1.1" 200 4883 "http://www.lszmn.org/home.php?mod=space&uid=2&do=profile" "Scrapy/1.7.3 (+https://scrapy.org)" "-"
119.60.104.120 - - [08/Jun/2022:09:21:04 +0800] "GET /home.php?mod=space&uid=2&do=thread&view=me&type=reply&from=space HTTP/1.1" 200 4886 "http://www.lszmn.org/home.php?mod=space&uid=2&do=profile" "Scrapy/1.7.3 (+https://scrapy.org)" "-"
113.206.133.123 - - [08/Jun/2022:09:21:04 +0800] "GET /home.php?mod=space&uid=2&do=friend&view=me&from=space HTTP/1.1" 200 3670 "http://www.lszmn.org/home.php?mod=space&uid=2&do=profile" "Scrapy/1.7.3 (+https://scrapy.org)" "-"
119.60.104.120 - - [08/Jun/2022:09:21:04 +0800] "GET /home.php?mod=space&uid=2&do=share&view=me&from=space HTTP/1.1" 200 3877 "http://www.lszmn.org/home.php?mod=space&uid=2&do=profile" "Scrapy/1.7.3 (+https://scrapy.org)" "-"
58.19.47.150 - - [08/Jun/2022:09:21:04 +0800] "GET /home.php?mod=space&uid=2&do=wall HTTP/1.1" 200 4170 "http://www.lszmn.org/home.php?mod=space&uid=2&do=profile" "Scrapy/1.7.3 (+https://scrapy.org)" "-"
61.181.2.18 - - [08/Jun/2022:09:21:04 +0800] "GET /home.php?mod=space&uid=2&do=thread&view=me&from=space HTTP/1.1" 200 4863 "http://www.lszmn.org/home.php?mod=space&uid=2&do=profile" "Scrapy/1.7.3 (+https://scrapy.org)" "-"
123.158.61.18 - - [08/Jun/2022:09:21:04 +0800] "GET /home.php?mod=follow&uid=2&do=view HTTP/1.1" 200 4826 "http://www.lszmn.org/home.php?mod=space&uid=2&do=profile" "Scrapy/1.7.3 (+https://scrapy.org)" "-"
58.19.47.150 - - [08/Jun/2022:09:21:04 +0800] "GET /home.php?mod=space&uid=2&do=album&view=me&from=space HTTP/1.1" 200 3731 "http://www.lszmn.org/home.php?mod=space&uid=2&do=profile" "Scrapy/1.7.3 (+https://scrapy.org)" "-"
144.255.16.185 - - [08/Jun/2022:09:21:04 +0800] "GET /home.php?mod=space&uid=2&do=blog&view=me&from=space HTTP/1.1" 200 4463 "http://www.lszmn.org/home.php?mod=space&uid=2&do=profile" "Scrapy/1.7.3 (+https://scrapy.org)" "-"
113.206.133.123 - - [08/Jun/2022:09:21:05 +0800] "GET /home.php?mod=spacecp&ac=share&type=space&id=2 HTTP/1.1" 200 4853 "http://www.lszmn.org/home.php?mod=space&uid=2&do=profile" "Scrapy/1.7.3 (+https://scrapy.org)" "-"
119.60.104.120 - - [08/Jun/2022:09:21:05 +0800] "GET /home.php?mod=space&uid=2&do=home&view=me&from=space HTTP/1.1" 200 4084 "http://www.lszmn.org/home.php?mod=space&uid=2&do=profile" "Scrapy/1.7.3 (+https://scrapy.org)" "-"
58.19.47.150 - - [08/Jun/2022:09:21:05 +0800] "GET /home.php?mod=rss&uid=2 HTTP/1.1" 200 2082 "http://www.lszmn.org/home.php?mod=space&uid=2&do=profile" "Scrapy/1.7.3 (+https://scrapy.org)" "-"
123.158.61.18 - - [08/Jun/2022:09:21:05 +0800] "GET /home.php?mod=space&uid=2&do=index HTTP/1.1" 200 5409 "http://www.lszmn.org/home.php?mod=space&uid=2&do=profile" "Scrapy/1.7.3 (+https://scrapy.org)" "-"
125.84.238.245 - - [08/Jun/2022:09:21:05 +0800] "GET /home.php?mod=space&uid=2&do=doing&view=me&from=space HTTP/1.1" 200 3639 "http://www.lszmn.org/home.php?mod=space&uid=2&do=profile" "Scrapy/1.7.3 (+https://scrapy.org)" "-"
123.158.61.18 - - [08/Jun/2022:09:21:05 +0800] "GET /connect.php?mod=login&op=init&referer=forum.php%3Fmod%3Dviewthread%26tid%3D64%26page%3D1%26authorid%3D2&statfrom=login HTTP/1.1" 302 5 "http://www.lszmn.org/forum.php?mod=viewthread&tid=64&page=1&authorid=2" "Scrapy/1.7.3 (+https://scrapy.org)" "-"
58.19.47.150 - - [08/Jun/2022:09:21:05 +0800] "GET /?2 HTTP/1.1" 200 4765 "http://www.lszmn.org/home.php?mod=space&uid=2&do=profile" "Scrapy/1.7.3 (+https://scrapy.org)" "-"
119.60.104.120 - - [08/Jun/2022:09:21:05 +0800] "GET /forum.php?mod=viewthread&tid=64&page=1 HTTP/1.1" 200 10430 "http://www.lszmn.org/forum.php?mod=viewthread&tid=64&page=1&authorid=2" "Scrapy/1.7.3 (+https://scrapy.org)" "-"
123.158.61.18 - - [08/Jun/2022:09:21:05 +0800] "GET /connect.php?mod=login&op=init&referer=forum.php%3Fmod%3Dviewthread%26tid%3D64%26page%3D1%26authorid%3D2&statfrom=login_simple HTTP/1.1" 302 5 "http://www.lszmn.org/forum.php?mod=viewthread&tid=64&page=1&authorid=2" "Scrapy/1.7.3 (+https://scrapy.org)" "-"
58.19.47.150 - - [08/Jun/2022:09:21:05 +0800] "GET /forum.php?mod=misc&action=postreview&do=against&tid=231&pid=5435488&hash=df2537e5 HTTP/1.1" 200 5018 "http://www.lszmn.org/forum.php?mod=viewthread&tid=231" "Scrapy/1.7.3 (+https://scrapy.org)" "-"
123.158.61.18 - - [08/Jun/2022:09:21:06 +0800] "GET /forum.php?mod=misc&action=postreview&do=support&tid=231&pid=5435488&hash=df2537e5 HTTP/1.1" 200 5017 "http://www.lszmn.org/forum.php?mod=viewthread&tid=231" "Scrapy/1.7.3 (+https://scrapy.org)" "-"
125.84.238.245 - - [08/Jun/2022:09:21:06 +0800] "GET /forum.php?mod=post&action=reply&fid=7&tid=231&repquote=5435488&extra=&page=1 HTTP/1.1" 200 5027 "http://www.lszmn.org/forum.php?mod=viewthread&tid=231" "Scrapy/1.7.3 (+https://scrapy.org)" "-"
58.19.47.150 - - [08/Jun/2022:09:21:06 +0800] "GET /forum.php?mod=post&action=reply&fid=7&tid=231&extra=&page=1 HTTP/1.1" 200 4987 "http://www.lszmn.org/forum.php?mod=viewthread&tid=231" "Scrapy/1.7.3 (+https://scrapy.org)" "-"
119.60.104.120 - - [08/Jun/2022:09:21:06 +0800] "GET /forum.php?mod=redirect&goto=nextnewset&tid=231 HTTP/1.1" 302 5 "http://www.lszmn.org/forum.php?mod=viewthread&tid=231" "Scrapy/1.7.3 (+https://scrapy.org)" "-"
61.181.2.18 - - [08/Jun/2022:09:21:06 +0800] "GET /forum.php?mod=redirect&goto=nextoldset&tid=231 HTTP/1.1" 302 5 "http://www.lszmn.org/forum.php?mod=viewthread&tid=231" "Scrapy/1.7.3 (+https://scrapy.org)" "-"
58.19.47.150 - - [08/Jun/2022:09:21:06 +0800] "GET /connect.php?mod=login&op=init&referer=forum.php%3Fmod%3Dviewthread%26tid%3D231&statfrom=login HTTP/1.1" 302 5 "http://www.lszmn.org/forum.php?mod=viewthread&tid=231" "Scrapy/1.7.3 (+https://scrapy.org)" "-"
123.158.61.18 - - [08/Jun/2022:09:21:06 +0800] "GET /forum.php?mod=post&action=reply&fid=7&tid=231 HTTP/1.1" 200 4958 "http://www.lszmn.org/forum.php?mod=viewthread&tid=231" "Scrapy/1.7.3 (+https://scrapy.org)" "-"
144.255.16.185 - - [08/Jun/2022:09:21:06 +0800] "GET /forum.php?mod=redirect&goto=findpost&ptid=231&pid=5435488 HTTP/1.1" 301 5 "http://www.lszmn.org/forum.php?mod=viewthread&tid=231" "Scrapy/1.7.3 (+https://scrapy.org)" "-"
125.84.238.245 - - [08/Jun/2022:09:21:06 +0800] "GET /forum.php?mod=post&action=reply&fid=7&tid=231&reppost=270&extra=&page=1 HTTP/1.1" 200 5006 "http://www.lszmn.org/forum.php?mod=viewthread&tid=231" "Scrapy/1.7.3 (+https://scrapy.org)" "-"
61.181.2.18 - - [08/Jun/2022:09:21:06 +0800] "GET /forum.php?mod=viewthread&tid=231&page=1&authorid=9462 HTTP/1.1" 200 8523 "http://www.lszmn.org/forum.php?mod=viewthread&tid=231" "Scrapy/1.7.3 (+https://scrapy.org)" "-"
123.158.61.18 - - [08/Jun/2022:09:21:06 +0800] "GET /home.php?mod=spacecp&ac=favorite&type=thread&id=231 HTTP/1.1" 200 4865 "http://www.lszmn.org/forum.php?mod=viewthread&tid=231" "Scrapy/1.7.3 (+https://scrapy.org)" "-"
113.206.133.123 - - [08/Jun/2022:09:21:06 +0800] "GET /home.php?mod=spacecp&ac=share&type=thread&id=231 HTTP/1.1" 200 4859 "http://www.lszmn.org/forum.php?mod=viewthread&tid=231" "Scrapy/1.7.3 (+https://scrapy.org)" "-"
58.19.47.150 - - [08/Jun/2022:09:21:06 +0800] "GET /home.php?mod=spacecp&ac=follow&op=relay&tid=231&from=forum HTTP/1.1" 200 4883 "http://www.lszmn.org/forum.php?mod=viewthread&tid=231" "Scrapy/1.7.3 (+https://scrapy.org)" "-"
119.60.104.120 - - [08/Jun/2022:09:21:07 +0800] "GET /forum.php?mod=viewthread&tid=972 HTTP/1.1" 200 18044 "http://www.lszmn.org/forum.php?mod=viewthread&tid=231" "Scrapy/1.7.3 (+https://scrapy.org)" "-"
125.84.238.245 - - [08/Jun/2022:09:21:07 +0800] "GET /home.php?mod=spacecp&ac=plugin&id=qqconnect:spacecp&pluginop=share&sh_type=4&thread_id=231 HTTP/1.1" 200 4941 "http://www.lszmn.org/forum.php?mod=viewthread&tid=231" "Scrapy/1.7.3 (+https://scrapy.org)" "-"
123.158.61.18 - - [08/Jun/2022:09:21:07 +0800] "GET /forum.php?mod=viewthread&tid=231&extra=&ordertype=1 HTTP/1.1" 200 9605 "http://www.lszmn.org/forum.php?mod=viewthread&tid=231" "Scrapy/1.7.3 (+https://scrapy.org)" "-"
58.19.47.150 - - [08/Jun/2022:09:21:07 +0800] "GET /forum.php?mod=viewthread&tid=9334 HTTP/1.1" 200 12866 "http://www.lszmn.org/forum.php?mod=viewthread&tid=231" "Scrapy/1.7.3 (+https://scrapy.org)" "-"
125.84.238.245 - - [08/Jun/2022:09:21:07 +0800] "GET /forum.php?mod=viewthread&tid=231&page=1&authorid=1 HTTP/1.1" 200 9174 "http://www.lszmn.org/forum.php?mod=viewthread&tid=231" "Scrapy/1.7.3 (+https://scrapy.org)" "-"
119.60.104.120 - - [08/Jun/2022:09:21:07 +0800] "GET /connect.php?mod=login&op=init&referer=forum.php%3Fmod%3Dviewthread%26tid%3D231&statfrom=login_simple HTTP/1.1" 302 5 "http://www.lszmn.org/forum.php?mod=viewthread&tid=231" "Scrapy/1.7.3 (+https://scrapy.org)" "-"
125.84.238.245 - - [08/Jun/2022:09:21:08 +0800] "GET /connect.php?mod=login&op=init&referer=forum.php%3Fmod%3Dviewthread%26tid%3D64%26extra%3D%26ordertype%3D1&statfrom=login_simple HTTP/1.1" 302 5 "http://www.lszmn.org/forum.php?mod=viewthread&tid=64&extra=&ordertype=1" "Scrapy/1.7.3 (+https://scrapy.org)" "-"
123.158.61.18 - - [08/Jun/2022:09:21:08 +0800] "GET /forum.php?mod=viewthread&tid=231 HTTP/1.1" 200 9696 "http://www.lszmn.org/forum.php?mod=viewthread&tid=231" "Scrapy/1.7.3 (+https://scrapy.org)" "-"
58.19.47.150 - - [08/Jun/2022:09:21:08 +0800] "GET /forum.php?mod=viewthread&tid=64&extra=&ordertype=2 HTTP/1.1" 200 10464 "http://www.lszmn.org/forum.php?mod=viewthread&tid=64&extra=&ordertype=1" "Scrapy/1.7.3 (+https://scrapy.org)" "-"
119.60.104.120 - - [08/Jun/2022:09:21:08 +0800] "GET /forum.php?mod=post&action=reply&fid=11&tid=64&extra=&page=1&from=album HTTP/1.1" 200 5011 "http://www.lszmn.org/forum.php?mod=viewthread&tid=64&from=album" "Scrapy/1.7.3 (+https://scrapy.org)" "-"
113.206.133.123 - - [08/Jun/2022:09:21:08 +0800] "GET /connect.php?mod=login&op=init&referer=forum.php%3Fmod%3Dviewthread%26tid%3D64%26from%3Dalbum&statfrom=login_simple HTTP/1.1" 302 5 "http://www.lszmn.org/forum.php?mod=viewthread&tid=64&from=album" "Scrapy/1.7.3 (+https://scrapy.org)" "-"
61.181.2.18 - - [08/Jun/2022:09:21:08 +0800] "GET /connect.php?mod=login&op=init&referer=forum.php%3Fmod%3Dviewthread%26tid%3D9334&statfrom=login HTTP/1.1" 302 5 "http://www.lszmn.org/forum.php?mod=viewthread&tid=9334" "Scrapy/1.7.3 (+https://scrapy.org)" "-"
58.19.47.150 - - [08/Jun/2022:09:21:08 +0800] "GET /forum.php?mod=post&action=reply&fid=7&tid=9334 HTTP/1.1" 200 4965 "http://www.lszmn.org/forum.php?mod=viewthread&tid=9334" "Scrapy/1.7.3 (+https://scrapy.org)" "-"
125.84.238.245 - - [08/Jun/2022:09:21:08 +0800] "GET /forum.php?mod=post&action=reply&fid=7&tid=9334&reppost=6879887&extra=&page=1 HTTP/1.1" 200 5019 "http://www.lszmn.org/forum.php?mod=viewthread&tid=9334" "Scrapy/1.7.3 (+https://scrapy.org)" "-"
119.60.104.120 - - [08/Jun/2022:09:21:08 +0800] "GET /home.php?mod=spacecp&ac=follow&op=relay&tid=9334&from=forum HTTP/1.1" 200 4882 "http://www.lszmn.org/forum.php?mod=viewthread&tid=9334" "Scrapy/1.7.3 (+https://scrapy.org)" "-"
123.158.61.18 - - [08/Jun/2022:09:21:09 +0800] "GET /home.php?mod=spacecp&ac=share&type=thread&id=9334 HTTP/1.1" 200 4866 "http://www.lszmn.org/forum.php?mod=viewthread&tid=9334" "Scrapy/1.7.3 (+https://scrapy.org)" "-"
144.255.16.185 - - [08/Jun/2022:09:21:09 +0800] "GET /home.php?mod=spacecp&ac=plugin&id=qqconnect:spacecp&pluginop=share&sh_type=4&thread_id=9334 HTTP/1.1" 200 4948 "http://www.lszmn.org/forum.php?mod=viewthread&tid=9334" "Scrapy/1.7.3 (+https://scrapy.org)" "-"
58.19.47.150 - - [08/Jun/2022:09:21:09 +0800] "GET /home.php?mod=spacecp&ac=favorite&type=thread&id=9334 HTTP/1.1" 200 4871 "http://www.lszmn.org/forum.php?mod=viewthread&tid=9334" "Scrapy/1.7.3 (+https://scrapy.org)" "-"
123.158.61.18 - - [08/Jun/2022:09:21:09 +0800] "GET /forum.php?mod=viewthread&tid=231&page=1 HTTP/1.1" 200 9708 "http://www.lszmn.org/forum.php?mod=viewthread&tid=231" "Scrapy/1.7.3 (+https://scrapy.org)" "-"
61.181.2.18 - - [08/Jun/2022:09:21:09 +0800] "GET /forum.php?mod=attachment&aid=MjkzOXw0ZDA3ODQ2M3wxNjU0NjUxMTYwfDB8OTMzNA%3D%3D&nothumb=yes HTTP/1.1" 200 69568 "http://www.lszmn.org/forum.php?mod=viewthread&tid=9334" "Scrapy/1.7.3 (+https://scrapy.org)" "-"
58.19.47.150 - - [08/Jun/2022:09:21:09 +0800] "GET /forum.php?mod=attachment&aid=MjkzOHwzNjI5NzQ0Y3wxNjU0NjUxMTYwfDB8OTMzNA%3D%3D&nothumb=yes HTTP/1.1" 200 105582 "http://www.lszmn.org/forum.php?mod=viewthread&tid=9334" "Scrapy/1.7.3 (+https://scrapy.org)" "-"
119.60.104.120 - - [08/Jun/2022:09:21:09 +0800] "GET /forum.php?mod=attachment&aid=Mjk0MXwwMzNkOTkwNXwxNjU0NjUxMTYwfDB8OTMzNA%3D%3D&nothumb=yes HTTP/1.1" 200 125562 "http://www.lszmn.org/forum.php?mod=viewthread&tid=9334" "Scrapy/1.7.3 (+https://scrapy.org)" "-"
144.255.16.185 - - [08/Jun/2022:09:21:10 +0800] "GET /forum.php?mod=viewthread&tid=9334&extra=&ordertype=1 HTTP/1.1" 200 12790 "http://www.lszmn.org/forum.php?mod=viewthread&tid=9334" "Scrapy/1.7.3 (+https://scrapy.org)" "-"
113.206.133.123 - - [08/Jun/2022:09:21:10 +0800] "GET /forum.php?mod=attachment&aid=Mjk0MHwyMjE4YzgwYXwxNjU0NjUxMTYwfDB8OTMzNA%3D%3D&nothumb=yes HTTP/1.1" 200 118638 "http://www.lszmn.org/forum.php?mod=viewthread&tid=9334" "Scrapy/1.7.3 (+https://scrapy.org)" "-"
58.19.47.150 - - [08/Jun/2022:09:21:10 +0800] "GET /connect.php?mod=login&op=init&referer=forum.php%3Fmod%3Dpost%26action%3Dreply%26fid%3D7%26tid%3D9334&statfrom=login_simple HTTP/1.1" 302 5 "http://www.lszmn.org/forum.php?mod=post&action=reply&fid=7&tid=9334" "Scrapy/1.7.3 (+https://scrapy.org)" "-"
144.255.16.185 - - [08/Jun/2022:09:21:10 +0800] "GET /connect.php?mod=login&op=init&referer=home.php%3Fmod%3Dspacecp%26ac%3Dshare%26type%3Dthread%26id%3D9334&statfrom=login_simple HTTP/1.1" 302 5 "http://www.lszmn.org/home.php?mod=spacecp&ac=share&type=thread&id=9334" "Scrapy/1.7.3 (+https://scrapy.org)" "-"
123.158.61.18 - - [08/Jun/2022:09:21:10 +0800] "GET /connect.php?mod=login&op=init&referer=home.php%3Fmod%3Dspacecp%26ac%3Dfollow%26op%3Drelay%26tid%3D9334%26from%3Dforum&statfrom=login_simple HTTP/1.1" 302 5 "http://www.lszmn.org/home.php?mod=spacecp&ac=follow&op=relay&tid=9334&from=forum" "Scrapy/1.7.3 (+https://scrapy.org)" "-"
144.255.16.185 - - [08/Jun/2022:09:21:10 +0800] "GET /connect.php?mod=login&op=init&referer=home.php%3Fmod%3Dspacecp%26ac%3Dplugin%26id%3Dqqconnect%3Aspacecp%26pluginop%3Dshare%26sh_type%3D4%26thread_id%3D9334&statfrom=login_simple HTTP/1.1" 302 5 "http://www.lszmn.org/home.php?mod=spacecp&ac=plugin&id=qqconnect:spacecp&pluginop=share&sh_type=4&thread_id=9334" "Scrapy/1.7.3 (+https://scrapy.org)" "-"
58.19.47.150 - - [08/Jun/2022:09:21:10 +0800] "GET /forum.php?mod=viewthread&tid=9334&from=album HTTP/1.1" 200 8127 "http://www.lszmn.org/forum.php?mod=viewthread&tid=9334" "Scrapy/1.7.3 (+https://scrapy.org)" "-"
125.84.238.245 - - [08/Jun/2022:09:21:11 +0800] "GET /connect.php?mod=login&op=init&referer=home.php%3Fmod%3Dspacecp%26ac%3Dfavorite%26type%3Dthread%26id%3D9334&statfrom=login_simple HTTP/1.1" 302 5 "http://www.lszmn.org/home.php?mod=spacecp&ac=favorite&type=thread&id=9334" "Scrapy/1.7.3 (+https://scrapy.org)" "-"
123.158.61.18 - - [08/Jun/2022:09:21:11 +0800] "GET /forum.php?mod=viewthread&tid=9334&page=1&authorid=1 HTTP/1.1" 200 12901 "http://www.lszmn.org/forum.php?mod=viewthread&tid=9334" "Scrapy/1.7.3 (+https://scrapy.org)" "-"
144.255.16.185 - - [08/Jun/2022:09:21:11 +0800] "GET /connect.php?mod=login&op=init&referer=forum.php%3Fmod%3Dviewthread%26tid%3D9334%26extra%3D%26ordertype%3D1&statfrom=login HTTP/1.1" 302 5 "http://www.lszmn.org/forum.php?mod=viewthread&tid=9334&extra=&ordertype=1" "Scrapy/1.7.3 (+https://scrapy.org)" "-"
58.19.47.150 - - [08/Jun/2022:09:21:11 +0800] "GET /forum.php?mod=attachment&aid=MjkzOXw4ODJjMDdkZnwxNjU0NjUxMjY5fDB8OTMzNA%3D%3D&nothumb=yes HTTP/1.1" 200 69568 "http://www.lszmn.org/forum.php?mod=viewthread&tid=9334&extra=&ordertype=1" "Scrapy/1.7.3 (+https://scrapy.org)" "-"
144.255.16.185 - - [08/Jun/2022:09:21:11 +0800] "GET /forum.php?mod=attachment&aid=Mjk0MHwwM2NkZTA3OXwxNjU0NjUxMjY5fDB8OTMzNA%3D%3D&nothumb=yes HTTP/1.1" 200 118638 "http://www.lszmn.org/forum.php?mod=viewthread&tid=9334&extra=&ordertype=1" "Scrapy/1.7.3 (+https://scrapy.org)" "-"
125.84.238.245 - - [08/Jun/2022:09:21:12 +0800] "GET /forum.php?mod=post&action=reply&fid=7&tid=9334&extra=&page=1&from=album HTTP/1.1" 200 5008 "http://www.lszmn.org/forum.php?mod=viewthread&tid=9334&from=album" "Scrapy/1.7.3 (+https://scrapy.org)" "-"
119.60.104.120 - - [08/Jun/2022:09:21:12 +0800] "GET /forum.php?mod=attachment&aid=Mjk0MXxhY2IyZWZiMXwxNjU0NjUxMjY5fDB8OTMzNA%3D%3D&nothumb=yes HTTP/1.1" 200 125562 "http://www.lszmn.org/forum.php?mod=viewthread&tid=9334&extra=&ordertype=1" "Scrapy/1.7.3 (+https://scrapy.org)" "-"
123.158.61.18 - - [08/Jun/2022:09:21:12 +0800] "GET /connect.php?mod=login&op=init&referer=forum.php%3Fmod%3Dviewthread%26tid%3D9334%26from%3Dalbum&statfrom=login_simple HTTP/1.1" 302 5 "http://www.lszmn.org/forum.php?mod=viewthread&tid=9334&from=album" "Scrapy/1.7.3 (+https://scrapy.org)" "-"
220.181.108.144 - - [08/Jun/2022:09:21:12 +0800] "GET /forum.php?mod=viewthread&tid=1096&ordertype=1 HTTP/1.1" 200 12152 "-" "Mozilla/5.0 (compatible; Baiduspider/2.0; +http://www.baidu.com/search/spider.html)" "-"
123.158.61.18 - - [08/Jun/2022:09:21:13 +0800] "GET /connect.php?mod=login&op=init&referer=forum.php%3Fmod%3Dpost%26action%3Dreply%26fid%3D7%26tid%3D9334%26reppost%3D6879887%26extra%3D%26page%3D1&statfrom=login_simple HTTP/1.1" 302 5 "http://www.lszmn.org/forum.php?mod=post&action=reply&fid=7&tid=9334&reppost=6879887&extra=&page=1" "Scrapy/1.7.3 (+https://scrapy.org)" "-"
123.158.61.18 - - [08/Jun/2022:09:21:14 +0800] "GET /connect.php?mod=login&op=init&referer=forum.php%3Fmod%3Dviewthread%26tid%3D9334%26page%3D1%26authorid%3D1&statfrom=login HTTP/1.1" 302 5 "http://www.lszmn.org/forum.php?mod=viewthread&tid=9334&page=1&authorid=1" "Scrapy/1.7.3 (+https://scrapy.org)" "-"
125.84.238.245 - - [08/Jun/2022:09:21:14 +0800] "GET /forum.php?mod=attachment&aid=MjkzOHw4NzAyNjRlY3wxNjU0NjUxMjY5fDB8OTMzNA%3D%3D&nothumb=yes HTTP/1.1" 200 105582 "http://www.lszmn.org/forum.php?mod=viewthread&tid=9334&extra=&ordertype=1" "Scrapy/1.7.3 (+https://scrapy.org)" "-"
58.19.47.150 - - [08/Jun/2022:09:21:14 +0800] "GET /forum.php?mod=attachment&aid=MjkzOXwzYzEzNjFlOHwxNjU0NjUxMjcxfDB8OTMzNA%3D%3D&nothumb=yes HTTP/1.1" 200 69568 "http://www.lszmn.org/forum.php?mod=viewthread&tid=9334&page=1&authorid=1" "Scrapy/1.7.3 (+https://scrapy.org)" "-"
123.158.61.18 - - [08/Jun/2022:09:21:14 +0800] "GET /forum.php?mod=attachment&aid=Mjk0MHw1NDIzMTNmYXwxNjU0NjUxMjcxfDB8OTMzNA%3D%3D&nothumb=yes HTTP/1.1" 200 118638 "http://www.lszmn.org/forum.php?mod=viewthread&tid=9334&page=1&authorid=1" "Scrapy/1.7.3 (+https://scrapy.org)" "-"
111.175.6.62 - - [08/Jun/2022:09:21:15 +0800] "GET /forum.php?mod=attachment&aid=Mjk0MXwyZTQ3ZmQ0YnwxNjU0NjUxMjcxfDB8OTMzNA%3D%3D&nothumb=yes HTTP/1.1" 200 125562 "http://www.lszmn.org/forum.php?mod=viewthread&tid=9334&page=1&authorid=1" "Scrapy/1.7.3 (+https://scrapy.org)" "-"
61.181.2.18 - - [08/Jun/2022:09:21:15 +0800] "GET /forum.php?mod=viewthread&tid=9334&page=1 HTTP/1.1" 200 12885 "http://www.lszmn.org/forum.php?mod=viewthread&tid=9334&page=1&authorid=1" "Scrapy/1.7.3 (+https://scrapy.org)" "-"
144.255.16.185 - - [08/Jun/2022:09:21:15 +0800] "GET /forum.php?mod=attachment&aid=MjkzOHw3NTE0YzcyOHwxNjU0NjUxMjcxfDB8OTMzNA%3D%3D&nothumb=yes HTTP/1.1" 200 105582 "http://www.lszmn.org/forum.php?mod=viewthread&tid=9334&page=1&authorid=1" "Scrapy/1.7.3 (+https://scrapy.org)" "-"
58.19.47.150 - - [08/Jun/2022:09:21:15 +0800] "GET /connect.php?mod=login&op=init&referer=forum.php%3Fmod%3Dviewthread%26tid%3D9334%26page%3D1%26authorid%3D1&statfrom=login_simple HTTP/1.1" 302 5 "http://www.lszmn.org/forum.php?mod=viewthread&tid=9334&page=1&authorid=1" "Scrapy/1.7.3 (+https://scrapy.org)" "-"
113.206.133.123 - - [08/Jun/2022:09:21:16 +0800] "GET /forum.php?mod=viewthread&tid=9334&extra=&ordertype=2 HTTP/1.1" 200 12912 "http://www.lszmn.org/forum.php?mod=viewthread&tid=9334&extra=&ordertype=1" "Scrapy/1.7.3 (+https://scrapy.org)" "-"
58.19.47.150 - - [08/Jun/2022:09:21:16 +0800] "GET /connect.php?mod=login&op=init&referer=forum.php%3Fmod%3Dviewthread%26tid%3D9334%26extra%3D%26ordertype%3D1&statfrom=login_simple HTTP/1.1" 302 5 "http://www.lszmn.org/forum.php?mod=viewthread&tid=9334&extra=&ordertype=1" "Scrapy/1.7.3 (+https://scrapy.org)" "-"
61.181.2.18 - - [08/Jun/2022:09:21:16 +0800] "GET /forum.php?mod=post&action=reply&fid=7&tid=9336&extra=&page=1 HTTP/1.1" 200 4986 "http://www.lszmn.org/forum.php?mod=viewthread&tid=9336" "Scrapy/1.7.3 (+https://scrapy.org)" "-"
38.55.176.226 - - [08/Jun/2022:09:21:16 +0800] "GET http://www.lszmn.org/home.php?mod=space&uid=40019&do=profile HTTP/1.0" 200 12703 "http://www.lszmn.org/" "Mozilla/5.0 (Macintosh; Intel Mac OS X 10_13_1) AppleWebKit/537.36 (KHTML, like Gecko) Chrome/57.0.2987.133 Safari/537.36" "-"
113.206.133.123 - - [08/Jun/2022:09:21:16 +0800] "GET /forum.php?mod=redirect&goto=nextnewset&tid=9336 HTTP/1.1" 302 5 "http://www.lszmn.org/forum.php?mod=viewthread&tid=9336" "Scrapy/1.7.3 (+https://scrapy.org)" "-"
58.19.47.150 - - [08/Jun/2022:09:21:16 +0800] "GET /forum.php?mod=redirect&goto=nextoldset&tid=9336 HTTP/1.1" 302 5 "http://www.lszmn.org/forum.php?mod=viewthread&tid=9336" "Scrapy/1.7.3 (+https://scrapy.org)" "-"
58.19.47.150 - - [08/Jun/2022:09:21:16 +0800] "GET /forum.php?mod=redirect&goto=nextnewset&tid=6653 HTTP/1.1" 302 5 "http://www.lszmn.org/forum.php?mod=viewthread&tid=6653" "Scrapy/1.7.3 (+https://scrapy.org)" "-"
113.206.133.123 - - [08/Jun/2022:09:21:16 +0800] "GET /forum.php?mod=post&action=reply&fid=11&tid=6653&extra=&page=1 HTTP/1.1" 200 4996 "http://www.lszmn.org/forum.php?mod=viewthread&tid=6653" "Scrapy/1.7.3 (+https://scrapy.org)" "-"
61.181.2.18 - - [08/Jun/2022:09:21:17 +0800] "GET /forum.php?mod=post&action=reply&fid=7&tid=9387&extra=&page=1 HTTP/1.1" 200 4985 "http://www.lszmn.org/forum.php?mod=viewthread&tid=9387" "Scrapy/1.7.3 (+https://scrapy.org)" "-"
58.19.47.150 - - [08/Jun/2022:09:21:17 +0800] "GET /forum.php?mod=redirect&goto=nextnewset&tid=9387 HTTP/1.1" 200 4924 "http://www.lszmn.org/forum.php?mod=viewthread&tid=9387" "Scrapy/1.7.3 (+https://scrapy.org)" "-"
119.60.104.120 - - [08/Jun/2022:09:21:17 +0800] "GET /forum.php?mod=redirect&goto=nextoldset&tid=9387 HTTP/1.1" 302 5 "http://www.lszmn.org/forum.php?mod=viewthread&tid=9387" "Scrapy/1.7.3 (+https://scrapy.org)" "-"
61.181.2.18 - - [08/Jun/2022:09:21:17 +0800] "GET /forum.php?mod=viewthread&tid=9334 HTTP/1.1" 200 12865 "http://www.lszmn.org/forum.php?mod=viewthread&tid=9336" "Scrapy/1.7.3 (+https://scrapy.org)" "-"
113.206.133.123 - - [08/Jun/2022:09:21:17 +0800] "GET /forum.php?mod=viewthread&tid=9387 HTTP/1.1" 200 12284 "http://www.lszmn.org/forum.php?mod=viewthread&tid=9336" "Scrapy/1.7.3 (+https://scrapy.org)" "-"
144.255.16.185 - - [08/Jun/2022:09:21:17 +0800] "GET /forum.php?mod=post&action=reply&fid=11&tid=6724&extra=&page=1 HTTP/1.1" 200 4996 "http://www.lszmn.org/forum.php?mod=viewthread&tid=6724" "Scrapy/1.7.3 (+https://scrapy.org)" "-"
58.19.47.150 - - [08/Jun/2022:09:21:17 +0800] "GET /forum.php?mod=viewthread&tid=6654 HTTP/1.1" 200 11844 "http://www.lszmn.org/forum.php?mod=viewthread&tid=6653" "Scrapy/1.7.3 (+https://scrapy.org)" "-"
119.60.104.120 - - [08/Jun/2022:09:21:17 +0800] "GET /connect.php?mod=login&op=init&referer=forum.php%3Fmod%3Dpost%26action%3Dreply%26fid%3D7%26tid%3D9336%26extra%3D%26page%3D1&statfrom=login_simple HTTP/1.1" 302 5 "http://www.lszmn.org/forum.php?mod=post&action=reply&fid=7&tid=9336&extra=&page=1" "Scrapy/1.7.3 (+https://scrapy.org)" "-"
113.206.133.123 - - [08/Jun/2022:09:21:17 +0800] "GET /forum.php?mod=redirect&goto=nextoldset&tid=6724 HTTP/1.1" 302 5 "http://www.lszmn.org/forum.php?mod=viewthread&tid=6724" "Scrapy/1.7.3 (+https://scrapy.org)" "-"
144.255.16.185 - - [08/Jun/2022:09:21:17 +0800] "GET /forum.php?mod=redirect&goto=nextnewset&tid=6724 HTTP/1.1" 302 5 "http://www.lszmn.org/forum.php?mod=viewthread&tid=6724" "Scrapy/1.7.3 (+https://scrapy.org)" "-"
119.60.104.120 - - [08/Jun/2022:09:21:18 +0800] "GET /forum.php?mod=viewthread&tid=6724&page=2 HTTP/1.1" 200 4979 "http://www.lszmn.org/forum.php?mod=viewthread&tid=6724" "Scrapy/1.7.3 (+https://scrapy.org)" "-"
113.206.133.123 - - [08/Jun/2022:09:21:18 +0800] "GET /forum.php?mod=viewthread&tid=9336 HTTP/1.1" 200 11160 "http://www.lszmn.org/forum.php?mod=viewthread&tid=9387" "Scrapy/1.7.3 (+https://scrapy.org)" "-"
144.255.16.185 - - [08/Jun/2022:09:21:18 +0800] "GET /forum.php?mod=viewthread&tid=6724&extra=&page=2 HTTP/1.1" 200 4996 "http://www.lszmn.org/forum.php?mod=viewthread&tid=6724" "Scrapy/1.7.3 (+https://scrapy.org)" "-"
119.60.104.120 - - [08/Jun/2022:09:21:18 +0800] "GET /connect.php?mod=login&op=init&referer=forum.php%3Fmod%3Dpost%26action%3Dreply%26fid%3D7%26tid%3D9387%26extra%3D%26page%3D1&statfrom=login_simple HTTP/1.1" 302 5 "http://www.lszmn.org/forum.php?mod=post&action=reply&fid=7&tid=9387&extra=&page=1" "Scrapy/1.7.3 (+https://scrapy.org)" "-"
61.181.2.18 - - [08/Jun/2022:09:21:18 +0800] "GET /connect.php?mod=login&op=init&referer=forum.php%3Fmod%3Dpost%26action%3Dreply%26fid%3D11%26tid%3D6653%26extra%3D%26page%3D1&statfrom=login_simple HTTP/1.1" 302 5 "http://www.lszmn.org/forum.php?mod=post&action=reply&fid=11&tid=6653&extra=&page=1" "Scrapy/1.7.3 (+https://scrapy.org)" "-"
113.206.133.123 - - [08/Jun/2022:09:21:18 +0800] "GET /connect.php?mod=login&op=init&referer=forum.php%3Fmod%3Dredirect%26goto%3Dnextnewset%26tid%3D9387&statfrom=login_simple HTTP/1.1" 302 5 "http://www.lszmn.org/forum.php?mod=redirect&goto=nextnewset&tid=9387" "Scrapy/1.7.3 (+https://scrapy.org)" "-"
144.255.16.185 - - [08/Jun/2022:09:21:18 +0800] "GET /connect.php?mod=login&op=init&referer=forum.php%3Fmod%3Dviewthread%26tid%3D9334&statfrom=login_simple HTTP/1.1" 302 5 "http://www.lszmn.org/forum.php?mod=viewthread&tid=9334" "Scrapy/1.7.3 (+https://scrapy.org)" "-"
58.19.47.150 - - [08/Jun/2022:09:21:19 +0800] "GET /forum.php?mod=viewthread&tid=47 HTTP/1.1" 200 10630 "http://www.lszmn.org/forum.php?mod=viewthread&tid=6724" "Scrapy/1.7.3 (+https://scrapy.org)" "-"
144.255.16.185 - - [08/Jun/2022:09:21:19 +0800] "GET /forum.php?mod=viewthread&tid=52 HTTP/1.1" 200 15301 "http://www.lszmn.org/forum.php?mod=viewthread&tid=6724" "Scrapy/1.7.3 (+https://scrapy.org)" "-"
51.81.161.147 - - [08/Jun/2022:09:21:19 +0800] "GET /forum.php?mod=%27nvOpzp;%20AND%201=1%20OR%20(%3C%27%22%3EiKO)),&tid=%27nvOpzp;%20AND%201=1%20OR%20(%3C%27%22%3EiKO)),&extra=%27nvOpzp;%20AND%201=1%20OR%20(%3C%27%22%3EiKO)),&page=%27nvOpzp;%20AND%201=1%20OR%20(%3C%27%22%3EiKO)),&mobile=%27nvOpzp;%20AND%201=1%20OR%20(%3C%27%22%3EiKO)), HTTP/1.1" 200 1220 "-" "-" "-"
58.19.47.150 - - [08/Jun/2022:09:21:20 +0800] "GET /connect.php?mod=login&op=init&referer=forum.php%3Fmod%3Dviewthread%26tid%3D6724%26page%3D2&statfrom=login_simple HTTP/1.1" 302 5 "http://www.lszmn.org/forum.php?mod=viewthread&tid=6724&page=2" "Scrapy/1.7.3 (+https://scrapy.org)" "-"
185.191.171.38 - - [08/Jun/2022:09:21:20 +0800] "GET /forum.php?action=postreview&do=against&hash=7dd37923&mod=misc&pid=5354232&tid=7005 HTTP/1.1" 200 4795 "-" "Mozilla/5.0 (compatible; SemrushBot/7~bl; +http://www.semrush.com/bot.html)" "-"
58.19.47.150 - - [08/Jun/2022:09:21:20 +0800] "GET /forum.php?mod=attachment&aid=MjkzOHxiZjQ3ZDliMXwxNjU0NjUxMjc3fDB8OTMzNA%3D%3D&nothumb=yes HTTP/1.1" 200 105582 "http://www.lszmn.org/forum.php?mod=viewthread&tid=9334" "Scrapy/1.7.3 (+https://scrapy.org)" "-"
123.158.61.18 - - [08/Jun/2022:09:21:21 +0800] "GET /forum.php?mod=redirect&goto=nextnewset&tid=6654 HTTP/1.1" 302 5 "http://www.lszmn.org/forum.php?mod=viewthread&tid=6654" "Scrapy/1.7.3 (+https://scrapy.org)" "-"
111.175.6.62 - - [08/Jun/2022:09:21:21 +0800] "GET /forum.php?mod=post&action=reply&fid=11&tid=6654&extra=&page=1 HTTP/1.1" 200 4997 "http://www.lszmn.org/forum.php?mod=viewthread&tid=6654" "Scrapy/1.7.3 (+https://scrapy.org)" "-"
111.175.6.62 - - [08/Jun/2022:09:21:21 +0800] "GET /forum.php?mod=post&action=reply&fid=11&tid=47&extra=&page=1 HTTP/1.1" 200 4992 "http://www.lszmn.org/forum.php?mod=viewthread&tid=47" "Scrapy/1.7.3 (+https://scrapy.org)" "-"
123.158.61.18 - - [08/Jun/2022:09:21:22 +0800] "GET /forum.php?mod=redirect&goto=nextnewset&tid=47 HTTP/1.1" 302 5 "http://www.lszmn.org/forum.php?mod=viewthread&tid=47" "Scrapy/1.7.3 (+https://scrapy.org)" "-"
58.19.47.150 - - [08/Jun/2022:09:21:22 +0800] "GET /forum.php?mod=redirect&goto=nextoldset&tid=47 HTTP/1.1" 302 5 "http://www.lszmn.org/forum.php?mod=viewthread&tid=47" "Scrapy/1.7.3 (+https://scrapy.org)" "-"
111.175.6.62 - - [08/Jun/2022:09:21:22 +0800] "GET /forum.php?mod=viewthread&tid=56 HTTP/1.1" 200 10706 "http://www.lszmn.org/forum.php?mod=viewthread&tid=6654" "Scrapy/1.7.3 (+https://scrapy.org)" "-"
58.19.47.150 - - [08/Jun/2022:09:21:22 +0800] "GET /connect.php?mod=login&op=init&referer=forum.php%3Fmod%3Dviewthread%26tid%3D47&statfrom=login HTTP/1.1" 302 5 "http://www.lszmn.org/forum.php?mod=viewthread&tid=47" "Scrapy/1.7.3 (+https://scrapy.org)" "-"
123.158.61.18 - - [08/Jun/2022:09:21:22 +0800] "GET /forum.php?mod=post&action=reply&fid=11&tid=47 HTTP/1.1" 200 4961 "http://www.lszmn.org/forum.php?mod=viewthread&tid=47" "Scrapy/1.7.3 (+https://scrapy.org)" "-"
111.175.6.62 - - [08/Jun/2022:09:21:23 +0800] "GET /forum.php?mod=post&action=reply&fid=11&tid=47&reppost=52&extra=&page=1 HTTP/1.1" 200 5015 "http://www.lszmn.org/forum.php?mod=viewthread&tid=47" "Scrapy/1.7.3 (+https://scrapy.org)" "-"
58.19.47.150 - - [08/Jun/2022:09:21:23 +0800] "GET /home.php?mod=spacecp&ac=share&type=thread&id=47 HTTP/1.1" 200 4859 "http://www.lszmn.org/forum.php?mod=viewthread&tid=47" "Scrapy/1.7.3 (+https://scrapy.org)" "-"
111.175.6.62 - - [08/Jun/2022:09:21:23 +0800] "GET /home.php?mod=spacecp&ac=follow&op=relay&tid=47&from=forum HTTP/1.1" 200 4879 "http://www.lszmn.org/forum.php?mod=viewthread&tid=47" "Scrapy/1.7.3 (+https://scrapy.org)" "-"
58.19.47.150 - - [08/Jun/2022:09:21:23 +0800] "GET /home.php?mod=spacecp&ac=favorite&type=thread&id=47 HTTP/1.1" 200 4865 "http://www.lszmn.org/forum.php?mod=viewthread&tid=47" "Scrapy/1.7.3 (+https://scrapy.org)" "-"
123.158.61.18 - - [08/Jun/2022:09:21:23 +0800] "GET /forum.php?mod=viewthread&tid=56 HTTP/1.1" 200 10707 "http://www.lszmn.org/forum.php?mod=viewthread&tid=47" "Scrapy/1.7.3 (+https://scrapy.org)" "-"
111.175.6.62 - - [08/Jun/2022:09:21:23 +0800] "GET /forum.php?mod=viewthread&tid=6724 HTTP/1.1" 200 10723 "http://www.lszmn.org/forum.php?mod=viewthread&tid=47" "Scrapy/1.7.3 (+https://scrapy.org)" "-"
111.175.6.62 - - [08/Jun/2022:09:21:24 +0800] "GET /home.php?mod=spacecp&ac=plugin&id=qqconnect:spacecp&pluginop=share&sh_type=4&thread_id=47 HTTP/1.1" 200 4941 "http://www.lszmn.org/forum.php?mod=viewthread&tid=47" "Scrapy/1.7.3 (+https://scrapy.org)" "-"
111.175.6.62 - - [08/Jun/2022:09:21:24 +0800] "GET /forum.php?mod=viewthread&tid=47&extra=&ordertype=1 HTTP/1.1" 200 10556 "http://www.lszmn.org/forum.php?mod=viewthread&tid=47" "Scrapy/1.7.3 (+https://scrapy.org)" "-"
58.19.47.150 - - [08/Jun/2022:09:21:24 +0800] "GET /forum.php?mod=viewthread&tid=47&page=1&authorid=2 HTTP/1.1" 200 10668 "http://www.lszmn.org/forum.php?mod=viewthread&tid=47" "Scrapy/1.7.3 (+https://scrapy.org)" "-"
111.175.6.62 - - [08/Jun/2022:09:21:24 +0800] "GET /connect.php?mod=login&op=init&referer=forum.php%3Fmod%3Dviewthread%26tid%3D47&statfrom=login_simple HTTP/1.1" 302 5 "http://www.lszmn.org/forum.php?mod=viewthread&tid=47" "Scrapy/1.7.3 (+https://scrapy.org)" "-"
111.175.6.62 - - [08/Jun/2022:09:21:25 +0800] "GET /forum.php?mod=redirect&goto=nextoldset&tid=6654 HTTP/1.1" 302 5 "http://www.lszmn.org/forum.php?mod=viewthread&tid=6654" "Scrapy/1.7.3 (+https://scrapy.org)" "-"
58.19.47.150 - - [08/Jun/2022:09:21:25 +0800] "GET /forum.php?mod=viewthread&tid=47 HTTP/1.1" 200 10630 "http://www.lszmn.org/forum.php?mod=viewthread&tid=47" "Scrapy/1.7.3 (+https://scrapy.org)" "-"
111.175.6.62 - - [08/Jun/2022:09:21:25 +0800] "GET /connect.php?mod=login&op=init&referer=forum.php%3Fmod%3Dviewthread%26tid%3D6654&statfrom=login HTTP/1.1" 302 5 "http://www.lszmn.org/forum.php?mod=viewthread&tid=6654" "Scrapy/1.7.3 (+https://scrapy.org)" "-"
111.175.6.62 - - [08/Jun/2022:09:21:25 +0800] "GET /forum.php?mod=post&action=reply&fid=11&tid=6654 HTTP/1.1" 200 4968 "http://www.lszmn.org/forum.php?mod=viewthread&tid=6654" "Scrapy/1.7.3 (+https://scrapy.org)" "-"
111.175.6.62 - - [08/Jun/2022:09:21:25 +0800] "GET /forum.php?mod=misc&action=postreview&do=against&tid=6654&pid=135163&hash=df2537e5 HTTP/1.1" 200 5019 "http://www.lszmn.org/forum.php?mod=viewthread&tid=6654" "Scrapy/1.7.3 (+https://scrapy.org)" "-"
111.175.6.62 - - [08/Jun/2022:09:21:25 +0800] "GET /forum.php?mod=misc&action=postreview&do=support&tid=6654&pid=135163&hash=df2537e5 HTTP/1.1" 200 5018 "http://www.lszmn.org/forum.php?mod=viewthread&tid=6654" "Scrapy/1.7.3 (+https://scrapy.org)" "-"
111.175.6.62 - - [08/Jun/2022:09:21:26 +0800] "GET /forum.php?mod=post&action=reply&fid=11&tid=6654&repquote=135163&extra=&page=1 HTTP/1.1" 200 5028 "http://www.lszmn.org/forum.php?mod=viewthread&tid=6654" "Scrapy/1.7.3 (+https://scrapy.org)" "-"
58.19.47.150 - - [08/Jun/2022:09:21:26 +0800] "GET /forum.php?mod=redirect&goto=findpost&pid=135160&ptid=6654 HTTP/1.1" 301 5 "http://www.lszmn.org/forum.php?mod=viewthread&tid=6654" "Scrapy/1.7.3 (+https://scrapy.org)" "-"
111.175.6.62 - - [08/Jun/2022:09:21:27 +0800] "GET /forum.php?mod=viewthread&tid=6653 HTTP/1.1" 200 10738 "http://www.lszmn.org/forum.php?mod=viewthread&tid=6654" "Scrapy/1.7.3 (+https://scrapy.org)" "-"
58.19.47.150 - - [08/Jun/2022:09:21:27 +0800] "GET /forum.php?mod=redirect&goto=findpost&ptid=6654&pid=135163 HTTP/1.1" 301 5 "http://www.lszmn.org/forum.php?mod=viewthread&tid=6654" "Scrapy/1.7.3 (+https://scrapy.org)" "-"
111.175.6.62 - - [08/Jun/2022:09:21:27 +0800] "GET /forum.php?mod=post&action=reply&fid=11&tid=6654&reppost=135159&extra=&page=1 HTTP/1.1" 200 5027 "http://www.lszmn.org/forum.php?mod=viewthread&tid=6654" "Scrapy/1.7.3 (+https://scrapy.org)" "-"
8.26.182.157 - - [08/Jun/2022:09:21:27 +0800] "GET http://www.lszmn.org/member.php?mod=register HTTP/1.1" 302 5 "http://www.lszmn.org/" "Mozilla/5.0 (Macintosh; Intel Mac OS X 10_12_6) AppleWebKit/537.36 (KHTML, like Gecko) Chrome/66.0.3359.81 Safari/537.36" "-"
111.175.6.62 - - [08/Jun/2022:09:21:27 +0800] "GET /home.php?mod=spacecp&ac=follow&op=relay&tid=6654&from=forum HTTP/1.1" 200 4882 "http://www.lszmn.org/forum.php?mod=viewthread&tid=6654" "Scrapy/1.7.3 (+https://scrapy.org)" "-"
58.19.47.150 - - [08/Jun/2022:09:21:27 +0800] "GET /home.php?mod=spacecp&ac=share&type=thread&id=6654 HTTP/1.1" 200 4865 "http://www.lszmn.org/forum.php?mod=viewthread&tid=6654" "Scrapy/1.7.3 (+https://scrapy.org)" "-"
111.175.6.62 - - [08/Jun/2022:09:21:27 +0800] "GET /home.php?mod=spacecp&ac=favorite&type=thread&id=6654 HTTP/1.1" 200 4870 "http://www.lszmn.org/forum.php?mod=viewthread&tid=6654" "Scrapy/1.7.3 (+https://scrapy.org)" "-"
58.19.47.150 - - [08/Jun/2022:09:21:27 +0800] "GET /home.php?mod=spacecp&ac=plugin&id=qqconnect:spacecp&pluginop=share&sh_type=4&thread_id=6654 HTTP/1.1" 200 4947 "http://www.lszmn.org/forum.php?mod=viewthread&tid=6654" "Scrapy/1.7.3 (+https://scrapy.org)" "-"
8.26.182.157 - - [08/Jun/2022:09:21:28 +0800] "GET http://www.lszmn.org/connect.php?mod=login&op=init&referer=forum.php&statfrom=login_simple HTTP/1.1" 302 5 "http://www.lszmn.org/member.php?mod=register" "Mozilla/5.0 (Macintosh; Intel Mac OS X 10_12_6) AppleWebKit/537.36 (KHTML, like Gecko) Chrome/66.0.3359.81 Safari/537.36" "-"
123.158.61.18 - - [08/Jun/2022:09:21:28 +0800] "GET /forum.php?mod=viewthread&tid=6654 HTTP/1.1" 200 11845 "http://www.lszmn.org/forum.php?mod=viewthread&tid=6654" "Scrapy/1.7.3 (+https://scrapy.org)" "-"
111.175.6.62 - - [08/Jun/2022:09:21:28 +0800] "GET /forum.php?mod=viewthread&tid=6654&extra=&ordertype=1 HTTP/1.1" 200 11777 "http://www.lszmn.org/forum.php?mod=viewthread&tid=6654" "Scrapy/1.7.3 (+https://scrapy.org)" "-"
58.19.47.150 - - [08/Jun/2022:09:21:28 +0800] "GET /forum.php?mod=viewthread&tid=6654&page=1 HTTP/1.1" 200 11862 "http://www.lszmn.org/forum.php?mod=viewthread&tid=6654" "Scrapy/1.7.3 (+https://scrapy.org)" "-"
125.84.238.245 - - [08/Jun/2022:09:21:28 +0800] "GET /forum.php?mod=viewthread&tid=6654&page=1&authorid=1513 HTTP/1.1" 200 11909 "http://www.lszmn.org/forum.php?mod=viewthread&tid=6654" "Scrapy/1.7.3 (+https://scrapy.org)" "-"
58.19.47.150 - - [08/Jun/2022:09:21:29 +0800] "GET /connect.php?mod=login&op=init&referer=forum.php%3Fmod%3Dviewthread%26tid%3D6654&statfrom=login_simple HTTP/1.1" 302 5 "http://www.lszmn.org/forum.php?mod=viewthread&tid=6654" "Scrapy/1.7.3 (+https://scrapy.org)" "-"
113.206.133.123 - - [08/Jun/2022:09:21:29 +0800] "GET /forum.php?mod=attachment&aid=MzM3MHwzZDViNDUzMXwxNjU0NjUxMjc3fDB8OTM4Nw%3D%3D&nothumb=yes HTTP/1.1" 200 311385 "http://www.lszmn.org/forum.php?mod=viewthread&tid=9387" "Scrapy/1.7.3 (+https://scrapy.org)" "-"
58.19.47.150 - - [08/Jun/2022:09:21:29 +0800] "GET /forum.php?mod=viewthread&tid=6654 HTTP/1.1" 200 11845 "http://www.lszmn.org/forum.php?mod=viewthread&tid=6654" "Scrapy/1.7.3 (+https://scrapy.org)" "-"
58.19.47.150 - - [08/Jun/2022:09:21:30 +0800] "GET /forum.php?mod=attachment&aid=MjkzOXxjZGY2ZTM1MXwxNjU0NjUxMjc3fDB8OTMzNA%3D%3D&nothumb=yes HTTP/1.1" 200 69568 "http://www.lszmn.org/forum.php?mod=viewthread&tid=9334" "Scrapy/1.7.3 (+https://scrapy.org)" "-"
144.255.16.185 - - [08/Jun/2022:09:21:30 +0800] "GET /forum.php?mod=attachment&aid=MzM2OHxmNTc5MWUzOHwxNjU0NjUxMjc3fDB8OTM4Nw%3D%3D&nothumb=yes HTTP/1.1" 200 552063 "http://www.lszmn.org/forum.php?mod=viewthread&tid=9387" "Scrapy/1.7.3 (+https://scrapy.org)" "-"
111.175.6.62 - - [08/Jun/2022:09:21:30 +0800] "GET /forum.php?mod=attachment&aid=Mjk0MHxlOTVlMWU0NnwxNjU0NjUxMjc3fDB8OTMzNA%3D%3D&nothumb=yes HTTP/1.1" 200 118638 "http://www.lszmn.org/forum.php?mod=viewthread&tid=9334" "Scrapy/1.7.3 (+https://scrapy.org)" "-"
58.19.47.150 - - [08/Jun/2022:09:21:31 +0800] "GET /forum.php?mod=attachment&aid=Mjk1OXw5OTEzODM1Y3wxNjU0NjUxMjc4fDB8OTMzNg%3D%3D&nothumb=yes HTTP/1.1" 200 46303 "http://www.lszmn.org/forum.php?mod=viewthread&tid=9336" "Scrapy/1.7.3 (+https://scrapy.org)" "-"
119.60.104.120 - - [08/Jun/2022:09:21:31 +0800] "GET /forum.php?mod=attachment&aid=MzM3MnwxYzFmY2ExNHwxNjU0NjUxMjc3fDB8OTM4Nw%3D%3D&nothumb=yes HTTP/1.1" 200 441066 "http://www.lszmn.org/forum.php?mod=viewthread&tid=9387" "Scrapy/1.7.3 (+https://scrapy.org)" "-"
125.84.238.245 - - [08/Jun/2022:09:21:32 +0800] "GET /forum.php?mod=attachment&aid=Mjk1NXw5ZGVjZmNkZnwxNjU0NjUxMjc4fDB8OTMzNg%3D%3D&nothumb=yes HTTP/1.1" 200 45859 "http://www.lszmn.org/forum.php?mod=viewthread&tid=9336" "Scrapy/1.7.3 (+https://scrapy.org)" "-"
58.19.47.150 - - [08/Jun/2022:09:21:32 +0800] "GET /forum.php?mod=attachment&aid=Mjk1OHwxYzVhZTY5ZnwxNjU0NjUxMjc4fDB8OTMzNg%3D%3D&nothumb=yes HTTP/1.1" 200 41350 "http://www.lszmn.org/forum.php?mod=viewthread&tid=9336" "Scrapy/1.7.3 (+https://scrapy.org)" "-"
144.255.16.185 - - [08/Jun/2022:09:21:32 +0800] "GET /forum.php?mod=attachment&aid=Mjk1M3xkYjc2MDkxMnwxNjU0NjUxMjc4fDB8OTMzNg%3D%3D&nothumb=yes HTTP/1.1" 200 65055 "http://www.lszmn.org/forum.php?mod=viewthread&tid=9336" "Scrapy/1.7.3 (+https://scrapy.org)" "-"
157.55.39.141 - - [08/Jun/2022:09:21:33 +0800] "GET /forum.php?mod=viewthread&tid=221&extra=page%3D1 HTTP/1.1" 200 13115 "-" "Mozilla/5.0 (compatible; bingbot/2.0; +http://www.bing.com/bingbot.htm)" "-"
123.158.61.18 - - [08/Jun/2022:09:21:33 +0800] "GET /forum.php?mod=attachment&aid=Mjk0MXw4MDdlNTUzMXwxNjU0NjUxMjc3fDB8OTMzNA%3D%3D&nothumb=yes HTTP/1.1" 200 125562 "http://www.lszmn.org/forum.php?mod=viewthread&tid=9334" "Scrapy/1.7.3 (+https://scrapy.org)" "-"
61.181.2.18 - - [08/Jun/2022:09:21:34 +0800] "GET /forum.php?mod=attachment&aid=MzM3MXxkZDlhYmFkOHwxNjU0NjUxMjc3fDB8OTM4Nw%3D%3D&nothumb=yes HTTP/1.1" 200 155072 "http://www.lszmn.org/forum.php?mod=viewthread&tid=9387" "Scrapy/1.7.3 (+https://scrapy.org)" "-"
144.255.16.185 - - [08/Jun/2022:09:21:34 +0800] "GET /connect.php?mod=login&op=init&referer=forum.php%3Fmod%3Dviewthread%26tid%3D6724%26extra%3D%26page%3D2&statfrom=login_simple HTTP/1.1" 302 5 "http://www.lszmn.org/forum.php?mod=viewthread&tid=6724&extra=&page=2" "Scrapy/1.7.3 (+https://scrapy.org)" "-"
58.19.47.150 - - [08/Jun/2022:09:21:34 +0800] "GET /forum.php?mod=attachment&aid=Mjk1NHw4NDRiMTE3ZHwxNjU0NjUxMjc4fDB8OTMzNg%3D%3D&nothumb=yes HTTP/1.1" 200 120493 "http://www.lszmn.org/forum.php?mod=viewthread&tid=9336" "Scrapy/1.7.3 (+https://scrapy.org)" "-"
1.85.216.106 - - [08/Jun/2022:09:21:34 +0800] "GET /forum.php?mod=post&action=reply&fid=11&tid=6724&extra=&page= HTTP/1.1" 200 4993 "http://www.lszmn.org/forum.php?mod=viewthread&tid=6724&page=2" "Scrapy/1.7.3 (+https://scrapy.org)" "-"
125.84.238.245 - - [08/Jun/2022:09:21:34 +0800] "GET /connect.php?mod=login&op=init&referer=forum.php%3Fmod%3Dpost%26action%3Dreply%26fid%3D11%26tid%3D6724%26extra%3D%26page%3D1&statfrom=login_simple HTTP/1.1" 302 5 "http://www.lszmn.org/forum.php?mod=post&action=reply&fid=11&tid=6724&extra=&page=1" "Scrapy/1.7.3 (+https://scrapy.org)" "-"
1.85.216.106 - - [08/Jun/2022:09:21:34 +0800] "GET /connect.php?mod=login&op=init&referer=forum.php%3Fmod%3Dviewthread%26tid%3D9336&statfrom=login HTTP/1.1" 302 5 "http://www.lszmn.org/forum.php?mod=viewthread&tid=9336" "Scrapy/1.7.3 (+https://scrapy.org)" "-"
116.179.37.231 - - [08/Jun/2022:09:21:35 +0800] "GET /data/attachment/common/64/common_48_icon.jpg HTTP/1.1" 200 2297 "http://lszmn.org/forum.php?mod=viewthread&tid=1096&ordertype=1" "Mozilla/5.0 (compatible; Baiduspider-render/2.0; +http://www.baidu.com/search/spider.html)" "-"
116.179.33.148 - - [08/Jun/2022:09:21:35 +0800] "GET /home.php?mod=misc&ac=sendmail&rand=1654651272 HTTP/1.1" 200 5 "http://lszmn.org/forum.php?mod=viewthread&tid=1096&ordertype=1" "Mozilla/5.0" "-"
