111.85.200.173 - - [08/Jun/2022:09:25:41 +0800] "GET /connect.php?mod=login&op=init&referer=forum.php%3Fmod%3Dmisc%26action%3Dpostreview%26do%3Dsupport%26tid%3D246%26pid%3D6346478%26hash%3Ddf2537e5&statfrom=login_simple HTTP/1.1" 302 5 "http://www.lszmn.org/forum.php?mod=misc&action=postreview&do=support&tid=246&pid=6346478&hash=df2537e5" "Scrapy/1.7.3 (+https://scrapy.org)" "-"
14.204.44.34 - - [08/Jun/2022:09:25:41 +0800] "GET /connect.php?mod=login&op=init&referer=forum.php%3Fmod%3Dpost%26action%3Dreply%26fid%3D51%26tid%3D246%26reppost%3D285%26extra%3D%26page%3D1&statfrom=login_simple HTTP/1.1" 302 5 "http://www.lszmn.org/forum.php?mod=post&action=reply&fid=51&tid=246&reppost=285&extra=&page=1" "Scrapy/1.7.3 (+https://scrapy.org)" "-"
182.138.158.20 - - [08/Jun/2022:09:25:41 +0800] "GET /forum.php?mod=viewthread&tid=246&page=1 HTTP/1.1" 200 11290 "http://www.lszmn.org/forum.php?mod=viewthread&tid=246&page=1" "Scrapy/1.7.3 (+https://scrapy.org)" "-"
110.167.215.225 - - [08/Jun/2022:09:25:41 +0800] "GET /home.php?mod=spacecp&ac=share&type=thread&id=246 HTTP/1.1" 200 4860 "http://www.lszmn.org/forum.php?mod=viewthread&tid=246" "Scrapy/1.7.3 (+https://scrapy.org)" "-"
124.31.105.215 - - [08/Jun/2022:09:25:42 +0800] "GET /home.php?mod=spacecp&ac=follow&op=relay&tid=246&from=forum HTTP/1.1" 200 4885 "http://www.lszmn.org/forum.php?mod=viewthread&tid=246" "Scrapy/1.7.3 (+https://scrapy.org)" "-"
175.152.29.193 - - [08/Jun/2022:09:25:42 +0800] "GET /home.php?mod=spacecp&ac=favorite&type=thread&id=246 HTTP/1.1" 200 4866 "http://www.lszmn.org/forum.php?mod=viewthread&tid=246" "Scrapy/1.7.3 (+https://scrapy.org)" "-"
182.138.158.20 - - [08/Jun/2022:09:25:42 +0800] "GET /forum.php?mod=viewthread&tid=246&page=1&authorid=1 HTTP/1.1" 200 9140 "http://www.lszmn.org/forum.php?mod=viewthread&tid=246" "Scrapy/1.7.3 (+https://scrapy.org)" "-"
110.167.215.225 - - [08/Jun/2022:09:25:42 +0800] "GET /connect.php?mod=login&op=init&referer=forum.php%3Fmod%3Dviewthread%26tid%3D246&statfrom=login_simple HTTP/1.1" 302 5 "http://www.lszmn.org/forum.php?mod=viewthread&tid=246" "Scrapy/1.7.3 (+https://scrapy.org)" "-"
111.85.200.173 - - [08/Jun/2022:09:25:42 +0800] "GET /home.php?mod=spacecp&ac=plugin&id=qqconnect:spacecp&pluginop=share&sh_type=4&thread_id=246 HTTP/1.1" 200 4943 "http://www.lszmn.org/forum.php?mod=viewthread&tid=246" "Scrapy/1.7.3 (+https://scrapy.org)" "-"
14.204.44.34 - - [08/Jun/2022:09:25:42 +0800] "GET /forum.php?mod=viewthread&tid=246&extra=&ordertype=1 HTTP/1.1" 200 11192 "http://www.lszmn.org/forum.php?mod=viewthread&tid=246" "Scrapy/1.7.3 (+https://scrapy.org)" "-"
124.31.105.215 - - [08/Jun/2022:09:25:42 +0800] "GET /forum.php?mod=attachment&aid=MjE5OHxmZTcxZDhjMHwxNjU0NjUxNDQzfDB8Njg2Ng%3D%3D&nothumb=yes HTTP/1.1" 200 86400 "http://www.lszmn.org/forum.php?mod=viewthread&tid=6866" "Scrapy/1.7.3 (+https://scrapy.org)" "-"
175.152.29.193 - - [08/Jun/2022:09:25:42 +0800] "GET /connect.php?mod=login&op=init&referer=home.php%3Fmod%3Dspacecp%26ac%3Dshare%26type%3Dthread%26id%3D246&statfrom=login_simple HTTP/1.1" 302 5 "http://www.lszmn.org/home.php?mod=spacecp&ac=share&type=thread&id=246" "Scrapy/1.7.3 (+https://scrapy.org)" "-"
111.85.200.173 - - [08/Jun/2022:09:25:42 +0800] "GET /forum.php?mod=attachment&aid=MjE5NXwxNDZhYzVhY3wxNjU0NjUxNDQzfDB8Njg2Ng%3D%3D&nothumb=yes HTTP/1.1" 200 55459 "http://www.lszmn.org/forum.php?mod=viewthread&tid=6866" "Scrapy/1.7.3 (+https://scrapy.org)" "-"
182.138.158.20 - - [08/Jun/2022:09:25:42 +0800] "GET /forum.php?mod=attachment&aid=MjE5N3xhZjIyMjNlY3wxNjU0NjUxNDQzfDB8Njg2Ng%3D%3D&nothumb=yes HTTP/1.1" 200 95137 "http://www.lszmn.org/forum.php?mod=viewthread&tid=6866" "Scrapy/1.7.3 (+https://scrapy.org)" "-"
110.167.215.225 - - [08/Jun/2022:09:25:42 +0800] "GET /forum.php?mod=attachment&aid=MjE5NnxlZWJlMDRjN3wxNjU0NjUxNDQzfDB8Njg2Ng%3D%3D&nothumb=yes HTTP/1.1" 200 91645 "http://www.lszmn.org/forum.php?mod=viewthread&tid=6866" "Scrapy/1.7.3 (+https://scrapy.org)" "-"
14.204.44.34 - - [08/Jun/2022:09:25:43 +0800] "GET /forum.php?mod=attachment&aid=MjE5NHwyNWQwZWZjMHwxNjU0NjUxNDQzfDB8Njg2Ng%3D%3D&nothumb=yes HTTP/1.1" 200 28935 "http://www.lszmn.org/forum.php?mod=viewthread&tid=6866" "Scrapy/1.7.3 (+https://scrapy.org)" "-"
124.31.105.215 - - [08/Jun/2022:09:25:43 +0800] "GET /connect.php?mod=login&op=init&referer=home.php%3Fmod%3Dspacecp%26ac%3Dfollow%26op%3Drelay%26tid%3D246%26from%3Dforum&statfrom=login_simple HTTP/1.1" 302 5 "http://www.lszmn.org/home.php?mod=spacecp&ac=follow&op=relay&tid=246&from=forum" "Scrapy/1.7.3 (+https://scrapy.org)" "-"
14.204.44.34 - - [08/Jun/2022:09:25:43 +0800] "GET /connect.php?mod=login&op=init&referer=home.php%3Fmod%3Dspacecp%26ac%3Dfavorite%26type%3Dthread%26id%3D246&statfrom=login_simple HTTP/1.1" 302 5 "http://www.lszmn.org/home.php?mod=spacecp&ac=favorite&type=thread&id=246" "Scrapy/1.7.3 (+https://scrapy.org)" "-"
175.152.29.193 - - [08/Jun/2022:09:25:43 +0800] "GET /connect.php?mod=login&op=init&referer=forum.php%3Fmod%3Dviewthread%26tid%3D246%26page%3D1%26authorid%3D1&statfrom=login_simple HTTP/1.1" 302 5 "http://www.lszmn.org/forum.php?mod=viewthread&tid=246&page=1&authorid=1" "Scrapy/1.7.3 (+https://scrapy.org)" "-"
111.85.200.173 - - [08/Jun/2022:09:25:43 +0800] "GET /forum.php?mod=viewthread&tid=9348 HTTP/1.1" 200 9136 "http://www.lszmn.org" "Scrapy/1.7.3 (+https://scrapy.org)" "-"
182.138.158.184 - - [08/Jun/2022:09:25:43 +0800] "GET /forum.php?mod=viewthread&tid=9363 HTTP/1.1" 200 9717 "http://www.lszmn.org" "Scrapy/1.7.3 (+https://scrapy.org)" "-"
175.152.29.193 - - [08/Jun/2022:09:25:43 +0800] "GET /connect.php?mod=login&op=init&referer=forum.php%3Fmod%3Dviewthread%26tid%3D246%26extra%3D%26ordertype%3D1&statfrom=login_simple HTTP/1.1" 302 5 "http://www.lszmn.org/forum.php?mod=viewthread&tid=246&extra=&ordertype=1" "Scrapy/1.7.3 (+https://scrapy.org)" "-"
14.204.44.34 - - [08/Jun/2022:09:25:43 +0800] "GET /forum.php?mod=viewthread&tid=6821&from=portal HTTP/1.1" 200 8229 "http://www.lszmn.org" "Scrapy/1.7.3 (+https://scrapy.org)" "-"
124.31.105.215 - - [08/Jun/2022:09:25:43 +0800] "GET /connect.php?mod=login&op=init&referer=forum.php%3Fmod%3Dviewthread%26tid%3D246%26extra%3D%26ordertype%3D1&statfrom=login HTTP/1.1" 302 5 "http://www.lszmn.org/forum.php?mod=viewthread&tid=246&extra=&ordertype=1" "Scrapy/1.7.3 (+https://scrapy.org)" "-"
175.152.29.193 - - [08/Jun/2022:09:25:43 +0800] "GET /forum.php?mod=viewthread&tid=246&extra=&ordertype=2 HTTP/1.1" 200 11314 "http://www.lszmn.org/forum.php?mod=viewthread&tid=246&extra=&ordertype=1" "Scrapy/1.7.3 (+https://scrapy.org)" "-"
110.167.215.225 - - [08/Jun/2022:09:25:43 +0800] "GET /connect.php?mod=login&op=init&referer=home.php%3Fmod%3Dspacecp%26ac%3Dplugin%26id%3Dqqconnect%3Aspacecp%26pluginop%3Dshare%26sh_type%3D4%26thread_id%3D246&statfrom=login_simple HTTP/1.1" 302 5 "http://www.lszmn.org/home.php?mod=spacecp&ac=plugin&id=qqconnect:spacecp&pluginop=share&sh_type=4&thread_id=246" "Scrapy/1.7.3 (+https://scrapy.org)" "-"
182.138.158.184 - - [08/Jun/2022:09:25:44 +0800] "GET /connect.php?mod=login&op=init&referer=forum.php%3Fmod%3Dviewthread%26tid%3D246%26page%3D1%26authorid%3D1&statfrom=login HTTP/1.1" 302 5 "http://www.lszmn.org/forum.php?mod=viewthread&tid=246&page=1&authorid=1" "Scrapy/1.7.3 (+https://scrapy.org)" "-"
175.152.29.193 - - [08/Jun/2022:09:25:44 +0800] "GET /forum.php?mod=viewthread&tid=6883&from=portal HTTP/1.1" 200 8790 "http://www.lszmn.org" "Scrapy/1.7.3 (+https://scrapy.org)" "-"
110.167.215.225 - - [08/Jun/2022:09:25:44 +0800] "GET /forum.php?mod=viewthread&tid=7181&from=portal HTTP/1.1" 302 5 "http://www.lszmn.org" "Scrapy/1.7.3 (+https://scrapy.org)" "-"
124.31.105.215 - - [08/Jun/2022:09:25:44 +0800] "GET /forum.php?mod=viewthread&tid=6849&from=portal HTTP/1.1" 200 8773 "http://www.lszmn.org" "Scrapy/1.7.3 (+https://scrapy.org)" "-"
111.85.200.173 - - [08/Jun/2022:09:25:45 +0800] "GET /forum.php?mod=redirect&goto=nextnewset&tid=9363 HTTP/1.1" 302 5 "http://www.lszmn.org/forum.php?mod=viewthread&tid=9363" "Scrapy/1.7.3 (+https://scrapy.org)" "-"
175.152.29.193 - - [08/Jun/2022:09:25:45 +0800] "GET /connect.php?mod=login&op=init&referer=forum.php%3Fmod%3Dviewthread%26tid%3D9363&statfrom=login HTTP/1.1" 302 5 "http://www.lszmn.org/forum.php?mod=viewthread&tid=9363" "Scrapy/1.7.3 (+https://scrapy.org)" "-"
14.204.44.34 - - [08/Jun/2022:09:25:45 +0800] "GET /forum.php?mod=redirect&goto=nextoldset&tid=9363 HTTP/1.1" 302 5 "http://www.lszmn.org/forum.php?mod=viewthread&tid=9363" "Scrapy/1.7.3 (+https://scrapy.org)" "-"
124.31.105.215 - - [08/Jun/2022:09:25:45 +0800] "GET /forum.php?mod=post&action=reply&fid=51&tid=9363 HTTP/1.1" 200 4971 "http://www.lszmn.org/forum.php?mod=viewthread&tid=9363" "Scrapy/1.7.3 (+https://scrapy.org)" "-"
116.179.37.142 - - [08/Jun/2022:09:25:45 +0800] "GET /data/attachment/forum/201807/25/094026qyyjnn0ybzfdfwn7.jpg HTTP/1.1" 200 21002 "http://www.lszmn.org/forum.php?mod=viewthread&tid=6854" "Mozilla/5.0 (compatible; Baiduspider-render/2.0; +http://www.baidu.com/search/spider.html)" "-"
14.204.44.34 - - [08/Jun/2022:09:25:45 +0800] "GET /forum.php?mod=post&action=reply&fid=51&tid=9363&reppost=6879917&extra=&page=1 HTTP/1.1" 200 5033 "http://www.lszmn.org/forum.php?mod=viewthread&tid=9363" "Scrapy/1.7.3 (+https://scrapy.org)" "-"
111.85.200.173 - - [08/Jun/2022:09:25:45 +0800] "GET /connect.php?mod=login&op=init&referer=forum.php%3Fmod%3Dviewthread%26tid%3D6821%26from%3Dportal&statfrom=login_simple HTTP/1.1" 302 5 "http://www.lszmn.org/forum.php?mod=viewthread&tid=6821&from=portal" "Scrapy/1.7.3 (+https://scrapy.org)" "-"
182.138.158.184 - - [08/Jun/2022:09:25:45 +0800] "GET /forum.php?mod=post&action=reply&fid=51&tid=9363&extra=&page=1 HTTP/1.1" 200 4999 "http://www.lszmn.org/forum.php?mod=viewthread&tid=9363" "Scrapy/1.7.3 (+https://scrapy.org)" "-"
110.167.215.225 - - [08/Jun/2022:09:25:45 +0800] "GET /forum.php?mod=viewthread&tid=7181 HTTP/1.1" 200 10688 "http://www.lszmn.org" "Scrapy/1.7.3 (+https://scrapy.org)" "-"
111.85.200.173 - - [08/Jun/2022:09:25:45 +0800] "GET /home.php?mod=spacecp&ac=share&type=thread&id=6883 HTTP/1.1" 200 4866 "http://www.lszmn.org/forum.php?mod=viewthread&tid=6883&from=portal" "Scrapy/1.7.3 (+https://scrapy.org)" "-"
175.152.29.193 - - [08/Jun/2022:09:25:45 +0800] "GET /forum.php?mod=viewthread&tid=9364 HTTP/1.1" 200 9824 "http://www.lszmn.org/forum.php?mod=viewthread&tid=9363" "Scrapy/1.7.3 (+https://scrapy.org)" "-"
124.31.105.215 - - [08/Jun/2022:09:25:45 +0800] "GET /forum.php?mod=post&action=reply&fid=5&tid=6883&extra=&page=1&from=portal HTTP/1.1" 200 5006 "http://www.lszmn.org/forum.php?mod=viewthread&tid=6883&from=portal" "Scrapy/1.7.3 (+https://scrapy.org)" "-"
110.167.215.225 - - [08/Jun/2022:09:25:46 +0800] "GET /home.php?mod=spacecp&ac=share&type=thread&id=6849 HTTP/1.1" 200 4863 "http://www.lszmn.org/forum.php?mod=viewthread&tid=6849&from=portal" "Scrapy/1.7.3 (+https://scrapy.org)" "-"
111.85.200.173 - - [08/Jun/2022:09:25:46 +0800] "GET /forum.php?mod=viewthread&tid=9348 HTTP/1.1" 200 9128 "http://www.lszmn.org/forum.php?mod=viewthread&tid=9363" "Scrapy/1.7.3 (+https://scrapy.org)" "-"
182.138.158.184 - - [08/Jun/2022:09:25:46 +0800] "GET /connect.php?mod=login&op=init&referer=forum.php%3Fmod%3Dviewthread%26tid%3D6849%26from%3Dportal&statfrom=login_simple HTTP/1.1" 302 5 "http://www.lszmn.org/forum.php?mod=viewthread&tid=6849&from=portal" "Scrapy/1.7.3 (+https://scrapy.org)" "-"
182.138.158.20 - - [08/Jun/2022:09:25:46 +0800] "GET /home.php?mod=spacecp&ac=favorite&type=thread&id=6883 HTTP/1.1" 200 4867 "http://www.lszmn.org/forum.php?mod=viewthread&tid=6883&from=portal" "Scrapy/1.7.3 (+https://scrapy.org)" "-"
175.152.29.193 - - [08/Jun/2022:09:25:46 +0800] "GET /forum.php?mod=post&action=reply&fid=5&tid=6849&extra=&page=1&from=portal HTTP/1.1" 200 5002 "http://www.lszmn.org/forum.php?mod=viewthread&tid=6849&from=portal" "Scrapy/1.7.3 (+https://scrapy.org)" "-"
110.167.215.225 - - [08/Jun/2022:09:25:46 +0800] "GET /connect.php?mod=login&op=init&referer=forum.php%3Fmod%3Dpost%26action%3Dreply%26fid%3D51%26tid%3D9363%26extra%3D%26page%3D1&statfrom=login_simple HTTP/1.1" 302 5 "http://www.lszmn.org/forum.php?mod=post&action=reply&fid=51&tid=9363&extra=&page=1" "Scrapy/1.7.3 (+https://scrapy.org)" "-"
175.152.29.193 - - [08/Jun/2022:09:25:46 +0800] "GET /home.php?mod=spacecp&ac=favorite&type=thread&id=6849 HTTP/1.1" 200 4869 "http://www.lszmn.org/forum.php?mod=viewthread&tid=6849&from=portal" "Scrapy/1.7.3 (+https://scrapy.org)" "-"
182.138.158.20 - - [08/Jun/2022:09:25:46 +0800] "GET /connect.php?mod=login&op=init&referer=forum.php%3Fmod%3Dpost%26action%3Dreply%26fid%3D51%26tid%3D9363&statfrom=login_simple HTTP/1.1" 302 5 "http://www.lszmn.org/forum.php?mod=post&action=reply&fid=51&tid=9363" "Scrapy/1.7.3 (+https://scrapy.org)" "-"
175.152.29.193 - - [08/Jun/2022:09:25:47 +0800] "GET /forum.php?mod=redirect&goto=nextoldset&tid=9364 HTTP/1.1" 302 5 "http://www.lszmn.org/forum.php?mod=viewthread&tid=9364" "Scrapy/1.7.3 (+https://scrapy.org)" "-"
110.167.215.225 - - [08/Jun/2022:09:25:47 +0800] "GET /connect.php?mod=login&op=init&referer=forum.php%3Fmod%3Dviewthread%26tid%3D9364&statfrom=login HTTP/1.1" 302 5 "http://www.lszmn.org/forum.php?mod=viewthread&tid=9364" "Scrapy/1.7.3 (+https://scrapy.org)" "-"
182.138.158.20 - - [08/Jun/2022:09:25:47 +0800] "GET /forum.php?mod=post&action=reply&fid=51&tid=9364 HTTP/1.1" 200 4971 "http://www.lszmn.org/forum.php?mod=viewthread&tid=9364" "Scrapy/1.7.3 (+https://scrapy.org)" "-"
175.152.29.193 - - [08/Jun/2022:09:25:47 +0800] "GET /forum.php?mod=post&action=reply&fid=51&tid=9364&reppost=6879918&extra=&page=1 HTTP/1.1" 200 5032 "http://www.lszmn.org/forum.php?mod=viewthread&tid=9364" "Scrapy/1.7.3 (+https://scrapy.org)" "-"
182.138.158.20 - - [08/Jun/2022:09:25:47 +0800] "GET /forum.php?mod=post&action=reply&fid=51&tid=9364&extra=&page=1 HTTP/1.1" 200 4999 "http://www.lszmn.org/forum.php?mod=viewthread&tid=9364" "Scrapy/1.7.3 (+https://scrapy.org)" "-"
116.179.37.231 - - [08/Jun/2022:09:25:47 +0800] "GET /data/attachment/forum/201807/25/094003l3yht3tx8paxxytt.jpg HTTP/1.1" 200 41032 "http://www.lszmn.org/forum.php?mod=viewthread&tid=6854" "Mozilla/5.0 (compatible; Baiduspider-render/2.0; +http://www.baidu.com/search/spider.html)" "-"
175.152.29.193 - - [08/Jun/2022:09:25:48 +0800] "GET /connect.php?mod=login&op=init&referer=home.php%3Fmod%3Dspacecp%26ac%3Dfavorite%26type%3Dthread%26id%3D6883&statfrom=login_simple HTTP/1.1" 302 5 "http://www.lszmn.org/home.php?mod=spacecp&ac=favorite&type=thread&id=6883" "Scrapy/1.7.3 (+https://scrapy.org)" "-"
175.152.29.193 - - [08/Jun/2022:09:25:48 +0800] "GET /connect.php?mod=login&op=init&referer=forum.php%3Fmod%3Dpost%26action%3Dreply%26fid%3D51%26tid%3D9363%26reppost%3D6879917%26extra%3D%26page%3D1&statfrom=login_simple HTTP/1.1" 302 5 "http://www.lszmn.org/forum.php?mod=post&action=reply&fid=51&tid=9363&reppost=6879917&extra=&page=1" "Scrapy/1.7.3 (+https://scrapy.org)" "-"
110.167.215.225 - - [08/Jun/2022:09:25:48 +0800] "GET /forum.php?mod=viewthread&tid=9363 HTTP/1.1" 200 9713 "http://www.lszmn.org/forum.php?mod=viewthread&tid=9364" "Scrapy/1.7.3 (+https://scrapy.org)" "-"
124.31.105.215 - - [08/Jun/2022:09:25:48 +0800] "GET /connect.php?mod=login&op=init&referer=home.php%3Fmod%3Dspacecp%26ac%3Dfavorite%26type%3Dthread%26id%3D6849&statfrom=login_simple HTTP/1.1" 302 5 "http://www.lszmn.org/home.php?mod=spacecp&ac=favorite&type=thread&id=6849" "Scrapy/1.7.3 (+https://scrapy.org)" "-"
175.152.29.193 - - [08/Jun/2022:09:25:48 +0800] "GET /connect.php?mod=login&op=init&referer=home.php%3Fmod%3Dspacecp%26ac%3Dshare%26type%3Dthread%26id%3D6849&statfrom=login_simple HTTP/1.1" 302 5 "http://www.lszmn.org/home.php?mod=spacecp&ac=share&type=thread&id=6849" "Scrapy/1.7.3 (+https://scrapy.org)" "-"
116.179.37.96 - - [08/Jun/2022:09:25:48 +0800] "GET /data/attachment/forum/201807/25/094024frnxncn1ujxemlgi.jpg HTTP/1.1" 200 186712 "http://www.lszmn.org/forum.php?mod=viewthread&tid=6854" "Mozilla/5.0 (compatible; Baiduspider-render/2.0; +http://www.baidu.com/search/spider.html)" "-"
124.31.105.215 - - [08/Jun/2022:09:25:48 +0800] "GET /connect.php?mod=login&op=init&referer=forum.php%3Fmod%3Dpost%26action%3Dreply%26fid%3D5%26tid%3D6849%26extra%3D%26page%3D1%26from%3Dportal&statfrom=login_simple HTTP/1.1" 302 5 "http://www.lszmn.org/forum.php?mod=post&action=reply&fid=5&tid=6849&extra=&page=1&from=portal" "Scrapy/1.7.3 (+https://scrapy.org)" "-"
175.152.29.193 - - [08/Jun/2022:09:25:48 +0800] "GET /connect.php?mod=login&op=init&referer=forum.php%3Fmod%3Dpost%26action%3Dreply%26fid%3D5%26tid%3D6883%26extra%3D%26page%3D1%26from%3Dportal&statfrom=login_simple HTTP/1.1" 302 5 "http://www.lszmn.org/forum.php?mod=post&action=reply&fid=5&tid=6883&extra=&page=1&from=portal" "Scrapy/1.7.3 (+https://scrapy.org)" "-"
74.50.125.8 - - [08/Jun/2022:09:25:49 +0800] "GET /home.php?mod=space&uid=2098&do=profile HTTP/1.1" 200 4742 "http://www.lszmn.org/" "Mozilla/5.0 (Macintosh; Intel Mac OS X 10_13_1) AppleWebKit/537.36 (KHTML, like Gecko) Chrome/65.0.3325.181 Safari/537.36" "-"
124.31.105.215 - - [08/Jun/2022:09:25:49 +0800] "GET /forum.php?mod=redirect&goto=nextnewset&tid=9364 HTTP/1.1" 200 4932 "http://www.lszmn.org/forum.php?mod=viewthread&tid=9364" "Scrapy/1.7.3 (+https://scrapy.org)" "-"
175.152.29.193 - - [08/Jun/2022:09:25:49 +0800] "GET /forum.php?mod=post&action=reply&fid=5&tid=7181&extra=&page=1 HTTP/1.1" 200 4986 "http://www.lszmn.org/forum.php?mod=viewthread&tid=7181" "Scrapy/1.7.3 (+https://scrapy.org)" "-"
110.167.215.225 - - [08/Jun/2022:09:25:50 +0800] "GET /forum.php?mod=redirect&goto=nextnewset&tid=7181 HTTP/1.1" 302 5 "http://www.lszmn.org/forum.php?mod=viewthread&tid=7181" "Scrapy/1.7.3 (+https://scrapy.org)" "-"
175.152.29.193 - - [08/Jun/2022:09:25:50 +0800] "GET /forum.php?mod=redirect&goto=nextoldset&tid=7181 HTTP/1.1" 302 5 "http://www.lszmn.org/forum.php?mod=viewthread&tid=7181" "Scrapy/1.7.3 (+https://scrapy.org)" "-"
175.152.29.193 - - [08/Jun/2022:09:25:50 +0800] "GET /home.php?mod=spacecp&ac=favorite&type=forum&id=5&handlekey=favoriteforum HTTP/1.1" 200 4889 "http://www.lszmn.org/forum.php?mod=viewthread&tid=7181" "Scrapy/1.7.3 (+https://scrapy.org)" "-"
110.167.215.225 - - [08/Jun/2022:09:25:50 +0800] "GET /home.php?mod=spacecp&ac=credit&op=rule&fid=5 HTTP/1.1" 200 4855 "http://www.lszmn.org/forum.php?mod=viewthread&tid=7181" "Scrapy/1.7.3 (+https://scrapy.org)" "-"
124.31.105.215 - - [08/Jun/2022:09:25:50 +0800] "GET /forum.php?mod=viewthread&tid=1098 HTTP/1.1" 302 5 "http://www.lszmn.org/forum.php?mod=viewthread&tid=7181" "Scrapy/1.7.3 (+https://scrapy.org)" "-"
110.167.215.225 - - [08/Jun/2022:09:25:51 +0800] "GET /connect.php?mod=login&op=init&referer=forum.php%3Fmod%3Dpost%26action%3Dreply%26fid%3D5%26tid%3D7181%26extra%3D%26page%3D1&statfrom=login_simple HTTP/1.1" 302 5 "http://www.lszmn.org/forum.php?mod=post&action=reply&fid=5&tid=7181&extra=&page=1" "Scrapy/1.7.3 (+https://scrapy.org)" "-"
175.152.29.193 - - [08/Jun/2022:09:25:51 +0800] "GET /forum.php?mod=viewthread&tid=6794 HTTP/1.1" 200 11461 "http://www.lszmn.org/forum.php?mod=viewthread&tid=7181" "Scrapy/1.7.3 (+https://scrapy.org)" "-"
175.152.29.193 - - [08/Jun/2022:09:25:51 +0800] "GET /forum.php?mod=post&action=reply&fid=5&tid=7181 HTTP/1.1" 200 4960 "http://www.lszmn.org/forum.php?mod=viewthread&tid=7181" "Scrapy/1.7.3 (+https://scrapy.org)" "-"
110.167.215.225 - - [08/Jun/2022:09:25:51 +0800] "GET /forum.php?mod=post&action=reply&fid=5&tid=7181&reppost=5819314&extra=&page=1 HTTP/1.1" 200 5016 "http://www.lszmn.org/forum.php?mod=viewthread&tid=7181" "Scrapy/1.7.3 (+https://scrapy.org)" "-"
124.31.105.215 - - [08/Jun/2022:09:25:51 +0800] "GET /connect.php?mod=login&op=init&referer=forum.php%3Fmod%3Dviewthread%26tid%3D7181&statfrom=login HTTP/1.1" 302 5 "http://www.lszmn.org/forum.php?mod=viewthread&tid=7181" "Scrapy/1.7.3 (+https://scrapy.org)" "-"
124.31.105.215 - - [08/Jun/2022:09:25:51 +0800] "GET /home.php?mod=spacecp&ac=share&type=thread&id=7181 HTTP/1.1" 200 4865 "http://www.lszmn.org/forum.php?mod=viewthread&tid=7181" "Scrapy/1.7.3 (+https://scrapy.org)" "-"
175.152.29.193 - - [08/Jun/2022:09:25:52 +0800] "GET /home.php?mod=spacecp&ac=follow&op=relay&tid=7181&from=forum HTTP/1.1" 200 4882 "http://www.lszmn.org/forum.php?mod=viewthread&tid=7181" "Scrapy/1.7.3 (+https://scrapy.org)" "-"
110.167.215.225 - - [08/Jun/2022:09:25:52 +0800] "GET /home.php?mod=spacecp&ac=favorite&type=thread&id=7181 HTTP/1.1" 200 4871 "http://www.lszmn.org/forum.php?mod=viewthread&tid=7181" "Scrapy/1.7.3 (+https://scrapy.org)" "-"
110.167.215.225 - - [08/Jun/2022:09:25:52 +0800] "GET /connect.php?mod=login&op=init&referer=home.php%3Fmod%3Dspacecp%26ac%3Dfavorite%26type%3Dforum%26id%3D5%26handlekey%3Dfavoriteforum&statfrom=login_simple HTTP/1.1" 302 5 "http://www.lszmn.org/home.php?mod=spacecp&ac=favorite&type=forum&id=5&handlekey=favoriteforum" "Scrapy/1.7.3 (+https://scrapy.org)" "-"
185.191.171.5 - - [08/Jun/2022:09:25:52 +0800] "GET /forum.php?action=postreview&do=support&hash=5af52a26&mod=misc&pid=43093&tid=32 HTTP/1.1" 200 4790 "-" "Mozilla/5.0 (compatible; SemrushBot/7~bl; +http://www.semrush.com/bot.html)" "-"
182.138.158.20 - - [08/Jun/2022:09:25:52 +0800] "GET /home.php?mod=spacecp&ac=plugin&id=qqconnect:spacecp&pluginop=share&sh_type=4&thread_id=7181 HTTP/1.1" 200 4948 "http://www.lszmn.org/forum.php?mod=viewthread&tid=7181" "Scrapy/1.7.3 (+https://scrapy.org)" "-"
175.152.29.193 - - [08/Jun/2022:09:25:52 +0800] "GET /connect.php?mod=login&op=init&referer=home.php%3Fmod%3Dspacecp%26ac%3Dcredit%26op%3Drule%26fid%3D5&statfrom=login_simple HTTP/1.1" 302 5 "http://www.lszmn.org/home.php?mod=spacecp&ac=credit&op=rule&fid=5" "Scrapy/1.7.3 (+https://scrapy.org)" "-"
110.167.215.225 - - [08/Jun/2022:09:25:53 +0800] "GET /forum.php?mod=viewthread&tid=1098 HTTP/1.1" 200 10887 "http://www.lszmn.org/forum.php?mod=viewthread&tid=7181" "Scrapy/1.7.3 (+https://scrapy.org)" "-"
182.138.158.20 - - [08/Jun/2022:09:25:53 +0800] "GET /forum.php?mod=post&action=reply&fid=5&tid=6794&extra=&page=1 HTTP/1.1" 200 4986 "http://www.lszmn.org/forum.php?mod=viewthread&tid=6794" "Scrapy/1.7.3 (+https://scrapy.org)" "-"
124.31.105.215 - - [08/Jun/2022:09:25:53 +0800] "GET /connect.php?mod=login&op=init&referer=forum.php%3Fmod%3Dpost%26action%3Dreply%26fid%3D5%26tid%3D7181&statfrom=login_simple HTTP/1.1" 302 5 "http://www.lszmn.org/forum.php?mod=post&action=reply&fid=5&tid=7181" "Scrapy/1.7.3 (+https://scrapy.org)" "-"
175.152.29.193 - - [08/Jun/2022:09:25:53 +0800] "GET /connect.php?mod=login&op=init&referer=forum.php%3Fmod%3Dpost%26action%3Dreply%26fid%3D5%26tid%3D7181%26reppost%3D5819314%26extra%3D%26page%3D1&statfrom=login_simple HTTP/1.1" 302 5 "http://www.lszmn.org/forum.php?mod=post&action=reply&fid=5&tid=7181&reppost=5819314&extra=&page=1" "Scrapy/1.7.3 (+https://scrapy.org)" "-"
182.138.158.20 - - [08/Jun/2022:09:25:53 +0800] "GET /forum.php?mod=redirect&goto=nextnewset&tid=6794 HTTP/1.1" 302 5 "http://www.lszmn.org/forum.php?mod=viewthread&tid=6794" "Scrapy/1.7.3 (+https://scrapy.org)" "-"
110.167.215.225 - - [08/Jun/2022:09:25:53 +0800] "GET /connect.php?mod=login&op=init&referer=home.php%3Fmod%3Dspacecp%26ac%3Dfavorite%26type%3Dthread%26id%3D7181&statfrom=login_simple HTTP/1.1" 302 5 "http://www.lszmn.org/home.php?mod=spacecp&ac=favorite&type=thread&id=7181" "Scrapy/1.7.3 (+https://scrapy.org)" "-"
175.152.29.193 - - [08/Jun/2022:09:25:53 +0800] "GET /forum.php?mod=redirect&goto=nextoldset&tid=6794 HTTP/1.1" 302 5 "http://www.lszmn.org/forum.php?mod=viewthread&tid=6794" "Scrapy/1.7.3 (+https://scrapy.org)" "-"
124.31.105.215 - - [08/Jun/2022:09:25:53 +0800] "GET /connect.php?mod=login&op=init&referer=home.php%3Fmod%3Dspacecp%26ac%3Dfollow%26op%3Drelay%26tid%3D7181%26from%3Dforum&statfrom=login_simple HTTP/1.1" 302 5 "http://www.lszmn.org/home.php?mod=spacecp&ac=follow&op=relay&tid=7181&from=forum" "Scrapy/1.7.3 (+https://scrapy.org)" "-"
116.179.37.29 - - [08/Jun/2022:09:25:53 +0800] "GET /data/attachment/forum/201807/25/094020f8i9c8x5mbbm39fc.jpg HTTP/1.1" 200 188593 "http://www.lszmn.org/forum.php?mod=viewthread&tid=6854" "Mozilla/5.0 (compatible; Baiduspider-render/2.0; +http://www.baidu.com/search/spider.html)" "-"
182.138.158.20 - - [08/Jun/2022:09:25:53 +0800] "GET /connect.php?mod=login&op=init&referer=home.php%3Fmod%3Dspacecp%26ac%3Dshare%26type%3Dthread%26id%3D7181&statfrom=login_simple HTTP/1.1" 302 5 "http://www.lszmn.org/home.php?mod=spacecp&ac=share&type=thread&id=7181" "Scrapy/1.7.3 (+https://scrapy.org)" "-"
110.167.215.225 - - [08/Jun/2022:09:25:53 +0800] "GET /connect.php?mod=login&op=init&referer=home.php%3Fmod%3Dspacecp%26ac%3Dplugin%26id%3Dqqconnect%3Aspacecp%26pluginop%3Dshare%26sh_type%3D4%26thread_id%3D7181&statfrom=login_simple HTTP/1.1" 302 5 "http://www.lszmn.org/home.php?mod=spacecp&ac=plugin&id=qqconnect:spacecp&pluginop=share&sh_type=4&thread_id=7181" "Scrapy/1.7.3 (+https://scrapy.org)" "-"
175.152.29.193 - - [08/Jun/2022:09:25:54 +0800] "GET /forum.php?mod=viewthread&tid=6844 HTTP/1.1" 200 13512 "http://www.lszmn.org/forum.php?mod=viewthread&tid=6794" "Scrapy/1.7.3 (+https://scrapy.org)" "-"
124.31.105.215 - - [08/Jun/2022:09:25:54 +0800] "GET /forum.php?mod=viewthread&tid=7181 HTTP/1.1" 200 10680 "http://www.lszmn.org/forum.php?mod=viewthread&tid=6794" "Scrapy/1.7.3 (+https://scrapy.org)" "-"
182.138.158.20 - - [08/Jun/2022:09:25:54 +0800] "GET /forum.php?mod=post&action=reply&fid=5&tid=1098&extra=&page=1 HTTP/1.1" 200 4985 "http://www.lszmn.org/forum.php?mod=viewthread&tid=1098" "Scrapy/1.7.3 (+https://scrapy.org)" "-"
110.167.215.225 - - [08/Jun/2022:09:25:54 +0800] "GET /forum.php?mod=redirect&goto=nextnewset&tid=1098 HTTP/1.1" 302 5 "http://www.lszmn.org/forum.php?mod=viewthread&tid=1098" "Scrapy/1.7.3 (+https://scrapy.org)" "-"
175.152.29.193 - - [08/Jun/2022:09:25:55 +0800] "GET /forum.php?mod=redirect&goto=nextoldset&tid=1098 HTTP/1.1" 302 5 "http://www.lszmn.org/forum.php?mod=viewthread&tid=1098" "Scrapy/1.7.3 (+https://scrapy.org)" "-"
182.138.158.20 - - [08/Jun/2022:09:25:55 +0800] "GET /connect.php?mod=login&op=init&referer=forum.php%3Fmod%3Dviewthread%26tid%3D1098&statfrom=login HTTP/1.1" 302 5 "http://www.lszmn.org/forum.php?mod=viewthread&tid=1098" "Scrapy/1.7.3 (+https://scrapy.org)" "-"
110.167.215.225 - - [08/Jun/2022:09:25:55 +0800] "GET /forum.php?mod=post&action=reply&fid=5&tid=1098 HTTP/1.1" 200 4961 "http://www.lszmn.org/forum.php?mod=viewthread&tid=1098" "Scrapy/1.7.3 (+https://scrapy.org)" "-"
124.31.105.215 - - [08/Jun/2022:09:25:55 +0800] "GET /forum.php?mod=post&action=reply&fid=5&tid=1098&reppost=129562&extra=&page=1 HTTP/1.1" 200 5012 "http://www.lszmn.org/forum.php?mod=viewthread&tid=1098" "Scrapy/1.7.3 (+https://scrapy.org)" "-"
175.152.29.193 - - [08/Jun/2022:09:25:55 +0800] "GET /forum.php?mod=viewthread&tid=7181 HTTP/1.1" 200 10686 "http://www.lszmn.org/forum.php?mod=viewthread&tid=1098" "Scrapy/1.7.3 (+https://scrapy.org)" "-"
182.138.158.20 - - [08/Jun/2022:09:25:56 +0800] "GET /forum.php?mod=viewthread&tid=6789 HTTP/1.1" 200 11480 "http://www.lszmn.org/forum.php?mod=viewthread&tid=1098" "Scrapy/1.7.3 (+https://scrapy.org)" "-"
110.167.215.225 - - [08/Jun/2022:09:25:56 +0800] "GET /forum.php?mod=viewthread&tid=6784 HTTP/1.1" 200 10641 "http://www.lszmn.org/forum.php?mod=viewthread&tid=1098" "Scrapy/1.7.3 (+https://scrapy.org)" "-"
124.31.105.215 - - [08/Jun/2022:09:25:56 +0800] "GET /forum.php?mod=viewthread&tid=1078 HTTP/1.1" 200 14587 "http://www.lszmn.org/forum.php?mod=viewthread&tid=1098" "Scrapy/1.7.3 (+https://scrapy.org)" "-"
175.152.29.193 - - [08/Jun/2022:09:25:56 +0800] "GET /forum.php?mod=viewthread&tid=6780 HTTP/1.1" 200 11088 "http://www.lszmn.org/forum.php?mod=viewthread&tid=1098" "Scrapy/1.7.3 (+https://scrapy.org)" "-"
110.167.215.225 - - [08/Jun/2022:09:25:56 +0800] "GET /forum.php?mod=viewthread&tid=6778 HTTP/1.1" 200 10945 "http://www.lszmn.org/forum.php?mod=viewthread&tid=1098" "Scrapy/1.7.3 (+https://scrapy.org)" "-"
111.224.235.180 - - [08/Jun/2022:09:25:56 +0800] "GET /forum.php?mod=viewthread&tid=6779 HTTP/1.1" 200 10653 "http://www.lszmn.org/forum.php?mod=viewthread&tid=1098" "Scrapy/1.7.3 (+https://scrapy.org)" "-"
110.167.215.225 - - [08/Jun/2022:09:25:56 +0800] "GET /home.php?mod=spacecp&ac=share&type=thread&id=1098 HTTP/1.1" 200 4864 "http://www.lszmn.org/forum.php?mod=viewthread&tid=1098" "Scrapy/1.7.3 (+https://scrapy.org)" "-"
111.224.235.180 - - [08/Jun/2022:09:25:57 +0800] "GET /home.php?mod=spacecp&ac=follow&op=relay&tid=1098&from=forum HTTP/1.1" 200 4881 "http://www.lszmn.org/forum.php?mod=viewthread&tid=1098" "Scrapy/1.7.3 (+https://scrapy.org)" "-"
111.224.235.180 - - [08/Jun/2022:09:25:57 +0800] "GET /home.php?mod=spacecp&ac=favorite&type=thread&id=1098 HTTP/1.1" 200 4870 "http://www.lszmn.org/forum.php?mod=viewthread&tid=1098" "Scrapy/1.7.3 (+https://scrapy.org)" "-"
116.179.37.160 - - [08/Jun/2022:09:25:57 +0800] "GET /data/attachment/forum/201807/25/094019t7tlkolmd5mm43wj.jpg HTTP/1.1" 200 204017 "http://www.lszmn.org/forum.php?mod=viewthread&tid=6854" "Mozilla/5.0 (compatible; Baiduspider-render/2.0; +http://www.baidu.com/search/spider.html)" "-"
111.224.235.180 - - [08/Jun/2022:09:25:57 +0800] "GET /home.php?mod=spacecp&ac=plugin&id=qqconnect:spacecp&pluginop=share&sh_type=4&thread_id=1098 HTTP/1.1" 200 4947 "http://www.lszmn.org/forum.php?mod=viewthread&tid=1098" "Scrapy/1.7.3 (+https://scrapy.org)" "-"
110.167.215.225 - - [08/Jun/2022:09:25:58 +0800] "GET /misc.php?mod=tag&id=7 HTTP/1.1" 200 6365 "http://www.lszmn.org/forum.php?mod=viewthread&tid=1098" "Scrapy/1.7.3 (+https://scrapy.org)" "-"
175.152.29.193 - - [08/Jun/2022:09:25:58 +0800] "GET /misc.php?mod=tag&id=41 HTTP/1.1" 200 6543 "http://www.lszmn.org/forum.php?mod=viewthread&tid=1098" "Scrapy/1.7.3 (+https://scrapy.org)" "-"
182.138.158.20 - - [08/Jun/2022:09:25:58 +0800] "GET /misc.php?mod=tag&id=40 HTTP/1.1" 200 5453 "http://www.lszmn.org/forum.php?mod=viewthread&tid=1098" "Scrapy/1.7.3 (+https://scrapy.org)" "-"
110.167.215.225 - - [08/Jun/2022:09:25:59 +0800] "GET /misc.php?mod=tag&id=39 HTTP/1.1" 200 5218 "http://www.lszmn.org/forum.php?mod=viewthread&tid=1098" "Scrapy/1.7.3 (+https://scrapy.org)" "-"
182.138.158.20 - - [08/Jun/2022:09:25:59 +0800] "GET /misc.php?mod=tag&id=38 HTTP/1.1" 200 5227 "http://www.lszmn.org/forum.php?mod=viewthread&tid=1098" "Scrapy/1.7.3 (+https://scrapy.org)" "-"
182.138.158.20 - - [08/Jun/2022:09:26:00 +0800] "GET /forum.php?mod=viewthread&tid=1098&extra=&ordertype=1 HTTP/1.1" 200 10835 "http://www.lszmn.org/forum.php?mod=viewthread&tid=1098" "Scrapy/1.7.3 (+https://scrapy.org)" "-"
175.152.29.193 - - [08/Jun/2022:09:26:00 +0800] "GET /forum.php?mod=viewthread&tid=1098&page=1&authorid=1 HTTP/1.1" 200 10930 "http://www.lszmn.org/forum.php?mod=viewthread&tid=1098" "Scrapy/1.7.3 (+https://scrapy.org)" "-"
124.31.105.215 - - [08/Jun/2022:09:26:00 +0800] "GET /forum.php?mod=viewthread&tid=1098&from=album HTTP/1.1" 200 8052 "http://www.lszmn.org/forum.php?mod=viewthread&tid=1098" "Scrapy/1.7.3 (+https://scrapy.org)" "-"
104.160.17.187 - - [08/Jun/2022:09:26:01 +0800] "GET /member.php?mod=register HTTP/1.0" 302 0 "http://www.lszmn.org/" "Mozilla/5.0 (Macintosh; Intel Mac OS X 10_13_1) AppleWebKit/537.36 (KHTML, like Gecko) Chrome/65.0.3325.181 Safari/537.36" "-"
111.85.200.173 - - [08/Jun/2022:09:26:01 +0800] "GET /forum.php?mod=attachment&aid=MjAzOXxmOGM0NDE1ZnwxNjU0NjUxNTQ0fDB8Njg0OQ%3D%3D&nothumb=yes HTTP/1.1" 200 220568 "http://www.lszmn.org/forum.php?mod=viewthread&tid=6849&from=portal" "Scrapy/1.7.3 (+https://scrapy.org)" "-"
182.138.158.184 - - [08/Jun/2022:09:26:01 +0800] "GET /forum.php?mod=attachment&aid=MjAzOHwyNzlmZDhiNXwxNjU0NjUxNTQ0fDB8Njg0OQ%3D%3D&nothumb=yes HTTP/1.1" 200 282104 "http://www.lszmn.org/forum.php?mod=viewthread&tid=6849&from=portal" "Scrapy/1.7.3 (+https://scrapy.org)" "-"
14.204.44.34 - - [08/Jun/2022:09:26:01 +0800] "GET /forum.php?mod=attachment&aid=MjAzN3w0ZjE3ZmVmNXwxNjU0NjUxNTQ0fDB8Njg0OQ%3D%3D&nothumb=yes HTTP/1.1" 200 216472 "http://www.lszmn.org/forum.php?mod=viewthread&tid=6849&from=portal" "Scrapy/1.7.3 (+https://scrapy.org)" "-"
36.32.3.245 - - [08/Jun/2022:09:26:01 +0800] "GET /connect.php?mod=login&op=init&referer=forum.php%3Fmod%3Dviewthread%26tid%3D1098&statfrom=login_simple HTTP/1.1" 302 5 "http://www.lszmn.org/forum.php?mod=viewthread&tid=1098" "Scrapy/1.7.3 (+https://scrapy.org)" "-"
116.252.20.226 - - [08/Jun/2022:09:26:01 +0800] "GET /connect.php?mod=login&op=init&referer=forum.php%3Fmod%3Dviewthread%26tid%3D6794&statfrom=login HTTP/1.1" 302 5 "http://www.lszmn.org/forum.php?mod=viewthread&tid=6794" "Scrapy/1.7.3 (+https://scrapy.org)" "-"
36.32.3.245 - - [08/Jun/2022:09:26:01 +0800] "GET /forum.php?mod=post&action=reply&fid=5&tid=6794 HTTP/1.1" 200 4962 "http://www.lszmn.org/forum.php?mod=viewthread&tid=6794" "Scrapy/1.7.3 (+https://scrapy.org)" "-"
116.252.20.226 - - [08/Jun/2022:09:26:02 +0800] "GET /forum.php?mod=post&action=reply&fid=5&tid=6794&reppost=135349&extra=&page=1 HTTP/1.1" 200 5014 "http://www.lszmn.org/forum.php?mod=viewthread&tid=6794" "Scrapy/1.7.3 (+https://scrapy.org)" "-"
124.31.107.29 - - [08/Jun/2022:09:26:02 +0800] "GET /forum.php?mod=viewthread&tid=1098 HTTP/1.1" 200 10885 "http://www.lszmn.org/forum.php?mod=viewthread&tid=1098" "Scrapy/1.7.3 (+https://scrapy.org)" "-"
124.31.105.215 - - [08/Jun/2022:09:26:02 +0800] "GET /home.php?mod=spacecp&ac=share&type=thread&id=6794 HTTP/1.1" 200 4866 "http://www.lszmn.org/forum.php?mod=viewthread&tid=6794" "Scrapy/1.7.3 (+https://scrapy.org)" "-"
175.152.29.193 - - [08/Jun/2022:09:26:02 +0800] "GET /home.php?mod=spacecp&ac=follow&op=relay&tid=6794&from=forum HTTP/1.1" 200 4883 "http://www.lszmn.org/forum.php?mod=viewthread&tid=6794" "Scrapy/1.7.3 (+https://scrapy.org)" "-"
36.32.3.245 - - [08/Jun/2022:09:26:02 +0800] "GET /home.php?mod=spacecp&ac=favorite&type=thread&id=6794 HTTP/1.1" 200 4870 "http://www.lszmn.org/forum.php?mod=viewthread&tid=6794" "Scrapy/1.7.3 (+https://scrapy.org)" "-"
116.252.20.226 - - [08/Jun/2022:09:26:02 +0800] "GET /home.php?mod=spacecp&ac=plugin&id=qqconnect:spacecp&pluginop=share&sh_type=4&thread_id=6794 HTTP/1.1" 200 4947 "http://www.lszmn.org/forum.php?mod=viewthread&tid=6794" "Scrapy/1.7.3 (+https://scrapy.org)" "-"
182.138.158.20 - - [08/Jun/2022:09:26:02 +0800] "GET /misc.php?mod=tag&id=208 HTTP/1.1" 200 5211 "http://www.lszmn.org/forum.php?mod=viewthread&tid=6794" "Scrapy/1.7.3 (+https://scrapy.org)" "-"
124.31.105.215 - - [08/Jun/2022:09:26:02 +0800] "GET /misc.php?mod=tag&id=209 HTTP/1.1" 200 5507 "http://www.lszmn.org/forum.php?mod=viewthread&tid=6794" "Scrapy/1.7.3 (+https://scrapy.org)" "-"
116.252.20.226 - - [08/Jun/2022:09:26:03 +0800] "GET /forum.php?mod=attachment&aid=MTUwNnxkMjg2YzcxOHwxNjU0NjUxNTUwfDB8Njc5NA%3D%3D&nothumb=yes HTTP/1.1" 200 103078 "http://www.lszmn.org/forum.php?mod=viewthread&tid=6794" "Scrapy/1.7.3 (+https://scrapy.org)" "-"
182.138.158.20 - - [08/Jun/2022:09:26:03 +0800] "GET /forum.php?mod=attachment&aid=MTUwN3xkMTRjNmJhZHwxNjU0NjUxNTUwfDB8Njc5NA%3D%3D&nothumb=yes HTTP/1.1" 200 52252 "http://www.lszmn.org/forum.php?mod=viewthread&tid=6794" "Scrapy/1.7.3 (+https://scrapy.org)" "-"
104.160.17.187 - - [08/Jun/2022:09:26:03 +0800] "GET /connect.php?mod=login&op=init&referer=forum.php&statfrom=login_simple HTTP/1.1" 302 5 "http://www.lszmn.org/member.php?mod=register" "Mozilla/5.0 (Macintosh; Intel Mac OS X 10_13_1) AppleWebKit/537.36 (KHTML, like Gecko) Chrome/65.0.3325.181 Safari/537.36" "-"
110.167.215.225 - - [08/Jun/2022:09:26:04 +0800] "GET /forum.php?mod=attachment&aid=OTAxfGYxMmUzZWVmfDE2NTQ2NTE1NTJ8MHwxMDk4&nothumb=yes HTTP/1.1" 200 63244 "http://www.lszmn.org/forum.php?mod=viewthread&tid=1098" "Scrapy/1.7.3 (+https://scrapy.org)" "-"
175.152.29.193 - - [08/Jun/2022:09:26:04 +0800] "GET /forum.php?mod=attachment&aid=MTUxMHxiMjc1NWI4OXwxNjU0NjUxNTUwfDB8Njc5NA%3D%3D&nothumb=yes HTTP/1.1" 200 45862 "http://www.lszmn.org/forum.php?mod=viewthread&tid=6794" "Scrapy/1.7.3 (+https://scrapy.org)" "-"
36.32.3.245 - - [08/Jun/2022:09:26:04 +0800] "GET /forum.php?mod=attachment&aid=MTUwNXxkNGQzMzA2YnwxNjU0NjUxNTUwfDB8Njc5NA%3D%3D&nothumb=yes HTTP/1.1" 200 55858 "http://www.lszmn.org/forum.php?mod=viewthread&tid=6794" "Scrapy/1.7.3 (+https://scrapy.org)" "-"
116.179.37.14 - - [08/Jun/2022:09:26:04 +0800] "GET /data/attachment/forum/201807/25/094019t7tlkolmd5mm43wj.jpg HTTP/1.1" 200 204017 "http://www.lszmn.org/forum.php?mod=viewthread&tid=6854" "Mozilla/5.0 (iPhone; CPU iPhone OS 9_1 like Mac OS X) AppleWebKit/601.1.46 (KHTML, like Gecko) Version/9.0 Mobile/13B143 Safari/601.1 (compatible; Baiduspider-render/2.0; +http://www.baidu.com/search/spider.html)" "-"
116.179.37.207 - - [08/Jun/2022:09:26:05 +0800] "GET /data/attachment/forum/201807/25/094024frnxncn1ujxemlgi.jpg HTTP/1.1" 200 186712 "http://www.lszmn.org/forum.php?mod=viewthread&tid=6854" "Mozilla/5.0 (iPhone; CPU iPhone OS 9_1 like Mac OS X) AppleWebKit/601.1.46 (KHTML, like Gecko) Version/9.0 Mobile/13B143 Safari/601.1 (compatible; Baiduspider-render/2.0; +http://www.baidu.com/search/spider.html)" "-"
111.224.235.180 - - [08/Jun/2022:09:26:05 +0800] "GET /forum.php?mod=attachment&aid=OTAwfDA2MWE0Mjk4fDE2NTQ2NTE1NTJ8MHwxMDk4&nothumb=yes HTTP/1.1" 200 81997 "http://www.lszmn.org/forum.php?mod=viewthread&tid=1098" "Scrapy/1.7.3 (+https://scrapy.org)" "-"
124.31.105.215 - - [08/Jun/2022:09:26:06 +0800] "GET /forum.php?mod=attachment&aid=MTUwOXxmNTRiYjM4MHwxNjU0NjUxNTUwfDB8Njc5NA%3D%3D&nothumb=yes HTTP/1.1" 200 72760 "http://www.lszmn.org/forum.php?mod=viewthread&tid=6794" "Scrapy/1.7.3 (+https://scrapy.org)" "-"
124.31.107.29 - - [08/Jun/2022:09:26:06 +0800] "GET /forum.php?mod=attachment&aid=MTUwOHw1Yjg3MTY3M3wxNjU0NjUxNTUwfDB8Njc5NA%3D%3D&nothumb=yes HTTP/1.1" 200 69812 "http://www.lszmn.org/forum.php?mod=viewthread&tid=6794" "Scrapy/1.7.3 (+https://scrapy.org)" "-"
175.152.29.193 - - [08/Jun/2022:09:26:07 +0800] "GET /forum.php?mod=attachment&aid=MTUwNHw2M2MzOGM4MHwxNjU0NjUxNTUwfDB8Njc5NA%3D%3D&nothumb=yes HTTP/1.1" 200 50580 "http://www.lszmn.org/forum.php?mod=viewthread&tid=6794" "Scrapy/1.7.3 (+https://scrapy.org)" "-"
116.179.37.44 - - [08/Jun/2022:09:26:08 +0800] "GET /data/attachment/forum/201807/25/094026l99cqdzh5ncdzutz.jpg HTTP/1.1" 200 301105 "http://www.lszmn.org/forum.php?mod=viewthread&tid=6854" "Mozilla/5.0 (iPhone; CPU iPhone OS 9_1 like Mac OS X) AppleWebKit/601.1.46 (KHTML, like Gecko) Version/9.0 Mobile/13B143 Safari/601.1 (compatible; Baiduspider-render/2.0; +http://www.baidu.com/search/spider.html)" "-"
124.31.107.29 - - [08/Jun/2022:09:26:10 +0800] "GET /forum.php?mod=viewthread&tid=6794&extra=&ordertype=1 HTTP/1.1" 200 11390 "http://www.lszmn.org/forum.php?mod=viewthread&tid=6794" "Scrapy/1.7.3 (+https://scrapy.org)" "-"
116.179.37.152 - - [08/Jun/2022:09:26:10 +0800] "GET /data/attachment/forum/201807/25/094021fhircbzjsuybsfoc.jpg HTTP/1.1" 200 254531 "http://www.lszmn.org/forum.php?mod=viewthread&tid=6854" "Mozilla/5.0 (iPhone; CPU iPhone OS 9_1 like Mac OS X) AppleWebKit/601.1.46 (KHTML, like Gecko) Version/9.0 Mobile/13B143 Safari/601.1 (compatible; Baiduspider-render/2.0; +http://www.baidu.com/search/spider.html)" "-"
142.44.203.5 - - [08/Jun/2022:09:26:10 +0800] "GET /home.php?mod=space&uid=22887&do=profile HTTP/1.1" 200 4740 "http://www.lszmn.org/" "Mozilla/5.0 (Macintosh; Intel Mac OS X 10_13_2) AppleWebKit/537.36 (KHTML, like Gecko) Chrome/66.0.3359.181 Safari/537.36" "-"
36.32.3.245 - - [08/Jun/2022:09:26:10 +0800] "GET /forum.php?mod=viewthread&tid=6794&from=album HTTP/1.1" 200 8245 "http://www.lszmn.org/forum.php?mod=viewthread&tid=6794" "Scrapy/1.7.3 (+https://scrapy.org)" "-"
36.32.3.245 - - [08/Jun/2022:09:26:10 +0800] "GET /forum.php?mod=viewthread&tid=6794&page=1&authorid=1 HTTP/1.1" 200 11503 "http://www.lszmn.org/forum.php?mod=viewthread&tid=6794" "Scrapy/1.7.3 (+https://scrapy.org)" "-"
36.32.3.245 - - [08/Jun/2022:09:26:11 +0800] "GET /connect.php?mod=login&op=init&referer=forum.php%3Fmod%3Dviewthread%26tid%3D6794&statfrom=login_simple HTTP/1.1" 302 5 "http://www.lszmn.org/forum.php?mod=viewthread&tid=6794" "Scrapy/1.7.3 (+https://scrapy.org)" "-"
116.179.37.55 - - [08/Jun/2022:09:26:11 +0800] "GET /data/attachment/forum/201807/25/094019ox94gaoaogog0mx4.jpg HTTP/1.1" 200 205257 "http://www.lszmn.org/forum.php?mod=viewthread&tid=6854" "Mozilla/5.0 (iPhone; CPU iPhone OS 9_1 like Mac OS X) AppleWebKit/601.1.46 (KHTML, like Gecko) Version/9.0 Mobile/13B143 Safari/601.1 (compatible; Baiduspider-render/2.0; +http://www.baidu.com/search/spider.html)" "-"
36.32.3.245 - - [08/Jun/2022:09:26:11 +0800] "GET /home.php?mod=spacecp&ac=share&type=thread&id=9364 HTTP/1.1" 200 4866 "http://www.lszmn.org/forum.php?mod=viewthread&tid=9364" "Scrapy/1.7.3 (+https://scrapy.org)" "-"
175.152.29.193 - - [08/Jun/2022:09:26:11 +0800] "GET /forum.php?mod=viewthread&tid=6794 HTTP/1.1" 200 11462 "http://www.lszmn.org/forum.php?mod=viewthread&tid=6794" "Scrapy/1.7.3 (+https://scrapy.org)" "-"
182.138.158.20 - - [08/Jun/2022:09:26:11 +0800] "GET /home.php?mod=spacecp&ac=follow&op=relay&tid=9364&from=forum HTTP/1.1" 200 4883 "http://www.lszmn.org/forum.php?mod=viewthread&tid=9364" "Scrapy/1.7.3 (+https://scrapy.org)" "-"
36.32.3.245 - - [08/Jun/2022:09:26:11 +0800] "GET /home.php?mod=spacecp&ac=favorite&type=thread&id=9364 HTTP/1.1" 200 4871 "http://www.lszmn.org/forum.php?mod=viewthread&tid=9364" "Scrapy/1.7.3 (+https://scrapy.org)" "-"
36.32.3.245 - - [08/Jun/2022:09:26:12 +0800] "GET /home.php?mod=spacecp&ac=plugin&id=qqconnect:spacecp&pluginop=share&sh_type=4&thread_id=9364 HTTP/1.1" 200 4948 "http://www.lszmn.org/forum.php?mod=viewthread&tid=9364" "Scrapy/1.7.3 (+https://scrapy.org)" "-"
116.179.37.253 - - [08/Jun/2022:09:26:13 +0800] "GET /data/attachment/forum/201807/25/094024r33t6dozdrx1zsct.jpg HTTP/1.1" 200 65536 "http://www.lszmn.org/forum.php?mod=viewthread&tid=6854" "Mozilla/5.0 (compatible; Baiduspider-render/2.0; +http://www.baidu.com/search/spider.html)" "-"
36.32.3.245 - - [08/Jun/2022:09:26:13 +0800] "GET /forum.php?mod=viewthread&tid=9364&extra=&ordertype=1 HTTP/1.1" 200 9746 "http://www.lszmn.org/forum.php?mod=viewthread&tid=9364" "Scrapy/1.7.3 (+https://scrapy.org)" "-"
182.138.158.20 - - [08/Jun/2022:09:26:13 +0800] "GET /forum.php?mod=attachment&aid=MzE5NXw0NDZmYWE5OXwxNjU0NjUxNTQ1fDB8OTM2NA%3D%3D&nothumb=yes HTTP/1.1" 200 80127 "http://www.lszmn.org/forum.php?mod=viewthread&tid=9364" "Scrapy/1.7.3 (+https://scrapy.org)" "-"
175.152.29.193 - - [08/Jun/2022:09:26:13 +0800] "GET /forum.php?mod=viewthread&tid=9364&from=album HTTP/1.1" 200 8060 "http://www.lszmn.org/forum.php?mod=viewthread&tid=9364" "Scrapy/1.7.3 (+https://scrapy.org)" "-"
124.31.107.29 - - [08/Jun/2022:09:26:14 +0800] "GET /forum.php?mod=viewthread&tid=9364&page=1&authorid=1 HTTP/1.1" 200 9855 "http://www.lszmn.org/forum.php?mod=viewthread&tid=9364" "Scrapy/1.7.3 (+https://scrapy.org)" "-"
116.179.37.155 - - [08/Jun/2022:09:26:14 +0800] "GET /data/attachment/forum/201807/25/094022hlp10unj0e8uiu1f.jpg HTTP/1.1" 200 273491 "http://www.lszmn.org/forum.php?mod=viewthread&tid=6854" "Mozilla/5.0 (compatible; Baiduspider-render/2.0; +http://www.baidu.com/search/spider.html)" "-"
116.179.37.181 - - [08/Jun/2022:09:26:14 +0800] "GET /data/attachment/forum/201807/25/094019ox94gaoaogog0mx4.jpg HTTP/1.1" 200 205257 "http://www.lszmn.org/forum.php?mod=viewthread&tid=6854" "Mozilla/5.0 (compatible; Baiduspider-render/2.0; +http://www.baidu.com/search/spider.html)" "-"
157.55.39.141 - - [08/Jun/2022:09:26:14 +0800] "GET /forum.php?mod=viewthread&tid=220&extra=page%3D1&page=200 HTTP/1.1" 200 12030 "-" "Mozilla/5.0 (compatible; bingbot/2.0; +http://www.bing.com/bingbot.htm)" "-"
116.179.37.140 - - [08/Jun/2022:09:26:14 +0800] "GET /data/attachment/forum/201807/25/094026l99cqdzh5ncdzutz.jpg HTTP/1.1" 200 301105 "http://www.lszmn.org/forum.php?mod=viewthread&tid=6854" "Mozilla/5.0 (compatible; Baiduspider-render/2.0; +http://www.baidu.com/search/spider.html)" "-"
175.184.164.211 - - [08/Jun/2022:09:26:14 +0800] "GET /connect.php?mod=login&op=init&referer=forum.php%3Fmod%3Dviewthread%26tid%3D9364&statfrom=login_simple HTTP/1.1" 302 5 "http://www.lszmn.org/forum.php?mod=viewthread&tid=9364" "Scrapy/1.7.3 (+https://scrapy.org)" "-"
142.44.203.5 - - [08/Jun/2022:09:26:15 +0800] "GET /member.php?mod=register HTTP/1.1" 302 5 "http://www.lszmn.org/" "Mozilla/5.0 (Macintosh; Intel Mac OS X 10_13_2) AppleWebKit/537.36 (KHTML, like Gecko) Chrome/66.0.3359.181 Safari/537.36" "-"
175.152.29.193 - - [08/Jun/2022:09:26:15 +0800] "GET /forum.php?mod=attachment&aid=MjU1N3w2ZWZiOTNiYnwxNjU0NjUxNTQ1fDB8NzE4MQ%3D%3D&nothumb=yes HTTP/1.1" 200 72064 "http://www.lszmn.org/forum.php?mod=viewthread&tid=7181" "Scrapy/1.7.3 (+https://scrapy.org)" "-"
116.252.20.226 - - [08/Jun/2022:09:26:15 +0800] "GET /forum.php?mod=attachment&aid=MjU1OHwwZWYwNzc1NnwxNjU0NjUxNTQ1fDB8NzE4MQ%3D%3D&nothumb=yes HTTP/1.1" 200 97746 "http://www.lszmn.org/forum.php?mod=viewthread&tid=7181" "Scrapy/1.7.3 (+https://scrapy.org)" "-"
124.31.107.29 - - [08/Jun/2022:09:26:15 +0800] "GET /forum.php?mod=attachment&aid=MjU1NXxmZTk1MzNlM3wxNjU0NjUxNTQ1fDB8NzE4MQ%3D%3D&nothumb=yes HTTP/1.1" 200 43572 "http://www.lszmn.org/forum.php?mod=viewthread&tid=7181" "Scrapy/1.7.3 (+https://scrapy.org)" "-"
116.179.37.107 - - [08/Jun/2022:09:26:15 +0800] "GET /data/attachment/forum/201807/25/094024r33t6dozdrx1zsct.jpg HTTP/1.1" 200 65536 "http://www.lszmn.org/forum.php?mod=viewthread&tid=6854" "Mozilla/5.0 (iPhone; CPU iPhone OS 9_1 like Mac OS X) AppleWebKit/601.1.46 (KHTML, like Gecko) Version/9.0 Mobile/13B143 Safari/601.1 (compatible; Baiduspider-render/2.0; +http://www.baidu.com/search/spider.html)" "-"
116.179.37.98 - - [08/Jun/2022:09:26:15 +0800] "GET /data/attachment/forum/201807/25/094021fhircbzjsuybsfoc.jpg HTTP/1.1" 200 131072 "http://www.lszmn.org/forum.php?mod=viewthread&tid=6854" "Mozilla/5.0 (compatible; Baiduspider-render/2.0; +http://www.baidu.com/search/spider.html)" "-"
116.179.37.13 - - [08/Jun/2022:09:26:15 +0800] "GET /data/attachment/forum/201807/25/094023s4dm40d4fmpzmhqp.jpg HTTP/1.1" 200 196608 "http://www.lszmn.org/forum.php?mod=viewthread&tid=6854" "Mozilla/5.0 (compatible; Baiduspider-render/2.0; +http://www.baidu.com/search/spider.html)" "-"
142.44.203.5 - - [08/Jun/2022:09:26:15 +0800] "GET /connect.php?mod=login&op=init&referer=forum.php&statfrom=login_simple HTTP/1.1" 302 5 "http://www.lszmn.org/member.php?mod=register" "Mozilla/5.0 (Macintosh; Intel Mac OS X 10_13_2) AppleWebKit/537.36 (KHTML, like Gecko) Chrome/66.0.3359.181 Safari/537.36" "-"
36.32.3.245 - - [08/Jun/2022:09:26:16 +0800] "GET /forum.php?mod=attachment&aid=MjU1Nnw1NDAyOTZjY3wxNjU0NjUxNTQ1fDB8NzE4MQ%3D%3D&nothumb=yes HTTP/1.1" 200 47589 "http://www.lszmn.org/forum.php?mod=viewthread&tid=7181" "Scrapy/1.7.3 (+https://scrapy.org)" "-"
116.179.37.167 - - [08/Jun/2022:09:26:17 +0800] "GET /data/attachment/forum/201807/25/094022hlp10unj0e8uiu1f.jpg HTTP/1.1" 200 273491 "http://www.lszmn.org/forum.php?mod=viewthread&tid=6854" "Mozilla/5.0 (iPhone; CPU iPhone OS 9_1 like Mac OS X) AppleWebKit/601.1.46 (KHTML, like Gecko) Version/9.0 Mobile/13B143 Safari/601.1 (compatible; Baiduspider-render/2.0; +http://www.baidu.com/search/spider.html)" "-"
175.184.164.211 - - [08/Jun/2022:09:26:17 +0800] "GET /forum.php?mod=attachment&aid=MjU1NHw5MjMyOWI5ZXwxNjU0NjUxNTQ1fDB8NzE4MQ%3D%3D&nothumb=yes HTTP/1.1" 200 51676 "http://www.lszmn.org/forum.php?mod=viewthread&tid=7181" "Scrapy/1.7.3 (+https://scrapy.org)" "-"
175.152.29.193 - - [08/Jun/2022:09:26:19 +0800] "GET /forum.php?mod=attachment&aid=MjU1OXxjNDE3MzgwYXwxNjU0NjUxNTQ1fDB8NzE4MQ%3D%3D&nothumb=yes HTTP/1.1" 200 51647 "http://www.lszmn.org/forum.php?mod=viewthread&tid=7181" "Scrapy/1.7.3 (+https://scrapy.org)" "-"
14.204.44.174 - - [08/Jun/2022:09:26:19 +0800] "GET /forum.php?mod=attachment&aid=MjU1M3w3OTFkOTk3ZHwxNjU0NjUxNTQ1fDB8NzE4MQ%3D%3D&nothumb=yes HTTP/1.1" 200 75442 "http://www.lszmn.org/forum.php?mod=viewthread&tid=7181" "Scrapy/1.7.3 (+https://scrapy.org)" "-"
175.184.164.211 - - [08/Jun/2022:09:26:19 +0800] "GET /forum.php?mod=attachment&aid=MjU2MHw4ZGMzMGFiOHwxNjU0NjUxNTQ1fDB8NzE4MQ%3D%3D&nothumb=yes HTTP/1.1" 200 74014 "http://www.lszmn.org/forum.php?mod=viewthread&tid=7181" "Scrapy/1.7.3 (+https://scrapy.org)" "-"
36.32.3.245 - - [08/Jun/2022:09:26:19 +0800] "GET /forum.php?mod=attachment&aid=MjU2MXwwYjE1YjUxM3wxNjU0NjUxNTQ1fDB8NzE4MQ%3D%3D&nothumb=yes HTTP/1.1" 200 91736 "http://www.lszmn.org/forum.php?mod=viewthread&tid=7181" "Scrapy/1.7.3 (+https://scrapy.org)" "-"
116.179.37.9 - - [08/Jun/2022:09:26:20 +0800] "GET /data/attachment/forum/201807/25/094022riwpkkwpahkzqauf.jpg HTTP/1.1" 200 262144 "http://www.lszmn.org/forum.php?mod=viewthread&tid=6854" "Mozilla/5.0 (compatible; Baiduspider-render/2.0; +http://www.baidu.com/search/spider.html)" "-"
124.89.119.14 - - [08/Jun/2022:09:26:20 +0800] "GET /forum.php?mod=viewthread&tid=7181&extra=&ordertype=1 HTTP/1.1" 200 10623 "http://www.lszmn.org/forum.php?mod=viewthread&tid=7181" "Scrapy/1.7.3 (+https://scrapy.org)" "-"
124.89.119.14 - - [08/Jun/2022:09:26:21 +0800] "GET /forum.php?mod=viewthread&tid=7181&from=album HTTP/1.1" 200 8224 "http://www.lszmn.org/forum.php?mod=viewthread&tid=7181" "Scrapy/1.7.3 (+https://scrapy.org)" "-"
182.138.158.20 - - [08/Jun/2022:09:26:21 +0800] "GET /forum.php?mod=viewthread&tid=7181&page=1&authorid=1 HTTP/1.1" 200 10721 "http://www.lszmn.org/forum.php?mod=viewthread&tid=7181" "Scrapy/1.7.3 (+https://scrapy.org)" "-"
124.31.107.29 - - [08/Jun/2022:09:26:21 +0800] "GET /connect.php?mod=login&op=init&referer=forum.php%3Fmod%3Dviewthread%26tid%3D7181&statfrom=login_simple HTTP/1.1" 302 5 "http://www.lszmn.org/forum.php?mod=viewthread&tid=7181" "Scrapy/1.7.3 (+https://scrapy.org)" "-"
36.32.3.245 - - [08/Jun/2022:09:26:21 +0800] "GET /forum.php?mod=viewthread&tid=9364 HTTP/1.1" 200 9819 "http://www.lszmn.org/forum.php?mod=viewthread&tid=9364" "Scrapy/1.7.3 (+https://scrapy.org)" "-"
