144.255.18.25 - - [08/Jun/2022:09:24:42 +0800] "GET /forum.php?mod=misc&action=postreview&do=support&tid=6847&pid=6402722&hash=df2537e5 HTTP/1.1" 200 5021 "http://www.lszmn.org/forum.php?mod=viewthread&tid=6847" "Scrapy/1.7.3 (+https://scrapy.org)" "-"
171.36.96.2 - - [08/Jun/2022:09:24:42 +0800] "GET /forum.php?mod=misc&action=postreview&do=against&tid=6847&pid=6402722&hash=df2537e5 HTTP/1.1" 200 5022 "http://www.lszmn.org/forum.php?mod=viewthread&tid=6847" "Scrapy/1.7.3 (+https://scrapy.org)" "-"
111.85.200.238 - - [08/Jun/2022:09:24:42 +0800] "GET /forum.php?mod=post&action=reply&fid=51&tid=6847&repquote=6402722&extra=&page=1 HTTP/1.1" 200 5030 "http://www.lszmn.org/forum.php?mod=viewthread&tid=6847" "Scrapy/1.7.3 (+https://scrapy.org)" "-"
1.85.216.86 - - [08/Jun/2022:09:24:42 +0800] "GET /forum.php?mod=redirect&goto=findpost&ptid=6847&pid=6402722 HTTP/1.1" 301 5 "http://www.lszmn.org/forum.php?mod=viewthread&tid=6847" "Scrapy/1.7.3 (+https://scrapy.org)" "-"
175.152.33.44 - - [08/Jun/2022:09:24:42 +0800] "GET /forum.php?mod=misc&action=postreview&do=against&tid=6847&pid=6402679&hash=df2537e5 HTTP/1.1" 200 5022 "http://www.lszmn.org/forum.php?mod=viewthread&tid=6847" "Scrapy/1.7.3 (+https://scrapy.org)" "-"
111.85.200.238 - - [08/Jun/2022:09:24:42 +0800] "GET /forum.php?mod=viewthread&tid=6847&page=1 HTTP/1.1" 200 13149 "http://www.lszmn.org/forum.php?mod=viewthread&tid=6847" "Scrapy/1.7.3 (+https://scrapy.org)" "-"
124.89.89.156 - - [08/Jun/2022:09:24:42 +0800] "GET /connect.php?mod=login&op=init&referer=forum.php%3Fmod%3Dpost%26action%3Dreply%26fid%3D51%26tid%3D6847%26repquote%3D6402755%26extra%3D%26page%3D1&statfrom=login_simple HTTP/1.1" 302 5 "http://www.lszmn.org/forum.php?mod=post&action=reply&fid=51&tid=6847&repquote=6402755&extra=&page=1" "Scrapy/1.7.3 (+https://scrapy.org)" "-"
144.255.18.25 - - [08/Jun/2022:09:24:42 +0800] "GET /forum.php?mod=misc&action=postreview&do=support&tid=6847&pid=6402679&hash=df2537e5 HTTP/1.1" 200 5021 "http://www.lszmn.org/forum.php?mod=viewthread&tid=6847" "Scrapy/1.7.3 (+https://scrapy.org)" "-"
36.248.88.184 - - [08/Jun/2022:09:24:42 +0800] "GET /forum.php?mod=viewthread&tid=6847&page=1 HTTP/1.1" 200 13148 "http://www.lszmn.org/forum.php?mod=viewthread&tid=6847" "Scrapy/1.7.3 (+https://scrapy.org)" "-"
124.89.89.156 - - [08/Jun/2022:09:24:43 +0800] "GET /forum.php?mod=redirect&goto=findpost&ptid=6847&pid=6402679 HTTP/1.1" 301 5 "http://www.lszmn.org/forum.php?mod=viewthread&tid=6847" "Scrapy/1.7.3 (+https://scrapy.org)" "-"
144.255.18.25 - - [08/Jun/2022:09:24:43 +0800] "GET /connect.php?mod=login&op=init&referer=forum.php%3Fmod%3Dmisc%26action%3Dpostreview%26do%3Dsupport%26tid%3D6847%26pid%3D6402744%26hash%3Ddf2537e5&statfrom=login_simple HTTP/1.1" 302 5 "http://www.lszmn.org/forum.php?mod=misc&action=postreview&do=support&tid=6847&pid=6402744&hash=df2537e5" "Scrapy/1.7.3 (+https://scrapy.org)" "-"
171.36.96.2 - - [08/Jun/2022:09:24:43 +0800] "GET /forum.php?mod=post&action=reply&fid=51&tid=6847&repquote=6402679&extra=&page=1 HTTP/1.1" 200 5032 "http://www.lszmn.org/forum.php?mod=viewthread&tid=6847" "Scrapy/1.7.3 (+https://scrapy.org)" "-"
1.85.216.86 - - [08/Jun/2022:09:24:43 +0800] "GET /connect.php?mod=login&op=init&referer=forum.php%3Fmod%3Dmisc%26action%3Dpostreview%26do%3Dagainst%26tid%3D6847%26pid%3D6402744%26hash%3Ddf2537e5&statfrom=login_simple HTTP/1.1" 302 5 "http://www.lszmn.org/forum.php?mod=misc&action=postreview&do=against&tid=6847&pid=6402744&hash=df2537e5" "Scrapy/1.7.3 (+https://scrapy.org)" "-"
111.85.200.238 - - [08/Jun/2022:09:24:43 +0800] "GET /connect.php?mod=login&op=init&referer=forum.php%3Fmod%3Dmisc%26action%3Dpostreview%26do%3Dsupport%26tid%3D6847%26pid%3D6402722%26hash%3Ddf2537e5&statfrom=login_simple HTTP/1.1" 302 5 "http://www.lszmn.org/forum.php?mod=misc&action=postreview&do=support&tid=6847&pid=6402722&hash=df2537e5" "Scrapy/1.7.3 (+https://scrapy.org)" "-"
124.89.89.156 - - [08/Jun/2022:09:24:43 +0800] "GET /connect.php?mod=login&op=init&referer=forum.php%3Fmod%3Dpost%26action%3Dreply%26fid%3D51%26tid%3D6847%26repquote%3D6402722%26extra%3D%26page%3D1&statfrom=login_simple HTTP/1.1" 302 5 "http://www.lszmn.org/forum.php?mod=post&action=reply&fid=51&tid=6847&repquote=6402722&extra=&page=1" "Scrapy/1.7.3 (+https://scrapy.org)" "-"
36.248.88.184 - - [08/Jun/2022:09:24:43 +0800] "GET /connect.php?mod=login&op=init&referer=forum.php%3Fmod%3Dpost%26action%3Dreply%26fid%3D51%26tid%3D6847%26repquote%3D6402744%26extra%3D%26page%3D1&statfrom=login_simple HTTP/1.1" 302 5 "http://www.lszmn.org/forum.php?mod=post&action=reply&fid=51&tid=6847&repquote=6402744&extra=&page=1" "Scrapy/1.7.3 (+https://scrapy.org)" "-"
144.255.18.25 - - [08/Jun/2022:09:24:43 +0800] "GET /forum.php?mod=post&action=reply&fid=51&tid=6847&reppost=135404&extra=&page=1 HTTP/1.1" 200 5029 "http://www.lszmn.org/forum.php?mod=viewthread&tid=6847" "Scrapy/1.7.3 (+https://scrapy.org)" "-"
175.152.33.44 - - [08/Jun/2022:09:24:43 +0800] "GET /forum.php?mod=viewthread&tid=6847&page=1 HTTP/1.1" 200 13149 "http://www.lszmn.org/forum.php?mod=viewthread&tid=6847" "Scrapy/1.7.3 (+https://scrapy.org)" "-"
111.85.200.238 - - [08/Jun/2022:09:24:44 +0800] "GET /connect.php?mod=login&op=init&referer=forum.php%3Fmod%3Dmisc%26action%3Dpostreview%26do%3Dagainst%26tid%3D6847%26pid%3D6402679%26hash%3Ddf2537e5&statfrom=login_simple HTTP/1.1" 302 5 "http://www.lszmn.org/forum.php?mod=misc&action=postreview&do=against&tid=6847&pid=6402679&hash=df2537e5" "Scrapy/1.7.3 (+https://scrapy.org)" "-"
171.36.96.2 - - [08/Jun/2022:09:24:44 +0800] "GET /home.php?mod=spacecp&ac=share&type=thread&id=6847 HTTP/1.1" 200 4866 "http://www.lszmn.org/forum.php?mod=viewthread&tid=6847" "Scrapy/1.7.3 (+https://scrapy.org)" "-"
36.248.88.184 - - [08/Jun/2022:09:24:44 +0800] "GET /forum.php?mod=viewthread&tid=6847&page=1 HTTP/1.1" 200 13148 "http://www.lszmn.org/forum.php?mod=viewthread&tid=6847" "Scrapy/1.7.3 (+https://scrapy.org)" "-"
124.89.89.156 - - [08/Jun/2022:09:24:44 +0800] "GET /connect.php?mod=login&op=init&referer=forum.php%3Fmod%3Dmisc%26action%3Dpostreview%26do%3Dsupport%26tid%3D6847%26pid%3D6402679%26hash%3Ddf2537e5&statfrom=login_simple HTTP/1.1" 302 5 "http://www.lszmn.org/forum.php?mod=misc&action=postreview&do=support&tid=6847&pid=6402679&hash=df2537e5" "Scrapy/1.7.3 (+https://scrapy.org)" "-"
144.255.18.25 - - [08/Jun/2022:09:24:44 +0800] "GET /connect.php?mod=login&op=init&referer=forum.php%3Fmod%3Dmisc%26action%3Dpostreview%26do%3Dagainst%26tid%3D6847%26pid%3D6402722%26hash%3Ddf2537e5&statfrom=login_simple HTTP/1.1" 302 5 "http://www.lszmn.org/forum.php?mod=misc&action=postreview&do=against&tid=6847&pid=6402722&hash=df2537e5" "Scrapy/1.7.3 (+https://scrapy.org)" "-"
111.85.200.238 - - [08/Jun/2022:09:24:44 +0800] "GET /connect.php?mod=login&op=init&referer=forum.php%3Fmod%3Dpost%26action%3Dreply%26fid%3D51%26tid%3D6847%26reppost%3D135404%26extra%3D%26page%3D1&statfrom=login_simple HTTP/1.1" 302 5 "http://www.lszmn.org/forum.php?mod=post&action=reply&fid=51&tid=6847&reppost=135404&extra=&page=1" "Scrapy/1.7.3 (+https://scrapy.org)" "-"
171.36.96.2 - - [08/Jun/2022:09:24:44 +0800] "GET /home.php?mod=spacecp&ac=favorite&type=thread&id=6847 HTTP/1.1" 200 4870 "http://www.lszmn.org/forum.php?mod=viewthread&tid=6847" "Scrapy/1.7.3 (+https://scrapy.org)" "-"
175.152.33.44 - - [08/Jun/2022:09:24:44 +0800] "GET /connect.php?mod=login&op=init&referer=forum.php%3Fmod%3Dpost%26action%3Dreply%26fid%3D51%26tid%3D6847%26repquote%3D6402679%26extra%3D%26page%3D1&statfrom=login_simple HTTP/1.1" 302 5 "http://www.lszmn.org/forum.php?mod=post&action=reply&fid=51&tid=6847&repquote=6402679&extra=&page=1" "Scrapy/1.7.3 (+https://scrapy.org)" "-"
1.85.216.86 - - [08/Jun/2022:09:24:44 +0800] "GET /home.php?mod=spacecp&ac=follow&op=relay&tid=6847&from=forum HTTP/1.1" 200 4883 "http://www.lszmn.org/forum.php?mod=viewthread&tid=6847" "Scrapy/1.7.3 (+https://scrapy.org)" "-"
36.248.88.184 - - [08/Jun/2022:09:24:44 +0800] "GET /home.php?mod=spacecp&ac=plugin&id=qqconnect:spacecp&pluginop=share&sh_type=4&thread_id=6847 HTTP/1.1" 200 4947 "http://www.lszmn.org/forum.php?mod=viewthread&tid=6847" "Scrapy/1.7.3 (+https://scrapy.org)" "-"
144.255.18.25 - - [08/Jun/2022:09:24:45 +0800] "GET /forum.php?mod=viewthread&tid=6847&page=1&authorid=1 HTTP/1.1" 200 9447 "http://www.lszmn.org/forum.php?mod=viewthread&tid=6847" "Scrapy/1.7.3 (+https://scrapy.org)" "-"
124.89.89.156 - - [08/Jun/2022:09:24:45 +0800] "GET /forum.php?mod=viewthread&tid=6847&extra=&ordertype=1 HTTP/1.1" 200 15813 "http://www.lszmn.org/forum.php?mod=viewthread&tid=6847" "Scrapy/1.7.3 (+https://scrapy.org)" "-"
36.248.88.184 - - [08/Jun/2022:09:24:45 +0800] "GET /connect.php?mod=login&op=init&referer=home.php%3Fmod%3Dspacecp%26ac%3Dshare%26type%3Dthread%26id%3D6847&statfrom=login_simple HTTP/1.1" 302 5 "http://www.lszmn.org/home.php?mod=spacecp&ac=share&type=thread&id=6847" "Scrapy/1.7.3 (+https://scrapy.org)" "-"
1.85.216.86 - - [08/Jun/2022:09:24:45 +0800] "GET /connect.php?mod=login&op=init&referer=home.php%3Fmod%3Dspacecp%26ac%3Dplugin%26id%3Dqqconnect%3Aspacecp%26pluginop%3Dshare%26sh_type%3D4%26thread_id%3D6847&statfrom=login_simple HTTP/1.1" 302 5 "http://www.lszmn.org/home.php?mod=spacecp&ac=plugin&id=qqconnect:spacecp&pluginop=share&sh_type=4&thread_id=6847" "Scrapy/1.7.3 (+https://scrapy.org)" "-"
171.36.96.2 - - [08/Jun/2022:09:24:45 +0800] "GET /connect.php?mod=login&op=init&referer=forum.php%3Fmod%3Dviewthread%26tid%3D9343&statfrom=login HTTP/1.1" 302 5 "http://www.lszmn.org/forum.php?mod=viewthread&tid=9343" "Scrapy/1.7.3 (+https://scrapy.org)" "-"
111.85.200.238 - - [08/Jun/2022:09:24:45 +0800] "GET /forum.php?mod=redirect&goto=nextoldset&tid=9343 HTTP/1.1" 302 5 "http://www.lszmn.org/forum.php?mod=viewthread&tid=9343" "Scrapy/1.7.3 (+https://scrapy.org)" "-"
175.152.33.44 - - [08/Jun/2022:09:24:45 +0800] "GET /forum.php?mod=post&action=reply&fid=51&tid=9343 HTTP/1.1" 200 4971 "http://www.lszmn.org/forum.php?mod=viewthread&tid=9343" "Scrapy/1.7.3 (+https://scrapy.org)" "-"
66.249.70.42 - - [08/Jun/2022:09:24:46 +0800] "GET /static/js/logging.js?C8x HTTP/1.1" 200 603 "http://www.lszmn.org/forum.php?mod=viewthread&tid=1027&extra=&page=171063&mobile=no" "Mozilla/5.0 AppleWebKit/537.36 (KHTML, like Gecko; compatible; Googlebot/2.1; +http://www.google.com/bot.html) Chrome/101.0.4951.64 Safari/537.36" "-"
111.85.200.238 - - [08/Jun/2022:09:24:46 +0800] "GET /home.php?mod=spacecp&ac=follow&op=relay&tid=9343&from=forum HTTP/1.1" 200 4883 "http://www.lszmn.org/forum.php?mod=viewthread&tid=9343" "Scrapy/1.7.3 (+https://scrapy.org)" "-"
144.255.18.25 - - [08/Jun/2022:09:24:46 +0800] "GET /connect.php?mod=login&op=init&referer=home.php%3Fmod%3Dspacecp%26ac%3Dfollow%26op%3Drelay%26tid%3D6847%26from%3Dforum&statfrom=login_simple HTTP/1.1" 302 5 "http://www.lszmn.org/home.php?mod=spacecp&ac=follow&op=relay&tid=6847&from=forum" "Scrapy/1.7.3 (+https://scrapy.org)" "-"
124.89.89.156 - - [08/Jun/2022:09:24:46 +0800] "GET /forum.php?mod=post&action=reply&fid=51&tid=9343&reppost=6879897&extra=&page=1 HTTP/1.1" 200 5031 "http://www.lszmn.org/forum.php?mod=viewthread&tid=9343" "Scrapy/1.7.3 (+https://scrapy.org)" "-"
36.248.88.184 - - [08/Jun/2022:09:24:46 +0800] "GET /connect.php?mod=login&op=init&referer=home.php%3Fmod%3Dspacecp%26ac%3Dfavorite%26type%3Dthread%26id%3D6847&statfrom=login_simple HTTP/1.1" 302 5 "http://www.lszmn.org/home.php?mod=spacecp&ac=favorite&type=thread&id=6847" "Scrapy/1.7.3 (+https://scrapy.org)" "-"
1.85.216.86 - - [08/Jun/2022:09:24:46 +0800] "GET /home.php?mod=spacecp&ac=favorite&type=thread&id=9343 HTTP/1.1" 200 4870 "http://www.lszmn.org/forum.php?mod=viewthread&tid=9343" "Scrapy/1.7.3 (+https://scrapy.org)" "-"
171.36.96.2 - - [08/Jun/2022:09:24:46 +0800] "GET /home.php?mod=spacecp&ac=share&type=thread&id=9343 HTTP/1.1" 200 4865 "http://www.lszmn.org/forum.php?mod=viewthread&tid=9343" "Scrapy/1.7.3 (+https://scrapy.org)" "-"
60.17.99.5 - - [08/Jun/2022:09:24:46 +0800] "GET /connect.php?mod=login&op=init&referer=forum.php%3Fmod%3Dviewthread%26tid%3D6847%26page%3D1%26authorid%3D1&statfrom=login HTTP/1.1" 302 5 "http://www.lszmn.org/forum.php?mod=viewthread&tid=6847&page=1&authorid=1" "Scrapy/1.7.3 (+https://scrapy.org)" "-"
111.85.200.238 - - [08/Jun/2022:09:24:46 +0800] "GET /forum.php?mod=post&action=reply&fid=51&tid=6847&repquote=6403424&extra=&page=1 HTTP/1.1" 200 5031 "http://www.lszmn.org/forum.php?mod=viewthread&tid=6847&extra=&ordertype=1" "Scrapy/1.7.3 (+https://scrapy.org)" "-"
175.152.33.44 - - [08/Jun/2022:09:24:46 +0800] "GET /forum.php?mod=viewthread&tid=9315 HTTP/1.1" 200 9767 "http://www.lszmn.org/forum.php?mod=viewthread&tid=9343" "Scrapy/1.7.3 (+https://scrapy.org)" "-"
66.249.70.42 - - [08/Jun/2022:09:24:47 +0800] "GET /static/js/forum_viewthread.js?C8x HTTP/1.1" 200 27087 "http://www.lszmn.org/forum.php?mod=viewthread&tid=1027&extra=&page=171063&mobile=no" "Mozilla/5.0 AppleWebKit/537.36 (KHTML, like Gecko; compatible; Googlebot/2.1; +http://www.google.com/bot.html) Chrome/101.0.4951.64 Safari/537.36" "-"
36.248.88.184 - - [08/Jun/2022:09:24:47 +0800] "GET /forum.php?mod=post&action=reply&fid=51&tid=6847&repquote=6403483&extra=&page=1 HTTP/1.1" 200 5032 "http://www.lszmn.org/forum.php?mod=viewthread&tid=6847&extra=&ordertype=1" "Scrapy/1.7.3 (+https://scrapy.org)" "-"
171.36.96.2 - - [08/Jun/2022:09:24:47 +0800] "GET /connect.php?mod=login&op=init&referer=forum.php%3Fmod%3Dpost%26action%3Dreply%26fid%3D51%26tid%3D9343&statfrom=login_simple HTTP/1.1" 302 5 "http://www.lszmn.org/forum.php?mod=post&action=reply&fid=51&tid=9343" "Scrapy/1.7.3 (+https://scrapy.org)" "-"
144.255.18.25 - - [08/Jun/2022:09:24:47 +0800] "GET /forum.php?mod=post&action=reply&fid=51&tid=6847&repquote=6403548&extra=&page=1 HTTP/1.1" 200 5033 "http://www.lszmn.org/forum.php?mod=viewthread&tid=6847&extra=&ordertype=1" "Scrapy/1.7.3 (+https://scrapy.org)" "-"
1.85.216.86 - - [08/Jun/2022:09:24:47 +0800] "GET /forum.php?mod=viewthread&tid=6847&extra=&ordertype=1&page=5 HTTP/1.1" 200 8508 "http://www.lszmn.org/forum.php?mod=viewthread&tid=6847&extra=&ordertype=1" "Scrapy/1.7.3 (+https://scrapy.org)" "-"
36.248.88.184 - - [08/Jun/2022:09:24:47 +0800] "GET /forum.php?mod=viewthread&tid=6847&extra=&ordertype=1&page=2 HTTP/1.1" 200 12105 "http://www.lszmn.org/forum.php?mod=viewthread&tid=6847&extra=&ordertype=1" "Scrapy/1.7.3 (+https://scrapy.org)" "-"
111.85.200.238 - - [08/Jun/2022:09:24:47 +0800] "GET /forum.php?mod=viewthread&tid=6847&extra=&ordertype=1&page=3 HTTP/1.1" 200 12147 "http://www.lszmn.org/forum.php?mod=viewthread&tid=6847&extra=&ordertype=1" "Scrapy/1.7.3 (+https://scrapy.org)" "-"
124.89.89.156 - - [08/Jun/2022:09:24:47 +0800] "GET /forum.php?mod=viewthread&tid=6847&extra=&ordertype=1&page=4 HTTP/1.1" 200 11720 "http://www.lszmn.org/forum.php?mod=viewthread&tid=6847&extra=&ordertype=1" "Scrapy/1.7.3 (+https://scrapy.org)" "-"
171.36.96.2 - - [08/Jun/2022:09:24:47 +0800] "GET /connect.php?mod=login&op=init&referer=home.php%3Fmod%3Dspacecp%26ac%3Dshare%26type%3Dthread%26id%3D9343&statfrom=login_simple HTTP/1.1" 302 5 "http://www.lszmn.org/home.php?mod=spacecp&ac=share&type=thread&id=9343" "Scrapy/1.7.3 (+https://scrapy.org)" "-"
175.152.33.44 - - [08/Jun/2022:09:24:47 +0800] "GET /connect.php?mod=login&op=init&referer=home.php%3Fmod%3Dspacecp%26ac%3Dfavorite%26type%3Dthread%26id%3D9343&statfrom=login_simple HTTP/1.1" 302 5 "http://www.lszmn.org/home.php?mod=spacecp&ac=favorite&type=thread&id=9343" "Scrapy/1.7.3 (+https://scrapy.org)" "-"
111.85.200.238 - - [08/Jun/2022:09:24:47 +0800] "GET /connect.php?mod=login&op=init&referer=forum.php%3Fmod%3Dviewthread%26tid%3D6847%26extra%3D%26ordertype%3D1&statfrom=login HTTP/1.1" 302 5 "http://www.lszmn.org/forum.php?mod=viewthread&tid=6847&extra=&ordertype=1" "Scrapy/1.7.3 (+https://scrapy.org)" "-"
144.255.18.25 - - [08/Jun/2022:09:24:47 +0800] "GET /connect.php?mod=login&op=init&referer=home.php%3Fmod%3Dspacecp%26ac%3Dfollow%26op%3Drelay%26tid%3D9343%26from%3Dforum&statfrom=login_simple HTTP/1.1" 302 5 "http://www.lszmn.org/home.php?mod=spacecp&ac=follow&op=relay&tid=9343&from=forum" "Scrapy/1.7.3 (+https://scrapy.org)" "-"
124.89.89.156 - - [08/Jun/2022:09:24:48 +0800] "GET /connect.php?mod=login&op=init&referer=forum.php%3Fmod%3Dpost%26action%3Dreply%26fid%3D51%26tid%3D9343%26reppost%3D6879897%26extra%3D%26page%3D1&statfrom=login_simple HTTP/1.1" 302 5 "http://www.lszmn.org/forum.php?mod=post&action=reply&fid=51&tid=9343&reppost=6879897&extra=&page=1" "Scrapy/1.7.3 (+https://scrapy.org)" "-"
175.152.33.44 - - [08/Jun/2022:09:24:48 +0800] "GET /forum.php?mod=post&action=reply&fid=51&tid=6847&repquote=6403282&extra=&page=1 HTTP/1.1" 200 5031 "http://www.lszmn.org/forum.php?mod=viewthread&tid=6847&extra=&ordertype=1" "Scrapy/1.7.3 (+https://scrapy.org)" "-"
171.36.96.2 - - [08/Jun/2022:09:24:48 +0800] "GET /forum.php?mod=post&action=reply&fid=51&tid=6847&repquote=6403250&extra=&page=1 HTTP/1.1" 200 5030 "http://www.lszmn.org/forum.php?mod=viewthread&tid=6847&extra=&ordertype=1" "Scrapy/1.7.3 (+https://scrapy.org)" "-"
144.255.18.25 - - [08/Jun/2022:09:24:48 +0800] "GET /forum.php?mod=post&action=reply&fid=51&tid=6847&repquote=6403323&extra=&page=1 HTTP/1.1" 200 5031 "http://www.lszmn.org/forum.php?mod=viewthread&tid=6847&extra=&ordertype=1" "Scrapy/1.7.3 (+https://scrapy.org)" "-"
111.85.200.238 - - [08/Jun/2022:09:24:49 +0800] "GET /forum.php?mod=post&action=reply&fid=51&tid=6847&repquote=6403342&extra=&page=1 HTTP/1.1" 200 5031 "http://www.lszmn.org/forum.php?mod=viewthread&tid=6847&extra=&ordertype=1" "Scrapy/1.7.3 (+https://scrapy.org)" "-"
1.85.216.86 - - [08/Jun/2022:09:24:49 +0800] "GET /forum.php?mod=post&action=reply&fid=51&tid=6847&repquote=6403371&extra=&page=1 HTTP/1.1" 200 5031 "http://www.lszmn.org/forum.php?mod=viewthread&tid=6847&extra=&ordertype=1" "Scrapy/1.7.3 (+https://scrapy.org)" "-"
124.89.89.156 - - [08/Jun/2022:09:24:49 +0800] "GET /forum.php?mod=post&action=reply&fid=51&tid=6847&repquote=6403383&extra=&page=1 HTTP/1.1" 200 5032 "http://www.lszmn.org/forum.php?mod=viewthread&tid=6847&extra=&ordertype=1" "Scrapy/1.7.3 (+https://scrapy.org)" "-"
144.255.18.25 - - [08/Jun/2022:09:24:49 +0800] "GET /connect.php?mod=login&op=init&referer=forum.php%3Fmod%3Dviewthread%26tid%3D6847%26page%3D1%26authorid%3D1&statfrom=login_simple HTTP/1.1" 302 5 "http://www.lszmn.org/forum.php?mod=viewthread&tid=6847&page=1&authorid=1" "Scrapy/1.7.3 (+https://scrapy.org)" "-"
175.152.33.44 - - [08/Jun/2022:09:24:49 +0800] "GET /forum.php?mod=post&action=reply&fid=51&tid=6847&repquote=6456650&extra=&page=1 HTTP/1.1" 200 5032 "http://www.lszmn.org/forum.php?mod=viewthread&tid=6847&extra=&ordertype=1" "Scrapy/1.7.3 (+https://scrapy.org)" "-"
171.36.96.2 - - [08/Jun/2022:09:24:49 +0800] "GET /forum.php?mod=viewthread&tid=6847&extra=&ordertype=2 HTTP/1.1" 200 13193 "http://www.lszmn.org/forum.php?mod=viewthread&tid=6847&extra=&ordertype=1" "Scrapy/1.7.3 (+https://scrapy.org)" "-"
111.85.200.238 - - [08/Jun/2022:09:24:49 +0800] "GET /connect.php?mod=login&op=init&referer=forum.php%3Fmod%3Dviewthread%26tid%3D6847%26extra%3D%26ordertype%3D1&statfrom=login_simple HTTP/1.1" 302 5 "http://www.lszmn.org/forum.php?mod=viewthread&tid=6847&extra=&ordertype=1" "Scrapy/1.7.3 (+https://scrapy.org)" "-"
1.85.216.86 - - [08/Jun/2022:09:24:49 +0800] "GET /home.php?mod=spacecp&ac=plugin&id=qqconnect:spacecp&pluginop=share&sh_type=4&thread_id=9343 HTTP/1.1" 200 4948 "http://www.lszmn.org/forum.php?mod=viewthread&tid=9343" "Scrapy/1.7.3 (+https://scrapy.org)" "-"
144.255.18.25 - - [08/Jun/2022:09:24:49 +0800] "GET /forum.php?mod=viewthread&tid=9343&extra=&ordertype=1 HTTP/1.1" 200 9643 "http://www.lszmn.org/forum.php?mod=viewthread&tid=9343" "Scrapy/1.7.3 (+https://scrapy.org)" "-"
175.152.33.44 - - [08/Jun/2022:09:24:50 +0800] "GET /forum.php?mod=viewthread&tid=9343&from=album HTTP/1.1" 200 7919 "http://www.lszmn.org/forum.php?mod=viewthread&tid=9343" "Scrapy/1.7.3 (+https://scrapy.org)" "-"
111.85.200.238 - - [08/Jun/2022:09:24:50 +0800] "GET /forum.php?mod=post&action=reply&fid=51&tid=6876&extra=&page=1 HTTP/1.1" 200 4999 "http://www.lszmn.org/forum.php?mod=viewthread&tid=6876" "Scrapy/1.7.3 (+https://scrapy.org)" "-"
171.36.96.2 - - [08/Jun/2022:09:24:50 +0800] "GET /forum.php?mod=viewthread&tid=9343&page=1&authorid=1 HTTP/1.1" 200 9749 "http://www.lszmn.org/forum.php?mod=viewthread&tid=9343" "Scrapy/1.7.3 (+https://scrapy.org)" "-"
60.17.99.5 - - [08/Jun/2022:09:24:50 +0800] "GET /forum.php?mod=redirect&goto=nextnewset&tid=6876 HTTP/1.1" 302 5 "http://www.lszmn.org/forum.php?mod=viewthread&tid=6876" "Scrapy/1.7.3 (+https://scrapy.org)" "-"
144.255.18.25 - - [08/Jun/2022:09:24:50 +0800] "GET /connect.php?mod=login&op=init&referer=forum.php%3Fmod%3Dviewthread%26tid%3D6876&statfrom=login HTTP/1.1" 302 5 "http://www.lszmn.org/forum.php?mod=viewthread&tid=6876" "Scrapy/1.7.3 (+https://scrapy.org)" "-"
1.85.216.86 - - [08/Jun/2022:09:24:50 +0800] "GET /forum.php?mod=redirect&goto=nextoldset&tid=6876 HTTP/1.1" 302 5 "http://www.lszmn.org/forum.php?mod=viewthread&tid=6876" "Scrapy/1.7.3 (+https://scrapy.org)" "-"
111.85.200.238 - - [08/Jun/2022:09:24:50 +0800] "GET /forum.php?mod=misc&action=postreview&do=against&tid=6876&pid=4996068&hash=df2537e5 HTTP/1.1" 200 5028 "http://www.lszmn.org/forum.php?mod=viewthread&tid=6876" "Scrapy/1.7.3 (+https://scrapy.org)" "-"
175.152.33.44 - - [08/Jun/2022:09:24:50 +0800] "GET /forum.php?mod=post&action=reply&fid=51&tid=6876 HTTP/1.1" 200 4972 "http://www.lszmn.org/forum.php?mod=viewthread&tid=6876" "Scrapy/1.7.3 (+https://scrapy.org)" "-"
171.36.96.2 - - [08/Jun/2022:09:24:51 +0800] "GET /connect.php?mod=login&op=init&referer=forum.php%3Fmod%3Dviewthread%26tid%3D9343&statfrom=login_simple HTTP/1.1" 302 5 "http://www.lszmn.org/forum.php?mod=viewthread&tid=9343" "Scrapy/1.7.3 (+https://scrapy.org)" "-"
144.255.18.25 - - [08/Jun/2022:09:24:51 +0800] "GET /forum.php?mod=post&action=reply&fid=51&tid=9343&extra=&page=1&from=album HTTP/1.1" 200 5017 "http://www.lszmn.org/forum.php?mod=viewthread&tid=9343&from=album" "Scrapy/1.7.3 (+https://scrapy.org)" "-"
111.85.200.238 - - [08/Jun/2022:09:24:51 +0800] "GET /forum.php?mod=misc&action=postreview&do=support&tid=6876&pid=4996068&hash=df2537e5 HTTP/1.1" 200 5026 "http://www.lszmn.org/forum.php?mod=viewthread&tid=6876" "Scrapy/1.7.3 (+https://scrapy.org)" "-"
1.85.216.86 - - [08/Jun/2022:09:24:51 +0800] "GET /connect.php?mod=login&op=init&referer=forum.php%3Fmod%3Dviewthread%26tid%3D9343%26extra%3D%26ordertype%3D1&statfrom=login HTTP/1.1" 302 5 "http://www.lszmn.org/forum.php?mod=viewthread&tid=9343&extra=&ordertype=1" "Scrapy/1.7.3 (+https://scrapy.org)" "-"
111.85.200.238 - - [08/Jun/2022:09:24:51 +0800] "GET /forum.php?mod=viewthread&tid=6847 HTTP/1.1" 200 13128 "http://www.lszmn.org/forum.php?mod=viewthread&tid=6876" "Scrapy/1.7.3 (+https://scrapy.org)" "-"
144.255.18.25 - - [08/Jun/2022:09:24:51 +0800] "GET /connect.php?mod=login&op=init&referer=forum.php%3Fmod%3Dviewthread%26tid%3D9343%26page%3D1%26authorid%3D1&statfrom=login_simple HTTP/1.1" 302 5 "http://www.lszmn.org/forum.php?mod=viewthread&tid=9343&page=1&authorid=1" "Scrapy/1.7.3 (+https://scrapy.org)" "-"
1.85.216.86 - - [08/Jun/2022:09:24:51 +0800] "GET /connect.php?mod=login&op=init&referer=forum.php%3Fmod%3Dpost%26action%3Dreply%26fid%3D51%26tid%3D6876%26extra%3D%26page%3D1&statfrom=login_simple HTTP/1.1" 302 5 "http://www.lszmn.org/forum.php?mod=post&action=reply&fid=51&tid=6876&extra=&page=1" "Scrapy/1.7.3 (+https://scrapy.org)" "-"
171.36.96.2 - - [08/Jun/2022:09:24:51 +0800] "GET /connect.php?mod=login&op=init&referer=forum.php%3Fmod%3Dviewthread%26tid%3D9343%26page%3D1%26authorid%3D1&statfrom=login HTTP/1.1" 302 5 "http://www.lszmn.org/forum.php?mod=viewthread&tid=9343&page=1&authorid=1" "Scrapy/1.7.3 (+https://scrapy.org)" "-"
144.255.18.25 - - [08/Jun/2022:09:24:51 +0800] "GET /connect.php?mod=login&op=init&referer=forum.php%3Fmod%3Dpost%26action%3Dreply%26fid%3D51%26tid%3D6876&statfrom=login_simple HTTP/1.1" 302 5 "http://www.lszmn.org/forum.php?mod=post&action=reply&fid=51&tid=6876" "Scrapy/1.7.3 (+https://scrapy.org)" "-"
171.36.96.2 - - [08/Jun/2022:09:24:52 +0800] "GET /connect.php?mod=login&op=init&referer=forum.php%3Fmod%3Dmisc%26action%3Dpostreview%26do%3Dagainst%26tid%3D6876%26pid%3D4996068%26hash%3Ddf2537e5&statfrom=login_simple HTTP/1.1" 302 5 "http://www.lszmn.org/forum.php?mod=misc&action=postreview&do=against&tid=6876&pid=4996068&hash=df2537e5" "Scrapy/1.7.3 (+https://scrapy.org)" "-"
144.255.18.25 - - [08/Jun/2022:09:24:52 +0800] "GET /connect.php?mod=login&op=init&referer=forum.php%3Fmod%3Dmisc%26action%3Dpostreview%26do%3Dsupport%26tid%3D6876%26pid%3D4996068%26hash%3Ddf2537e5&statfrom=login_simple HTTP/1.1" 302 5 "http://www.lszmn.org/forum.php?mod=misc&action=postreview&do=support&tid=6876&pid=4996068&hash=df2537e5" "Scrapy/1.7.3 (+https://scrapy.org)" "-"
66.249.70.42 - - [08/Jun/2022:09:24:52 +0800] "GET /forum.php?mod=viewthread&tid=104&page=449&mobile=no HTTP/1.1" 200 8157 "-" "Mozilla/5.0 (Linux; Android 6.0.1; Nexus 5X Build/MMB29P) AppleWebKit/537.36 (KHTML, like Gecko) Chrome/102.0.5005.61 Mobile Safari/537.36 (compatible; Googlebot/2.1; +http://www.google.com/bot.html)" "-"
171.36.96.2 - - [08/Jun/2022:09:24:52 +0800] "GET /forum.php?mod=viewthread&tid=9343&page=1 HTTP/1.1" 200 9733 "http://www.lszmn.org/forum.php?mod=viewthread&tid=9343&page=1&authorid=1" "Scrapy/1.7.3 (+https://scrapy.org)" "-"
144.255.18.25 - - [08/Jun/2022:09:24:53 +0800] "GET /forum.php?mod=viewthread&tid=984 HTTP/1.1" 200 12817 "http://www.lszmn.org/forum.php?mod=viewthread&tid=6876" "Scrapy/1.7.3 (+https://scrapy.org)" "-"
60.17.99.5 - - [08/Jun/2022:09:24:53 +0800] "GET /forum.php?mod=viewthread&tid=9343&extra=&ordertype=2 HTTP/1.1" 200 9762 "http://www.lszmn.org/forum.php?mod=viewthread&tid=9343&extra=&ordertype=1" "Scrapy/1.7.3 (+https://scrapy.org)" "-"
111.85.200.238 - - [08/Jun/2022:09:24:54 +0800] "GET /connect.php?mod=login&op=init&referer=forum.php%3Fmod%3Dviewthread%26tid%3D9343%26from%3Dalbum&statfrom=login_simple HTTP/1.1" 302 5 "http://www.lszmn.org/forum.php?mod=viewthread&tid=9343&from=album" "Scrapy/1.7.3 (+https://scrapy.org)" "-"
171.36.96.2 - - [08/Jun/2022:09:24:54 +0800] "GET /connect.php?mod=login&op=init&referer=forum.php%3Fmod%3Dviewthread%26tid%3D9343%26extra%3D%26ordertype%3D1&statfrom=login_simple HTTP/1.1" 302 5 "http://www.lszmn.org/forum.php?mod=viewthread&tid=9343&extra=&ordertype=1" "Scrapy/1.7.3 (+https://scrapy.org)" "-"
144.255.18.25 - - [08/Jun/2022:09:24:54 +0800] "GET /connect.php?mod=login&op=init&referer=home.php%3Fmod%3Dspacecp%26ac%3Dplugin%26id%3Dqqconnect%3Aspacecp%26pluginop%3Dshare%26sh_type%3D4%26thread_id%3D9343&statfrom=login_simple HTTP/1.1" 302 5 "http://www.lszmn.org/home.php?mod=spacecp&ac=plugin&id=qqconnect:spacecp&pluginop=share&sh_type=4&thread_id=9343" "Scrapy/1.7.3 (+https://scrapy.org)" "-"
171.36.96.2 - - [08/Jun/2022:09:24:54 +0800] "GET /forum.php?mod=post&action=reply&fid=51&tid=6876&repquote=4996068&extra=&page=1 HTTP/1.1" 200 5035 "http://www.lszmn.org/forum.php?mod=viewthread&tid=6876" "Scrapy/1.7.3 (+https://scrapy.org)" "-"
111.85.200.238 - - [08/Jun/2022:09:24:54 +0800] "GET /forum.php?mod=viewthread&tid=6876&page=1&authorid=1893 HTTP/1.1" 200 8643 "http://www.lszmn.org/forum.php?mod=viewthread&tid=6876" "Scrapy/1.7.3 (+https://scrapy.org)" "-"
144.255.18.25 - - [08/Jun/2022:09:24:54 +0800] "GET /forum.php?mod=redirect&goto=findpost&ptid=6876&pid=4996068 HTTP/1.1" 301 5 "http://www.lszmn.org/forum.php?mod=viewthread&tid=6876" "Scrapy/1.7.3 (+https://scrapy.org)" "-"
171.36.96.2 - - [08/Jun/2022:09:24:54 +0800] "GET /forum.php?mod=post&action=reply&fid=51&tid=6876&reppost=4992047&extra=&page=1 HTTP/1.1" 200 5032 "http://www.lszmn.org/forum.php?mod=viewthread&tid=6876" "Scrapy/1.7.3 (+https://scrapy.org)" "-"
144.255.18.25 - - [08/Jun/2022:09:24:54 +0800] "GET /home.php?mod=spacecp&ac=share&type=thread&id=6876 HTTP/1.1" 200 4866 "http://www.lszmn.org/forum.php?mod=viewthread&tid=6876" "Scrapy/1.7.3 (+https://scrapy.org)" "-"
144.255.18.25 - - [08/Jun/2022:09:24:55 +0800] "GET /forum.php?mod=viewthread&tid=984 HTTP/1.1" 200 12818 "http://www.lszmn.org/forum.php?mod=viewthread&tid=984" "Scrapy/1.7.3 (+https://scrapy.org)" "-"
111.85.200.238 - - [08/Jun/2022:09:24:55 +0800] "GET /home.php?mod=spacecp&ac=follow&op=relay&tid=6876&from=forum HTTP/1.1" 200 4884 "http://www.lszmn.org/forum.php?mod=viewthread&tid=6876" "Scrapy/1.7.3 (+https://scrapy.org)" "-"
171.36.96.2 - - [08/Jun/2022:09:24:55 +0800] "GET /forum.php?mod=post&action=reply&fid=51&tid=984&extra=&page=1 HTTP/1.1" 200 4992 "http://www.lszmn.org/forum.php?mod=viewthread&tid=984" "Scrapy/1.7.3 (+https://scrapy.org)" "-"
171.36.96.2 - - [08/Jun/2022:09:24:56 +0800] "GET /forum.php?mod=redirect&goto=nextnewset&tid=984 HTTP/1.1" 302 5 "http://www.lszmn.org/forum.php?mod=viewthread&tid=984" "Scrapy/1.7.3 (+https://scrapy.org)" "-"
144.255.18.25 - - [08/Jun/2022:09:24:56 +0800] "GET /connect.php?mod=login&op=init&referer=forum.php%3Fmod%3Dpost%26action%3Dreply%26fid%3D51%26tid%3D6876%26repquote%3D4996068%26extra%3D%26page%3D1&statfrom=login_simple HTTP/1.1" 302 5 "http://www.lszmn.org/forum.php?mod=post&action=reply&fid=51&tid=6876&repquote=4996068&extra=&page=1" "Scrapy/1.7.3 (+https://scrapy.org)" "-"
111.85.200.238 - - [08/Jun/2022:09:24:56 +0800] "GET /forum.php?mod=viewthread&tid=6876&page=1 HTTP/1.1" 200 11833 "http://www.lszmn.org/forum.php?mod=viewthread&tid=6876" "Scrapy/1.7.3 (+https://scrapy.org)" "-"
171.36.96.2 - - [08/Jun/2022:09:24:56 +0800] "GET /connect.php?mod=login&op=init&referer=home.php%3Fmod%3Dspacecp%26ac%3Dshare%26type%3Dthread%26id%3D6876&statfrom=login_simple HTTP/1.1" 302 5 "http://www.lszmn.org/home.php?mod=spacecp&ac=share&type=thread&id=6876" "Scrapy/1.7.3 (+https://scrapy.org)" "-"
124.89.89.156 - - [08/Jun/2022:09:24:56 +0800] "GET /forum.php?mod=attachment&aid=MzAyNnxjMTUwODA4N3wxNjU0NjUxNDQ1fDB8OTM0Mw%3D%3D&nothumb=yes HTTP/1.1" 200 477966 "http://www.lszmn.org/forum.php?mod=viewthread&tid=9343" "Scrapy/1.7.3 (+https://scrapy.org)" "-"
171.36.96.2 - - [08/Jun/2022:09:24:56 +0800] "GET /forum.php?mod=redirect&goto=nextoldset&tid=984 HTTP/1.1" 302 5 "http://www.lszmn.org/forum.php?mod=viewthread&tid=984" "Scrapy/1.7.3 (+https://scrapy.org)" "-"
144.255.18.25 - - [08/Jun/2022:09:24:56 +0800] "GET /connect.php?mod=login&op=init&referer=forum.php%3Fmod%3Dviewthread%26tid%3D6876%26page%3D1%26authorid%3D1893&statfrom=login_simple HTTP/1.1" 302 5 "http://www.lszmn.org/forum.php?mod=viewthread&tid=6876&page=1&authorid=1893" "Scrapy/1.7.3 (+https://scrapy.org)" "-"
111.85.200.238 - - [08/Jun/2022:09:24:56 +0800] "GET /forum.php?mod=viewthread&tid=984&page=2 HTTP/1.1" 200 11859 "http://www.lszmn.org/forum.php?mod=viewthread&tid=984" "Scrapy/1.7.3 (+https://scrapy.org)" "-"
171.36.96.2 - - [08/Jun/2022:09:24:57 +0800] "GET /connect.php?mod=login&op=init&referer=home.php%3Fmod%3Dspacecp%26ac%3Dfollow%26op%3Drelay%26tid%3D6876%26from%3Dforum&statfrom=login_simple HTTP/1.1" 302 5 "http://www.lszmn.org/home.php?mod=spacecp&ac=follow&op=relay&tid=6876&from=forum" "Scrapy/1.7.3 (+https://scrapy.org)" "-"
144.255.18.25 - - [08/Jun/2022:09:24:57 +0800] "GET /forum.php?mod=viewthread&tid=9315 HTTP/1.1" 200 9771 "http://www.lszmn.org/forum.php?mod=viewthread&tid=984" "Scrapy/1.7.3 (+https://scrapy.org)" "-"
111.85.200.238 - - [08/Jun/2022:09:24:57 +0800] "GET /connect.php?mod=login&op=init&referer=forum.php%3Fmod%3Dpost%26action%3Dreply%26fid%3D51%26tid%3D6876%26reppost%3D4992047%26extra%3D%26page%3D1&statfrom=login_simple HTTP/1.1" 302 5 "http://www.lszmn.org/forum.php?mod=post&action=reply&fid=51&tid=6876&reppost=4992047&extra=&page=1" "Scrapy/1.7.3 (+https://scrapy.org)" "-"
111.85.200.238 - - [08/Jun/2022:09:24:57 +0800] "GET /connect.php?mod=login&op=init&referer=forum.php%3Fmod%3Dviewthread%26tid%3D6876%26page%3D1&statfrom=login HTTP/1.1" 302 5 "http://www.lszmn.org/forum.php?mod=viewthread&tid=6876&page=1" "Scrapy/1.7.3 (+https://scrapy.org)" "-"
171.36.96.2 - - [08/Jun/2022:09:24:57 +0800] "GET /forum.php?mod=viewthread&tid=6876 HTTP/1.1" 200 11819 "http://www.lszmn.org/forum.php?mod=viewthread&tid=984" "Scrapy/1.7.3 (+https://scrapy.org)" "-"
144.255.18.25 - - [08/Jun/2022:09:24:58 +0800] "GET /connect.php?mod=login&op=init&referer=forum.php%3Fmod%3Dviewthread%26tid%3D6876%26page%3D1&statfrom=login_simple HTTP/1.1" 302 5 "http://www.lszmn.org/forum.php?mod=viewthread&tid=6876&page=1" "Scrapy/1.7.3 (+https://scrapy.org)" "-"
144.255.18.25 - - [08/Jun/2022:09:24:58 +0800] "GET /connect.php?mod=login&op=init&referer=forum.php%3Fmod%3Dviewthread%26tid%3D6876%26page%3D1%26authorid%3D1893&statfrom=login HTTP/1.1" 302 5 "http://www.lszmn.org/forum.php?mod=viewthread&tid=6876&page=1&authorid=1893" "Scrapy/1.7.3 (+https://scrapy.org)" "-"
171.36.96.2 - - [08/Jun/2022:09:25:00 +0800] "GET /forum.php?mod=viewthread&tid=6876&page=1 HTTP/1.1" 200 11835 "http://www.lszmn.org/forum.php?mod=viewthread&tid=6876&page=1&authorid=1893" "Scrapy/1.7.3 (+https://scrapy.org)" "-"
1.85.216.86 - - [08/Jun/2022:09:25:00 +0800] "GET /forum.php?mod=attachment&aid=MzAyNnwyOWFjZDc3NnwxNjU0NjUxNDkwfDB8OTM0Mw%3D%3D&nothumb=yes HTTP/1.1" 200 477966 "http://www.lszmn.org/forum.php?mod=viewthread&tid=9343&page=1&authorid=1" "Scrapy/1.7.3 (+https://scrapy.org)" "-"
144.255.18.25 - - [08/Jun/2022:09:25:00 +0800] "GET /forum.php?mod=viewthread&tid=984&extra=&page=7 HTTP/1.1" 302 5 "http://www.lszmn.org/forum.php?mod=viewthread&tid=984" "Scrapy/1.7.3 (+https://scrapy.org)" "-"
171.36.96.2 - - [08/Jun/2022:09:25:01 +0800] "GET /forum.php?mod=viewthread&tid=984&extra=&page=6 HTTP/1.1" 200 11361 "http://www.lszmn.org/forum.php?mod=viewthread&tid=984" "Scrapy/1.7.3 (+https://scrapy.org)" "-"
144.255.18.25 - - [08/Jun/2022:09:25:01 +0800] "GET /forum.php?mod=viewthread&tid=984&extra=&page=5 HTTP/1.1" 200 12300 "http://www.lszmn.org/forum.php?mod=viewthread&tid=984" "Scrapy/1.7.3 (+https://scrapy.org)" "-"
124.89.89.156 - - [08/Jun/2022:09:25:02 +0800] "GET /forum.php?mod=viewthread&tid=984&extra=&page=3 HTTP/1.1" 200 11909 "http://www.lszmn.org/forum.php?mod=viewthread&tid=984" "Scrapy/1.7.3 (+https://scrapy.org)" "-"
171.36.96.2 - - [08/Jun/2022:09:25:02 +0800] "GET /forum.php?mod=viewthread&tid=984&extra=&page=4 HTTP/1.1" 200 12041 "http://www.lszmn.org/forum.php?mod=viewthread&tid=984" "Scrapy/1.7.3 (+https://scrapy.org)" "-"
144.255.18.25 - - [08/Jun/2022:09:25:02 +0800] "GET /forum.php?mod=viewthread&tid=984&extra=&page=2 HTTP/1.1" 200 11876 "http://www.lszmn.org/forum.php?mod=viewthread&tid=984" "Scrapy/1.7.3 (+https://scrapy.org)" "-"
171.36.96.2 - - [08/Jun/2022:09:25:03 +0800] "GET /forum.php?mod=viewthread&tid=984 HTTP/1.1" 200 12809 "http://www.lszmn.org/forum.php?mod=viewthread&tid=984" "Scrapy/1.7.3 (+https://scrapy.org)" "-"
144.255.18.25 - - [08/Jun/2022:09:25:03 +0800] "GET /connect.php?mod=login&op=init&referer=forum.php%3Fmod%3Dviewthread%26tid%3D984&statfrom=login HTTP/1.1" 302 5 "http://www.lszmn.org/forum.php?mod=viewthread&tid=984" "Scrapy/1.7.3 (+https://scrapy.org)" "-"
171.36.96.2 - - [08/Jun/2022:09:25:03 +0800] "GET /forum.php?mod=post&action=reply&fid=51&tid=984 HTTP/1.1" 200 4967 "http://www.lszmn.org/forum.php?mod=viewthread&tid=984" "Scrapy/1.7.3 (+https://scrapy.org)" "-"
124.89.89.156 - - [08/Jun/2022:09:25:03 +0800] "GET /forum.php?mod=misc&action=postreview&do=against&tid=984&pid=6174335&hash=df2537e5 HTTP/1.1" 200 5024 "http://www.lszmn.org/forum.php?mod=viewthread&tid=984" "Scrapy/1.7.3 (+https://scrapy.org)" "-"
144.255.18.25 - - [08/Jun/2022:09:25:03 +0800] "GET /forum.php?mod=misc&action=postreview&do=support&tid=984&pid=6174335&hash=df2537e5 HTTP/1.1" 200 5023 "http://www.lszmn.org/forum.php?mod=viewthread&tid=984" "Scrapy/1.7.3 (+https://scrapy.org)" "-"
36.248.88.184 - - [08/Jun/2022:09:25:04 +0800] "GET /forum.php?mod=attachment&aid=Mjg2OXw5ZTBhODYxZnwxNjU0NjUxNDg2fDB8OTMxNQ%3D%3D&nothumb=yes HTTP/1.1" 200 474576 "http://www.lszmn.org/forum.php?mod=viewthread&tid=9315" "Scrapy/1.7.3 (+https://scrapy.org)" "-"
144.255.18.25 - - [08/Jun/2022:09:25:04 +0800] "GET /forum.php?mod=redirect&goto=findpost&pid=6174290&ptid=984 HTTP/1.1" 301 5 "http://www.lszmn.org/forum.php?mod=viewthread&tid=984" "Scrapy/1.7.3 (+https://scrapy.org)" "-"
124.89.89.156 - - [08/Jun/2022:09:25:04 +0800] "GET /forum.php?mod=redirect&goto=findpost&ptid=984&pid=6174335 HTTP/1.1" 301 5 "http://www.lszmn.org/forum.php?mod=viewthread&tid=984" "Scrapy/1.7.3 (+https://scrapy.org)" "-"
171.36.96.2 - - [08/Jun/2022:09:25:04 +0800] "GET /forum.php?mod=misc&action=postreview&do=against&tid=984&pid=6174290&hash=df2537e5 HTTP/1.1" 200 5023 "http://www.lszmn.org/forum.php?mod=viewthread&tid=984" "Scrapy/1.7.3 (+https://scrapy.org)" "-"
117.25.124.100 - - [08/Jun/2022:09:25:04 +0800] "GET /forum.php?mod=post&action=reply&fid=51&tid=984&repquote=6174335&extra=&page=1 HTTP/1.1" 200 5029 "http://www.lszmn.org/forum.php?mod=viewthread&tid=984" "Scrapy/1.7.3 (+https://scrapy.org)" "-"
144.255.18.25 - - [08/Jun/2022:09:25:04 +0800] "GET /forum.php?mod=misc&action=postreview&do=support&tid=984&pid=6174290&hash=df2537e5 HTTP/1.1" 200 5022 "http://www.lszmn.org/forum.php?mod=viewthread&tid=984" "Scrapy/1.7.3 (+https://scrapy.org)" "-"
175.152.33.44 - - [08/Jun/2022:09:25:04 +0800] "GET /forum.php?mod=attachment&aid=MzAyNnxhMDFmNTQzZnwxNjU0NjUxNDg5fDB8OTM0Mw%3D%3D&nothumb=yes HTTP/1.1" 200 477966 "http://www.lszmn.org/forum.php?mod=viewthread&tid=9343&extra=&ordertype=1" "Scrapy/1.7.3 (+https://scrapy.org)" "-"
124.89.89.156 - - [08/Jun/2022:09:25:04 +0800] "GET /forum.php?mod=post&action=reply&fid=51&tid=984&repquote=6174290&extra=&page=1 HTTP/1.1" 200 5028 "http://www.lszmn.org/forum.php?mod=viewthread&tid=984" "Scrapy/1.7.3 (+https://scrapy.org)" "-"
171.36.96.2 - - [08/Jun/2022:09:25:04 +0800] "GET /forum.php?mod=redirect&goto=findpost&ptid=984&pid=6174290 HTTP/1.1" 301 5 "http://www.lszmn.org/forum.php?mod=viewthread&tid=984" "Scrapy/1.7.3 (+https://scrapy.org)" "-"
144.255.18.25 - - [08/Jun/2022:09:25:04 +0800] "GET /forum.php?mod=misc&action=postreview&do=against&tid=984&pid=6174262&hash=df2537e5 HTTP/1.1" 200 5023 "http://www.lszmn.org/forum.php?mod=viewthread&tid=984" "Scrapy/1.7.3 (+https://scrapy.org)" "-"
117.25.124.100 - - [08/Jun/2022:09:25:04 +0800] "GET /forum.php?mod=misc&action=postreview&do=support&tid=984&pid=6174262&hash=df2537e5 HTTP/1.1" 200 5023 "http://www.lszmn.org/forum.php?mod=viewthread&tid=984" "Scrapy/1.7.3 (+https://scrapy.org)" "-"
124.89.89.156 - - [08/Jun/2022:09:25:04 +0800] "GET /forum.php?mod=redirect&goto=findpost&pid=6174185&ptid=984 HTTP/1.1" 301 5 "http://www.lszmn.org/forum.php?mod=viewthread&tid=984" "Scrapy/1.7.3 (+https://scrapy.org)" "-"
171.36.96.2 - - [08/Jun/2022:09:25:04 +0800] "GET /forum.php?mod=post&action=reply&fid=51&tid=984&repquote=6174262&extra=&page=1 HTTP/1.1" 200 5029 "http://www.lszmn.org/forum.php?mod=viewthread&tid=984" "Scrapy/1.7.3 (+https://scrapy.org)" "-"
60.17.99.5 - - [08/Jun/2022:09:25:05 +0800] "GET /forum.php?mod=viewthread&tid=984&page=1 HTTP/1.1" 200 12829 "http://www.lszmn.org/forum.php?mod=viewthread&tid=984" "Scrapy/1.7.3 (+https://scrapy.org)" "-"
117.25.124.100 - - [08/Jun/2022:09:25:05 +0800] "GET /forum.php?mod=redirect&goto=findpost&ptid=984&pid=6174262 HTTP/1.1" 301 5 "http://www.lszmn.org/forum.php?mod=viewthread&tid=984" "Scrapy/1.7.3 (+https://scrapy.org)" "-"
144.255.18.25 - - [08/Jun/2022:09:25:05 +0800] "GET /forum.php?mod=viewthread&tid=984&page=1 HTTP/1.1" 200 12829 "http://www.lszmn.org/forum.php?mod=viewthread&tid=984" "Scrapy/1.7.3 (+https://scrapy.org)" "-"
124.89.89.156 - - [08/Jun/2022:09:25:05 +0800] "GET /forum.php?mod=misc&action=postreview&do=against&tid=984&pid=6174185&hash=df2537e5 HTTP/1.1" 200 5024 "http://www.lszmn.org/forum.php?mod=viewthread&tid=984" "Scrapy/1.7.3 (+https://scrapy.org)" "-"
171.36.96.2 - - [08/Jun/2022:09:25:05 +0800] "GET /forum.php?mod=misc&action=postreview&do=support&tid=984&pid=6174185&hash=df2537e5 HTTP/1.1" 200 5024 "http://www.lszmn.org/forum.php?mod=viewthread&tid=984" "Scrapy/1.7.3 (+https://scrapy.org)" "-"
117.25.124.100 - - [08/Jun/2022:09:25:05 +0800] "GET /forum.php?mod=viewthread&tid=984&page=1 HTTP/1.1" 200 12828 "http://www.lszmn.org/forum.php?mod=viewthread&tid=984" "Scrapy/1.7.3 (+https://scrapy.org)" "-"
124.89.89.156 - - [08/Jun/2022:09:25:05 +0800] "GET /forum.php?mod=post&action=reply&fid=51&tid=984&repquote=6174185&extra=&page=1 HTTP/1.1" 200 5030 "http://www.lszmn.org/forum.php?mod=viewthread&tid=984" "Scrapy/1.7.3 (+https://scrapy.org)" "-"
171.36.96.2 - - [08/Jun/2022:09:25:05 +0800] "GET /forum.php?mod=redirect&goto=findpost&pid=6174101&ptid=984 HTTP/1.1" 301 5 "http://www.lszmn.org/forum.php?mod=viewthread&tid=984" "Scrapy/1.7.3 (+https://scrapy.org)" "-"
60.17.99.5 - - [08/Jun/2022:09:25:05 +0800] "GET /forum.php?mod=redirect&goto=findpost&ptid=984&pid=6174185 HTTP/1.1" 301 5 "http://www.lszmn.org/forum.php?mod=viewthread&tid=984" "Scrapy/1.7.3 (+https://scrapy.org)" "-"
124.89.89.156 - - [08/Jun/2022:09:25:05 +0800] "GET /forum.php?mod=misc&action=postreview&do=against&tid=984&pid=6174175&hash=df2537e5 HTTP/1.1" 200 5023 "http://www.lszmn.org/forum.php?mod=viewthread&tid=984" "Scrapy/1.7.3 (+https://scrapy.org)" "-"
171.36.96.2 - - [08/Jun/2022:09:25:05 +0800] "GET /forum.php?mod=viewthread&tid=984&page=1 HTTP/1.1" 200 12828 "http://www.lszmn.org/forum.php?mod=viewthread&tid=984" "Scrapy/1.7.3 (+https://scrapy.org)" "-"
60.17.99.5 - - [08/Jun/2022:09:25:06 +0800] "GET /forum.php?mod=misc&action=postreview&do=support&tid=984&pid=6174175&hash=df2537e5 HTTP/1.1" 200 5022 "http://www.lszmn.org/forum.php?mod=viewthread&tid=984" "Scrapy/1.7.3 (+https://scrapy.org)" "-"
171.36.96.2 - - [08/Jun/2022:09:25:06 +0800] "GET /forum.php?mod=post&action=reply&fid=51&tid=984&repquote=6174175&extra=&page=1 HTTP/1.1" 200 5027 "http://www.lszmn.org/forum.php?mod=viewthread&tid=984" "Scrapy/1.7.3 (+https://scrapy.org)" "-"
124.89.89.156 - - [08/Jun/2022:09:25:06 +0800] "GET /forum.php?mod=viewthread&tid=984&page=1 HTTP/1.1" 200 12827 "http://www.lszmn.org/forum.php?mod=viewthread&tid=984" "Scrapy/1.7.3 (+https://scrapy.org)" "-"
144.255.18.25 - - [08/Jun/2022:09:25:06 +0800] "GET /forum.php?mod=redirect&goto=findpost&ptid=984&pid=6174175 HTTP/1.1" 301 5 "http://www.lszmn.org/forum.php?mod=viewthread&tid=984" "Scrapy/1.7.3 (+https://scrapy.org)" "-"
144.255.18.25 - - [08/Jun/2022:09:25:06 +0800] "GET /forum.php?mod=post&action=reply&fid=51&tid=984&repquote=6174160&extra=&page=1 HTTP/1.1" 200 5028 "http://www.lszmn.org/forum.php?mod=viewthread&tid=984" "Scrapy/1.7.3 (+https://scrapy.org)" "-"
110.167.215.225 - - [08/Jun/2022:09:25:06 +0800] "GET /forum.php?mod=misc&action=postreview&do=against&tid=984&pid=6174160&hash=df2537e5 HTTP/1.1" 200 5023 "http://www.lszmn.org/forum.php?mod=viewthread&tid=984" "Scrapy/1.7.3 (+https://scrapy.org)" "-"
117.25.124.100 - - [08/Jun/2022:09:25:06 +0800] "GET /forum.php?mod=misc&action=postreview&do=support&tid=984&pid=6174160&hash=df2537e5 HTTP/1.1" 200 5022 "http://www.lszmn.org/forum.php?mod=viewthread&tid=984" "Scrapy/1.7.3 (+https://scrapy.org)" "-"
171.36.96.2 - - [08/Jun/2022:09:25:07 +0800] "GET /forum.php?mod=redirect&goto=findpost&ptid=984&pid=6174160 HTTP/1.1" 301 5 "http://www.lszmn.org/forum.php?mod=viewthread&tid=984" "Scrapy/1.7.3 (+https://scrapy.org)" "-"
144.255.18.25 - - [08/Jun/2022:09:25:07 +0800] "GET /forum.php?mod=viewthread&tid=984&page=1 HTTP/1.1" 200 12827 "http://www.lszmn.org/forum.php?mod=viewthread&tid=984" "Scrapy/1.7.3 (+https://scrapy.org)" "-"
110.167.215.225 - - [08/Jun/2022:09:25:07 +0800] "GET /forum.php?mod=misc&action=postreview&do=support&tid=984&pid=6174144&hash=df2537e5 HTTP/1.1" 200 5020 "http://www.lszmn.org/forum.php?mod=viewthread&tid=984" "Scrapy/1.7.3 (+https://scrapy.org)" "-"
60.17.99.5 - - [08/Jun/2022:09:25:07 +0800] "GET /forum.php?mod=viewthread&tid=984&page=1 HTTP/1.1" 200 12827 "http://www.lszmn.org/forum.php?mod=viewthread&tid=984" "Scrapy/1.7.3 (+https://scrapy.org)" "-"
14.204.44.34 - - [08/Jun/2022:09:25:07 +0800] "GET /forum.php?mod=misc&action=postreview&do=against&tid=984&pid=6174144&hash=df2537e5 HTTP/1.1" 200 5021 "http://www.lszmn.org/forum.php?mod=viewthread&tid=984" "Scrapy/1.7.3 (+https://scrapy.org)" "-"
124.89.89.156 - - [08/Jun/2022:09:25:07 +0800] "GET /forum.php?mod=post&action=reply&fid=51&tid=984&repquote=6174144&extra=&page=1 HTTP/1.1" 200 5027 "http://www.lszmn.org/forum.php?mod=viewthread&tid=984" "Scrapy/1.7.3 (+https://scrapy.org)" "-"
171.36.96.2 - - [08/Jun/2022:09:25:07 +0800] "GET /forum.php?mod=redirect&goto=findpost&pid=6174114&ptid=984 HTTP/1.1" 301 5 "http://www.lszmn.org/forum.php?mod=viewthread&tid=984" "Scrapy/1.7.3 (+https://scrapy.org)" "-"
14.204.44.34 - - [08/Jun/2022:09:25:07 +0800] "GET /forum.php?mod=redirect&goto=findpost&ptid=984&pid=6174144 HTTP/1.1" 301 5 "http://www.lszmn.org/forum.php?mod=viewthread&tid=984" "Scrapy/1.7.3 (+https://scrapy.org)" "-"
110.167.215.225 - - [08/Jun/2022:09:25:07 +0800] "GET /forum.php?mod=viewthread&tid=984&page=1 HTTP/1.1" 200 12827 "http://www.lszmn.org/forum.php?mod=viewthread&tid=984" "Scrapy/1.7.3 (+https://scrapy.org)" "-"
144.255.18.25 - - [08/Jun/2022:09:25:07 +0800] "GET /forum.php?mod=misc&action=postreview&do=against&tid=984&pid=6174114&hash=df2537e5 HTTP/1.1" 200 5021 "http://www.lszmn.org/forum.php?mod=viewthread&tid=984" "Scrapy/1.7.3 (+https://scrapy.org)" "-"
14.204.44.34 - - [08/Jun/2022:09:25:07 +0800] "GET /forum.php?mod=misc&action=postreview&do=against&tid=984&pid=6174101&hash=df2537e5 HTTP/1.1" 200 5024 "http://www.lszmn.org/forum.php?mod=viewthread&tid=984" "Scrapy/1.7.3 (+https://scrapy.org)" "-"
110.167.215.225 - - [08/Jun/2022:09:25:07 +0800] "GET /forum.php?mod=misc&action=postreview&do=support&tid=984&pid=6174101&hash=df2537e5 HTTP/1.1" 200 5023 "http://www.lszmn.org/forum.php?mod=viewthread&tid=984" "Scrapy/1.7.3 (+https://scrapy.org)" "-"
171.36.96.2 - - [08/Jun/2022:09:25:07 +0800] "GET /forum.php?mod=redirect&goto=findpost&ptid=984&pid=6174114 HTTP/1.1" 301 5 "http://www.lszmn.org/forum.php?mod=viewthread&tid=984" "Scrapy/1.7.3 (+https://scrapy.org)" "-"
124.89.89.156 - - [08/Jun/2022:09:25:08 +0800] "GET /forum.php?mod=post&action=reply&fid=51&tid=984&repquote=6174114&extra=&page=1 HTTP/1.1" 200 5027 "http://www.lszmn.org/forum.php?mod=viewthread&tid=984" "Scrapy/1.7.3 (+https://scrapy.org)" "-"
117.25.124.100 - - [08/Jun/2022:09:25:08 +0800] "GET /forum.php?mod=misc&action=postreview&do=support&tid=984&pid=6174114&hash=df2537e5 HTTP/1.1" 200 5020 "http://www.lszmn.org/forum.php?mod=viewthread&tid=984" "Scrapy/1.7.3 (+https://scrapy.org)" "-"
171.36.96.2 - - [08/Jun/2022:09:25:08 +0800] "GET /forum.php?mod=viewthread&tid=984&page=1 HTTP/1.1" 200 12827 "http://www.lszmn.org/forum.php?mod=viewthread&tid=984" "Scrapy/1.7.3 (+https://scrapy.org)" "-"
60.17.99.5 - - [08/Jun/2022:09:25:08 +0800] "GET /forum.php?mod=viewthread&tid=984&page=1 HTTP/1.1" 200 12827 "http://www.lszmn.org/forum.php?mod=viewthread&tid=984" "Scrapy/1.7.3 (+https://scrapy.org)" "-"
124.89.89.156 - - [08/Jun/2022:09:25:08 +0800] "GET /forum.php?mod=redirect&goto=findpost&ptid=984&pid=6174101 HTTP/1.1" 301 5 "http://www.lszmn.org/forum.php?mod=viewthread&tid=984" "Scrapy/1.7.3 (+https://scrapy.org)" "-"
110.167.215.225 - - [08/Jun/2022:09:25:08 +0800] "GET /forum.php?mod=viewthread&tid=984&page=1 HTTP/1.1" 200 12827 "http://www.lszmn.org/forum.php?mod=viewthread&tid=984" "Scrapy/1.7.3 (+https://scrapy.org)" "-"
14.204.44.34 - - [08/Jun/2022:09:25:08 +0800] "GET /forum.php?mod=post&action=reply&fid=51&tid=984&repquote=6174101&extra=&page=1 HTTP/1.1" 200 5028 "http://www.lszmn.org/forum.php?mod=viewthread&tid=984" "Scrapy/1.7.3 (+https://scrapy.org)" "-"
144.255.18.25 - - [08/Jun/2022:09:25:08 +0800] "GET /home.php?mod=spacecp&ac=share&type=thread&id=984 HTTP/1.1" 200 4858 "http://www.lszmn.org/forum.php?mod=viewthread&tid=984" "Scrapy/1.7.3 (+https://scrapy.org)" "-"
117.25.124.100 - - [08/Jun/2022:09:25:08 +0800] "GET /forum.php?mod=post&action=reply&fid=51&tid=984&reppost=1060&extra=&page=1 HTTP/1.1" 200 5016 "http://www.lszmn.org/forum.php?mod=viewthread&tid=984" "Scrapy/1.7.3 (+https://scrapy.org)" "-"
144.255.18.25 - - [08/Jun/2022:09:25:09 +0800] "GET /connect.php?mod=login&op=init&referer=forum.php%3Fmod%3Dviewthread%26tid%3D984&statfrom=login_simple HTTP/1.1" 302 5 "http://www.lszmn.org/forum.php?mod=viewthread&tid=984" "Scrapy/1.7.3 (+https://scrapy.org)" "-"
171.36.96.2 - - [08/Jun/2022:09:25:09 +0800] "GET /home.php?mod=spacecp&ac=favorite&type=thread&id=984 HTTP/1.1" 200 4864 "http://www.lszmn.org/forum.php?mod=viewthread&tid=984" "Scrapy/1.7.3 (+https://scrapy.org)" "-"
124.89.89.156 - - [08/Jun/2022:09:25:09 +0800] "GET /home.php?mod=spacecp&ac=follow&op=relay&tid=984&from=forum HTTP/1.1" 200 4884 "http://www.lszmn.org/forum.php?mod=viewthread&tid=984" "Scrapy/1.7.3 (+https://scrapy.org)" "-"
110.167.215.225 - - [08/Jun/2022:09:25:09 +0800] "GET /home.php?mod=spacecp&ac=plugin&id=qqconnect:spacecp&pluginop=share&sh_type=4&thread_id=984 HTTP/1.1" 200 4941 "http://www.lszmn.org/forum.php?mod=viewthread&tid=984" "Scrapy/1.7.3 (+https://scrapy.org)" "-"
117.25.124.100 - - [08/Jun/2022:09:25:09 +0800] "GET /forum.php?mod=viewthread&tid=984&page=1&authorid=1 HTTP/1.1" 200 9111 "http://www.lszmn.org/forum.php?mod=viewthread&tid=984" "Scrapy/1.7.3 (+https://scrapy.org)" "-"
14.204.44.34 - - [08/Jun/2022:09:25:09 +0800] "GET /forum.php?mod=viewthread&tid=984&extra=&ordertype=1 HTTP/1.1" 200 13384 "http://www.lszmn.org/forum.php?mod=viewthread&tid=984" "Scrapy/1.7.3 (+https://scrapy.org)" "-"
60.17.99.5 - - [08/Jun/2022:09:25:09 +0800] "GET /forum.php?mod=viewthread&tid=984&page=1 HTTP/1.1" 200 12826 "http://www.lszmn.org/forum.php?mod=viewthread&tid=984" "Scrapy/1.7.3 (+https://scrapy.org)" "-"
