123.144.25.223 - - [08/Jun/2022:09:31:09 +0800] "GET /forum.php?mod=viewthread&tid=8321&extra=&page=2 HTTP/1.1" 200 5003 "http://www.lszmn.org/forum.php?mod=viewthread&tid=8321" "Scrapy/1.7.3 (+https://scrapy.org)" "-"
36.106.167.96 - - [08/Jun/2022:09:31:09 +0800] "GET /connect.php?mod=login&op=init&referer=forum.php%3Fmod%3Dviewthread%26tid%3D8321&statfrom=login HTTP/1.1" 302 5 "http://www.lszmn.org/forum.php?mod=viewthread&tid=8321" "Scrapy/1.7.3 (+https://scrapy.org)" "-"
124.235.138.161 - - [08/Jun/2022:09:31:10 +0800] "GET /forum.php?mod=viewthread&tid=8321&extra=&page=3 HTTP/1.1" 200 12206 "http://www.lszmn.org/forum.php?mod=viewthread&tid=8321" "Scrapy/1.7.3 (+https://scrapy.org)" "-"
40.77.167.60 - - [08/Jun/2022:09:31:10 +0800] "GET /forum.php?mod=viewthread&tid=1048&extra=&page=142 HTTP/1.1" 200 9735 "-" "Mozilla/5.0 (compatible; bingbot/2.0; +http://www.bing.com/bingbot.htm)" "-"
36.106.167.96 - - [08/Jun/2022:09:31:10 +0800] "GET /forum.php?mod=post&action=reply&fid=42&tid=8321&reppost=6878274&extra=&page=1 HTTP/1.1" 200 5028 "http://www.lszmn.org/forum.php?mod=viewthread&tid=8321" "Scrapy/1.7.3 (+https://scrapy.org)" "-"
175.184.165.232 - - [08/Jun/2022:09:31:10 +0800] "GET /forum.php?mod=post&action=reply&fid=42&tid=8321 HTTP/1.1" 200 4968 "http://www.lszmn.org/forum.php?mod=viewthread&tid=8321" "Scrapy/1.7.3 (+https://scrapy.org)" "-"
36.106.167.96 - - [08/Jun/2022:09:31:10 +0800] "GET /home.php?mod=spacecp&ac=share&type=thread&id=8321 HTTP/1.1" 200 4866 "http://www.lszmn.org/forum.php?mod=viewthread&tid=8321" "Scrapy/1.7.3 (+https://scrapy.org)" "-"
124.235.138.161 - - [08/Jun/2022:09:31:10 +0800] "GET /home.php?mod=spacecp&ac=follow&op=relay&tid=8321&from=forum HTTP/1.1" 200 4885 "http://www.lszmn.org/forum.php?mod=viewthread&tid=8321" "Scrapy/1.7.3 (+https://scrapy.org)" "-"
175.184.165.232 - - [08/Jun/2022:09:31:10 +0800] "GET /home.php?mod=spacecp&ac=favorite&type=thread&id=8321 HTTP/1.1" 200 4872 "http://www.lszmn.org/forum.php?mod=viewthread&tid=8321" "Scrapy/1.7.3 (+https://scrapy.org)" "-"
111.224.235.235 - - [08/Jun/2022:09:31:10 +0800] "GET /home.php?mod=spacecp&ac=plugin&id=qqconnect:spacecp&pluginop=share&sh_type=4&thread_id=8321 HTTP/1.1" 200 4949 "http://www.lszmn.org/forum.php?mod=viewthread&tid=8321" "Scrapy/1.7.3 (+https://scrapy.org)" "-"
36.106.167.96 - - [08/Jun/2022:09:31:10 +0800] "GET /forum.php?mod=viewthread&tid=8321&extra=&ordertype=1 HTTP/1.1" 200 12137 "http://www.lszmn.org/forum.php?mod=viewthread&tid=8321" "Scrapy/1.7.3 (+https://scrapy.org)" "-"
36.106.167.96 - - [08/Jun/2022:09:31:11 +0800] "GET /forum.php?mod=redirect&goto=nextnewset&tid=9349 HTTP/1.1" 302 5 "http://www.lszmn.org/forum.php?mod=viewthread&tid=9349" "Scrapy/1.7.3 (+https://scrapy.org)" "-"
124.235.138.161 - - [08/Jun/2022:09:31:11 +0800] "GET /forum.php?mod=redirect&goto=nextoldset&tid=9349 HTTP/1.1" 302 5 "http://www.lszmn.org/forum.php?mod=viewthread&tid=9349" "Scrapy/1.7.3 (+https://scrapy.org)" "-"
175.184.165.232 - - [08/Jun/2022:09:31:11 +0800] "GET /connect.php?mod=login&op=init&referer=forum.php%3Fmod%3Dviewthread%26tid%3D8311&statfrom=login_simple HTTP/1.1" 302 5 "http://www.lszmn.org/forum.php?mod=viewthread&tid=8311" "Scrapy/1.7.3 (+https://scrapy.org)" "-"
111.224.235.235 - - [08/Jun/2022:09:31:11 +0800] "GET /forum.php?mod=viewthread&tid=8321&page=1&authorid=1893 HTTP/1.1" 200 12030 "http://www.lszmn.org/forum.php?mod=viewthread&tid=8321" "Scrapy/1.7.3 (+https://scrapy.org)" "-"
36.106.167.96 - - [08/Jun/2022:09:31:11 +0800] "GET /connect.php?mod=login&op=init&referer=forum.php%3Fmod%3Dviewthread%26tid%3D9316&statfrom=login_simple HTTP/1.1" 302 5 "http://www.lszmn.org/forum.php?mod=viewthread&tid=9316" "Scrapy/1.7.3 (+https://scrapy.org)" "-"
175.184.165.232 - - [08/Jun/2022:09:31:11 +0800] "GET /forum.php?mod=redirect&goto=nextnewset&tid=9346 HTTP/1.1" 302 5 "http://www.lszmn.org/forum.php?mod=viewthread&tid=9346" "Scrapy/1.7.3 (+https://scrapy.org)" "-"
124.235.138.161 - - [08/Jun/2022:09:31:11 +0800] "GET /forum.php?mod=post&action=reply&fid=5&tid=9346&extra=&page=1 HTTP/1.1" 200 4987 "http://www.lszmn.org/forum.php?mod=viewthread&tid=9346" "Scrapy/1.7.3 (+https://scrapy.org)" "-"
111.224.235.235 - - [08/Jun/2022:09:31:11 +0800] "GET /home.php?mod=spacecp&ac=favorite&type=forum&id=42&handlekey=favoriteforum HTTP/1.1" 200 4888 "http://www.lszmn.org/forum.php?mod=viewthread&tid=8318" "Scrapy/1.7.3 (+https://scrapy.org)" "-"
113.206.181.38 - - [08/Jun/2022:09:31:11 +0800] "GET /forum.php?mod=viewthread&tid=8318&page=2 HTTP/1.1" 200 4989 "http://www.lszmn.org/forum.php?mod=viewthread&tid=8318" "Scrapy/1.7.3 (+https://scrapy.org)" "-"
36.106.167.96 - - [08/Jun/2022:09:31:11 +0800] "GET /forum.php?mod=viewthread&tid=8318&extra=&page=2 HTTP/1.1" 200 5005 "http://www.lszmn.org/forum.php?mod=viewthread&tid=8318" "Scrapy/1.7.3 (+https://scrapy.org)" "-"
111.224.235.235 - - [08/Jun/2022:09:31:12 +0800] "GET /home.php?mod=spacecp&ac=credit&op=rule&fid=42 HTTP/1.1" 200 4857 "http://www.lszmn.org/forum.php?mod=viewthread&tid=8318" "Scrapy/1.7.3 (+https://scrapy.org)" "-"
142.44.203.5 - - [08/Jun/2022:09:31:12 +0800] "GET /member.php?mod=register HTTP/1.1" 302 5 "http://www.lszmn.org/" "Mozilla/5.0 (Macintosh; Intel Mac OS X 10_13_2) AppleWebKit/537.36 (KHTML, like Gecko) Chrome/66.0.3359.181 Safari/537.36" "-"
175.184.165.232 - - [08/Jun/2022:09:31:12 +0800] "GET /forum.php?mod=viewthread&tid=9346 HTTP/1.1" 200 13970 "http://www.lszmn.org/forum.php?mod=viewthread&tid=9349" "Scrapy/1.7.3 (+https://scrapy.org)" "-"
36.106.167.96 - - [08/Jun/2022:09:31:12 +0800] "GET /connect.php?mod=login&op=init&referer=forum.php%3Fmod%3Dviewthread%26tid%3D8318&statfrom=login HTTP/1.1" 302 5 "http://www.lszmn.org/forum.php?mod=viewthread&tid=8318" "Scrapy/1.7.3 (+https://scrapy.org)" "-"
110.87.132.118 - - [08/Jun/2022:09:31:12 +0800] "GET /forum.php?mod=attachment&aid=Mjg3MHwwZjIwZWNjZHwxNjU0NjUxODU1fDB8OTMxNg%3D%3D&nothumb=yes HTTP/1.1" 200 679336 "http://www.lszmn.org/forum.php?mod=viewthread&tid=9316&page=1&authorid=1" "Scrapy/1.7.3 (+https://scrapy.org)" "-"
124.235.138.161 - - [08/Jun/2022:09:31:12 +0800] "GET /forum.php?mod=viewthread&tid=9351 HTTP/1.1" 200 12318 "http://www.lszmn.org/forum.php?mod=viewthread&tid=9349" "Scrapy/1.7.3 (+https://scrapy.org)" "-"
36.106.167.96 - - [08/Jun/2022:09:31:12 +0800] "GET /forum.php?mod=post&action=reply&fid=42&tid=8318&reppost=6878271&extra=&page=1 HTTP/1.1" 200 5028 "http://www.lszmn.org/forum.php?mod=viewthread&tid=8318" "Scrapy/1.7.3 (+https://scrapy.org)" "-"
111.224.235.235 - - [08/Jun/2022:09:31:12 +0800] "GET /forum.php?mod=post&action=reply&fid=42&tid=8318 HTTP/1.1" 200 4967 "http://www.lszmn.org/forum.php?mod=viewthread&tid=8318" "Scrapy/1.7.3 (+https://scrapy.org)" "-"
58.48.158.124 - - [08/Jun/2022:09:31:12 +0800] "GET /forum.php?mod=viewthread&tid=9349 HTTP/1.1" 200 11532 "http://www.lszmn.org/forum.php?mod=viewthread&tid=9346" "Scrapy/1.7.3 (+https://scrapy.org)" "-"
124.235.138.161 - - [08/Jun/2022:09:31:12 +0800] "GET /home.php?mod=spacecp&ac=share&type=thread&id=8318 HTTP/1.1" 200 4867 "http://www.lszmn.org/forum.php?mod=viewthread&tid=8318" "Scrapy/1.7.3 (+https://scrapy.org)" "-"
142.44.203.5 - - [08/Jun/2022:09:31:12 +0800] "GET /connect.php?mod=login&op=init&referer=forum.php&statfrom=login_simple HTTP/1.1" 302 5 "http://www.lszmn.org/member.php?mod=register" "Mozilla/5.0 (Macintosh; Intel Mac OS X 10_13_2) AppleWebKit/537.36 (KHTML, like Gecko) Chrome/66.0.3359.181 Safari/537.36" "-"
36.106.167.96 - - [08/Jun/2022:09:31:13 +0800] "GET /connect.php?mod=login&op=init&referer=home.php%3Fmod%3Dspacecp%26ac%3Dfavorite%26type%3Dforum%26id%3D42%26handlekey%3Dfavoriteforum&statfrom=login_simple HTTP/1.1" 302 5 "http://www.lszmn.org/home.php?mod=spacecp&ac=favorite&type=forum&id=42&handlekey=favoriteforum" "Scrapy/1.7.3 (+https://scrapy.org)" "-"
175.184.165.232 - - [08/Jun/2022:09:31:13 +0800] "GET /home.php?mod=spacecp&ac=follow&op=relay&tid=8318&from=forum HTTP/1.1" 200 4884 "http://www.lszmn.org/forum.php?mod=viewthread&tid=8318" "Scrapy/1.7.3 (+https://scrapy.org)" "-"
113.206.181.38 - - [08/Jun/2022:09:31:13 +0800] "GET /home.php?mod=spacecp&ac=favorite&type=thread&id=8318 HTTP/1.1" 200 4871 "http://www.lszmn.org/forum.php?mod=viewthread&tid=8318" "Scrapy/1.7.3 (+https://scrapy.org)" "-"
58.48.158.124 - - [08/Jun/2022:09:31:13 +0800] "GET /connect.php?mod=login&op=init&referer=forum.php%3Fmod%3Dviewthread%26tid%3D9351&statfrom=login_simple HTTP/1.1" 302 5 "http://www.lszmn.org/forum.php?mod=viewthread&tid=9351" "Scrapy/1.7.3 (+https://scrapy.org)" "-"
36.106.167.96 - - [08/Jun/2022:09:31:13 +0800] "GET /connect.php?mod=login&op=init&referer=home.php%3Fmod%3Dspacecp%26ac%3Dcredit%26op%3Drule%26fid%3D42&statfrom=login_simple HTTP/1.1" 302 5 "http://www.lszmn.org/home.php?mod=spacecp&ac=credit&op=rule&fid=42" "Scrapy/1.7.3 (+https://scrapy.org)" "-"
124.235.138.161 - - [08/Jun/2022:09:31:13 +0800] "GET /connect.php?mod=login&op=init&referer=forum.php%3Fmod%3Dviewthread%26tid%3D8318%26extra%3D%26page%3D2&statfrom=login_simple HTTP/1.1" 302 5 "http://www.lszmn.org/forum.php?mod=viewthread&tid=8318&extra=&page=2" "Scrapy/1.7.3 (+https://scrapy.org)" "-"
111.224.235.235 - - [08/Jun/2022:09:31:13 +0800] "GET /forum.php?mod=post&action=reply&fid=42&tid=8318&extra=&page= HTTP/1.1" 200 4992 "http://www.lszmn.org/forum.php?mod=viewthread&tid=8318&extra=&page=2" "Scrapy/1.7.3 (+https://scrapy.org)" "-"
175.184.165.232 - - [08/Jun/2022:09:31:13 +0800] "GET /connect.php?mod=login&op=init&referer=forum.php%3Fmod%3Dpost%26action%3Dreply%26fid%3D5%26tid%3D9346%26extra%3D%26page%3D1&statfrom=login_simple HTTP/1.1" 302 5 "http://www.lszmn.org/forum.php?mod=post&action=reply&fid=5&tid=9346&extra=&page=1" "Scrapy/1.7.3 (+https://scrapy.org)" "-"
124.235.138.161 - - [08/Jun/2022:09:31:14 +0800] "GET /forum.php?mod=post&action=reply&fid=5&tid=9351&extra=&page=1 HTTP/1.1" 200 4987 "http://www.lszmn.org/forum.php?mod=viewthread&tid=9351" "Scrapy/1.7.3 (+https://scrapy.org)" "-"
175.184.165.232 - - [08/Jun/2022:09:31:14 +0800] "GET /forum.php?mod=redirect&goto=nextnewset&tid=9351 HTTP/1.1" 302 5 "http://www.lszmn.org/forum.php?mod=viewthread&tid=9351" "Scrapy/1.7.3 (+https://scrapy.org)" "-"
111.224.235.235 - - [08/Jun/2022:09:31:14 +0800] "GET /forum.php?mod=redirect&goto=nextoldset&tid=9351 HTTP/1.1" 302 5 "http://www.lszmn.org/forum.php?mod=viewthread&tid=9351" "Scrapy/1.7.3 (+https://scrapy.org)" "-"
113.206.181.38 - - [08/Jun/2022:09:31:15 +0800] "GET /forum.php?mod=viewthread&tid=9361 HTTP/1.1" 200 11586 "http://www.lszmn.org/forum.php?mod=viewthread&tid=9351" "Scrapy/1.7.3 (+https://scrapy.org)" "-"
123.144.25.223 - - [08/Jun/2022:09:31:17 +0800] "GET /forum.php?mod=attachment&aid=MzM4OHxiODkwOWI1ZnwxNjU0NjUxNzcwfDB8OTM5MQ%3D%3D&nothumb=yes HTTP/1.1" 200 211321 "http://www.lszmn.org/forum.php?mod=viewthread&tid=9391" "Scrapy/1.7.3 (+https://scrapy.org)" "-"
124.31.106.56 - - [08/Jun/2022:09:31:24 +0800] "GET /forum.php?mod=viewthread&tid=9349 HTTP/1.1" 200 11531 "http://www.lszmn.org/forum.php?mod=viewthread&tid=9351" "Scrapy/1.7.3 (+https://scrapy.org)" "-"
124.31.106.56 - - [08/Jun/2022:09:31:26 +0800] "GET /connect.php?mod=login&op=init&referer=home.php%3Fmod%3Dspacecp%26ac%3Dfollow%26op%3Drelay%26tid%3D8318%26from%3Dforum&statfrom=login_simple HTTP/1.1" 302 5 "http://www.lszmn.org/home.php?mod=spacecp&ac=follow&op=relay&tid=8318&from=forum" "Scrapy/1.7.3 (+https://scrapy.org)" "-"
124.31.106.56 - - [08/Jun/2022:09:31:26 +0800] "GET /connect.php?mod=login&op=init&referer=home.php%3Fmod%3Dspacecp%26ac%3Dfavorite%26type%3Dthread%26id%3D8318&statfrom=login_simple HTTP/1.1" 302 5 "http://www.lszmn.org/home.php?mod=spacecp&ac=favorite&type=thread&id=8318" "Scrapy/1.7.3 (+https://scrapy.org)" "-"
124.31.106.56 - - [08/Jun/2022:09:31:27 +0800] "GET /forum.php?mod=attachment&aid=MzA1N3w0Yzk2YzNjZHwxNjU0NjUxODcyfDB8OTM0Ng%3D%3D&nothumb=yes HTTP/1.1" 200 66808 "http://www.lszmn.org/forum.php?mod=viewthread&tid=9346" "Scrapy/1.7.3 (+https://scrapy.org)" "-"
36.106.167.96 - - [08/Jun/2022:09:31:28 +0800] "GET /forum.php?mod=attachment&aid=MzA4MXxhZDk2ZDhlYnwxNjU0NjUxODcyfDB8OTM1MQ%3D%3D&nothumb=yes HTTP/1.1" 200 613784 "http://www.lszmn.org/forum.php?mod=viewthread&tid=9351" "Scrapy/1.7.3 (+https://scrapy.org)" "-"
58.48.158.124 - - [08/Jun/2022:09:31:28 +0800] "GET /forum.php?mod=attachment&aid=MzA4MHwzODRlOTllN3wxNjU0NjUxODcyfDB8OTM1MQ%3D%3D&nothumb=yes HTTP/1.1" 200 679320 "http://www.lszmn.org/forum.php?mod=viewthread&tid=9351" "Scrapy/1.7.3 (+https://scrapy.org)" "-"
111.162.159.6 - - [08/Jun/2022:09:31:29 +0800] "GET /forum.php?mod=attachment&aid=MzA1NHxiMWU0ZDk2ZnwxNjU0NjUxODcyfDB8OTM0Ng%3D%3D&nothumb=yes HTTP/1.1" 200 69357 "http://www.lszmn.org/forum.php?mod=viewthread&tid=9346" "Scrapy/1.7.3 (+https://scrapy.org)" "-"
124.235.138.161 - - [08/Jun/2022:09:31:29 +0800] "GET /forum.php?mod=attachment&aid=MzA3MXw0NGM5NGUwZnwxNjU0NjUxODcyfDB8OTM0OQ%3D%3D&nothumb=yes HTTP/1.1" 200 482712 "http://www.lszmn.org/forum.php?mod=viewthread&tid=9349" "Scrapy/1.7.3 (+https://scrapy.org)" "-"
175.184.165.232 - - [08/Jun/2022:09:31:29 +0800] "GET /forum.php?mod=attachment&aid=MzA3MHxjOGM5MTlkZHwxNjU0NjUxODcyfDB8OTM0OQ%3D%3D&nothumb=yes HTTP/1.1" 200 347544 "http://www.lszmn.org/forum.php?mod=viewthread&tid=9349" "Scrapy/1.7.3 (+https://scrapy.org)" "-"
175.152.29.58 - - [08/Jun/2022:09:31:29 +0800] "GET /forum.php?mod=attachment&aid=MzA1M3xmN2Q1ZjE3ZnwxNjU0NjUxODcyfDB8OTM0Ng%3D%3D&nothumb=yes HTTP/1.1" 200 94426 "http://www.lszmn.org/forum.php?mod=viewthread&tid=9346" "Scrapy/1.7.3 (+https://scrapy.org)" "-"
36.106.167.73 - - [08/Jun/2022:09:31:29 +0800] "GET /connect.php?mod=login&op=init&referer=forum.php%3Fmod%3Dpost%26action%3Dreply%26fid%3D42%26tid%3D8318&statfrom=login_simple HTTP/1.1" 302 5 "http://www.lszmn.org/forum.php?mod=post&action=reply&fid=42&tid=8318" "Scrapy/1.7.3 (+https://scrapy.org)" "-"
111.224.235.235 - - [08/Jun/2022:09:31:29 +0800] "GET /forum.php?mod=attachment&aid=MzA2OXw3ZDEwZjdmZnwxNjU0NjUxODcyfDB8OTM0OQ%3D%3D&nothumb=yes HTTP/1.1" 200 286104 "http://www.lszmn.org/forum.php?mod=viewthread&tid=9349" "Scrapy/1.7.3 (+https://scrapy.org)" "-"
171.34.179.210 - - [08/Jun/2022:09:31:30 +0800] "GET /connect.php?mod=login&op=init&referer=home.php%3Fmod%3Dspacecp%26ac%3Dshare%26type%3Dthread%26id%3D8318&statfrom=login_simple HTTP/1.1" 302 5 "http://www.lszmn.org/home.php?mod=spacecp&ac=share&type=thread&id=8318" "Scrapy/1.7.3 (+https://scrapy.org)" "-"
36.106.167.73 - - [08/Jun/2022:09:31:30 +0800] "GET /forum.php?mod=attachment&aid=MzA1MXxjNjViMjNkN3wxNjU0NjUxODcyfDB8OTM0Ng%3D%3D&nothumb=yes HTTP/1.1" 200 53158 "http://www.lszmn.org/forum.php?mod=viewthread&tid=9346" "Scrapy/1.7.3 (+https://scrapy.org)" "-"
220.173.210.124 - - [08/Jun/2022:09:31:30 +0800] "GET /forum.php?mod=attachment&aid=MzA1Mnw0YmI0MjUxNXwxNjU0NjUxODcyfDB8OTM0Ng%3D%3D&nothumb=yes HTTP/1.1" 200 56752 "http://www.lszmn.org/forum.php?mod=viewthread&tid=9346" "Scrapy/1.7.3 (+https://scrapy.org)" "-"
171.34.179.210 - - [08/Jun/2022:09:31:31 +0800] "GET /forum.php?mod=attachment&aid=MzA1MHw2NWUxY2U0YXwxNjU0NjUxODcyfDB8OTM0Ng%3D%3D&nothumb=yes HTTP/1.1" 200 77790 "http://www.lszmn.org/forum.php?mod=viewthread&tid=9346" "Scrapy/1.7.3 (+https://scrapy.org)" "-"
36.106.167.73 - - [08/Jun/2022:09:31:31 +0800] "GET /forum.php?mod=attachment&aid=MzA0OXwxNDI0M2UxNXwxNjU0NjUxODcyfDB8OTM0Ng%3D%3D&nothumb=yes HTTP/1.1" 200 69441 "http://www.lszmn.org/forum.php?mod=viewthread&tid=9346" "Scrapy/1.7.3 (+https://scrapy.org)" "-"
175.152.29.58 - - [08/Jun/2022:09:31:32 +0800] "GET /forum.php?mod=attachment&aid=MzA0OHxhMDQ2MWI3M3wxNjU0NjUxODcyfDB8OTM0Ng%3D%3D&nothumb=yes HTTP/1.1" 200 42172 "http://www.lszmn.org/forum.php?mod=viewthread&tid=9346" "Scrapy/1.7.3 (+https://scrapy.org)" "-"
113.206.181.38 - - [08/Jun/2022:09:31:32 +0800] "GET /forum.php?mod=attachment&aid=MzA2OHw0ZDdhNzRlYXwxNjU0NjUxODcyfDB8OTM0OQ%3D%3D&nothumb=yes HTTP/1.1" 200 216472 "http://www.lszmn.org/forum.php?mod=viewthread&tid=9349" "Scrapy/1.7.3 (+https://scrapy.org)" "-"
124.31.107.171 - - [08/Jun/2022:09:31:32 +0800] "GET /forum.php?mod=attachment&aid=MzA0N3w2YTJlMTg2YnwxNjU0NjUxODcyfDB8OTM0Ng%3D%3D&nothumb=yes HTTP/1.1" 200 43790 "http://www.lszmn.org/forum.php?mod=viewthread&tid=9346" "Scrapy/1.7.3 (+https://scrapy.org)" "-"
36.106.167.73 - - [08/Jun/2022:09:31:32 +0800] "GET /forum.php?mod=attachment&aid=MzA0Nnw0Y2QzN2FkMnwxNjU0NjUxODcyfDB8OTM0Ng%3D%3D&nothumb=yes HTTP/1.1" 200 41465 "http://www.lszmn.org/forum.php?mod=viewthread&tid=9346" "Scrapy/1.7.3 (+https://scrapy.org)" "-"
36.106.167.73 - - [08/Jun/2022:09:31:34 +0800] "GET /forum.php?mod=attachment&aid=MzA0NXw3ODRkMjcxOXwxNjU0NjUxODcyfDB8OTM0Ng%3D%3D&nothumb=yes HTTP/1.1" 200 67793 "http://www.lszmn.org/forum.php?mod=viewthread&tid=9346" "Scrapy/1.7.3 (+https://scrapy.org)" "-"
171.34.179.210 - - [08/Jun/2022:09:31:34 +0800] "GET /forum.php?mod=attachment&aid=MzA0M3wxYTgxZWFkY3wxNjU0NjUxODcyfDB8OTM0Ng%3D%3D&nothumb=yes HTTP/1.1" 200 57507 "http://www.lszmn.org/forum.php?mod=viewthread&tid=9346" "Scrapy/1.7.3 (+https://scrapy.org)" "-"
220.173.210.124 - - [08/Jun/2022:09:31:34 +0800] "GET /forum.php?mod=attachment&aid=MzA0NHw4Y2Y1YWU4MnwxNjU0NjUxODcyfDB8OTM0Ng%3D%3D&nothumb=yes HTTP/1.1" 200 70711 "http://www.lszmn.org/forum.php?mod=viewthread&tid=9346" "Scrapy/1.7.3 (+https://scrapy.org)" "-"
175.152.29.58 - - [08/Jun/2022:09:31:34 +0800] "GET /forum.php?mod=attachment&aid=MzA0MnxhNjIwM2ZlOXwxNjU0NjUxODcyfDB8OTM0Ng%3D%3D&nothumb=yes HTTP/1.1" 200 54274 "http://www.lszmn.org/forum.php?mod=viewthread&tid=9346" "Scrapy/1.7.3 (+https://scrapy.org)" "-"
36.106.167.73 - - [08/Jun/2022:09:31:35 +0800] "GET /forum.php?mod=attachment&aid=MzA0MHw3YmZkODQ1NHwxNjU0NjUxODcyfDB8OTM0Ng%3D%3D&nothumb=yes HTTP/1.1" 200 33096 "http://www.lszmn.org/forum.php?mod=viewthread&tid=9346" "Scrapy/1.7.3 (+https://scrapy.org)" "-"
111.162.159.6 - - [08/Jun/2022:09:31:36 +0800] "GET /forum.php?mod=attachment&aid=MzAzOXw2NTI0MGJmNnwxNjU0NjUxODcyfDB8OTM0Ng%3D%3D&nothumb=yes HTTP/1.1" 200 29434 "http://www.lszmn.org/forum.php?mod=viewthread&tid=9346" "Scrapy/1.7.3 (+https://scrapy.org)" "-"
124.31.106.56 - - [08/Jun/2022:09:31:36 +0800] "GET /forum.php?mod=attachment&aid=MzA0MXwwMDdmNzBjM3wxNjU0NjUxODcyfDB8OTM0Ng%3D%3D&nothumb=yes HTTP/1.1" 200 54347 "http://www.lszmn.org/forum.php?mod=viewthread&tid=9346" "Scrapy/1.7.3 (+https://scrapy.org)" "-"
36.106.167.73 - - [08/Jun/2022:09:31:36 +0800] "GET /forum.php?mod=attachment&aid=MzAzN3wxZWY3ZDZjNnwxNjU0NjUxODcyfDB8OTM0Ng%3D%3D&nothumb=yes HTTP/1.1" 200 36238 "http://www.lszmn.org/forum.php?mod=viewthread&tid=9346" "Scrapy/1.7.3 (+https://scrapy.org)" "-"
124.31.107.171 - - [08/Jun/2022:09:31:36 +0800] "GET /forum.php?mod=attachment&aid=MzAzOHw1OTRlMDZkN3wxNjU0NjUxODcyfDB8OTM0Ng%3D%3D&nothumb=yes HTTP/1.1" 200 73969 "http://www.lszmn.org/forum.php?mod=viewthread&tid=9346" "Scrapy/1.7.3 (+https://scrapy.org)" "-"
185.191.171.11 - - [08/Jun/2022:09:31:37 +0800] "GET /home.php?do=blog&from=space&mod=space&uid=24023&view=me HTTP/1.1" 200 4607 "-" "Mozilla/5.0 (compatible; SemrushBot/7~bl; +http://www.semrush.com/bot.html)" "-"
36.106.167.73 - - [08/Jun/2022:09:31:37 +0800] "GET /forum.php?mod=attachment&aid=MzAzNXwzZWJiYTVjNnwxNjU0NjUxODcyfDB8OTM0Ng%3D%3D&nothumb=yes HTTP/1.1" 200 55333 "http://www.lszmn.org/forum.php?mod=viewthread&tid=9346" "Scrapy/1.7.3 (+https://scrapy.org)" "-"
175.152.29.58 - - [08/Jun/2022:09:31:38 +0800] "GET /forum.php?mod=attachment&aid=MzAzNnxhNjBlMmJhNHwxNjU0NjUxODcyfDB8OTM0Ng%3D%3D&nothumb=yes HTTP/1.1" 200 25223 "http://www.lszmn.org/forum.php?mod=viewthread&tid=9346" "Scrapy/1.7.3 (+https://scrapy.org)" "-"
171.34.179.210 - - [08/Jun/2022:09:31:38 +0800] "GET /forum.php?mod=attachment&aid=MzAzNHw2MGMzMzI3NnwxNjU0NjUxODcyfDB8OTM0Ng%3D%3D&nothumb=yes HTTP/1.1" 200 72018 "http://www.lszmn.org/forum.php?mod=viewthread&tid=9346" "Scrapy/1.7.3 (+https://scrapy.org)" "-"
220.173.210.124 - - [08/Jun/2022:09:31:39 +0800] "GET /connect.php?mod=login&op=init&referer=forum.php%3Fmod%3Dviewthread%26tid%3D9351&statfrom=login HTTP/1.1" 302 5 "http://www.lszmn.org/forum.php?mod=viewthread&tid=9351" "Scrapy/1.7.3 (+https://scrapy.org)" "-"
175.152.29.58 - - [08/Jun/2022:09:31:39 +0800] "GET /forum.php?mod=attachment&aid=MzA1NXw3MDgzYzYxYnwxNjU0NjUxODcyfDB8OTM0Ng%3D%3D&nothumb=yes HTTP/1.1" 200 63942 "http://www.lszmn.org/forum.php?mod=viewthread&tid=9346" "Scrapy/1.7.3 (+https://scrapy.org)" "-"
220.173.210.124 - - [08/Jun/2022:09:31:39 +0800] "GET /forum.php?mod=post&action=reply&fid=5&tid=9351 HTTP/1.1" 200 4963 "http://www.lszmn.org/forum.php?mod=viewthread&tid=9351" "Scrapy/1.7.3 (+https://scrapy.org)" "-"
36.106.167.73 - - [08/Jun/2022:09:31:40 +0800] "GET /forum.php?mod=post&action=reply&fid=5&tid=9351&reppost=6879905&extra=&page=1 HTTP/1.1" 200 5018 "http://www.lszmn.org/forum.php?mod=viewthread&tid=9351" "Scrapy/1.7.3 (+https://scrapy.org)" "-"
124.31.106.56 - - [08/Jun/2022:09:31:40 +0800] "GET /home.php?mod=spacecp&ac=follow&op=relay&tid=9351&from=forum HTTP/1.1" 200 4882 "http://www.lszmn.org/forum.php?mod=viewthread&tid=9351" "Scrapy/1.7.3 (+https://scrapy.org)" "-"
36.106.167.73 - - [08/Jun/2022:09:31:40 +0800] "GET /home.php?mod=spacecp&ac=plugin&id=qqconnect:spacecp&pluginop=share&sh_type=4&thread_id=9351 HTTP/1.1" 200 4946 "http://www.lszmn.org/forum.php?mod=viewthread&tid=9351" "Scrapy/1.7.3 (+https://scrapy.org)" "-"
220.173.210.124 - - [08/Jun/2022:09:31:40 +0800] "GET /connect.php?mod=login&op=init&referer=forum.php%3Fmod%3Dpost%26action%3Dreply%26fid%3D42%26tid%3D8318%26reppost%3D6878271%26extra%3D%26page%3D1&statfrom=login_simple HTTP/1.1" 302 5 "http://www.lszmn.org/forum.php?mod=post&action=reply&fid=42&tid=8318&reppost=6878271&extra=&page=1" "Scrapy/1.7.3 (+https://scrapy.org)" "-"
175.184.164.58 - - [08/Jun/2022:09:31:41 +0800] "GET /forum.php?mod=attachment&aid=MzA2N3w4NTAyNzFlNXwxNjU0NjUxODcyfDB8OTM0OQ%3D%3D&nothumb=yes HTTP/1.1" 200 343448 "http://www.lszmn.org/forum.php?mod=viewthread&tid=9349" "Scrapy/1.7.3 (+https://scrapy.org)" "-"
220.173.210.124 - - [08/Jun/2022:09:31:41 +0800] "GET /connect.php?mod=login&op=init&referer=forum.php%3Fmod%3Dviewthread%26tid%3D8318%26page%3D2&statfrom=login_simple HTTP/1.1" 302 5 "http://www.lszmn.org/forum.php?mod=viewthread&tid=8318&page=2" "Scrapy/1.7.3 (+https://scrapy.org)" "-"
221.199.92.48 - - [08/Jun/2022:09:31:43 +0800] "GET /forum.php?mod=attachment&aid=MzA1NnxiOWEzMjk2MXwxNjU0NjUxODcyfDB8OTM0Ng%3D%3D&nothumb=yes HTTP/1.1" 200 64270 "http://www.lszmn.org/forum.php?mod=viewthread&tid=9346" "Scrapy/1.7.3 (+https://scrapy.org)" "-"
142.44.203.5 - - [08/Jun/2022:09:31:51 +0800] "GET /home.php?mod=space&uid=22887&do=profile HTTP/1.1" 200 4744 "http://www.lszmn.org/" "Mozilla/5.0 (Macintosh; Intel Mac OS X 10_13_2) AppleWebKit/537.36 (KHTML, like Gecko) Chrome/66.0.3359.181 Safari/537.36" "-"
185.191.171.2 - - [08/Jun/2022:09:31:54 +0800] "GET /home.php?do=friend&from=space&mod=space&uid=20824&view=me HTTP/1.1" 200 4608 "-" "Mozilla/5.0 (compatible; SemrushBot/7~bl; +http://www.semrush.com/bot.html)" "-"
124.31.107.171 - - [08/Jun/2022:09:31:55 +0800] "GET /forum.php?mod=attachment&aid=MzA4NXw1YThlZTg0MXwxNjU0NjUxODcyfDB8OTM1MQ%3D%3D&nothumb=yes HTTP/1.1" 200 220568 "http://www.lszmn.org/forum.php?mod=viewthread&tid=9351" "Scrapy/1.7.3 (+https://scrapy.org)" "-"
124.31.106.56 - - [08/Jun/2022:09:31:55 +0800] "GET /forum.php?mod=attachment&aid=MzA4NHw4N2I4MzA1MnwxNjU0NjUxODcyfDB8OTM1MQ%3D%3D&nothumb=yes HTTP/1.1" 200 286104 "http://www.lszmn.org/forum.php?mod=viewthread&tid=9351" "Scrapy/1.7.3 (+https://scrapy.org)" "-"
36.106.167.73 - - [08/Jun/2022:09:31:55 +0800] "GET /forum.php?mod=attachment&aid=MzA4M3xmMjNiMzU0N3wxNjU0NjUxODcyfDB8OTM1MQ%3D%3D&nothumb=yes HTTP/1.1" 200 478616 "http://www.lszmn.org/forum.php?mod=viewthread&tid=9351" "Scrapy/1.7.3 (+https://scrapy.org)" "-"
111.162.159.6 - - [08/Jun/2022:09:31:55 +0800] "GET /forum.php?mod=attachment&aid=MzA4Mnw2Nzg5YzEzZXwxNjU0NjUxODcyfDB8OTM1MQ%3D%3D&nothumb=yes HTTP/1.1" 200 220568 "http://www.lszmn.org/forum.php?mod=viewthread&tid=9351" "Scrapy/1.7.3 (+https://scrapy.org)" "-"
185.191.171.38 - - [08/Jun/2022:09:31:55 +0800] "GET /forum.php?action=postreview&do=against&hash=0db02c54&mod=misc&pid=90979&tid=1041 HTTP/1.1" 200 4794 "-" "Mozilla/5.0 (compatible; SemrushBot/7~bl; +http://www.semrush.com/bot.html)" "-"
220.173.210.124 - - [08/Jun/2022:09:31:56 +0800] "GET /forum.php?mod=attachment&aid=MzA3OXxiY2Q3YjYwMXwxNjU0NjUxODcyfDB8OTM1MQ%3D%3D&nothumb=yes HTTP/1.1" 200 286104 "http://www.lszmn.org/forum.php?mod=viewthread&tid=9351" "Scrapy/1.7.3 (+https://scrapy.org)" "-"
124.235.138.31 - - [08/Jun/2022:09:31:56 +0800] "GET /forum.php?mod=viewthread&tid=9351&extra=&ordertype=1 HTTP/1.1" 200 12218 "http://www.lszmn.org/forum.php?mod=viewthread&tid=9351" "Scrapy/1.7.3 (+https://scrapy.org)" "-"
142.44.203.5 - - [08/Jun/2022:09:31:57 +0800] "GET /member.php?mod=register HTTP/1.1" 302 5 "http://www.lszmn.org/" "Mozilla/5.0 (Macintosh; Intel Mac OS X 10_13_2) AppleWebKit/537.36 (KHTML, like Gecko) Chrome/66.0.3359.181 Safari/537.36" "-"
171.34.179.210 - - [08/Jun/2022:09:31:57 +0800] "GET /forum.php?mod=attachment&aid=MzA3OHw5M2M2ZmUxY3wxNjU0NjUxODcyfDB8OTM1MQ%3D%3D&nothumb=yes HTTP/1.1" 200 417176 "http://www.lszmn.org/forum.php?mod=viewthread&tid=9351" "Scrapy/1.7.3 (+https://scrapy.org)" "-"
59.52.101.193 - - [08/Jun/2022:09:31:57 +0800] "GET /forum.php?mod=viewthread&tid=9351&from=album HTTP/1.1" 200 8389 "http://www.lszmn.org/forum.php?mod=viewthread&tid=9351" "Scrapy/1.7.3 (+https://scrapy.org)" "-"
142.44.203.5 - - [08/Jun/2022:09:31:57 +0800] "GET /connect.php?mod=login&op=init&referer=forum.php&statfrom=login_simple HTTP/1.1" 302 5 "http://www.lszmn.org/member.php?mod=register" "Mozilla/5.0 (Macintosh; Intel Mac OS X 10_13_2) AppleWebKit/537.36 (KHTML, like Gecko) Chrome/66.0.3359.181 Safari/537.36" "-"
124.235.138.31 - - [08/Jun/2022:09:31:57 +0800] "GET /forum.php?mod=viewthread&tid=9351&page=1&authorid=1 HTTP/1.1" 200 12362 "http://www.lszmn.org/forum.php?mod=viewthread&tid=9351" "Scrapy/1.7.3 (+https://scrapy.org)" "-"
59.52.101.193 - - [08/Jun/2022:09:31:58 +0800] "GET /home.php?mod=spacecp&ac=plugin&id=qqconnect:spacecp&pluginop=share&sh_type=4&thread_id=8318 HTTP/1.1" 200 4948 "http://www.lszmn.org/forum.php?mod=viewthread&tid=8318" "Scrapy/1.7.3 (+https://scrapy.org)" "-"
59.52.101.193 - - [08/Jun/2022:09:31:58 +0800] "GET /forum.php?mod=viewthread&tid=8318&extra=&ordertype=1 HTTP/1.1" 200 12078 "http://www.lszmn.org/forum.php?mod=viewthread&tid=8318" "Scrapy/1.7.3 (+https://scrapy.org)" "-"
59.52.101.193 - - [08/Jun/2022:09:31:58 +0800] "GET /forum.php?mod=viewthread&tid=8318&page=1&authorid=1893 HTTP/1.1" 200 11974 "http://www.lszmn.org/forum.php?mod=viewthread&tid=8318" "Scrapy/1.7.3 (+https://scrapy.org)" "-"
175.152.29.58 - - [08/Jun/2022:09:31:59 +0800] "GET /forum.php?mod=attachment&aid=MzA3N3xlMzc1NTYyMXwxNjU0NjUxODcyfDB8OTM1MQ%3D%3D&nothumb=yes HTTP/1.1" 200 478616 "http://www.lszmn.org/forum.php?mod=viewthread&tid=9351" "Scrapy/1.7.3 (+https://scrapy.org)" "-"
124.235.138.31 - - [08/Jun/2022:09:31:59 +0800] "GET /forum.php?mod=post&action=reply&fid=18&tid=9390 HTTP/1.1" 200 4968 "http://www.lszmn.org/forum.php?mod=viewthread&tid=9390" "Scrapy/1.7.3 (+https://scrapy.org)" "-"
58.18.161.39 - - [08/Jun/2022:09:31:59 +0800] "GET /forum.php?mod=attachment&aid=MzA3MnwyNDA0NDQ2ZHwxNjU0NjUxODcyfDB8OTM1MQ%3D%3D&nothumb=yes HTTP/1.1" 200 233234 "http://www.lszmn.org/forum.php?mod=viewthread&tid=9351" "Scrapy/1.7.3 (+https://scrapy.org)" "-"
59.52.101.193 - - [08/Jun/2022:09:31:59 +0800] "GET /forum.php?mod=post&action=reply&fid=18&tid=9390&reppost=6879944&extra=&page=1 HTTP/1.1" 200 5028 "http://www.lszmn.org/forum.php?mod=viewthread&tid=9390" "Scrapy/1.7.3 (+https://scrapy.org)" "-"
124.235.138.31 - - [08/Jun/2022:09:32:00 +0800] "GET /home.php?mod=spacecp&ac=share&type=thread&id=9390 HTTP/1.1" 200 4866 "http://www.lszmn.org/forum.php?mod=viewthread&tid=9390" "Scrapy/1.7.3 (+https://scrapy.org)" "-"
59.52.101.193 - - [08/Jun/2022:09:32:00 +0800] "GET /home.php?mod=spacecp&ac=follow&op=relay&tid=9390&from=forum HTTP/1.1" 200 4881 "http://www.lszmn.org/forum.php?mod=viewthread&tid=9390" "Scrapy/1.7.3 (+https://scrapy.org)" "-"
59.52.101.193 - - [08/Jun/2022:09:32:00 +0800] "GET /home.php?mod=spacecp&ac=favorite&type=thread&id=9390 HTTP/1.1" 200 4869 "http://www.lszmn.org/forum.php?mod=viewthread&tid=9390" "Scrapy/1.7.3 (+https://scrapy.org)" "-"
59.52.101.193 - - [08/Jun/2022:09:32:00 +0800] "GET /connect.php?mod=login&op=init&referer=home.php%3Fmod%3Dspacecp%26ac%3Dplugin%26id%3Dqqconnect%3Aspacecp%26pluginop%3Dshare%26sh_type%3D4%26thread_id%3D8318&statfrom=login_simple HTTP/1.1" 302 5 "http://www.lszmn.org/home.php?mod=spacecp&ac=plugin&id=qqconnect:spacecp&pluginop=share&sh_type=4&thread_id=8318" "Scrapy/1.7.3 (+https://scrapy.org)" "-"
59.52.101.193 - - [08/Jun/2022:09:32:01 +0800] "GET /connect.php?mod=login&op=init&referer=forum.php%3Fmod%3Dviewthread%26tid%3D8318%26extra%3D%26ordertype%3D1&statfrom=login_simple HTTP/1.1" 302 5 "http://www.lszmn.org/forum.php?mod=viewthread&tid=8318&extra=&ordertype=1" "Scrapy/1.7.3 (+https://scrapy.org)" "-"
221.199.92.48 - - [08/Jun/2022:09:32:01 +0800] "GET /forum.php?mod=attachment&aid=MzA3NnxmYTVmMmUzZXwxNjU0NjUxODcyfDB8OTM1MQ%3D%3D&nothumb=yes HTTP/1.1" 200 540056 "http://www.lszmn.org/forum.php?mod=viewthread&tid=9351" "Scrapy/1.7.3 (+https://scrapy.org)" "-"
124.235.138.31 - - [08/Jun/2022:09:32:01 +0800] "GET /forum.php?mod=viewthread&tid=8318&extra=&ordertype=1&page=2 HTTP/1.1" 200 5026 "http://www.lszmn.org/forum.php?mod=viewthread&tid=8318&extra=&ordertype=1" "Scrapy/1.7.3 (+https://scrapy.org)" "-"
58.247.217.154 - - [08/Jun/2022:09:32:01 +0800] "GET /connect.php?mod=login&op=init&referer=forum.php%3Fmod%3Dviewthread%26tid%3D8318%26extra%3D%26ordertype%3D1&statfrom=login HTTP/1.1" 302 5 "http://www.lszmn.org/forum.php?mod=viewthread&tid=8318&extra=&ordertype=1" "Scrapy/1.7.3 (+https://scrapy.org)" "-"
58.247.217.154 - - [08/Jun/2022:09:32:01 +0800] "GET /home.php?mod=spacecp&ac=plugin&id=qqconnect:spacecp&pluginop=share&sh_type=4&thread_id=9390 HTTP/1.1" 200 4947 "http://www.lszmn.org/forum.php?mod=viewthread&tid=9390" "Scrapy/1.7.3 (+https://scrapy.org)" "-"
59.52.101.193 - - [08/Jun/2022:09:32:01 +0800] "GET /connect.php?mod=login&op=init&referer=forum.php%3Fmod%3Dviewthread%26tid%3D8318%26page%3D1%26authorid%3D1893&statfrom=login_simple HTTP/1.1" 302 5 "http://www.lszmn.org/forum.php?mod=viewthread&tid=8318&page=1&authorid=1893" "Scrapy/1.7.3 (+https://scrapy.org)" "-"
124.235.138.31 - - [08/Jun/2022:09:32:01 +0800] "GET /forum.php?mod=viewthread&tid=8318&extra=&ordertype=2 HTTP/1.1" 200 12189 "http://www.lszmn.org/forum.php?mod=viewthread&tid=8318&extra=&ordertype=1" "Scrapy/1.7.3 (+https://scrapy.org)" "-"
58.247.217.154 - - [08/Jun/2022:09:32:01 +0800] "GET /connect.php?mod=login&op=init&referer=forum.php%3Fmod%3Dpost%26action%3Dreply%26fid%3D18%26tid%3D9390%26reppost%3D6879944%26extra%3D%26page%3D1&statfrom=login_simple HTTP/1.1" 302 5 "http://www.lszmn.org/forum.php?mod=post&action=reply&fid=18&tid=9390&reppost=6879944&extra=&page=1" "Scrapy/1.7.3 (+https://scrapy.org)" "-"
124.235.138.31 - - [08/Jun/2022:09:32:02 +0800] "GET /connect.php?mod=login&op=init&referer=home.php%3Fmod%3Dspacecp%26ac%3Dfollow%26op%3Drelay%26tid%3D9390%26from%3Dforum&statfrom=login_simple HTTP/1.1" 302 5 "http://www.lszmn.org/home.php?mod=spacecp&ac=follow&op=relay&tid=9390&from=forum" "Scrapy/1.7.3 (+https://scrapy.org)" "-"
59.52.101.193 - - [08/Jun/2022:09:32:02 +0800] "GET /connect.php?mod=login&op=init&referer=home.php%3Fmod%3Dspacecp%26ac%3Dfavorite%26type%3Dthread%26id%3D9390&statfrom=login_simple HTTP/1.1" 302 5 "http://www.lszmn.org/home.php?mod=spacecp&ac=favorite&type=thread&id=9390" "Scrapy/1.7.3 (+https://scrapy.org)" "-"
124.235.138.31 - - [08/Jun/2022:09:32:02 +0800] "GET /connect.php?mod=login&op=init&referer=home.php%3Fmod%3Dspacecp%26ac%3Dshare%26type%3Dthread%26id%3D9390&statfrom=login_simple HTTP/1.1" 302 5 "http://www.lszmn.org/home.php?mod=spacecp&ac=share&type=thread&id=9390" "Scrapy/1.7.3 (+https://scrapy.org)" "-"
58.247.217.154 - - [08/Jun/2022:09:32:02 +0800] "GET /connect.php?mod=login&op=init&referer=forum.php%3Fmod%3Dpost%26action%3Dreply%26fid%3D18%26tid%3D9390&statfrom=login_simple HTTP/1.1" 302 5 "http://www.lszmn.org/forum.php?mod=post&action=reply&fid=18&tid=9390" "Scrapy/1.7.3 (+https://scrapy.org)" "-"
59.52.101.193 - - [08/Jun/2022:09:32:02 +0800] "GET /connect.php?mod=login&op=init&referer=forum.php%3Fmod%3Dviewthread%26tid%3D8318%26page%3D1%26authorid%3D1893&statfrom=login HTTP/1.1" 302 5 "http://www.lszmn.org/forum.php?mod=viewthread&tid=8318&page=1&authorid=1893" "Scrapy/1.7.3 (+https://scrapy.org)" "-"
58.247.217.154 - - [08/Jun/2022:09:32:02 +0800] "GET /connect.php?mod=login&op=init&referer=home.php%3Fmod%3Dspacecp%26ac%3Dplugin%26id%3Dqqconnect%3Aspacecp%26pluginop%3Dshare%26sh_type%3D4%26thread_id%3D9390&statfrom=login_simple HTTP/1.1" 302 5 "http://www.lszmn.org/home.php?mod=spacecp&ac=plugin&id=qqconnect:spacecp&pluginop=share&sh_type=4&thread_id=9390" "Scrapy/1.7.3 (+https://scrapy.org)" "-"
124.235.138.31 - - [08/Jun/2022:09:32:04 +0800] "GET /forum.php?mod=viewthread&tid=8318&page=1 HTTP/1.1" 200 12154 "http://www.lszmn.org/forum.php?mod=viewthread&tid=8318&page=1&authorid=1893" "Scrapy/1.7.3 (+https://scrapy.org)" "-"
58.18.161.39 - - [08/Jun/2022:09:32:09 +0800] "GET /forum.php?mod=attachment&aid=MzM4NHxkMmQ2YTg3ZXwxNjU0NjUxNzcwfDB8OTM5MA%3D%3D&nothumb=yes HTTP/1.1" 200 299372 "http://www.lszmn.org/forum.php?mod=viewthread&tid=9390" "Scrapy/1.7.3 (+https://scrapy.org)" "-"
14.204.44.29 - - [08/Jun/2022:09:32:10 +0800] "GET /forum.php?mod=attachment&aid=MzA3NXw4MGJjMGNmM3wxNjU0NjUxODcyfDB8OTM1MQ%3D%3D&nothumb=yes HTTP/1.1" 200 282008 "http://www.lszmn.org/forum.php?mod=viewthread&tid=9351" "Scrapy/1.7.3 (+https://scrapy.org)" "-"
1.83.125.58 - - [08/Jun/2022:09:32:10 +0800] "GET /forum.php?mod=attachment&aid=MzA3NHwxMWQzZWM2M3wxNjU0NjUxODcyfDB8OTM1MQ%3D%3D&nothumb=yes HTTP/1.1" 200 478616 "http://www.lszmn.org/forum.php?mod=viewthread&tid=9351" "Scrapy/1.7.3 (+https://scrapy.org)" "-"
171.117.206.204 - - [08/Jun/2022:09:32:10 +0800] "GET /forum.php?mod=attachment&aid=MzA3M3w3ZWM2MjA3NnwxNjU0NjUxODcyfDB8OTM1MQ%3D%3D&nothumb=yes HTTP/1.1" 200 282008 "http://www.lszmn.org/forum.php?mod=viewthread&tid=9351" "Scrapy/1.7.3 (+https://scrapy.org)" "-"
110.167.215.127 - - [08/Jun/2022:09:32:10 +0800] "GET /forum.php?mod=viewthread&tid=9390&extra=&ordertype=1 HTTP/1.1" 200 11050 "http://www.lszmn.org/forum.php?mod=viewthread&tid=9390" "Scrapy/1.7.3 (+https://scrapy.org)" "-"
110.167.215.127 - - [08/Jun/2022:09:32:11 +0800] "GET /forum.php?mod=viewthread&tid=9390&from=album HTTP/1.1" 200 8240 "http://www.lszmn.org/forum.php?mod=viewthread&tid=9390" "Scrapy/1.7.3 (+https://scrapy.org)" "-"
110.167.215.127 - - [08/Jun/2022:09:32:11 +0800] "GET /forum.php?mod=viewthread&tid=9390&page=1&authorid=1 HTTP/1.1" 200 11168 "http://www.lszmn.org/forum.php?mod=viewthread&tid=9390" "Scrapy/1.7.3 (+https://scrapy.org)" "-"
110.167.215.127 - - [08/Jun/2022:09:32:11 +0800] "GET /connect.php?mod=login&op=init&referer=forum.php%3Fmod%3Dviewthread%26tid%3D9349&statfrom=login HTTP/1.1" 302 5 "http://www.lszmn.org/forum.php?mod=viewthread&tid=9349" "Scrapy/1.7.3 (+https://scrapy.org)" "-"
110.167.215.127 - - [08/Jun/2022:09:32:12 +0800] "GET /forum.php?mod=post&action=reply&fid=5&tid=9349 HTTP/1.1" 200 4961 "http://www.lszmn.org/forum.php?mod=viewthread&tid=9349" "Scrapy/1.7.3 (+https://scrapy.org)" "-"
110.167.215.127 - - [08/Jun/2022:09:32:12 +0800] "GET /forum.php?mod=post&action=reply&fid=5&tid=9349&reppost=6879903&extra=&page=1 HTTP/1.1" 200 5021 "http://www.lszmn.org/forum.php?mod=viewthread&tid=9349" "Scrapy/1.7.3 (+https://scrapy.org)" "-"
110.167.215.127 - - [08/Jun/2022:09:32:12 +0800] "GET /home.php?mod=spacecp&ac=follow&op=relay&tid=9349&from=forum HTTP/1.1" 200 4884 "http://www.lszmn.org/forum.php?mod=viewthread&tid=9349" "Scrapy/1.7.3 (+https://scrapy.org)" "-"
185.191.171.39 - - [08/Jun/2022:09:32:12 +0800] "GET /home.php?do=share&from=space&mod=space&type=flash&uid=15803&view=me HTTP/1.1" 200 4628 "-" "Mozilla/5.0 (compatible; SemrushBot/7~bl; +http://www.semrush.com/bot.html)" "-"
110.167.215.127 - - [08/Jun/2022:09:32:13 +0800] "GET /home.php?mod=spacecp&ac=plugin&id=qqconnect:spacecp&pluginop=share&sh_type=4&thread_id=9349 HTTP/1.1" 200 4948 "http://www.lszmn.org/forum.php?mod=viewthread&tid=9349" "Scrapy/1.7.3 (+https://scrapy.org)" "-"
60.13.7.121 - - [08/Jun/2022:09:32:17 +0800] "GET /connect.php?mod=login&op=init&referer=forum.php%3Fmod%3Dviewthread%26tid%3D9390%26extra%3D%26ordertype%3D1&statfrom=login HTTP/1.1" 302 5 "http://www.lszmn.org/forum.php?mod=viewthread&tid=9390&extra=&ordertype=1" "Scrapy/1.7.3 (+https://scrapy.org)" "-"
60.13.7.121 - - [08/Jun/2022:09:32:17 +0800] "GET /forum.php?mod=post&action=reply&fid=18&tid=9390&extra=&page=1&from=album HTTP/1.1" 200 5014 "http://www.lszmn.org/forum.php?mod=viewthread&tid=9390&from=album" "Scrapy/1.7.3 (+https://scrapy.org)" "-"
142.44.203.5 - - [08/Jun/2022:09:32:17 +0800] "GET /home.php?mod=space&uid=22887&do=profile HTTP/1.1" 200 4742 "http://www.lszmn.org/" "Mozilla/5.0 (Macintosh; Intel Mac OS X 10_13_2) AppleWebKit/537.36 (KHTML, like Gecko) Chrome/66.0.3359.181 Safari/537.36" "-"
60.13.7.121 - - [08/Jun/2022:09:32:18 +0800] "GET /connect.php?mod=login&op=init&referer=forum.php%3Fmod%3Dviewthread%26tid%3D9390%26page%3D1%26authorid%3D1&statfrom=login HTTP/1.1" 302 5 "http://www.lszmn.org/forum.php?mod=viewthread&tid=9390&page=1&authorid=1" "Scrapy/1.7.3 (+https://scrapy.org)" "-"
60.13.7.121 - - [08/Jun/2022:09:32:19 +0800] "GET /connect.php?mod=login&op=init&referer=forum.php%3Fmod%3Dpost%26action%3Dreply%26fid%3D5%26tid%3D9349&statfrom=login_simple HTTP/1.1" 302 5 "http://www.lszmn.org/forum.php?mod=post&action=reply&fid=5&tid=9349" "Scrapy/1.7.3 (+https://scrapy.org)" "-"
58.247.217.154 - - [08/Jun/2022:09:32:19 +0800] "GET /forum.php?mod=attachment&aid=MzM4N3w3NGE2ZmYxMHwxNjU0NjUxNzcwfDB8OTM5MA%3D%3D&nothumb=yes HTTP/1.1" 200 417216 "http://www.lszmn.org/forum.php?mod=viewthread&tid=9390" "Scrapy/1.7.3 (+https://scrapy.org)" "-"
60.13.7.121 - - [08/Jun/2022:09:32:19 +0800] "GET /connect.php?mod=login&op=init&referer=home.php%3Fmod%3Dspacecp%26ac%3Dfollow%26op%3Drelay%26tid%3D9349%26from%3Dforum&statfrom=login_simple HTTP/1.1" 302 5 "http://www.lszmn.org/home.php?mod=spacecp&ac=follow&op=relay&tid=9349&from=forum" "Scrapy/1.7.3 (+https://scrapy.org)" "-"
221.199.90.235 - - [08/Jun/2022:09:32:19 +0800] "GET /connect.php?mod=login&op=init&referer=forum.php%3Fmod%3Dpost%26action%3Dreply%26fid%3D5%26tid%3D9349%26reppost%3D6879903%26extra%3D%26page%3D1&statfrom=login_simple HTTP/1.1" 302 5 "http://www.lszmn.org/forum.php?mod=post&action=reply&fid=5&tid=9349&reppost=6879903&extra=&page=1" "Scrapy/1.7.3 (+https://scrapy.org)" "-"
60.13.7.121 - - [08/Jun/2022:09:32:19 +0800] "GET /connect.php?mod=login&op=init&referer=home.php%3Fmod%3Dspacecp%26ac%3Dplugin%26id%3Dqqconnect%3Aspacecp%26pluginop%3Dshare%26sh_type%3D4%26thread_id%3D9349&statfrom=login_simple HTTP/1.1" 302 5 "http://www.lszmn.org/home.php?mod=spacecp&ac=plugin&id=qqconnect:spacecp&pluginop=share&sh_type=4&thread_id=9349" "Scrapy/1.7.3 (+https://scrapy.org)" "-"
59.52.101.193 - - [08/Jun/2022:09:32:19 +0800] "GET /forum.php?mod=attachment&aid=MzM4NnxlYjViN2QyOXwxNjU0NjUxNzcwfDB8OTM5MA%3D%3D&nothumb=yes HTTP/1.1" 200 286144 "http://www.lszmn.org/forum.php?mod=viewthread&tid=9390" "Scrapy/1.7.3 (+https://scrapy.org)" "-"
124.235.138.31 - - [08/Jun/2022:09:32:19 +0800] "GET /forum.php?mod=attachment&aid=MzM4NXxhMTZlZWRhMnwxNjU0NjUxNzcwfDB8OTM5MA%3D%3D&nothumb=yes HTTP/1.1" 200 220608 "http://www.lszmn.org/forum.php?mod=viewthread&tid=9390" "Scrapy/1.7.3 (+https://scrapy.org)" "-"
142.44.203.5 - - [08/Jun/2022:09:32:22 +0800] "GET /member.php?mod=register HTTP/1.1" 302 5 "http://www.lszmn.org/" "Mozilla/5.0 (Macintosh; Intel Mac OS X 10_13_2) AppleWebKit/537.36 (KHTML, like Gecko) Chrome/66.0.3359.181 Safari/537.36" "-"
142.44.203.5 - - [08/Jun/2022:09:32:23 +0800] "GET /connect.php?mod=login&op=init&referer=forum.php&statfrom=login_simple HTTP/1.1" 302 5 "http://www.lszmn.org/member.php?mod=register" "Mozilla/5.0 (Macintosh; Intel Mac OS X 10_13_2) AppleWebKit/537.36 (KHTML, like Gecko) Chrome/66.0.3359.181 Safari/537.36" "-"
119.164.102.222 - - [08/Jun/2022:09:32:23 +0800] "GET /forum.php?mod=attachment&aid=MzM4Mnw2YTQzOTkwMHwxNjU0NjUxNzcwfDB8OTM5MA%3D%3D&nothumb=yes HTTP/1.1" 200 617962 "http://www.lszmn.org/forum.php?mod=viewthread&tid=9390" "Scrapy/1.7.3 (+https://scrapy.org)" "-"
221.14.168.40 - - [08/Jun/2022:09:32:25 +0800] "GET /forum.php?mod=attachment&aid=MzM4M3wxODhhNjQ3OHwxNjU0NjUxNzcwfDB8OTM5MA%3D%3D&nothumb=yes HTTP/1.1" 200 146880 "http://www.lszmn.org/forum.php?mod=viewthread&tid=9390" "Scrapy/1.7.3 (+https://scrapy.org)" "-"
110.167.215.127 - - [08/Jun/2022:09:32:28 +0800] "GET /forum.php?mod=attachment&aid=MzA3MXw2ZGE5ZjkwN3wxNjU0NjUxNzcwfDB8OTM0OQ%3D%3D&nothumb=yes HTTP/1.1" 200 347544 "http://www.lszmn.org/forum.php?mod=viewthread&tid=9349" "Scrapy/1.7.3 (+https://scrapy.org)" "-"
123.144.25.55 - - [08/Jun/2022:09:32:29 +0800] "GET /forum.php?mod=viewthread&tid=9390&page=1 HTTP/1.1" 200 11146 "http://www.lszmn.org/forum.php?mod=viewthread&tid=9390&page=1&authorid=1" "Scrapy/1.7.3 (+https://scrapy.org)" "-"
58.18.161.39 - - [08/Jun/2022:09:32:29 +0800] "GET /forum.php?mod=attachment&aid=MzA3MHw2NTlkYjQ0ZnwxNjU0NjUxNzcwfDB8OTM0OQ%3D%3D&nothumb=yes HTTP/1.1" 200 544152 "http://www.lszmn.org/forum.php?mod=viewthread&tid=9349" "Scrapy/1.7.3 (+https://scrapy.org)" "-"
110.177.176.130 - - [08/Jun/2022:09:32:29 +0800] "GET /connect.php?mod=login&op=init&referer=forum.php%3Fmod%3Dviewthread%26tid%3D9390%26page%3D1%26authorid%3D1&statfrom=login_simple HTTP/1.1" 302 5 "http://www.lszmn.org/forum.php?mod=viewthread&tid=9390&page=1&authorid=1" "Scrapy/1.7.3 (+https://scrapy.org)" "-"
110.177.176.130 - - [08/Jun/2022:09:32:29 +0800] "GET /connect.php?mod=login&op=init&referer=forum.php%3Fmod%3Dviewthread%26tid%3D9390%26from%3Dalbum&statfrom=login_simple HTTP/1.1" 302 5 "http://www.lszmn.org/forum.php?mod=viewthread&tid=9390&from=album" "Scrapy/1.7.3 (+https://scrapy.org)" "-"
185.191.171.15 - - [08/Jun/2022:09:32:32 +0800] "GET /home.php?ac=follow&fuid=1&hash=b54d80e8&mod=spacecp&op=add HTTP/1.1" 200 4651 "-" "Mozilla/5.0 (compatible; SemrushBot/7~bl; +http://www.semrush.com/bot.html)" "-"
221.199.90.235 - - [08/Jun/2022:09:32:34 +0800] "GET /forum.php?mod=attachment&aid=MzM4N3wxMGNkMDFlNXwxNjU0NjUxOTMxfDB8OTM5MA%3D%3D&nothumb=yes HTTP/1.1" 200 347584 "http://www.lszmn.org/forum.php?mod=viewthread&tid=9390&page=1&authorid=1" "Scrapy/1.7.3 (+https://scrapy.org)" "-"
60.13.7.121 - - [08/Jun/2022:09:32:34 +0800] "GET /forum.php?mod=attachment&aid=MzM4NnxlMjViYjE1Y3wxNjU0NjUxOTMxfDB8OTM5MA%3D%3D&nothumb=yes HTTP/1.1" 200 413120 "http://www.lszmn.org/forum.php?mod=viewthread&tid=9390&page=1&authorid=1" "Scrapy/1.7.3 (+https://scrapy.org)" "-"
185.191.171.18 - - [08/Jun/2022:09:32:35 +0800] "GET /forum.php?extra&mod=viewthread&page=9&tid=1077 HTTP/1.1" 200 9775 "-" "Mozilla/5.0 (compatible; SemrushBot/7~bl; +http://www.semrush.com/bot.html)" "-"
1.202.112.196 - - [08/Jun/2022:09:32:36 +0800] "GET /forum.php?mod=attachment&aid=MzM4NXwwMGIxZGVkY3wxNjU0NjUxOTMxfDB8OTM5MA%3D%3D&nothumb=yes HTTP/1.1" 200 478656 "http://www.lszmn.org/forum.php?mod=viewthread&tid=9390&page=1&authorid=1" "Scrapy/1.7.3 (+https://scrapy.org)" "-"
185.191.171.41 - - [08/Jun/2022:09:32:38 +0800] "GET /forum.php?mod=viewthread&tid=1077 HTTP/1.1" 200 12252 "-" "Mozilla/5.0 (compatible; SemrushBot/7~bl; +http://www.semrush.com/bot.html)" "-"
119.163.47.162 - - [08/Jun/2022:09:32:39 +0800] "GET /forum.php?mod=attachment&aid=MzM4NHw4NjY3MGRlY3wxNjU0NjUxOTMxfDB8OTM5MA%3D%3D&nothumb=yes HTTP/1.1" 200 299372 "http://www.lszmn.org/forum.php?mod=viewthread&tid=9390&page=1&authorid=1" "Scrapy/1.7.3 (+https://scrapy.org)" "-"
27.227.186.23 - - [08/Jun/2022:09:32:40 +0800] "GET /forum.php?mod=attachment&aid=MzM4M3w0N2M5NTNhMHwxNjU0NjUxOTMxfDB8OTM5MA%3D%3D&nothumb=yes HTTP/1.1" 200 319760 "http://www.lszmn.org/forum.php?mod=viewthread&tid=9390&page=1&authorid=1" "Scrapy/1.7.3 (+https://scrapy.org)" "-"
119.60.105.185 - - [08/Jun/2022:09:32:40 +0800] "GET /forum.php?mod=viewthread&tid=9390&extra=&ordertype=2 HTTP/1.1" 200 11171 "http://www.lszmn.org/forum.php?mod=viewthread&tid=9390&extra=&ordertype=1" "Scrapy/1.7.3 (+https://scrapy.org)" "-"
36.106.166.2 - - [08/Jun/2022:09:32:40 +0800] "GET /forum.php?mod=attachment&aid=MzM4NHw5N2VmMGJlYnwxNjU0NjUxOTMwfDB8OTM5MA%3D%3D&nothumb=yes HTTP/1.1" 200 299372 "http://www.lszmn.org/forum.php?mod=viewthread&tid=9390&extra=&ordertype=1" "Scrapy/1.7.3 (+https://scrapy.org)" "-"
119.60.105.185 - - [08/Jun/2022:09:32:41 +0800] "GET /connect.php?mod=login&op=init&referer=forum.php%3Fmod%3Dviewthread%26tid%3D9390%26extra%3D%26ordertype%3D1&statfrom=login_simple HTTP/1.1" 302 5 "http://www.lszmn.org/forum.php?mod=viewthread&tid=9390&extra=&ordertype=1" "Scrapy/1.7.3 (+https://scrapy.org)" "-"
111.85.200.123 - - [08/Jun/2022:09:32:42 +0800] "GET /forum.php?mod=attachment&aid=MzM4MnxkYWQ5NTJmOHwxNjU0NjUxOTMxfDB8OTM5MA%3D%3D&nothumb=yes HTTP/1.1" 200 282048 "http://www.lszmn.org/forum.php?mod=viewthread&tid=9390&page=1&authorid=1" "Scrapy/1.7.3 (+https://scrapy.org)" "-"
110.177.176.130 - - [08/Jun/2022:09:32:45 +0800] "GET /forum.php?mod=attachment&aid=MzM4N3xlZWUyOWNjNHwxNjU0NjUxOTMwfDB8OTM5MA%3D%3D&nothumb=yes HTTP/1.1" 200 413120 "http://www.lszmn.org/forum.php?mod=viewthread&tid=9390&extra=&ordertype=1" "Scrapy/1.7.3 (+https://scrapy.org)" "-"
123.144.25.55 - - [08/Jun/2022:09:32:45 +0800] "GET /forum.php?mod=attachment&aid=MzM4NnxmNTA3YzliN3wxNjU0NjUxOTMwfDB8OTM5MA%3D%3D&nothumb=yes HTTP/1.1" 200 146880 "http://www.lszmn.org/forum.php?mod=viewthread&tid=9390&extra=&ordertype=1" "Scrapy/1.7.3 (+https://scrapy.org)" "-"
175.152.111.201 - - [08/Jun/2022:09:32:45 +0800] "GET /forum.php?mod=viewthread&tid=9349&extra=&ordertype=1 HTTP/1.1" 200 11459 "http://www.lszmn.org/forum.php?mod=viewthread&tid=9349" "Scrapy/1.7.3 (+https://scrapy.org)" "-"
175.152.111.201 - - [08/Jun/2022:09:32:45 +0800] "GET /forum.php?mod=viewthread&tid=9349&from=album HTTP/1.1" 200 8123 "http://www.lszmn.org/forum.php?mod=viewthread&tid=9349" "Scrapy/1.7.3 (+https://scrapy.org)" "-"
175.152.111.201 - - [08/Jun/2022:09:32:46 +0800] "GET /forum.php?mod=viewthread&tid=9349&page=1&authorid=1 HTTP/1.1" 200 11563 "http://www.lszmn.org/forum.php?mod=viewthread&tid=9349" "Scrapy/1.7.3 (+https://scrapy.org)" "-"
36.106.166.2 - - [08/Jun/2022:09:32:46 +0800] "GET /forum.php?mod=redirect&goto=nextoldset&tid=6821 HTTP/1.1" 302 5 "http://www.lszmn.org/forum.php?mod=viewthread&tid=6821" "Scrapy/1.7.3 (+https://scrapy.org)" "-"
175.152.111.201 - - [08/Jun/2022:09:32:46 +0800] "GET /forum.php?mod=redirect&goto=nextnewset&tid=6821 HTTP/1.1" 302 5 "http://www.lszmn.org/forum.php?mod=viewthread&tid=6821" "Scrapy/1.7.3 (+https://scrapy.org)" "-"
36.106.166.2 - - [08/Jun/2022:09:32:46 +0800] "GET /connect.php?mod=login&op=init&referer=forum.php%3Fmod%3Dviewthread%26tid%3D6821&statfrom=login HTTP/1.1" 302 5 "http://www.lszmn.org/forum.php?mod=viewthread&tid=6821" "Scrapy/1.7.3 (+https://scrapy.org)" "-"
175.152.111.201 - - [08/Jun/2022:09:32:47 +0800] "GET /forum.php?mod=post&action=reply&fid=5&tid=6821 HTTP/1.1" 200 4959 "http://www.lszmn.org/forum.php?mod=viewthread&tid=6821" "Scrapy/1.7.3 (+https://scrapy.org)" "-"
36.106.166.2 - - [08/Jun/2022:09:32:47 +0800] "GET /connect.php?mod=login&op=init&referer=forum.php%3Fmod%3Dviewthread%26tid%3D9349%26extra%3D%26ordertype%3D1&statfrom=login_simple HTTP/1.1" 302 5 "http://www.lszmn.org/forum.php?mod=viewthread&tid=9349&extra=&ordertype=1" "Scrapy/1.7.3 (+https://scrapy.org)" "-"
175.152.111.201 - - [08/Jun/2022:09:32:47 +0800] "GET /forum.php?mod=post&action=reply&fid=5&tid=9349&extra=&page=1&from=album HTTP/1.1" 200 5008 "http://www.lszmn.org/forum.php?mod=viewthread&tid=9349&from=album" "Scrapy/1.7.3 (+https://scrapy.org)" "-"
36.106.166.2 - - [08/Jun/2022:09:32:47 +0800] "GET /connect.php?mod=login&op=init&referer=forum.php%3Fmod%3Dviewthread%26tid%3D9349%26page%3D1%26authorid%3D1&statfrom=login_simple HTTP/1.1" 302 5 "http://www.lszmn.org/forum.php?mod=viewthread&tid=9349&page=1&authorid=1" "Scrapy/1.7.3 (+https://scrapy.org)" "-"
36.106.166.2 - - [08/Jun/2022:09:32:47 +0800] "GET /connect.php?mod=login&op=init&referer=forum.php%3Fmod%3Dviewthread%26tid%3D9349%26from%3Dalbum&statfrom=login_simple HTTP/1.1" 302 5 "http://www.lszmn.org/forum.php?mod=viewthread&tid=9349&from=album" "Scrapy/1.7.3 (+https://scrapy.org)" "-"
116.179.32.178 - - [08/Jun/2022:09:32:47 +0800] "GET /forum.php?mod=viewthread&tid=9343 HTTP/1.1" 200 8095 "-" "Mozilla/5.0 (compatible; Baiduspider/2.0; +http://www.baidu.com/search/spider.html)" "-"
36.106.166.2 - - [08/Jun/2022:09:32:47 +0800] "GET /connect.php?mod=login&op=init&referer=forum.php%3Fmod%3Dviewthread%26tid%3D9349%26page%3D1%26authorid%3D1&statfrom=login HTTP/1.1" 302 5 "http://www.lszmn.org/forum.php?mod=viewthread&tid=9349&page=1&authorid=1" "Scrapy/1.7.3 (+https://scrapy.org)" "-"
36.106.166.2 - - [08/Jun/2022:09:32:48 +0800] "GET /forum.php?mod=viewthread&tid=6805 HTTP/1.1" 200 12688 "http://www.lszmn.org/forum.php?mod=viewthread&tid=6821" "Scrapy/1.7.3 (+https://scrapy.org)" "-"
175.152.111.201 - - [08/Jun/2022:09:32:48 +0800] "GET /forum.php?mod=viewthread&tid=6813 HTTP/1.1" 200 10906 "http://www.lszmn.org/forum.php?mod=viewthread&tid=6821" "Scrapy/1.7.3 (+https://scrapy.org)" "-"
